[INFO] cloning repository https://github.com/lundybernard/rust-python-interoperability
[INFO] running `Command { std: "git" "-c" "credential.helper=" "-c" "credential.helper=/workspace/cargo-home/bin/git-credential-null" "clone" "--bare" "https://github.com/lundybernard/rust-python-interoperability" "/workspace/cache/git-repos/https%3A%2F%2Fgithub.com%2Flundybernard%2Frust-python-interoperability", kill_on_drop: false }`
[INFO] [stderr] Cloning into bare repository '/workspace/cache/git-repos/https%3A%2F%2Fgithub.com%2Flundybernard%2Frust-python-interoperability'...
[INFO] running `Command { std: "git" "rev-parse" "HEAD", kill_on_drop: false }`
[INFO] [stdout] 13b38947a01fa2ef9cb91ab2f3d4e09e40205e52
[INFO] testing lundybernard/rust-python-interoperability against nightly-2025-01-18+rustflags=-Zrandomize-layout for randomize-layout-2
[INFO] running `Command { std: "git" "clone" "/workspace/cache/git-repos/https%3A%2F%2Fgithub.com%2Flundybernard%2Frust-python-interoperability" "/workspace/builds/worker-0-tc2/source", kill_on_drop: false }`
[INFO] [stderr] Cloning into '/workspace/builds/worker-0-tc2/source'...
[INFO] [stderr] done.
[INFO] validating manifest of git repo https://github.com/lundybernard/rust-python-interoperability on toolchain nightly-2025-01-18
[INFO] running `Command { std: CARGO_HOME="/workspace/cargo-home" RUSTUP_HOME="/workspace/rustup-home" "/workspace/cargo-home/bin/cargo" "+nightly-2025-01-18" "metadata" "--manifest-path" "Cargo.toml" "--no-deps", kill_on_drop: false }`
[INFO] started tweaking git repo https://github.com/lundybernard/rust-python-interoperability
[INFO] finished tweaking git repo https://github.com/lundybernard/rust-python-interoperability
[INFO] tweaked toml for git repo https://github.com/lundybernard/rust-python-interoperability written to /workspace/builds/worker-0-tc2/source/Cargo.toml
[INFO] crate git repo https://github.com/lundybernard/rust-python-interoperability already has a lockfile, it will not be regenerated
[INFO] running `Command { std: CARGO_HOME="/workspace/cargo-home" RUSTUP_HOME="/workspace/rustup-home" "/workspace/cargo-home/bin/cargo" "+nightly-2025-01-18" "fetch" "--manifest-path" "Cargo.toml", kill_on_drop: false }`
[INFO] running `Command { std: "docker" "create" "-v" "/var/lib/crater-agent-workspace/builds/worker-0-tc2/target:/opt/rustwide/target:rw,Z" "-v" "/var/lib/crater-agent-workspace/builds/worker-0-tc2/source:/opt/rustwide/workdir:ro,Z" "-v" "/var/lib/crater-agent-workspace/cargo-home:/opt/rustwide/cargo-home:ro,Z" "-v" "/var/lib/crater-agent-workspace/rustup-home:/opt/rustwide/rustup-home:ro,Z" "-e" "SOURCE_DIR=/opt/rustwide/workdir" "-e" "CARGO_TARGET_DIR=/opt/rustwide/target" "-e" "CARGO_HOME=/opt/rustwide/cargo-home" "-e" "RUSTUP_HOME=/opt/rustwide/rustup-home" "-w" "/opt/rustwide/workdir" "-m" "1610612736" "--user" "0:0" "--network" "none" "ghcr.io/rust-lang/crates-build-env/linux@sha256:819108c5571ea2e421544af4d832f968d213c87fbe3707a016657f43d2f853bc" "/opt/rustwide/cargo-home/bin/cargo" "+nightly-2025-01-18" "metadata" "--no-deps" "--format-version=1", kill_on_drop: false }`
[INFO] [stdout] 584b022f92732457d4091a79704838ffaf62bf1ec1a00d3a265a09d86f15e770
[INFO] running `Command { std: "docker" "start" "-a" "584b022f92732457d4091a79704838ffaf62bf1ec1a00d3a265a09d86f15e770", kill_on_drop: false }`
[INFO] running `Command { std: "docker" "inspect" "584b022f92732457d4091a79704838ffaf62bf1ec1a00d3a265a09d86f15e770", kill_on_drop: false }`
[INFO] running `Command { std: "docker" "rm" "-f" "584b022f92732457d4091a79704838ffaf62bf1ec1a00d3a265a09d86f15e770", kill_on_drop: false }`
[INFO] [stdout] 584b022f92732457d4091a79704838ffaf62bf1ec1a00d3a265a09d86f15e770
[INFO] running `Command { std: "docker" "create" "-v" "/var/lib/crater-agent-workspace/builds/worker-0-tc2/target:/opt/rustwide/target:rw,Z" "-v" "/var/lib/crater-agent-workspace/builds/worker-0-tc2/source:/opt/rustwide/workdir:ro,Z" "-v" "/var/lib/crater-agent-workspace/cargo-home:/opt/rustwide/cargo-home:ro,Z" "-v" "/var/lib/crater-agent-workspace/rustup-home:/opt/rustwide/rustup-home:ro,Z" "-e" "SOURCE_DIR=/opt/rustwide/workdir" "-e" "CARGO_TARGET_DIR=/opt/rustwide/target" "-e" "CARGO_INCREMENTAL=0" "-e" "RUST_BACKTRACE=full" "-e" "RUSTFLAGS=--cap-lints=forbid -Zrandomize-layout" "-e" "RUSTDOCFLAGS=--cap-lints=forbid" "-e" "CARGO_HOME=/opt/rustwide/cargo-home" "-e" "RUSTUP_HOME=/opt/rustwide/rustup-home" "-w" "/opt/rustwide/workdir" "-m" "1610612736" "--user" "0:0" "--network" "none" "ghcr.io/rust-lang/crates-build-env/linux@sha256:819108c5571ea2e421544af4d832f968d213c87fbe3707a016657f43d2f853bc" "/opt/rustwide/cargo-home/bin/cargo" "+nightly-2025-01-18" "build" "--frozen" "--message-format=json", kill_on_drop: false }`
[INFO] [stdout] 735380abaf3ec9e2a8cc8e6cdebde1d5c2e63ba826fb53cb657cb336df2450fd
[INFO] running `Command { std: "docker" "start" "-a" "735380abaf3ec9e2a8cc8e6cdebde1d5c2e63ba826fb53cb657cb336df2450fd", kill_on_drop: false }`
[INFO] [stderr]    Compiling target-lexicon v0.12.16
[INFO] [stderr]    Compiling once_cell v1.20.2
[INFO] [stderr]    Compiling proc-macro2 v1.0.92
[INFO] [stderr]    Compiling unicode-ident v1.0.14
[INFO] [stderr]    Compiling autocfg v1.4.0
[INFO] [stderr]    Compiling libc v0.2.169
[INFO] [stderr]    Compiling heck v0.5.0
[INFO] [stderr]    Compiling cfg-if v1.0.0
[INFO] [stderr]    Compiling unindent v0.2.3
[INFO] [stderr]    Compiling indoc v2.0.5
[INFO] [stderr]    Compiling welcome v0.1.0 (/opt/rustwide/workdir/exercises/01_intro/00_welcome)
[INFO] [stderr]    Compiling memoffset v0.9.1
[INFO] [stderr]    Compiling quote v1.0.38
[INFO] [stderr]    Compiling pyo3-build-config v0.23.3
[INFO] [stderr]    Compiling syn v2.0.94
[INFO] [stderr]    Compiling pyo3-macros-backend v0.23.3
[INFO] [stderr]    Compiling pyo3-ffi v0.23.3
[INFO] [stderr]    Compiling pyo3 v0.23.3
[INFO] [stderr]    Compiling pyo3-macros v0.23.3
[INFO] [stderr]    Compiling setters v0.1.0 (/opt/rustwide/workdir/exercises/02_classes/03_setters)
[INFO] [stderr]    Compiling setup v0.1.0 (/opt/rustwide/workdir/exercises/01_intro/01_setup)
[INFO] [stderr]    Compiling static_methods v0.1.0 (/opt/rustwide/workdir/exercises/02_classes/04_static_methods)
[INFO] [stderr]    Compiling inheritance v0.1.0 (/opt/rustwide/workdir/exercises/02_classes/05_inheritance)
[INFO] [stderr]    Compiling outro1 v0.1.0 (/opt/rustwide/workdir/exercises/01_intro/08_outro)
[INFO] [stderr]    Compiling parent v0.1.0 (/opt/rustwide/workdir/exercises/02_classes/06_parent)
[INFO] [stderr]    Compiling constructors v0.1.0 (/opt/rustwide/workdir/exercises/02_classes/01_constructors)
[INFO] [stderr]    Compiling outro2 v0.1.0 (/opt/rustwide/workdir/exercises/02_classes/07_outro)
[INFO] [stderr]    Compiling arguments v0.1.0 (/opt/rustwide/workdir/exercises/01_intro/04_arguments)
[INFO] [stderr]    Compiling exceptions v0.1.0 (/opt/rustwide/workdir/exercises/01_intro/07_exceptions)
[INFO] [stderr]    Compiling gil v0.1.0 (/opt/rustwide/workdir/exercises/01_intro/05_gil)
[INFO] [stderr]    Compiling methods v0.1.0 (/opt/rustwide/workdir/exercises/02_classes/02_methods)
[INFO] [stderr]    Compiling modules v0.1.0 (/opt/rustwide/workdir/exercises/01_intro/02_modules)
[INFO] [stderr]    Compiling output v0.1.0 (/opt/rustwide/workdir/exercises/01_intro/06_output)
[INFO] [stderr]    Compiling pyclass v0.1.0 (/opt/rustwide/workdir/exercises/02_classes/00_pyclass)
[INFO] [stderr]    Compiling functions v0.1.0 (/opt/rustwide/workdir/exercises/01_intro/03_functions)
[INFO] [stdout] warning: unused variable: `m`
[INFO] [stdout]  --> exercises/02_classes/06_parent/src/lib.rs:9:11
[INFO] [stdout]   |
[INFO] [stdout] 9 | fn parent(m: &Bound<'_, PyModule>) -> PyResult<()> {
[INFO] [stdout]   |           ^ help: if this is intentional, prefix it with an underscore: `_m`
[INFO] [stdout]   |
[INFO] [stdout]   = note: `#[warn(unused_variables)]` on by default
[INFO] [stdout] 
[INFO] [stdout] 
[INFO] [stdout] warning: unused variable: `m`
[INFO] [stdout]   --> exercises/02_classes/05_inheritance/src/lib.rs:12:16
[INFO] [stdout]    |
[INFO] [stdout] 12 | fn inheritance(m: &Bound<'_, PyModule>) -> PyResult<()> {
[INFO] [stdout]    |                ^ help: if this is intentional, prefix it with an underscore: `_m`
[INFO] [stdout]    |
[INFO] [stdout]    = note: `#[warn(unused_variables)]` on by default
[INFO] [stdout] 
[INFO] [stdout] 
[INFO] [stdout] warning: fields `name` and `price` are never read
[INFO] [stdout]  --> exercises/02_classes/03_setters/src/lib.rs:6:5
[INFO] [stdout]   |
[INFO] [stdout] 5 | struct Item {
[INFO] [stdout]   |        ---- fields in this struct
[INFO] [stdout] 6 |     name: String,
[INFO] [stdout]   |     ^^^^
[INFO] [stdout] 7 |     price: u64,
[INFO] [stdout]   |     ^^^^^
[INFO] [stdout]   |
[INFO] [stdout]   = note: `#[warn(dead_code)]` on by default
[INFO] [stdout] 
[INFO] [stdout] 
[INFO] [stdout] warning: unused variable: `m`
[INFO] [stdout]   --> exercises/02_classes/07_outro/src/lib.rs:23:11
[INFO] [stdout]    |
[INFO] [stdout] 23 | fn outro2(m: &Bound<'_, PyModule>) -> PyResult<()> {
[INFO] [stdout]    |           ^ help: if this is intentional, prefix it with an underscore: `_m`
[INFO] [stdout]    |
[INFO] [stdout]    = note: `#[warn(unused_variables)]` on by default
[INFO] [stdout] 
[INFO] [stdout] 
[INFO] [stdout] warning: unused variable: `m`
[INFO] [stdout]   --> exercises/02_classes/00_pyclass/src/lib.rs:12:12
[INFO] [stdout]    |
[INFO] [stdout] 12 | fn pyclass(m: &Bound<'_, PyModule>) -> PyResult<()> {
[INFO] [stdout]    |            ^ help: if this is intentional, prefix it with an underscore: `_m`
[INFO] [stdout]    |
[INFO] [stdout]    = note: `#[warn(unused_variables)]` on by default
[INFO] [stdout] 
[INFO] [stdout] 
[INFO] [stdout] warning: unused variable: `m`
[INFO] [stdout]  --> exercises/01_intro/03_functions/src/lib.rs:5:14
[INFO] [stdout]   |
[INFO] [stdout] 5 | fn functions(m: &Bound<'_, PyModule>) -> PyResult<()> {
[INFO] [stdout]   |              ^ help: if this is intentional, prefix it with an underscore: `_m`
[INFO] [stdout]   |
[INFO] [stdout]   = note: `#[warn(unused_variables)]` on by default
[INFO] [stdout] 
[INFO] [stdout] 
[INFO] [stdout] warning: use of deprecated type alias `pyo3::types::PyLong`: use `PyInt` instead
[INFO] [stdout]  --> exercises/02_classes/02_methods/src/lib.rs:4:18
[INFO] [stdout]   |
[INFO] [stdout] 4 | use pyo3::types::PyLong;
[INFO] [stdout]   |                  ^^^^^^
[INFO] [stdout]   |
[INFO] [stdout]   = note: `#[warn(deprecated)]` on by default
[INFO] [stdout] 
[INFO] [stdout] 
[INFO] [stdout] warning: use of deprecated type alias `pyo3::types::PyLong`: use `PyInt` instead
[INFO] [stdout]   --> exercises/02_classes/02_methods/src/lib.rs:23:43
[INFO] [stdout]    |
[INFO] [stdout] 23 |     fn new(name: String, price: Bound<'_, PyLong>, quantity: Bound<'_, PyLong>) -> PyResult<Self> {
[INFO] [stdout]    |                                           ^^^^^^
[INFO] [stdout] 
[INFO] [stdout] 
[INFO] [stdout] warning: use of deprecated type alias `pyo3::types::PyLong`: use `PyInt` instead
[INFO] [stdout]   --> exercises/02_classes/02_methods/src/lib.rs:23:72
[INFO] [stdout]    |
[INFO] [stdout] 23 |     fn new(name: String, price: Bound<'_, PyLong>, quantity: Bound<'_, PyLong>) -> PyResult<Self> {
[INFO] [stdout]    |                                                                        ^^^^^^
[INFO] [stdout] 
[INFO] [stdout] 
[INFO] [stderr]     Finished `dev` profile [unoptimized + debuginfo] target(s) in 21.01s
[INFO] running `Command { std: "docker" "inspect" "735380abaf3ec9e2a8cc8e6cdebde1d5c2e63ba826fb53cb657cb336df2450fd", kill_on_drop: false }`
[INFO] running `Command { std: "docker" "rm" "-f" "735380abaf3ec9e2a8cc8e6cdebde1d5c2e63ba826fb53cb657cb336df2450fd", kill_on_drop: false }`
[INFO] [stdout] 735380abaf3ec9e2a8cc8e6cdebde1d5c2e63ba826fb53cb657cb336df2450fd
[INFO] running `Command { std: "docker" "create" "-v" "/var/lib/crater-agent-workspace/builds/worker-0-tc2/target:/opt/rustwide/target:rw,Z" "-v" "/var/lib/crater-agent-workspace/builds/worker-0-tc2/source:/opt/rustwide/workdir:ro,Z" "-v" "/var/lib/crater-agent-workspace/cargo-home:/opt/rustwide/cargo-home:ro,Z" "-v" "/var/lib/crater-agent-workspace/rustup-home:/opt/rustwide/rustup-home:ro,Z" "-e" "SOURCE_DIR=/opt/rustwide/workdir" "-e" "CARGO_TARGET_DIR=/opt/rustwide/target" "-e" "CARGO_INCREMENTAL=0" "-e" "RUST_BACKTRACE=full" "-e" "RUSTFLAGS=--cap-lints=forbid -Zrandomize-layout" "-e" "RUSTDOCFLAGS=--cap-lints=forbid" "-e" "CARGO_HOME=/opt/rustwide/cargo-home" "-e" "RUSTUP_HOME=/opt/rustwide/rustup-home" "-w" "/opt/rustwide/workdir" "-m" "1610612736" "--user" "0:0" "--network" "none" "ghcr.io/rust-lang/crates-build-env/linux@sha256:819108c5571ea2e421544af4d832f968d213c87fbe3707a016657f43d2f853bc" "/opt/rustwide/cargo-home/bin/cargo" "+nightly-2025-01-18" "test" "--frozen" "--no-run" "--message-format=json", kill_on_drop: false }`
[INFO] [stdout] 90b8e6dca656a715a34533ac0a26d0b461b468bf14371e3a42baf16ba2b3c5c1
[INFO] running `Command { std: "docker" "start" "-a" "90b8e6dca656a715a34533ac0a26d0b461b468bf14371e3a42baf16ba2b3c5c1", kill_on_drop: false }`
[INFO] [stderr]    Compiling welcome v0.1.0 (/opt/rustwide/workdir/exercises/01_intro/00_welcome)
[INFO] [stderr]    Compiling functions v0.1.0 (/opt/rustwide/workdir/exercises/01_intro/03_functions)
[INFO] [stderr]    Compiling gil v0.1.0 (/opt/rustwide/workdir/exercises/01_intro/05_gil)
[INFO] [stderr]    Compiling exceptions v0.1.0 (/opt/rustwide/workdir/exercises/01_intro/07_exceptions)
[INFO] [stderr]    Compiling outro1 v0.1.0 (/opt/rustwide/workdir/exercises/01_intro/08_outro)
[INFO] [stderr]    Compiling pyclass v0.1.0 (/opt/rustwide/workdir/exercises/02_classes/00_pyclass)
[INFO] [stderr]    Compiling setters v0.1.0 (/opt/rustwide/workdir/exercises/02_classes/03_setters)
[INFO] [stderr]    Compiling arguments v0.1.0 (/opt/rustwide/workdir/exercises/01_intro/04_arguments)
[INFO] [stderr]    Compiling methods v0.1.0 (/opt/rustwide/workdir/exercises/02_classes/02_methods)
[INFO] [stderr]    Compiling output v0.1.0 (/opt/rustwide/workdir/exercises/01_intro/06_output)
[INFO] [stderr]    Compiling static_methods v0.1.0 (/opt/rustwide/workdir/exercises/02_classes/04_static_methods)
[INFO] [stderr]    Compiling inheritance v0.1.0 (/opt/rustwide/workdir/exercises/02_classes/05_inheritance)
[INFO] [stderr]    Compiling outro2 v0.1.0 (/opt/rustwide/workdir/exercises/02_classes/07_outro)
[INFO] [stderr]    Compiling modules v0.1.0 (/opt/rustwide/workdir/exercises/01_intro/02_modules)
[INFO] [stderr]    Compiling constructors v0.1.0 (/opt/rustwide/workdir/exercises/02_classes/01_constructors)
[INFO] [stderr]    Compiling parent v0.1.0 (/opt/rustwide/workdir/exercises/02_classes/06_parent)
[INFO] [stdout] warning: unused variable: `m`
[INFO] [stdout]   --> exercises/02_classes/05_inheritance/src/lib.rs:12:16
[INFO] [stdout]    |
[INFO] [stdout] 12 | fn inheritance(m: &Bound<'_, PyModule>) -> PyResult<()> {
[INFO] [stdout]    |                ^ help: if this is intentional, prefix it with an underscore: `_m`
[INFO] [stdout]    |
[INFO] [stdout]    = note: `#[warn(unused_variables)]` on by default
[INFO] [stdout] 
[INFO] [stdout] 
[INFO] [stdout] warning: unused variable: `m`
[INFO] [stdout]   --> exercises/02_classes/00_pyclass/src/lib.rs:12:12
[INFO] [stdout]    |
[INFO] [stdout] 12 | fn pyclass(m: &Bound<'_, PyModule>) -> PyResult<()> {
[INFO] [stdout]    |            ^ help: if this is intentional, prefix it with an underscore: `_m`
[INFO] [stdout]    |
[INFO] [stdout]    = note: `#[warn(unused_variables)]` on by default
[INFO] [stdout] 
[INFO] [stdout] 
[INFO] [stdout] warning: use of deprecated type alias `pyo3::types::PyLong`: use `PyInt` instead
[INFO] [stdout]  --> exercises/02_classes/02_methods/src/lib.rs:4:18
[INFO] [stdout]   |
[INFO] [stdout] 4 | use pyo3::types::PyLong;
[INFO] [stdout]   |                  ^^^^^^
[INFO] [stdout]   |
[INFO] [stdout]   = note: `#[warn(deprecated)]` on by default
[INFO] [stdout] 
[INFO] [stdout] 
[INFO] [stdout] warning: use of deprecated type alias `pyo3::types::PyLong`: use `PyInt` instead
[INFO] [stdout]   --> exercises/02_classes/02_methods/src/lib.rs:23:43
[INFO] [stdout]    |
[INFO] [stdout] 23 |     fn new(name: String, price: Bound<'_, PyLong>, quantity: Bound<'_, PyLong>) -> PyResult<Self> {
[INFO] [stdout]    |                                           ^^^^^^
[INFO] [stdout] 
[INFO] [stdout] 
[INFO] [stdout] warning: use of deprecated type alias `pyo3::types::PyLong`: use `PyInt` instead
[INFO] [stdout]   --> exercises/02_classes/02_methods/src/lib.rs:23:72
[INFO] [stdout]    |
[INFO] [stdout] 23 |     fn new(name: String, price: Bound<'_, PyLong>, quantity: Bound<'_, PyLong>) -> PyResult<Self> {
[INFO] [stdout]    |                                                                        ^^^^^^
[INFO] [stdout] 
[INFO] [stdout] 
[INFO] [stdout] warning: unused variable: `m`
[INFO] [stdout]   --> exercises/02_classes/07_outro/src/lib.rs:23:11
[INFO] [stdout]    |
[INFO] [stdout] 23 | fn outro2(m: &Bound<'_, PyModule>) -> PyResult<()> {
[INFO] [stdout]    |           ^ help: if this is intentional, prefix it with an underscore: `_m`
[INFO] [stdout]    |
[INFO] [stdout]    = note: `#[warn(unused_variables)]` on by default
[INFO] [stdout] 
[INFO] [stdout] 
[INFO] [stdout] warning: unused variable: `m`
[INFO] [stdout]  --> exercises/02_classes/06_parent/src/lib.rs:9:11
[INFO] [stdout]   |
[INFO] [stdout] 9 | fn parent(m: &Bound<'_, PyModule>) -> PyResult<()> {
[INFO] [stdout]   |           ^ help: if this is intentional, prefix it with an underscore: `_m`
[INFO] [stdout]   |
[INFO] [stdout]   = note: `#[warn(unused_variables)]` on by default
[INFO] [stdout] 
[INFO] [stdout] 
[INFO] [stdout] warning: unused variable: `m`
[INFO] [stdout]  --> exercises/01_intro/03_functions/src/lib.rs:5:14
[INFO] [stdout]   |
[INFO] [stdout] 5 | fn functions(m: &Bound<'_, PyModule>) -> PyResult<()> {
[INFO] [stdout]   |              ^ help: if this is intentional, prefix it with an underscore: `_m`
[INFO] [stdout]   |
[INFO] [stdout]   = note: `#[warn(unused_variables)]` on by default
[INFO] [stdout] 
[INFO] [stdout] 
[INFO] [stderr]    Compiling setup v0.1.0 (/opt/rustwide/workdir/exercises/01_intro/01_setup)
[INFO] [stdout] warning: fields `name` and `price` are never read
[INFO] [stdout]  --> exercises/02_classes/03_setters/src/lib.rs:6:5
[INFO] [stdout]   |
[INFO] [stdout] 5 | struct Item {
[INFO] [stdout]   |        ---- fields in this struct
[INFO] [stdout] 6 |     name: String,
[INFO] [stdout]   |     ^^^^
[INFO] [stdout] 7 |     price: u64,
[INFO] [stdout]   |     ^^^^^
[INFO] [stdout]   |
[INFO] [stdout]   = note: `#[warn(dead_code)]` on by default
[INFO] [stdout] 
[INFO] [stdout] 
[INFO] [stderr]     Finished `test` profile [unoptimized + debuginfo] target(s) in 2.40s
[INFO] running `Command { std: "docker" "inspect" "90b8e6dca656a715a34533ac0a26d0b461b468bf14371e3a42baf16ba2b3c5c1", kill_on_drop: false }`
[INFO] running `Command { std: "docker" "rm" "-f" "90b8e6dca656a715a34533ac0a26d0b461b468bf14371e3a42baf16ba2b3c5c1", kill_on_drop: false }`
[INFO] [stdout] 90b8e6dca656a715a34533ac0a26d0b461b468bf14371e3a42baf16ba2b3c5c1
[INFO] running `Command { std: "docker" "create" "-v" "/var/lib/crater-agent-workspace/builds/worker-0-tc2/target:/opt/rustwide/target:rw,Z" "-v" "/var/lib/crater-agent-workspace/builds/worker-0-tc2/source:/opt/rustwide/workdir:ro,Z" "-v" "/var/lib/crater-agent-workspace/cargo-home:/opt/rustwide/cargo-home:ro,Z" "-v" "/var/lib/crater-agent-workspace/rustup-home:/opt/rustwide/rustup-home:ro,Z" "-e" "SOURCE_DIR=/opt/rustwide/workdir" "-e" "CARGO_TARGET_DIR=/opt/rustwide/target" "-e" "CARGO_INCREMENTAL=0" "-e" "RUST_BACKTRACE=full" "-e" "RUSTFLAGS=--cap-lints=forbid -Zrandomize-layout" "-e" "RUSTDOCFLAGS=--cap-lints=forbid" "-e" "CARGO_HOME=/opt/rustwide/cargo-home" "-e" "RUSTUP_HOME=/opt/rustwide/rustup-home" "-w" "/opt/rustwide/workdir" "-m" "1610612736" "--user" "0:0" "--network" "none" "ghcr.io/rust-lang/crates-build-env/linux@sha256:819108c5571ea2e421544af4d832f968d213c87fbe3707a016657f43d2f853bc" "/opt/rustwide/cargo-home/bin/cargo" "+nightly-2025-01-18" "test" "--frozen", kill_on_drop: false }`
[INFO] [stdout] 464b6e58408e85509c8925dc608928a219db8606768cd5d16a72191c745b5795
[INFO] running `Command { std: "docker" "start" "-a" "464b6e58408e85509c8925dc608928a219db8606768cd5d16a72191c745b5795", kill_on_drop: false }`
[INFO] [stderr] warning: unused variable: `m`
[INFO] [stderr]   --> exercises/02_classes/07_outro/src/lib.rs:23:11
[INFO] [stderr]    |
[INFO] [stderr] 23 | fn outro2(m: &Bound<'_, PyModule>) -> PyResult<()> {
[INFO] [stderr]    |           ^ help: if this is intentional, prefix it with an underscore: `_m`
[INFO] [stderr]    |
[INFO] [stderr]    = note: `#[warn(unused_variables)]` on by default
[INFO] [stderr] 
[INFO] [stderr] warning: unused variable: `m`
[INFO] [stderr]  --> exercises/02_classes/06_parent/src/lib.rs:9:11
[INFO] [stderr]   |
[INFO] [stderr] 9 | fn parent(m: &Bound<'_, PyModule>) -> PyResult<()> {
[INFO] [stderr]   |           ^ help: if this is intentional, prefix it with an underscore: `_m`
[INFO] [stderr]   |
[INFO] [stderr]   = note: `#[warn(unused_variables)]` on by default
[INFO] [stderr] 
[INFO] [stderr] warning: unused variable: `m`
[INFO] [stderr]   --> exercises/02_classes/00_pyclass/src/lib.rs:12:12
[INFO] [stderr]    |
[INFO] [stderr] 12 | fn pyclass(m: &Bound<'_, PyModule>) -> PyResult<()> {
[INFO] [stderr]    |            ^ help: if this is intentional, prefix it with an underscore: `_m`
[INFO] [stderr]    |
[INFO] [stderr]    = note: `#[warn(unused_variables)]` on by default
[INFO] [stderr] 
[INFO] [stderr] warning: unused variable: `m`
[INFO] [stderr]   --> exercises/02_classes/05_inheritance/src/lib.rs:12:16
[INFO] [stderr]    |
[INFO] [stderr] 12 | fn inheritance(m: &Bound<'_, PyModule>) -> PyResult<()> {
[INFO] [stderr]    |                ^ help: if this is intentional, prefix it with an underscore: `_m`
[INFO] [stderr]    |
[INFO] [stderr]    = note: `#[warn(unused_variables)]` on by default
[INFO] [stderr] 
[INFO] [stderr] warning: use of deprecated type alias `pyo3::types::PyLong`: use `PyInt` instead
[INFO] [stderr]  --> exercises/02_classes/02_methods/src/lib.rs:4:18
[INFO] [stderr]   |
[INFO] [stderr] 4 | use pyo3::types::PyLong;
[INFO] [stderr]   |                  ^^^^^^
[INFO] [stderr]   |
[INFO] [stderr]   = note: `#[warn(deprecated)]` on by default
[INFO] [stderr] 
[INFO] [stderr] warning: use of deprecated type alias `pyo3::types::PyLong`: use `PyInt` instead
[INFO] [stderr]   --> exercises/02_classes/02_methods/src/lib.rs:23:43
[INFO] [stderr]    |
[INFO] [stderr] 23 |     fn new(name: String, price: Bound<'_, PyLong>, quantity: Bound<'_, PyLong>) -> PyResult<Self> {
[INFO] [stderr]    |                                           ^^^^^^
[INFO] [stderr] 
[INFO] [stderr] warning: use of deprecated type alias `pyo3::types::PyLong`: use `PyInt` instead
[INFO] [stderr]   --> exercises/02_classes/02_methods/src/lib.rs:23:72
[INFO] [stderr]    |
[INFO] [stderr] 23 |     fn new(name: String, price: Bound<'_, PyLong>, quantity: Bound<'_, PyLong>) -> PyResult<Self> {
[INFO] [stderr]    |                                                                        ^^^^^^
[INFO] [stderr] 
[INFO] [stderr] warning: fields `name` and `price` are never read
[INFO] [stderr]  --> exercises/02_classes/03_setters/src/lib.rs:6:5
[INFO] [stderr]   |
[INFO] [stderr] 5 | struct Item {
[INFO] [stderr]   |        ---- fields in this struct
[INFO] [stderr] 6 |     name: String,
[INFO] [stderr]   |     ^^^^
[INFO] [stderr] 7 |     price: u64,
[INFO] [stderr]   |     ^^^^^
[INFO] [stderr]   |
[INFO] [stderr]   = note: `#[warn(dead_code)]` on by default
[INFO] [stderr] 
[INFO] [stderr] warning: unused variable: `m`
[INFO] [stderr]  --> exercises/01_intro/03_functions/src/lib.rs:5:14
[INFO] [stderr]   |
[INFO] [stderr] 5 | fn functions(m: &Bound<'_, PyModule>) -> PyResult<()> {
[INFO] [stderr]   |              ^ help: if this is intentional, prefix it with an underscore: `_m`
[INFO] [stderr]   |
[INFO] [stderr]   = note: `#[warn(unused_variables)]` on by default
[INFO] [stderr] 
[INFO] [stderr] warning: `outro2` (lib test) generated 1 warning
[INFO] [stderr] warning: `parent` (lib test) generated 1 warning
[INFO] [stderr] warning: `pyclass` (lib test) generated 1 warning
[INFO] [stderr] warning: `inheritance` (lib test) generated 1 warning
[INFO] [stderr] warning: `methods` (lib test) generated 3 warnings
[INFO] [stderr] warning: `setters` (lib test) generated 1 warning
[INFO] [stderr] warning: `functions` (lib test) generated 1 warning
[INFO] [stderr]     Finished `test` profile [unoptimized + debuginfo] target(s) in 0.04s
[INFO] [stderr]      Running unittests src/lib.rs (/opt/rustwide/target/debug/deps/arguments-4be10f2040b4ca32)
[INFO] [stdout] 
[INFO] [stdout] running 0 tests
[INFO] [stdout] 
[INFO] [stdout] test result: ok. 0 passed; 0 failed; 0 ignored; 0 measured; 0 filtered out; finished in 0.00s
[INFO] [stdout] 
[INFO] [stderr]      Running unittests src/lib.rs (/opt/rustwide/target/debug/deps/constructors-60ba81295cea41cd)
[INFO] [stdout] 
[INFO] [stdout] running 0 tests
[INFO] [stdout] 
[INFO] [stdout] test result: ok. 0 passed; 0 failed; 0 ignored; 0 measured; 0 filtered out; finished in 0.00s
[INFO] [stdout] 
[INFO] [stderr]      Running unittests src/lib.rs (/opt/rustwide/target/debug/deps/exceptions-928c7677d99800d3)
[INFO] [stdout] 
[INFO] [stdout] running 0 tests
[INFO] [stdout] 
[INFO] [stdout] test result: ok. 0 passed; 0 failed; 0 ignored; 0 measured; 0 filtered out; finished in 0.00s
[INFO] [stdout] 
[INFO] [stderr]      Running unittests src/lib.rs (/opt/rustwide/target/debug/deps/functions-ccf7cae23c61279b)
[INFO] [stdout] 
[INFO] [stdout] running 0 tests
[INFO] [stdout] 
[INFO] [stdout] test result: ok. 0 passed; 0 failed; 0 ignored; 0 measured; 0 filtered out; finished in 0.00s
[INFO] [stdout] 
[INFO] [stderr]      Running unittests src/lib.rs (/opt/rustwide/target/debug/deps/gil-af77de5e885c9e95)
[INFO] [stdout] 
[INFO] [stderr]      Running unittests src/lib.rs (/opt/rustwide/target/debug/deps/inheritance-33ac7079fc092c9d)
[INFO] [stdout] running 0 tests
[INFO] [stdout] 
[INFO] [stdout] test result: ok. 0 passed; 0 failed; 0 ignored; 0 measured; 0 filtered out; finished in 0.00s
[INFO] [stdout] 
[INFO] [stdout] 
[INFO] [stdout] running 0 tests
[INFO] [stdout] 
[INFO] [stderr]      Running unittests src/lib.rs (/opt/rustwide/target/debug/deps/methods-d8956d01b6444715)
[INFO] [stdout] test result: ok. 0 passed; 0 failed; 0 ignored; 0 measured; 0 filtered out; finished in 0.00s
[INFO] [stdout] 
[INFO] [stdout] 
[INFO] [stderr]      Running unittests src/lib.rs (/opt/rustwide/target/debug/deps/modules-585b60eeb2c4bfe3)
[INFO] [stdout] running 0 tests
[INFO] [stdout] 
[INFO] [stdout] test result: ok. 0 passed; 0 failed; 0 ignored; 0 measured; 0 filtered out; finished in 0.00s
[INFO] [stdout] 
[INFO] [stdout] 
[INFO] [stdout] running 0 tests
[INFO] [stdout] 
[INFO] [stdout] test result: ok. 0 passed; 0 failed; 0 ignored; 0 measured; 0 filtered out; finished in 0.00s
[INFO] [stdout] 
[INFO] [stdout] 
[INFO] [stdout] running 0 tests
[INFO] [stdout] 
[INFO] [stdout] test result: ok. 0 passed; 0 failed; 0 ignored; 0 measured; 0 filtered out; finished in 0.00s
[INFO] [stdout] 
[INFO] [stderr]      Running unittests src/lib.rs (/opt/rustwide/target/debug/deps/output-0c3be070794c6f49)
[INFO] [stderr]      Running unittests src/lib.rs (/opt/rustwide/target/debug/deps/outro1-a1f5933775099b21)
[INFO] [stdout] 
[INFO] [stdout] running 0 tests
[INFO] [stdout] 
[INFO] [stdout] test result: ok. 0 passed; 0 failed; 0 ignored; 0 measured; 0 filtered out; finished in 0.00s
[INFO] [stdout] 
[INFO] [stderr]      Running unittests src/lib.rs (/opt/rustwide/target/debug/deps/outro2-53555a4f6f6de0a6)
[INFO] [stdout] 
[INFO] [stdout] running 0 tests
[INFO] [stdout] 
[INFO] [stdout] test result: ok. 0 passed; 0 failed; 0 ignored; 0 measured; 0 filtered out; finished in 0.00s
[INFO] [stdout] 
[INFO] [stderr]      Running unittests src/lib.rs (/opt/rustwide/target/debug/deps/parent-4bb315e98d19d5e9)
[INFO] [stdout] 
[INFO] [stdout] running 0 tests
[INFO] [stdout] 
[INFO] [stdout] test result: ok. 0 passed; 0 failed; 0 ignored; 0 measured; 0 filtered out; finished in 0.00s
[INFO] [stdout] 
[INFO] [stderr]      Running unittests src/lib.rs (/opt/rustwide/target/debug/deps/pyclass-8dcf552760017d6f)
[INFO] [stdout] 
[INFO] [stdout] running 0 tests
[INFO] [stdout] 
[INFO] [stdout] test result: ok. 0 passed; 0 failed; 0 ignored; 0 measured; 0 filtered out; finished in 0.00s
[INFO] [stdout] 
[INFO] [stderr]      Running unittests src/lib.rs (/opt/rustwide/target/debug/deps/setters-29e4d0a3c043800c)
[INFO] [stdout] 
[INFO] [stdout] running 0 tests
[INFO] [stdout] 
[INFO] [stdout] test result: ok. 0 passed; 0 failed; 0 ignored; 0 measured; 0 filtered out; finished in 0.00s
[INFO] [stdout] 
[INFO] [stderr]      Running unittests src/lib.rs (/opt/rustwide/target/debug/deps/setup-00ed5f82a25d145f)
[INFO] [stdout] 
[INFO] [stdout] running 0 tests
[INFO] [stdout] 
[INFO] [stdout] test result: ok. 0 passed; 0 failed; 0 ignored; 0 measured; 0 filtered out; finished in 0.00s
[INFO] [stdout] 
[INFO] [stderr]      Running unittests src/lib.rs (/opt/rustwide/target/debug/deps/static_methods-2b43cf5ce9956180)
[INFO] [stdout] 
[INFO] [stdout] running 0 tests
[INFO] [stdout] 
[INFO] [stdout] test result: ok. 0 passed; 0 failed; 0 ignored; 0 measured; 0 filtered out; finished in 0.00s
[INFO] [stdout] 
[INFO] [stderr]      Running unittests src/lib.rs (/opt/rustwide/target/debug/deps/welcome-fa8b69c6a0644b3c)
[INFO] [stdout] 
[INFO] [stdout] running 2 tests
[INFO] [stdout] test tests::test_welcome ... FAILED
[INFO] [stdout] test tests::uv_is_installed_and_on_path ... FAILED
[INFO] [stdout] 
[INFO] [stdout] failures:
[INFO] [stdout] 
[INFO] [stdout] ---- tests::test_welcome stdout ----
[INFO] [stdout] 
[INFO] [stdout] thread 'tests::test_welcome' panicked at exercises/01_intro/00_welcome/src/lib.rs:28:9:
[INFO] [stdout] assertion `left == right` failed
[INFO] [stdout]   left: "I'm ready to start _!"
[INFO] [stdout]  right: "I'm ready to start the course!"
[INFO] [stdout] stack backtrace:
[INFO] [stdout]    0:     0x5ff510d47b1a - std::backtrace_rs::backtrace::libunwind::trace::hb059275cfc8d6126
[INFO] [stdout]                                at /rustc/6067b36314ab5eb2eb47cecc464545ba58e1ad24/library/std/src/../../backtrace/src/backtrace/libunwind.rs:116:5
[INFO] [stdout]    1:     0x5ff510d47b1a - std::backtrace_rs::backtrace::trace_unsynchronized::h2da071e4327ce3ee
[INFO] [stdout]                                at /rustc/6067b36314ab5eb2eb47cecc464545ba58e1ad24/library/std/src/../../backtrace/src/backtrace/mod.rs:66:5
[INFO] [stdout]    2:     0x5ff510d47b1a - std::sys::backtrace::_print_fmt::h842a1474e6f8d23f
[INFO] [stdout]                                at /rustc/6067b36314ab5eb2eb47cecc464545ba58e1ad24/library/std/src/sys/backtrace.rs:66:9
[INFO] [stdout]    3:     0x5ff510d47b1a - <std::sys::backtrace::BacktraceLock::print::DisplayBacktrace as core::fmt::Display>::fmt::h71a62eb3b9696b12
[INFO] [stdout]                                at /rustc/6067b36314ab5eb2eb47cecc464545ba58e1ad24/library/std/src/sys/backtrace.rs:39:26
[INFO] [stdout]    4:     0x5ff510d6f1d3 - core::fmt::rt::Argument::fmt::hdb6b616786b41dc1
[INFO] [stdout]                                at /rustc/6067b36314ab5eb2eb47cecc464545ba58e1ad24/library/core/src/fmt/rt.rs:177:76
[INFO] [stdout]    5:     0x5ff510d6f1d3 - core::fmt::write::h2cc1698af7e2d686
[INFO] [stdout]                                at /rustc/6067b36314ab5eb2eb47cecc464545ba58e1ad24/library/core/src/fmt/mod.rs:1440:21
[INFO] [stdout]    6:     0x5ff510d44673 - std::io::Write::write_fmt::hab1b4cd059a79022
[INFO] [stdout]                                at /rustc/6067b36314ab5eb2eb47cecc464545ba58e1ad24/library/std/src/io/mod.rs:1887:15
[INFO] [stdout]    7:     0x5ff510d47962 - std::sys::backtrace::BacktraceLock::print::h147fe35b4ea13b08
[INFO] [stdout]                                at /rustc/6067b36314ab5eb2eb47cecc464545ba58e1ad24/library/std/src/sys/backtrace.rs:42:9
[INFO] [stdout]    8:     0x5ff510d48f3f - std::panicking::default_hook::{{closure}}::hbd44223dbdc0d208
[INFO] [stdout]                                at /rustc/6067b36314ab5eb2eb47cecc464545ba58e1ad24/library/std/src/panicking.rs:298:22
[INFO] [stdout]    9:     0x5ff510d48d58 - std::panicking::default_hook::h20f81eb0576efcec
[INFO] [stdout]                                at /rustc/6067b36314ab5eb2eb47cecc464545ba58e1ad24/library/std/src/panicking.rs:322:9
[INFO] [stdout]   10:     0x5ff510d11b73 - <alloc::boxed::Box<F,A> as core::ops::function::Fn<Args>>::call::hdb53814c496a4d34
[INFO] [stdout]                                at /rustc/6067b36314ab5eb2eb47cecc464545ba58e1ad24/library/alloc/src/boxed.rs:2027:9
[INFO] [stdout]   11:     0x5ff510d11b73 - test::test_main::{{closure}}::hc0a4963c59427c24
[INFO] [stdout]                                at /rustc/6067b36314ab5eb2eb47cecc464545ba58e1ad24/library/test/src/lib.rs:134:21
[INFO] [stdout]   12:     0x5ff510d49a33 - <alloc::boxed::Box<F,A> as core::ops::function::Fn<Args>>::call::h591b2225413a77e9
[INFO] [stdout]                                at /rustc/6067b36314ab5eb2eb47cecc464545ba58e1ad24/library/alloc/src/boxed.rs:2027:9
[INFO] [stdout]   13:     0x5ff510d49a33 - std::panicking::rust_panic_with_hook::h625eea43051b2edc
[INFO] [stdout]                                at /rustc/6067b36314ab5eb2eb47cecc464545ba58e1ad24/library/std/src/panicking.rs:839:13
[INFO] [stdout]   14:     0x5ff510d496ea - std::panicking::begin_panic_handler::{{closure}}::h4f9159cfbc3f6bd3
[INFO] [stdout]                                at /rustc/6067b36314ab5eb2eb47cecc464545ba58e1ad24/library/std/src/panicking.rs:704:13
[INFO] [stdout]   15:     0x5ff510d48019 - std::sys::backtrace::__rust_end_short_backtrace::h0390abce48353151
[INFO] [stdout]                                at /rustc/6067b36314ab5eb2eb47cecc464545ba58e1ad24/library/std/src/sys/backtrace.rs:168:18
[INFO] [stdout]   16:     0x5ff510d4937d - rust_begin_unwind
[INFO] [stdout]                                at /rustc/6067b36314ab5eb2eb47cecc464545ba58e1ad24/library/std/src/panicking.rs:695:5
[INFO] [stdout]   17:     0x5ff510d6dc80 - core::panicking::panic_fmt::h9e7c637e9e5f29c9
[INFO] [stdout]                                at /rustc/6067b36314ab5eb2eb47cecc464545ba58e1ad24/library/core/src/panicking.rs:75:14
[INFO] [stdout]   18:     0x5ff510d6dfa2 - core::panicking::assert_failed_inner::h538bec7c1374cd9c
[INFO] [stdout]   19:     0x5ff510cd5149 - core::panicking::assert_failed::h7ac1bc24e89b557d
[INFO] [stdout]                                at /rustc/6067b36314ab5eb2eb47cecc464545ba58e1ad24/library/core/src/panicking.rs:364:5
[INFO] [stdout]   20:     0x5ff510cd7857 - welcome::tests::test_welcome::h3e7500f814286e1d
[INFO] [stdout]                                at /opt/rustwide/workdir/exercises/01_intro/00_welcome/src/lib.rs:28:9
[INFO] [stdout]   21:     0x5ff510cd77d7 - welcome::tests::test_welcome::{{closure}}::hf5855992a95aa6f0
[INFO] [stdout]                                at /opt/rustwide/workdir/exercises/01_intro/00_welcome/src/lib.rs:27:22
[INFO] [stdout]   22:     0x5ff510cd3cd6 - core::ops::function::FnOnce::call_once::h557749d3702f2490
[INFO] [stdout]                                at /rustc/6067b36314ab5eb2eb47cecc464545ba58e1ad24/library/core/src/ops/function.rs:250:5
[INFO] [stdout]   23:     0x5ff510d172cb - core::ops::function::FnOnce::call_once::he27718dfdd183f43
[INFO] [stdout]                                at /rustc/6067b36314ab5eb2eb47cecc464545ba58e1ad24/library/core/src/ops/function.rs:250:5
[INFO] [stdout]   24:     0x5ff510d172cb - test::__rust_begin_short_backtrace::h4e84902998457a5d
[INFO] [stdout]                                at /rustc/6067b36314ab5eb2eb47cecc464545ba58e1ad24/library/test/src/lib.rs:632:18
[INFO] [stdout]   25:     0x5ff510d16203 - test::run_test_in_process::{{closure}}::h7176fd18fc1feca0
[INFO] [stdout]                                at /rustc/6067b36314ab5eb2eb47cecc464545ba58e1ad24/library/test/src/lib.rs:655:60
[INFO] [stdout]   26:     0x5ff510d16203 - <core::panic::unwind_safe::AssertUnwindSafe<F> as core::ops::function::FnOnce<()>>::call_once::hf79cff2a624d8cf7
[INFO] [stdout]                                at /rustc/6067b36314ab5eb2eb47cecc464545ba58e1ad24/library/core/src/panic/unwind_safe.rs:272:9
[INFO] [stdout]   27:     0x5ff510d16203 - std::panicking::try::do_call::h3da0561d9ab99c25
[INFO] [stdout]                                at /rustc/6067b36314ab5eb2eb47cecc464545ba58e1ad24/library/std/src/panicking.rs:587:40
[INFO] [stdout]   28:     0x5ff510d16203 - std::panicking::try::h41c9fa508bc61df6
[INFO] [stdout]                                at /rustc/6067b36314ab5eb2eb47cecc464545ba58e1ad24/library/std/src/panicking.rs:550:19
[INFO] [stdout]   29:     0x5ff510d16203 - std::panic::catch_unwind::h6b3ff07bb5afad93
[INFO] [stdout]                                at /rustc/6067b36314ab5eb2eb47cecc464545ba58e1ad24/library/std/src/panic.rs:358:14
[INFO] [stdout]   30:     0x5ff510d16203 - test::run_test_in_process::hc7253dd11b39b9f4
[INFO] [stdout]                                at /rustc/6067b36314ab5eb2eb47cecc464545ba58e1ad24/library/test/src/lib.rs:655:27
[INFO] [stdout]   31:     0x5ff510d16203 - test::run_test::{{closure}}::hfb2007f8649c30bb
[INFO] [stdout]                                at /rustc/6067b36314ab5eb2eb47cecc464545ba58e1ad24/library/test/src/lib.rs:576:43
[INFO] [stdout]   32:     0x5ff510cd92e5 - test::run_test::{{closure}}::h56a17aa7a282a9f4
[INFO] [stdout]                                at /rustc/6067b36314ab5eb2eb47cecc464545ba58e1ad24/library/test/src/lib.rs:606:41
[INFO] [stdout]   33:     0x5ff510cd92e5 - std::sys::backtrace::__rust_begin_short_backtrace::hd2d2d2fb8e8c6aac
[INFO] [stdout]                                at /rustc/6067b36314ab5eb2eb47cecc464545ba58e1ad24/library/std/src/sys/backtrace.rs:152:18
[INFO] [stdout]   34:     0x5ff510cdcbca - std::thread::Builder::spawn_unchecked_::{{closure}}::{{closure}}::h4faa3f9db6133423
[INFO] [stdout]                                at /rustc/6067b36314ab5eb2eb47cecc464545ba58e1ad24/library/std/src/thread/mod.rs:559:17
[INFO] [stdout]   35:     0x5ff510cdcbca - <core::panic::unwind_safe::AssertUnwindSafe<F> as core::ops::function::FnOnce<()>>::call_once::hf2e855a36a4ea846
[INFO] [stdout]                                at /rustc/6067b36314ab5eb2eb47cecc464545ba58e1ad24/library/core/src/panic/unwind_safe.rs:272:9
[INFO] [stdout]   36:     0x5ff510cdcbca - std::panicking::try::do_call::h2f73af3616c35465
[INFO] [stdout]                                at /rustc/6067b36314ab5eb2eb47cecc464545ba58e1ad24/library/std/src/panicking.rs:587:40
[INFO] [stdout]   37:     0x5ff510cdcbca - std::panicking::try::hd1660ce9efadef5a
[INFO] [stdout]                                at /rustc/6067b36314ab5eb2eb47cecc464545ba58e1ad24/library/std/src/panicking.rs:550:19
[INFO] [stdout]   38:     0x5ff510cdcbca - std::panic::catch_unwind::h5ee8d7823b8ca744
[INFO] [stdout]                                at /rustc/6067b36314ab5eb2eb47cecc464545ba58e1ad24/library/std/src/panic.rs:358:14
[INFO] [stdout]   39:     0x5ff510cdcbca - std::thread::Builder::spawn_unchecked_::{{closure}}::h53c3a1894dce8407
[INFO] [stdout]                                at /rustc/6067b36314ab5eb2eb47cecc464545ba58e1ad24/library/std/src/thread/mod.rs:557:30
[INFO] [stdout]   40:     0x5ff510cdcbca - core::ops::function::FnOnce::call_once{{vtable.shim}}::h048ce291ad4f62bf
[INFO] [stdout]                                at /rustc/6067b36314ab5eb2eb47cecc464545ba58e1ad24/library/core/src/ops/function.rs:250:5
[INFO] [stdout]   41:     0x5ff510d4dabb - <alloc::boxed::Box<F,A> as core::ops::function::FnOnce<Args>>::call_once::ha52bedf99a3b4981
[INFO] [stdout]                                at /rustc/6067b36314ab5eb2eb47cecc464545ba58e1ad24/library/alloc/src/boxed.rs:2013:9
[INFO] [stdout]   42:     0x5ff510d4dabb - <alloc::boxed::Box<F,A> as core::ops::function::FnOnce<Args>>::call_once::h567748934d80ccf8
[INFO] [stdout]                                at /rustc/6067b36314ab5eb2eb47cecc464545ba58e1ad24/library/alloc/src/boxed.rs:2013:9
[INFO] [stdout]   43:     0x5ff510d4dabb - std::sys::pal::unix::thread::Thread::new::thread_start::h2d970728ae887adc
[INFO] [stdout]                                at /rustc/6067b36314ab5eb2eb47cecc464545ba58e1ad24/library/std/src/sys/pal/unix/thread.rs:106:17
[INFO] [stdout]   44:     0x7731aa282ac3 - <unknown>
[INFO] [stdout]   45:     0x7731aa313a04 - clone
[INFO] [stdout]   46:                0x0 - <unknown>
[INFO] [stdout] 
[INFO] [stdout] ---- tests::uv_is_installed_and_on_path stdout ----
[INFO] [stdout] 
[INFO] [stdout] thread 'tests::uv_is_installed_and_on_path' panicked at exercises/01_intro/00_welcome/src/lib.rs:36:14:
[INFO] [stdout] Failed to run uv: Os { code: 2, kind: NotFound, message: "No such file or directory" }
[INFO] [stdout] stack backtrace:
[INFO] [stdout]    0:     0x5ff510d47b1a - std::backtrace_rs::backtrace::libunwind::trace::hb059275cfc8d6126
[INFO] [stdout]                                at /rustc/6067b36314ab5eb2eb47cecc464545ba58e1ad24/library/std/src/../../backtrace/src/backtrace/libunwind.rs:116:5
[INFO] [stdout]    1:     0x5ff510d47b1a - std::backtrace_rs::backtrace::trace_unsynchronized::h2da071e4327ce3ee
[INFO] [stdout]                                at /rustc/6067b36314ab5eb2eb47cecc464545ba58e1ad24/library/std/src/../../backtrace/src/backtrace/mod.rs:66:5
[INFO] [stdout]    2:     0x5ff510d47b1a - std::sys::backtrace::_print_fmt::h842a1474e6f8d23f
[INFO] [stdout]                                at /rustc/6067b36314ab5eb2eb47cecc464545ba58e1ad24/library/std/src/sys/backtrace.rs:66:9
[INFO] [stdout]    3:     0x5ff510d47b1a - <std::sys::backtrace::BacktraceLock::print::DisplayBacktrace as core::fmt::Display>::fmt::h71a62eb3b9696b12
[INFO] [stdout]                                at /rustc/6067b36314ab5eb2eb47cecc464545ba58e1ad24/library/std/src/sys/backtrace.rs:39:26
[INFO] [stdout]    4:     0x5ff510d6f1d3 - core::fmt::rt::Argument::fmt::hdb6b616786b41dc1
[INFO] [stdout]                                at /rustc/6067b36314ab5eb2eb47cecc464545ba58e1ad24/library/core/src/fmt/rt.rs:177:76
[INFO] [stdout]    5:     0x5ff510d6f1d3 - core::fmt::write::h2cc1698af7e2d686
[INFO] [stdout]                                at /rustc/6067b36314ab5eb2eb47cecc464545ba58e1ad24/library/core/src/fmt/mod.rs:1440:21
[INFO] [stdout]    6:     0x5ff510d44673 - std::io::Write::write_fmt::hab1b4cd059a79022
[INFO] [stdout]                                at /rustc/6067b36314ab5eb2eb47cecc464545ba58e1ad24/library/std/src/io/mod.rs:1887:15
[INFO] [stdout]    7:     0x5ff510d47962 - std::sys::backtrace::BacktraceLock::print::h147fe35b4ea13b08
[INFO] [stdout]                                at /rustc/6067b36314ab5eb2eb47cecc464545ba58e1ad24/library/std/src/sys/backtrace.rs:42:9
[INFO] [stdout]    8:     0x5ff510d48f3f - std::panicking::default_hook::{{closure}}::hbd44223dbdc0d208
[INFO] [stdout]                                at /rustc/6067b36314ab5eb2eb47cecc464545ba58e1ad24/library/std/src/panicking.rs:298:22
[INFO] [stdout]    9:     0x5ff510d48d58 - std::panicking::default_hook::h20f81eb0576efcec
[INFO] [stdout]                                at /rustc/6067b36314ab5eb2eb47cecc464545ba58e1ad24/library/std/src/panicking.rs:322:9
[INFO] [stdout]   10:     0x5ff510d11b73 - <alloc::boxed::Box<F,A> as core::ops::function::Fn<Args>>::call::hdb53814c496a4d34
[INFO] [stdout]                                at /rustc/6067b36314ab5eb2eb47cecc464545ba58e1ad24/library/alloc/src/boxed.rs:2027:9
[INFO] [stdout]   11:     0x5ff510d11b73 - test::test_main::{{closure}}::hc0a4963c59427c24
[INFO] [stdout]                                at /rustc/6067b36314ab5eb2eb47cecc464545ba58e1ad24/library/test/src/lib.rs:134:21
[INFO] [stdout]   12:     0x5ff510d49a33 - <alloc::boxed::Box<F,A> as core::ops::function::Fn<Args>>::call::h591b2225413a77e9
[INFO] [stdout]                                at /rustc/6067b36314ab5eb2eb47cecc464545ba58e1ad24/library/alloc/src/boxed.rs:2027:9
[INFO] [stdout]   13:     0x5ff510d49a33 - std::panicking::rust_panic_with_hook::h625eea43051b2edc
[INFO] [stdout]                                at /rustc/6067b36314ab5eb2eb47cecc464545ba58e1ad24/library/std/src/panicking.rs:839:13
[INFO] [stdout]   14:     0x5ff510d496ea - std::panicking::begin_panic_handler::{{closure}}::h4f9159cfbc3f6bd3
[INFO] [stdout]                                at /rustc/6067b36314ab5eb2eb47cecc464545ba58e1ad24/library/std/src/panicking.rs:704:13
[INFO] [stdout]   15:     0x5ff510d48019 - std::sys::backtrace::__rust_end_short_backtrace::h0390abce48353151
[INFO] [stdout]                                at /rustc/6067b36314ab5eb2eb47cecc464545ba58e1ad24/library/std/src/sys/backtrace.rs:168:18
[INFO] [stdout]   16:     0x5ff510d4937d - rust_begin_unwind
[INFO] [stdout]                                at /rustc/6067b36314ab5eb2eb47cecc464545ba58e1ad24/library/std/src/panicking.rs:695:5
[INFO] [stdout]   17:     0x5ff510d6dc80 - core::panicking::panic_fmt::h9e7c637e9e5f29c9
[INFO] [stdout]                                at /rustc/6067b36314ab5eb2eb47cecc464545ba58e1ad24/library/core/src/panicking.rs:75:14
[INFO] [stdout]   18:     0x5ff510d6e026 - core::result::unwrap_failed::h7979f09313fe1849
[INFO] [stdout]                                at /rustc/6067b36314ab5eb2eb47cecc464545ba58e1ad24/library/core/src/result.rs:1704:5
[INFO] [stdout]   19:     0x5ff510cd50d8 - core::result::Result<T,E>::expect::hdcc85bda6a1e8f3e
[INFO] [stdout]                                at /rustc/6067b36314ab5eb2eb47cecc464545ba58e1ad24/library/core/src/result.rs:1061:23
[INFO] [stdout]   20:     0x5ff510cd7931 - welcome::tests::uv_is_installed_and_on_path::hb432bfca14ba9e09
[INFO] [stdout]                                at /opt/rustwide/workdir/exercises/01_intro/00_welcome/src/lib.rs:33:22
[INFO] [stdout]   21:     0x5ff510cd7877 - welcome::tests::uv_is_installed_and_on_path::{{closure}}::h836336d45872499e
[INFO] [stdout]                                at /opt/rustwide/workdir/exercises/01_intro/00_welcome/src/lib.rs:32:37
[INFO] [stdout]   22:     0x5ff510cd3d26 - core::ops::function::FnOnce::call_once::hc3814c9bcf566990
[INFO] [stdout]                                at /rustc/6067b36314ab5eb2eb47cecc464545ba58e1ad24/library/core/src/ops/function.rs:250:5
[INFO] [stdout]   23:     0x5ff510d172cb - core::ops::function::FnOnce::call_once::he27718dfdd183f43
[INFO] [stdout]                                at /rustc/6067b36314ab5eb2eb47cecc464545ba58e1ad24/library/core/src/ops/function.rs:250:5
[INFO] [stdout]   24:     0x5ff510d172cb - test::__rust_begin_short_backtrace::h4e84902998457a5d
[INFO] [stdout]                                at /rustc/6067b36314ab5eb2eb47cecc464545ba58e1ad24/library/test/src/lib.rs:632:18
[INFO] [stdout]   25:     0x5ff510d16203 - test::run_test_in_process::{{closure}}::h7176fd18fc1feca0
[INFO] [stdout]                                at /rustc/6067b36314ab5eb2eb47cecc464545ba58e1ad24/library/test/src/lib.rs:655:60
[INFO] [stdout]   26:     0x5ff510d16203 - <core::panic::unwind_safe::AssertUnwindSafe<F> as core::ops::function::FnOnce<()>>::call_once::hf79cff2a624d8cf7
[INFO] [stdout]                                at /rustc/6067b36314ab5eb2eb47cecc464545ba58e1ad24/library/core/src/panic/unwind_safe.rs:272:9
[INFO] [stdout]   27:     0x5ff510d16203 - std::panicking::try::do_call::h3da0561d9ab99c25
[INFO] [stdout]                                at /rustc/6067b36314ab5eb2eb47cecc464545ba58e1ad24/library/std/src/panicking.rs:587:40
[INFO] [stdout]   28:     0x5ff510d16203 - std::panicking::try::h41c9fa508bc61df6
[INFO] [stdout]                                at /rustc/6067b36314ab5eb2eb47cecc464545ba58e1ad24/library/std/src/panicking.rs:550:19
[INFO] [stdout]   29:     0x5ff510d16203 - std::panic::catch_unwind::h6b3ff07bb5afad93
[INFO] [stdout]                                at /rustc/6067b36314ab5eb2eb47cecc464545ba58e1ad24/library/std/src/panic.rs:358:14
[INFO] [stdout]   30:     0x5ff510d16203 - test::run_test_in_process::hc7253dd11b39b9f4
[INFO] [stdout]                                at /rustc/6067b36314ab5eb2eb47cecc464545ba58e1ad24/library/test/src/lib.rs:655:27
[INFO] [stdout]   31:     0x5ff510d16203 - test::run_test::{{closure}}::hfb2007f8649c30bb
[INFO] [stdout]                                at /rustc/6067b36314ab5eb2eb47cecc464545ba58e1ad24/library/test/src/lib.rs:576:43
[INFO] [stdout]   32:     0x5ff510cd92e5 - test::run_test::{{closure}}::h56a17aa7a282a9f4
[INFO] [stdout]                                at /rustc/6067b36314ab5eb2eb47cecc464545ba58e1ad24/library/test/src/lib.rs:606:41
[INFO] [stdout]   33:     0x5ff510cd92e5 - std::sys::backtrace::__rust_begin_short_backtrace::hd2d2d2fb8e8c6aac
[INFO] [stdout]                                at /rustc/6067b36314ab5eb2eb47cecc464545ba58e1ad24/library/std/src/sys/backtrace.rs:152:18
[INFO] [stdout]   34:     0x5ff510cdcbca - std::thread::Builder::spawn_unchecked_::{{closure}}::{{closure}}::h4faa3f9db6133423
[INFO] [stdout]                                at /rustc/6067b36314ab5eb2eb47cecc464545ba58e1ad24/library/std/src/thread/mod.rs:559:17
[INFO] [stdout]   35:     0x5ff510cdcbca - <core::panic::unwind_safe::AssertUnwindSafe<F> as core::ops::function::FnOnce<()>>::call_once::hf2e855a36a4ea846
[INFO] [stdout]                                at /rustc/6067b36314ab5eb2eb47cecc464545ba58e1ad24/library/core/src/panic/unwind_safe.rs:272:9
[INFO] [stdout]   36:     0x5ff510cdcbca - std::panicking::try::do_call::h2f73af3616c35465
[INFO] [stdout]                                at /rustc/6067b36314ab5eb2eb47cecc464545ba58e1ad24/library/std/src/panicking.rs:587:40
[INFO] [stdout]   37:     0x5ff510cdcbca - std::panicking::try::hd1660ce9efadef5a
[INFO] [stdout]                                at /rustc/6067b36314ab5eb2eb47cecc464545ba58e1ad24/library/std/src/panicking.rs:550:19
[INFO] [stdout]   38:     0x5ff510cdcbca - std::panic::catch_unwind::h5ee8d7823b8ca744
[INFO] [stdout]                                at /rustc/6067b36314ab5eb2eb47cecc464545ba58e1ad24/library/std/src/panic.rs:358:14
[INFO] [stdout]   39:     0x5ff510cdcbca - std::thread::Builder::spawn_unchecked_::{{closure}}::h53c3a1894dce8407
[INFO] [stdout]                                at /rustc/6067b36314ab5eb2eb47cecc464545ba58e1ad24/library/std/src/thread/mod.rs:557:30
[INFO] [stdout]   40:     0x5ff510cdcbca - core::ops::function::FnOnce::call_once{{vtable.shim}}::h048ce291ad4f62bf
[INFO] [stdout]                                at /rustc/6067b36314ab5eb2eb47cecc464545ba58e1ad24/library/core/src/ops/function.rs:250:5
[INFO] [stdout]   41:     0x5ff510d4dabb - <alloc::boxed::Box<F,A> as core::ops::function::FnOnce<Args>>::call_once::ha52bedf99a3b4981
[INFO] [stdout]                                at /rustc/6067b36314ab5eb2eb47cecc464545ba58e1ad24/library/alloc/src/boxed.rs:2013:9
[INFO] [stdout]   42:     0x5ff510d4dabb - <alloc::boxed::Box<F,A> as core::ops::function::FnOnce<Args>>::call_once::h567748934d80ccf8
[INFO] [stdout]                                at /rustc/6067b36314ab5eb2eb47cecc464545ba58e1ad24/library/alloc/src/boxed.rs:2013:9
[INFO] [stdout]   43:     0x5ff510d4dabb - std::sys::pal::unix::thread::Thread::new::thread_start::h2d970728ae887adc
[INFO] [stdout]                                at /rustc/6067b36314ab5eb2eb47cecc464545ba58e1ad24/library/std/src/sys/pal/unix/thread.rs:106:17
[INFO] [stdout]   44:     0x7731aa282ac3 - <unknown>
[INFO] [stdout]   45:     0x7731aa313a04 - clone
[INFO] [stdout]   46:                0x0 - <unknown>
[INFO] [stdout] 
[INFO] [stdout] 
[INFO] [stdout] failures:
[INFO] [stdout]     tests::test_welcome
[INFO] [stdout]     tests::uv_is_installed_and_on_path
[INFO] [stdout] 
[INFO] [stdout] test result: FAILED. 0 passed; 2 failed; 0 ignored; 0 measured; 0 filtered out; finished in 0.03s
[INFO] [stdout] 
[INFO] [stderr] error: test failed, to rerun pass `-p welcome --lib`
[INFO] running `Command { std: "docker" "inspect" "464b6e58408e85509c8925dc608928a219db8606768cd5d16a72191c745b5795", kill_on_drop: false }`
[INFO] running `Command { std: "docker" "rm" "-f" "464b6e58408e85509c8925dc608928a219db8606768cd5d16a72191c745b5795", kill_on_drop: false }`
[INFO] [stdout] 464b6e58408e85509c8925dc608928a219db8606768cd5d16a72191c745b5795
