[INFO] cloning repository https://github.com/lukaesch/diskann-rs
[INFO] running `Command { std: "git" "-c" "credential.helper=" "-c" "credential.helper=/workspace/cargo-home/bin/git-credential-null" "clone" "--bare" "https://github.com/lukaesch/diskann-rs" "/workspace/cache/git-repos/https%3A%2F%2Fgithub.com%2Flukaesch%2Fdiskann-rs", kill_on_drop: false }`
[INFO] [stderr] Cloning into bare repository '/workspace/cache/git-repos/https%3A%2F%2Fgithub.com%2Flukaesch%2Fdiskann-rs'...
[INFO] running `Command { std: "git" "rev-parse" "HEAD", kill_on_drop: false }`
[INFO] [stdout] c85ecdca55582f1c85f5a9e153191c7e97a2c1f9
[INFO] testing lukaesch/diskann-rs against nightly-2025-01-18 for randomize-layout-2
[INFO] running `Command { std: "git" "clone" "/workspace/cache/git-repos/https%3A%2F%2Fgithub.com%2Flukaesch%2Fdiskann-rs" "/workspace/builds/worker-7-tc1/source", kill_on_drop: false }`
[INFO] [stderr] Cloning into '/workspace/builds/worker-7-tc1/source'...
[INFO] [stderr] done.
[INFO] validating manifest of git repo https://github.com/lukaesch/diskann-rs on toolchain nightly-2025-01-18
[INFO] running `Command { std: CARGO_HOME="/workspace/cargo-home" RUSTUP_HOME="/workspace/rustup-home" "/workspace/cargo-home/bin/cargo" "+nightly-2025-01-18" "metadata" "--manifest-path" "Cargo.toml" "--no-deps", kill_on_drop: false }`
[INFO] started tweaking git repo https://github.com/lukaesch/diskann-rs
[INFO] finished tweaking git repo https://github.com/lukaesch/diskann-rs
[INFO] tweaked toml for git repo https://github.com/lukaesch/diskann-rs written to /workspace/builds/worker-7-tc1/source/Cargo.toml
[INFO] crate git repo https://github.com/lukaesch/diskann-rs already has a lockfile, it will not be regenerated
[INFO] running `Command { std: CARGO_HOME="/workspace/cargo-home" RUSTUP_HOME="/workspace/rustup-home" "/workspace/cargo-home/bin/cargo" "+nightly-2025-01-18" "fetch" "--manifest-path" "Cargo.toml", kill_on_drop: false }`
[INFO] [stderr]     Blocking waiting for file lock on package cache
[INFO] [stderr]     Blocking waiting for file lock on package cache
[INFO] [stderr]  Downloading crates ...
[INFO] [stderr]   Downloaded syn v2.0.91
[INFO] running `Command { std: "docker" "create" "-v" "/var/lib/crater-agent-workspace/builds/worker-7-tc1/target:/opt/rustwide/target:rw,Z" "-v" "/var/lib/crater-agent-workspace/builds/worker-7-tc1/source:/opt/rustwide/workdir:ro,Z" "-v" "/var/lib/crater-agent-workspace/cargo-home:/opt/rustwide/cargo-home:ro,Z" "-v" "/var/lib/crater-agent-workspace/rustup-home:/opt/rustwide/rustup-home:ro,Z" "-e" "SOURCE_DIR=/opt/rustwide/workdir" "-e" "CARGO_TARGET_DIR=/opt/rustwide/target" "-e" "CARGO_HOME=/opt/rustwide/cargo-home" "-e" "RUSTUP_HOME=/opt/rustwide/rustup-home" "-w" "/opt/rustwide/workdir" "-m" "1610612736" "--user" "0:0" "--network" "none" "ghcr.io/rust-lang/crates-build-env/linux@sha256:819108c5571ea2e421544af4d832f968d213c87fbe3707a016657f43d2f853bc" "/opt/rustwide/cargo-home/bin/cargo" "+nightly-2025-01-18" "metadata" "--no-deps" "--format-version=1", kill_on_drop: false }`
[INFO] [stdout] 052fbffc98a5b279949cfbe68944912c644da6ba3d8ac1bcd97cd001f2ba3d22
[INFO] running `Command { std: "docker" "start" "-a" "052fbffc98a5b279949cfbe68944912c644da6ba3d8ac1bcd97cd001f2ba3d22", kill_on_drop: false }`
[INFO] running `Command { std: "docker" "inspect" "052fbffc98a5b279949cfbe68944912c644da6ba3d8ac1bcd97cd001f2ba3d22", kill_on_drop: false }`
[INFO] running `Command { std: "docker" "rm" "-f" "052fbffc98a5b279949cfbe68944912c644da6ba3d8ac1bcd97cd001f2ba3d22", kill_on_drop: false }`
[INFO] [stdout] 052fbffc98a5b279949cfbe68944912c644da6ba3d8ac1bcd97cd001f2ba3d22
[INFO] running `Command { std: "docker" "create" "-v" "/var/lib/crater-agent-workspace/builds/worker-7-tc1/target:/opt/rustwide/target:rw,Z" "-v" "/var/lib/crater-agent-workspace/builds/worker-7-tc1/source:/opt/rustwide/workdir:ro,Z" "-v" "/var/lib/crater-agent-workspace/cargo-home:/opt/rustwide/cargo-home:ro,Z" "-v" "/var/lib/crater-agent-workspace/rustup-home:/opt/rustwide/rustup-home:ro,Z" "-e" "SOURCE_DIR=/opt/rustwide/workdir" "-e" "CARGO_TARGET_DIR=/opt/rustwide/target" "-e" "CARGO_INCREMENTAL=0" "-e" "RUST_BACKTRACE=full" "-e" "RUSTFLAGS=--cap-lints=forbid" "-e" "RUSTDOCFLAGS=--cap-lints=forbid" "-e" "CARGO_HOME=/opt/rustwide/cargo-home" "-e" "RUSTUP_HOME=/opt/rustwide/rustup-home" "-w" "/opt/rustwide/workdir" "-m" "1610612736" "--user" "0:0" "--network" "none" "ghcr.io/rust-lang/crates-build-env/linux@sha256:819108c5571ea2e421544af4d832f968d213c87fbe3707a016657f43d2f853bc" "/opt/rustwide/cargo-home/bin/cargo" "+nightly-2025-01-18" "build" "--frozen" "--message-format=json", kill_on_drop: false }`
[INFO] [stdout] 7ce84dbfe4af128faea67617bf1935e4837e0efc6d87a4d82ab92494341cf369
[INFO] running `Command { std: "docker" "start" "-a" "7ce84dbfe4af128faea67617bf1935e4837e0efc6d87a4d82ab92494341cf369", kill_on_drop: false }`
[INFO] [stderr]    Compiling proc-macro2 v1.0.92
[INFO] [stderr]    Compiling unicode-ident v1.0.14
[INFO] [stderr]    Compiling libc v0.2.169
[INFO] [stderr]    Compiling crossbeam-utils v0.8.21
[INFO] [stderr]    Compiling serde v1.0.216
[INFO] [stderr]    Compiling thiserror v1.0.69
[INFO] [stderr]    Compiling bytemuck v1.21.0
[INFO] [stderr]    Compiling crossbeam-epoch v0.9.18
[INFO] [stderr]    Compiling quote v1.0.37
[INFO] [stderr]    Compiling syn v2.0.91
[INFO] [stderr]    Compiling crossbeam-deque v0.8.6
[INFO] [stderr]    Compiling getrandom v0.2.15
[INFO] [stderr]    Compiling memmap2 v0.5.10
[INFO] [stderr]    Compiling rayon-core v1.12.1
[INFO] [stderr]    Compiling rand_core v0.6.4
[INFO] [stderr]    Compiling rayon v1.10.0
[INFO] [stderr]    Compiling zerocopy-derive v0.7.35
[INFO] [stderr]    Compiling serde_derive v1.0.216
[INFO] [stderr]    Compiling thiserror-impl v1.0.69
[INFO] [stderr]    Compiling zerocopy v0.7.35
[INFO] [stderr]    Compiling ppv-lite86 v0.2.20
[INFO] [stderr]    Compiling rand_chacha v0.3.1
[INFO] [stderr]    Compiling rand v0.8.5
[INFO] [stderr]    Compiling bincode v1.3.3
[INFO] [stderr]    Compiling diskann-rs v0.1.0 (/opt/rustwide/workdir)
[INFO] [stdout] warning: unused import: `std::hash::Hash`
[INFO] [stdout]   --> src/lib.rs:41:5
[INFO] [stdout]    |
[INFO] [stdout] 41 | use std::hash::Hash;
[INFO] [stdout]    |     ^^^^^^^^^^^^^^^
[INFO] [stdout]    |
[INFO] [stdout]    = note: `#[warn(unused_imports)]` on by default
[INFO] [stdout] 
[INFO] [stdout] 
[INFO] [stderr]     Finished `dev` profile [unoptimized + debuginfo] target(s) in 15.22s
[INFO] running `Command { std: "docker" "inspect" "7ce84dbfe4af128faea67617bf1935e4837e0efc6d87a4d82ab92494341cf369", kill_on_drop: false }`
[INFO] running `Command { std: "docker" "rm" "-f" "7ce84dbfe4af128faea67617bf1935e4837e0efc6d87a4d82ab92494341cf369", kill_on_drop: false }`
[INFO] [stdout] 7ce84dbfe4af128faea67617bf1935e4837e0efc6d87a4d82ab92494341cf369
[INFO] running `Command { std: "docker" "create" "-v" "/var/lib/crater-agent-workspace/builds/worker-7-tc1/target:/opt/rustwide/target:rw,Z" "-v" "/var/lib/crater-agent-workspace/builds/worker-7-tc1/source:/opt/rustwide/workdir:ro,Z" "-v" "/var/lib/crater-agent-workspace/cargo-home:/opt/rustwide/cargo-home:ro,Z" "-v" "/var/lib/crater-agent-workspace/rustup-home:/opt/rustwide/rustup-home:ro,Z" "-e" "SOURCE_DIR=/opt/rustwide/workdir" "-e" "CARGO_TARGET_DIR=/opt/rustwide/target" "-e" "CARGO_INCREMENTAL=0" "-e" "RUST_BACKTRACE=full" "-e" "RUSTFLAGS=--cap-lints=forbid" "-e" "RUSTDOCFLAGS=--cap-lints=forbid" "-e" "CARGO_HOME=/opt/rustwide/cargo-home" "-e" "RUSTUP_HOME=/opt/rustwide/rustup-home" "-w" "/opt/rustwide/workdir" "-m" "1610612736" "--user" "0:0" "--network" "none" "ghcr.io/rust-lang/crates-build-env/linux@sha256:819108c5571ea2e421544af4d832f968d213c87fbe3707a016657f43d2f853bc" "/opt/rustwide/cargo-home/bin/cargo" "+nightly-2025-01-18" "test" "--frozen" "--no-run" "--message-format=json", kill_on_drop: false }`
[INFO] [stdout] 7f4ac670a5ebad8f490ebe8a6a6c2ce6194a6e3c4e263dc24bc5a5b0a11632d0
[INFO] running `Command { std: "docker" "start" "-a" "7f4ac670a5ebad8f490ebe8a6a6c2ce6194a6e3c4e263dc24bc5a5b0a11632d0", kill_on_drop: false }`
[INFO] [stderr]    Compiling diskann-rs v0.1.0 (/opt/rustwide/workdir)
[INFO] [stdout] warning: unused import: `std::hash::Hash`
[INFO] [stdout]   --> src/lib.rs:41:5
[INFO] [stdout]    |
[INFO] [stdout] 41 | use std::hash::Hash;
[INFO] [stdout]    |     ^^^^^^^^^^^^^^^
[INFO] [stdout]    |
[INFO] [stdout]    = note: `#[warn(unused_imports)]` on by default
[INFO] [stdout] 
[INFO] [stdout] 
[INFO] [stderr]     Finished `test` profile [unoptimized + debuginfo] target(s) in 1.45s
[INFO] running `Command { std: "docker" "inspect" "7f4ac670a5ebad8f490ebe8a6a6c2ce6194a6e3c4e263dc24bc5a5b0a11632d0", kill_on_drop: false }`
[INFO] running `Command { std: "docker" "rm" "-f" "7f4ac670a5ebad8f490ebe8a6a6c2ce6194a6e3c4e263dc24bc5a5b0a11632d0", kill_on_drop: false }`
[INFO] [stdout] 7f4ac670a5ebad8f490ebe8a6a6c2ce6194a6e3c4e263dc24bc5a5b0a11632d0
[INFO] running `Command { std: "docker" "create" "-v" "/var/lib/crater-agent-workspace/builds/worker-7-tc1/target:/opt/rustwide/target:rw,Z" "-v" "/var/lib/crater-agent-workspace/builds/worker-7-tc1/source:/opt/rustwide/workdir:ro,Z" "-v" "/var/lib/crater-agent-workspace/cargo-home:/opt/rustwide/cargo-home:ro,Z" "-v" "/var/lib/crater-agent-workspace/rustup-home:/opt/rustwide/rustup-home:ro,Z" "-e" "SOURCE_DIR=/opt/rustwide/workdir" "-e" "CARGO_TARGET_DIR=/opt/rustwide/target" "-e" "CARGO_INCREMENTAL=0" "-e" "RUST_BACKTRACE=full" "-e" "RUSTFLAGS=--cap-lints=forbid" "-e" "RUSTDOCFLAGS=--cap-lints=forbid" "-e" "CARGO_HOME=/opt/rustwide/cargo-home" "-e" "RUSTUP_HOME=/opt/rustwide/rustup-home" "-w" "/opt/rustwide/workdir" "-m" "1610612736" "--user" "0:0" "--network" "none" "ghcr.io/rust-lang/crates-build-env/linux@sha256:819108c5571ea2e421544af4d832f968d213c87fbe3707a016657f43d2f853bc" "/opt/rustwide/cargo-home/bin/cargo" "+nightly-2025-01-18" "test" "--frozen", kill_on_drop: false }`
[INFO] [stdout] 2d9d9305efc4522b9b218aafaae5f5af648661be6f09d99e2d11417ed483b345
[INFO] running `Command { std: "docker" "start" "-a" "2d9d9305efc4522b9b218aafaae5f5af648661be6f09d99e2d11417ed483b345", kill_on_drop: false }`
[INFO] [stderr] warning: unused import: `std::hash::Hash`
[INFO] [stderr]   --> src/lib.rs:41:5
[INFO] [stderr]    |
[INFO] [stderr] 41 | use std::hash::Hash;
[INFO] [stderr]    |     ^^^^^^^^^^^^^^^
[INFO] [stderr]    |
[INFO] [stderr]    = note: `#[warn(unused_imports)]` on by default
[INFO] [stderr] 
[INFO] [stderr] warning: `diskann-rs` (lib) generated 1 warning (run `cargo fix --lib -p diskann-rs` to apply 1 suggestion)
[INFO] [stderr]     Finished `test` profile [unoptimized + debuginfo] target(s) in 0.20s
[INFO] [stderr]      Running unittests src/lib.rs (/opt/rustwide/target/debug/deps/diskann_rs-181ba7797fd65a05)
[INFO] [stdout] 
[INFO] [stdout] running 2 tests
[INFO] [stdout] test tests::test_small_euclidean ... FAILED
[INFO] [stdout] test tests::test_small_cosine ... FAILED
[INFO] [stdout] 
[INFO] [stdout] failures:
[INFO] [stdout] 
[INFO] [stdout] ---- tests::test_small_euclidean stdout ----
[INFO] [stdout] Error: Io(Os { code: 30, kind: ReadOnlyFilesystem, message: "Read-only file system" })
[INFO] [stdout] 
[INFO] [stdout] ---- tests::test_small_cosine stdout ----
[INFO] [stdout] Error: Io(Os { code: 30, kind: ReadOnlyFilesystem, message: "Read-only file system" })
[INFO] [stdout] 
[INFO] [stdout] 
[INFO] [stdout] failures:
[INFO] [stdout]     tests::test_small_cosine
[INFO] [stdout]     tests::test_small_euclidean
[INFO] [stdout] 
[INFO] [stdout] test result: FAILED. 0 passed; 2 failed; 0 ignored; 0 measured; 0 filtered out; finished in 0.00s
[INFO] [stdout] 
[INFO] [stderr] error: test failed, to rerun pass `--lib`
[INFO] running `Command { std: "docker" "inspect" "2d9d9305efc4522b9b218aafaae5f5af648661be6f09d99e2d11417ed483b345", kill_on_drop: false }`
[INFO] running `Command { std: "docker" "rm" "-f" "2d9d9305efc4522b9b218aafaae5f5af648661be6f09d99e2d11417ed483b345", kill_on_drop: false }`
[INFO] [stdout] 2d9d9305efc4522b9b218aafaae5f5af648661be6f09d99e2d11417ed483b345
