[INFO] cloning repository https://github.com/lufumard/PSTL
[INFO] running `Command { std: "git" "-c" "credential.helper=" "-c" "credential.helper=/workspace/cargo-home/bin/git-credential-null" "clone" "--bare" "https://github.com/lufumard/PSTL" "/workspace/cache/git-repos/https%3A%2F%2Fgithub.com%2Flufumard%2FPSTL", kill_on_drop: false }`
[INFO] [stderr] Cloning into bare repository '/workspace/cache/git-repos/https%3A%2F%2Fgithub.com%2Flufumard%2FPSTL'...
[INFO] running `Command { std: "git" "rev-parse" "HEAD", kill_on_drop: false }`
[INFO] [stdout] 4eca3069558ee87abc3e326a4536b067f7e648b9
[INFO] testing lufumard/PSTL against nightly-2025-01-18 for randomize-layout-2
[INFO] running `Command { std: "git" "clone" "/workspace/cache/git-repos/https%3A%2F%2Fgithub.com%2Flufumard%2FPSTL" "/workspace/builds/worker-0-tc1/source", kill_on_drop: false }`
[INFO] [stderr] Cloning into '/workspace/builds/worker-0-tc1/source'...
[INFO] [stderr] done.
[INFO] validating manifest of git repo https://github.com/lufumard/PSTL on toolchain nightly-2025-01-18
[INFO] running `Command { std: CARGO_HOME="/workspace/cargo-home" RUSTUP_HOME="/workspace/rustup-home" "/workspace/cargo-home/bin/cargo" "+nightly-2025-01-18" "metadata" "--manifest-path" "Cargo.toml" "--no-deps", kill_on_drop: false }`
[INFO] started tweaking git repo https://github.com/lufumard/PSTL
[INFO] finished tweaking git repo https://github.com/lufumard/PSTL
[INFO] tweaked toml for git repo https://github.com/lufumard/PSTL written to /workspace/builds/worker-0-tc1/source/Cargo.toml
[INFO] crate git repo https://github.com/lufumard/PSTL already has a lockfile, it will not be regenerated
[INFO] running `Command { std: CARGO_HOME="/workspace/cargo-home" RUSTUP_HOME="/workspace/rustup-home" "/workspace/cargo-home/bin/cargo" "+nightly-2025-01-18" "fetch" "--manifest-path" "Cargo.toml", kill_on_drop: false }`
[INFO] running `Command { std: "docker" "create" "-v" "/var/lib/crater-agent-workspace/builds/worker-0-tc1/target:/opt/rustwide/target:rw,Z" "-v" "/var/lib/crater-agent-workspace/builds/worker-0-tc1/source:/opt/rustwide/workdir:ro,Z" "-v" "/var/lib/crater-agent-workspace/cargo-home:/opt/rustwide/cargo-home:ro,Z" "-v" "/var/lib/crater-agent-workspace/rustup-home:/opt/rustwide/rustup-home:ro,Z" "-e" "SOURCE_DIR=/opt/rustwide/workdir" "-e" "CARGO_TARGET_DIR=/opt/rustwide/target" "-e" "CARGO_HOME=/opt/rustwide/cargo-home" "-e" "RUSTUP_HOME=/opt/rustwide/rustup-home" "-w" "/opt/rustwide/workdir" "-m" "1610612736" "--user" "0:0" "--network" "none" "ghcr.io/rust-lang/crates-build-env/linux@sha256:819108c5571ea2e421544af4d832f968d213c87fbe3707a016657f43d2f853bc" "/opt/rustwide/cargo-home/bin/cargo" "+nightly-2025-01-18" "metadata" "--no-deps" "--format-version=1", kill_on_drop: false }`
[INFO] [stdout] 134c4e54a39843e0b21f06edbcfff8434d72f043f063d5ca40d7dbd37aa6c9d0
[INFO] running `Command { std: "docker" "start" "-a" "134c4e54a39843e0b21f06edbcfff8434d72f043f063d5ca40d7dbd37aa6c9d0", kill_on_drop: false }`
[INFO] running `Command { std: "docker" "inspect" "134c4e54a39843e0b21f06edbcfff8434d72f043f063d5ca40d7dbd37aa6c9d0", kill_on_drop: false }`
[INFO] running `Command { std: "docker" "rm" "-f" "134c4e54a39843e0b21f06edbcfff8434d72f043f063d5ca40d7dbd37aa6c9d0", kill_on_drop: false }`
[INFO] [stdout] 134c4e54a39843e0b21f06edbcfff8434d72f043f063d5ca40d7dbd37aa6c9d0
[INFO] running `Command { std: "docker" "create" "-v" "/var/lib/crater-agent-workspace/builds/worker-0-tc1/target:/opt/rustwide/target:rw,Z" "-v" "/var/lib/crater-agent-workspace/builds/worker-0-tc1/source:/opt/rustwide/workdir:ro,Z" "-v" "/var/lib/crater-agent-workspace/cargo-home:/opt/rustwide/cargo-home:ro,Z" "-v" "/var/lib/crater-agent-workspace/rustup-home:/opt/rustwide/rustup-home:ro,Z" "-e" "SOURCE_DIR=/opt/rustwide/workdir" "-e" "CARGO_TARGET_DIR=/opt/rustwide/target" "-e" "CARGO_INCREMENTAL=0" "-e" "RUST_BACKTRACE=full" "-e" "RUSTFLAGS=--cap-lints=forbid" "-e" "RUSTDOCFLAGS=--cap-lints=forbid" "-e" "CARGO_HOME=/opt/rustwide/cargo-home" "-e" "RUSTUP_HOME=/opt/rustwide/rustup-home" "-w" "/opt/rustwide/workdir" "-m" "1610612736" "--user" "0:0" "--network" "none" "ghcr.io/rust-lang/crates-build-env/linux@sha256:819108c5571ea2e421544af4d832f968d213c87fbe3707a016657f43d2f853bc" "/opt/rustwide/cargo-home/bin/cargo" "+nightly-2025-01-18" "build" "--frozen" "--message-format=json", kill_on_drop: false }`
[INFO] [stdout] f57f90358cf65c79b05c7c1ec4bca5b7310e7155de38caaf920ed3d7a3a06d90
[INFO] running `Command { std: "docker" "start" "-a" "f57f90358cf65c79b05c7c1ec4bca5b7310e7155de38caaf920ed3d7a3a06d90", kill_on_drop: false }`
[INFO] [stderr]    Compiling libc v0.2.139
[INFO] [stderr]    Compiling crunchy v0.2.2
[INFO] [stderr]    Compiling tiny-keccak v2.0.2
[INFO] [stderr]    Compiling proc-macro-hack v0.5.20+deprecated
[INFO] [stderr]    Compiling cfg-if v1.0.0
[INFO] [stderr]    Compiling once_cell v1.17.0
[INFO] [stderr]    Compiling autocfg v1.1.0
[INFO] [stderr]    Compiling hashbrown v0.12.3
[INFO] [stderr]    Compiling indexmap v1.9.3
[INFO] [stderr]    Compiling getrandom v0.2.8
[INFO] [stderr]    Compiling const-random-macro v0.1.15
[INFO] [stderr]    Compiling const-random v0.1.15
[INFO] [stderr]    Compiling ahash v0.3.8
[INFO] [stderr]    Compiling chumsky v0.8.0
[INFO] [stderr]    Compiling pstl v0.1.0 (/opt/rustwide/workdir)
[INFO] [stdout] warning: unused import: `crate::ast::Expr`
[INFO] [stdout]   --> src/compiler/compiler.rs:22:9
[INFO] [stdout]    |
[INFO] [stdout] 22 | pub use crate::ast::Expr;
[INFO] [stdout]    |         ^^^^^^^^^^^^^^^^
[INFO] [stdout]    |
[INFO] [stdout]    = note: `#[warn(unused_imports)]` on by default
[INFO] [stdout] 
[INFO] [stdout] 
[INFO] [stdout] warning: unused import: `crate::ast::FnBody`
[INFO] [stdout]   --> src/compiler/compiler.rs:23:9
[INFO] [stdout]    |
[INFO] [stdout] 23 | pub use crate::ast::FnBody;
[INFO] [stdout]    |         ^^^^^^^^^^^^^^^^^^
[INFO] [stdout] 
[INFO] [stdout] 
[INFO] [stdout] warning: unused import: `crate::ast::Fn`
[INFO] [stdout]   --> src/compiler/compiler.rs:24:9
[INFO] [stdout]    |
[INFO] [stdout] 24 | pub use crate::ast::Fn;
[INFO] [stdout]    |         ^^^^^^^^^^^^^^
[INFO] [stdout] 
[INFO] [stdout] 
[INFO] [stdout] warning: unused variable: `temp_beta_l`
[INFO] [stdout]   --> src/compiler/inc.rs:19:13
[INFO] [stdout]    |
[INFO] [stdout] 19 |     let mut temp_beta_l : HashMap<Var,char> = beta.get(&c).unwrap().into_iter()
[INFO] [stdout]    |             ^^^^^^^^^^^ help: if this is intentional, prefix it with an underscore: `_temp_beta_l`
[INFO] [stdout]    |
[INFO] [stdout]    = note: `#[warn(unused_variables)]` on by default
[INFO] [stdout] 
[INFO] [stdout] 
[INFO] [stdout] warning: variable does not need to be mutable
[INFO] [stdout]   --> src/compiler/inc.rs:19:9
[INFO] [stdout]    |
[INFO] [stdout] 19 |     let mut temp_beta_l : HashMap<Var,char> = beta.get(&c).unwrap().into_iter()
[INFO] [stdout]    |         ----^^^^^^^^^^^
[INFO] [stdout]    |         |
[INFO] [stdout]    |         help: remove this `mut`
[INFO] [stdout]    |
[INFO] [stdout]    = note: `#[warn(unused_mut)]` on by default
[INFO] [stdout] 
[INFO] [stdout] 
[INFO] [stdout] warning: variable does not need to be mutable
[INFO] [stdout]   --> src/compiler/inc.rs:23:9
[INFO] [stdout]    |
[INFO] [stdout] 23 |     let mut beta_bis = beta.clone(); 
[INFO] [stdout]    |         ----^^^^^^^^
[INFO] [stdout]    |         |
[INFO] [stdout]    |         help: remove this `mut`
[INFO] [stdout] 
[INFO] [stdout] 
[INFO] [stdout] warning: variant `BooleanToNumeric` is never constructed
[INFO] [stdout]   --> src/primitives.rs:31:5
[INFO] [stdout]    |
[INFO] [stdout] 29 | pub enum PrimitiveFunction {
[INFO] [stdout]    |          ----------------- variant in this enum
[INFO] [stdout] 30 |     BooleanToBoolean (&'static dyn Fn(Vec<bool>) -> bool),
[INFO] [stdout] 31 |     BooleanToNumeric (&'static dyn Fn(Vec<bool>) -> i32),
[INFO] [stdout]    |     ^^^^^^^^^^^^^^^^
[INFO] [stdout]    |
[INFO] [stdout]    = note: `PrimitiveFunction` has a derived impl for the trait `Clone`, but this is intentionally ignored during dead code analysis
[INFO] [stdout]    = note: `#[warn(dead_code)]` on by default
[INFO] [stdout] 
[INFO] [stdout] 
[INFO] [stdout] warning: function `tail_call` is never used
[INFO] [stdout]    --> src/compiler/inc.rs:200:8
[INFO] [stdout]     |
[INFO] [stdout] 200 | pub fn tail_call(fnbody : FnBodyRC, beta_l : &mut HashMap<Var,char>, beta: &mut HashMap<Const,Vec<char>>)  {
[INFO] [stdout]     |        ^^^^^^^^^
[INFO] [stdout] 
[INFO] [stdout] 
[INFO] [stderr]     Finished `dev` profile [unoptimized + debuginfo] target(s) in 10.65s
[INFO] running `Command { std: "docker" "inspect" "f57f90358cf65c79b05c7c1ec4bca5b7310e7155de38caaf920ed3d7a3a06d90", kill_on_drop: false }`
[INFO] running `Command { std: "docker" "rm" "-f" "f57f90358cf65c79b05c7c1ec4bca5b7310e7155de38caaf920ed3d7a3a06d90", kill_on_drop: false }`
[INFO] [stdout] f57f90358cf65c79b05c7c1ec4bca5b7310e7155de38caaf920ed3d7a3a06d90
[INFO] running `Command { std: "docker" "create" "-v" "/var/lib/crater-agent-workspace/builds/worker-0-tc1/target:/opt/rustwide/target:rw,Z" "-v" "/var/lib/crater-agent-workspace/builds/worker-0-tc1/source:/opt/rustwide/workdir:ro,Z" "-v" "/var/lib/crater-agent-workspace/cargo-home:/opt/rustwide/cargo-home:ro,Z" "-v" "/var/lib/crater-agent-workspace/rustup-home:/opt/rustwide/rustup-home:ro,Z" "-e" "SOURCE_DIR=/opt/rustwide/workdir" "-e" "CARGO_TARGET_DIR=/opt/rustwide/target" "-e" "CARGO_INCREMENTAL=0" "-e" "RUST_BACKTRACE=full" "-e" "RUSTFLAGS=--cap-lints=forbid" "-e" "RUSTDOCFLAGS=--cap-lints=forbid" "-e" "CARGO_HOME=/opt/rustwide/cargo-home" "-e" "RUSTUP_HOME=/opt/rustwide/rustup-home" "-w" "/opt/rustwide/workdir" "-m" "1610612736" "--user" "0:0" "--network" "none" "ghcr.io/rust-lang/crates-build-env/linux@sha256:819108c5571ea2e421544af4d832f968d213c87fbe3707a016657f43d2f853bc" "/opt/rustwide/cargo-home/bin/cargo" "+nightly-2025-01-18" "test" "--frozen" "--no-run" "--message-format=json", kill_on_drop: false }`
[INFO] [stdout] 8412de9800f4c4151774f8892d37e2327c8775722e5d9c2a52e47da7a240cdce
[INFO] running `Command { std: "docker" "start" "-a" "8412de9800f4c4151774f8892d37e2327c8775722e5d9c2a52e47da7a240cdce", kill_on_drop: false }`
[INFO] [stderr]    Compiling pstl v0.1.0 (/opt/rustwide/workdir)
[INFO] [stdout] warning: unused import: `crate::ast::Expr`
[INFO] [stdout]   --> src/compiler/compiler.rs:22:9
[INFO] [stdout]    |
[INFO] [stdout] 22 | pub use crate::ast::Expr;
[INFO] [stdout]    |         ^^^^^^^^^^^^^^^^
[INFO] [stdout]    |
[INFO] [stdout]    = note: `#[warn(unused_imports)]` on by default
[INFO] [stdout] 
[INFO] [stdout] 
[INFO] [stdout] warning: unused import: `crate::ast::FnBody`
[INFO] [stdout]   --> src/compiler/compiler.rs:23:9
[INFO] [stdout]    |
[INFO] [stdout] 23 | pub use crate::ast::FnBody;
[INFO] [stdout]    |         ^^^^^^^^^^^^^^^^^^
[INFO] [stdout] 
[INFO] [stdout] 
[INFO] [stdout] warning: unused import: `crate::ast::Fn`
[INFO] [stdout]   --> src/compiler/compiler.rs:24:9
[INFO] [stdout]    |
[INFO] [stdout] 24 | pub use crate::ast::Fn;
[INFO] [stdout]    |         ^^^^^^^^^^^^^^
[INFO] [stdout] 
[INFO] [stdout] 
[INFO] [stdout] warning: unused variable: `temp_beta_l`
[INFO] [stdout]   --> src/compiler/inc.rs:19:13
[INFO] [stdout]    |
[INFO] [stdout] 19 |     let mut temp_beta_l : HashMap<Var,char> = beta.get(&c).unwrap().into_iter()
[INFO] [stdout]    |             ^^^^^^^^^^^ help: if this is intentional, prefix it with an underscore: `_temp_beta_l`
[INFO] [stdout]    |
[INFO] [stdout]    = note: `#[warn(unused_variables)]` on by default
[INFO] [stdout] 
[INFO] [stdout] 
[INFO] [stdout] warning: variable does not need to be mutable
[INFO] [stdout]   --> src/compiler/inc.rs:19:9
[INFO] [stdout]    |
[INFO] [stdout] 19 |     let mut temp_beta_l : HashMap<Var,char> = beta.get(&c).unwrap().into_iter()
[INFO] [stdout]    |         ----^^^^^^^^^^^
[INFO] [stdout]    |         |
[INFO] [stdout]    |         help: remove this `mut`
[INFO] [stdout]    |
[INFO] [stdout]    = note: `#[warn(unused_mut)]` on by default
[INFO] [stdout] 
[INFO] [stdout] 
[INFO] [stdout] warning: variable does not need to be mutable
[INFO] [stdout]   --> src/compiler/inc.rs:23:9
[INFO] [stdout]    |
[INFO] [stdout] 23 |     let mut beta_bis = beta.clone(); 
[INFO] [stdout]    |         ----^^^^^^^^
[INFO] [stdout]    |         |
[INFO] [stdout]    |         help: remove this `mut`
[INFO] [stdout] 
[INFO] [stdout] 
[INFO] [stdout] warning: variant `BooleanToNumeric` is never constructed
[INFO] [stdout]   --> src/primitives.rs:31:5
[INFO] [stdout]    |
[INFO] [stdout] 29 | pub enum PrimitiveFunction {
[INFO] [stdout]    |          ----------------- variant in this enum
[INFO] [stdout] 30 |     BooleanToBoolean (&'static dyn Fn(Vec<bool>) -> bool),
[INFO] [stdout] 31 |     BooleanToNumeric (&'static dyn Fn(Vec<bool>) -> i32),
[INFO] [stdout]    |     ^^^^^^^^^^^^^^^^
[INFO] [stdout]    |
[INFO] [stdout]    = note: `PrimitiveFunction` has a derived impl for the trait `Clone`, but this is intentionally ignored during dead code analysis
[INFO] [stdout]    = note: `#[warn(dead_code)]` on by default
[INFO] [stdout] 
[INFO] [stdout] 
[INFO] [stderr]     Finished `test` profile [unoptimized + debuginfo] target(s) in 5.16s
[INFO] running `Command { std: "docker" "inspect" "8412de9800f4c4151774f8892d37e2327c8775722e5d9c2a52e47da7a240cdce", kill_on_drop: false }`
[INFO] running `Command { std: "docker" "rm" "-f" "8412de9800f4c4151774f8892d37e2327c8775722e5d9c2a52e47da7a240cdce", kill_on_drop: false }`
[INFO] [stdout] 8412de9800f4c4151774f8892d37e2327c8775722e5d9c2a52e47da7a240cdce
[INFO] running `Command { std: "docker" "create" "-v" "/var/lib/crater-agent-workspace/builds/worker-0-tc1/target:/opt/rustwide/target:rw,Z" "-v" "/var/lib/crater-agent-workspace/builds/worker-0-tc1/source:/opt/rustwide/workdir:ro,Z" "-v" "/var/lib/crater-agent-workspace/cargo-home:/opt/rustwide/cargo-home:ro,Z" "-v" "/var/lib/crater-agent-workspace/rustup-home:/opt/rustwide/rustup-home:ro,Z" "-e" "SOURCE_DIR=/opt/rustwide/workdir" "-e" "CARGO_TARGET_DIR=/opt/rustwide/target" "-e" "CARGO_INCREMENTAL=0" "-e" "RUST_BACKTRACE=full" "-e" "RUSTFLAGS=--cap-lints=forbid" "-e" "RUSTDOCFLAGS=--cap-lints=forbid" "-e" "CARGO_HOME=/opt/rustwide/cargo-home" "-e" "RUSTUP_HOME=/opt/rustwide/rustup-home" "-w" "/opt/rustwide/workdir" "-m" "1610612736" "--user" "0:0" "--network" "none" "ghcr.io/rust-lang/crates-build-env/linux@sha256:819108c5571ea2e421544af4d832f968d213c87fbe3707a016657f43d2f853bc" "/opt/rustwide/cargo-home/bin/cargo" "+nightly-2025-01-18" "test" "--frozen", kill_on_drop: false }`
[INFO] [stdout] 93612e1b8659ec2db2155be3f27d3ff93af20cafd4acbbde8203891e972e1d43
[INFO] running `Command { std: "docker" "start" "-a" "93612e1b8659ec2db2155be3f27d3ff93af20cafd4acbbde8203891e972e1d43", kill_on_drop: false }`
[INFO] [stderr] warning: unused import: `crate::ast::Expr`
[INFO] [stderr]   --> src/compiler/compiler.rs:22:9
[INFO] [stderr]    |
[INFO] [stderr] 22 | pub use crate::ast::Expr;
[INFO] [stderr]    |         ^^^^^^^^^^^^^^^^
[INFO] [stderr]    |
[INFO] [stderr]    = note: `#[warn(unused_imports)]` on by default
[INFO] [stderr] 
[INFO] [stderr] warning: unused import: `crate::ast::FnBody`
[INFO] [stderr]   --> src/compiler/compiler.rs:23:9
[INFO] [stderr]    |
[INFO] [stderr] 23 | pub use crate::ast::FnBody;
[INFO] [stderr]    |         ^^^^^^^^^^^^^^^^^^
[INFO] [stderr] 
[INFO] [stderr] warning: unused import: `crate::ast::Fn`
[INFO] [stderr]   --> src/compiler/compiler.rs:24:9
[INFO] [stderr]    |
[INFO] [stderr] 24 | pub use crate::ast::Fn;
[INFO] [stderr]    |         ^^^^^^^^^^^^^^
[INFO] [stderr] 
[INFO] [stderr] warning: unused variable: `temp_beta_l`
[INFO] [stderr]   --> src/compiler/inc.rs:19:13
[INFO] [stderr]    |
[INFO] [stderr] 19 |     let mut temp_beta_l : HashMap<Var,char> = beta.get(&c).unwrap().into_iter()
[INFO] [stderr]    |             ^^^^^^^^^^^ help: if this is intentional, prefix it with an underscore: `_temp_beta_l`
[INFO] [stderr]    |
[INFO] [stderr]    = note: `#[warn(unused_variables)]` on by default
[INFO] [stderr] 
[INFO] [stderr] warning: variable does not need to be mutable
[INFO] [stderr]   --> src/compiler/inc.rs:19:9
[INFO] [stderr]    |
[INFO] [stderr] 19 |     let mut temp_beta_l : HashMap<Var,char> = beta.get(&c).unwrap().into_iter()
[INFO] [stderr]    |         ----^^^^^^^^^^^
[INFO] [stderr]    |         |
[INFO] [stderr]    |         help: remove this `mut`
[INFO] [stderr]    |
[INFO] [stderr]    = note: `#[warn(unused_mut)]` on by default
[INFO] [stderr] 
[INFO] [stderr] warning: variable does not need to be mutable
[INFO] [stderr]   --> src/compiler/inc.rs:23:9
[INFO] [stderr]    |
[INFO] [stderr] 23 |     let mut beta_bis = beta.clone(); 
[INFO] [stderr]    |         ----^^^^^^^^
[INFO] [stderr]    |         |
[INFO] [stderr]    |         help: remove this `mut`
[INFO] [stderr] 
[INFO] [stderr] warning: variant `BooleanToNumeric` is never constructed
[INFO] [stderr]   --> src/primitives.rs:31:5
[INFO] [stderr]    |
[INFO] [stderr] 29 | pub enum PrimitiveFunction {
[INFO] [stderr]    |          ----------------- variant in this enum
[INFO] [stderr] 30 |     BooleanToBoolean (&'static dyn Fn(Vec<bool>) -> bool),
[INFO] [stderr] 31 |     BooleanToNumeric (&'static dyn Fn(Vec<bool>) -> i32),
[INFO] [stderr]    |     ^^^^^^^^^^^^^^^^
[INFO] [stderr]    |
[INFO] [stderr]    = note: `PrimitiveFunction` has a derived impl for the trait `Clone`, but this is intentionally ignored during dead code analysis
[INFO] [stderr]    = note: `#[warn(dead_code)]` on by default
[INFO] [stderr] 
[INFO] [stderr] warning: `pstl` (bin "pstl" test) generated 7 warnings (run `cargo fix --bin "pstl" --tests` to apply 5 suggestions)
[INFO] [stderr]     Finished `test` profile [unoptimized + debuginfo] target(s) in 0.06s
[INFO] [stderr]      Running unittests src/main.rs (/opt/rustwide/target/debug/deps/pstl-01add017cca8e434)
[INFO] [stdout] 
[INFO] [stdout] running 76 tests
[INFO] [stdout] test compiler::inc::tests::test_FV_dec ... ok
[INFO] [stdout] test compiler::inc::tests::test_C::test_c_app_one_var_owned ... ok
[INFO] [stdout] test compiler::inc::tests::test_C::test_C_consuming_same_args_multiple_times ... ok
[INFO] [stdout] test compiler::inc::tests::test_FV_inc ... ok
[INFO] [stdout] test compiler::inc::tests::test_C::test_c_app_no_vars ... ok
[INFO] [stdout] test compiler::inc::tests::test_C::test_c_app_one_var_borrowed_dead_variable ... ok
[INFO] [stdout] test compiler::inc::tests::test_FV_ret ... ok
[INFO] [stdout] test compiler::inc::tests::test_insert_tail_call ... ok
[INFO] [stdout] test compiler::inc::tests::tests_o::test_moins_2 ... ok
[INFO] [stdout] test compiler::inc::tests::tests_o::test_moins_3 ... ok
[INFO] [stdout] test compiler::inc::tests::tests_o::test_o_moins ... ok
[INFO] [stdout] test compiler::inc::tests::tests_o::test_o_moins_var_dead_borrowed ... ok
[INFO] [stdout] test compiler::inc::tests::tests_o::test_o_moins_var_dead_owned ... ok
[INFO] [stdout] test compiler::inc::tests::tests_o::test_moins_4 ... ok
[INFO] [stdout] test compiler::inc::tests::tests_o::test_o_moins_var_live_borrowed ... ok
[INFO] [stdout] test compiler::inc::tests::tests_o::test_o_moins_var_live_owned ... ok
[INFO] [stdout] test compiler::inc::tests::tests_o::test_o_plus_var_dead_borrowed ... ok
[INFO] [stdout] test compiler::inc::tests::tests_o::test_moins_1 ... ok
[INFO] [stdout] test compiler::inc::tests::tests_o::test_o_plus_var_live_borrowed ... ok
[INFO] [stdout] test compiler::inc::tests::tests_o::test_o_plus_var_dead_owned ... ok
[INFO] [stdout] test compiler::inc::tests::go_forward ... ok
[INFO] [stdout] test compiler::inc::tests::test_C::test_C_proj_borrowed ... ok
[INFO] [stdout] test compiler::inc::tests::test_map ... ok
[INFO] [stdout] test compiler::inc::tests::test_swap ... ok
[INFO] [stdout] test compiler::inferring::tests_collect_o::test_case ... ok
[INFO] [stdout] test compiler::inferring::tests_collect_o::test_ctor ... ok
[INFO] [stdout] test compiler::inferring::tests_collect_o::test_fn_call ... ok
[INFO] [stdout] test compiler::inferring::tests_collect_o::test_pap_call ... ok
[INFO] [stdout] test compiler::inferring::tests_collect_o::test_pap ... ok
[INFO] [stdout] test compiler::inferring::tests_collect_o::test_proj_1 ... ok
[INFO] [stdout] test compiler::inferring::tests_collect_o::test_proj_2 ... ok
[INFO] [stdout] test compiler::inferring::tests_collect_o::test_reset ... ok
[INFO] [stdout] test compiler::inferring::tests_collect_o::test_ret ... ok
[INFO] [stdout] test compiler::inferring::tests_collect_o::test_reuse_num ... ok
[INFO] [stdout] test compiler::inc::tests::tests_o::test_o_plus_var_live_owned ... ok
[INFO] [stdout] test compiler::inferring::tests_collect_o::test_reuse ... ok
[INFO] [stdout] test compiler::reuse::tests::tes_R_let ... ok
[INFO] [stdout] test compiler::inferring::tests_inferring::has_none ... ok
[INFO] [stdout] test compiler::inferring::tests_inferring::swap ... ok
[INFO] [stdout] test compiler::inferring::tests_inferring::go_foward ... ok
[INFO] [stdout] test compiler::reuse::tests::test_D_case_1 ... ok
[INFO] [stdout] test compiler::reuse::tests::test_D_case_2 ... ok
[INFO] [stdout] test compiler::reuse::tests::test_D_let_dead_variable ... ok
[INFO] [stdout] test compiler::inferring::tests_inferring::tail_call ... ok
[INFO] [stdout] test compiler::reuse::tests::test_D_let_not_dead_variable ... ok
[INFO] [stdout] test compiler::reuse::tests::test_R_ret ... ok
[INFO] [stdout] test compiler::reuse::tests::test_D_ret ... ok
[INFO] [stdout] test compiler::reuse::tests::test_S_case_2 ... ok
[INFO] [stdout] test compiler::reuse::tests::test_S_case_1 ... ok
[INFO] [stdout] test compiler::reuse::tests::test_S_let_1 ... ok
[INFO] [stdout] test compiler::inferring::tests_inferring::map ... ok
[INFO] [stdout] test compiler::inferring::tests_inferring::id_pair ... ok
[INFO] [stdout] test compiler::reuse::tests::test_S_let_2 ... ok
[INFO] [stdout] test compiler::reuse::tests::test_S_let_3 ... ok
[INFO] [stdout] test compiler::reuse::tests::test_S_ret ... ok
[INFO] [stdout] test tests_interpreter::test_case_true ... ok
[INFO] [stdout] test tests_interpreter::test_case_false ... ok
[INFO] [stdout] test tests_interpreter::test_const_app_part ... ok
[INFO] [stdout] test compiler::reuse::tests::test_swap ... ok
[INFO] [stdout] test tests_interpreter::test_const_app_full ... ok
[INFO] [stdout] test tests_interpreter::test_ctor ... ok
[INFO] [stdout] test compiler::reuse::tests::test_map ... ok
[INFO] [stdout] test compiler::reuse::tests::test_id_pair ... ok
[INFO] [stdout] test compiler::reuse::tests::test_goForward ... ok
[INFO] [stdout] test tests_interpreter::test_fibo_num_of_10 ... ok
[INFO] [stdout] test tests_interpreter::test_let ... ok
[INFO] [stdout] test tests_interpreter::test_proj2 ... ok
[INFO] [stdout] test tests_interpreter::test_ret ... ok
[INFO] [stdout] test tests_interpreter::test_fibo_num_of_7 ... ok
[INFO] [stdout] test tests_interpreter::test_swap_pstl ... ok
[INFO] [stdout] test tests_interpreter::test_swap_pstl_2fun ... ok
[INFO] [stdout] test tests_interpreter::test_pap ... ok
[INFO] [stdout] test tests_interpreter::test_proj1 ... ok
[INFO] [stdout] test tests_interpreter::test_fibo_of_7 ... ok
[INFO] [stdout] test compiler::inc::tests::test_tail_call ... FAILED
[INFO] [stdout] test tests_interpreter::test_fibo_of_10 ... ok
[INFO] [stdout] 
[INFO] [stdout] failures:
[INFO] [stdout] 
[INFO] [stdout] ---- compiler::inc::tests::test_tail_call stdout ----
[INFO] [stdout] 
[INFO] [stdout] thread 'compiler::inc::tests::test_tail_call' panicked at src/compiler/inc.rs:643:9:
[INFO] [stdout] assertion `left == right` failed
[INFO] [stdout]   left: Program({Const("f"): Fn([Var("x")], Case(Var("x"), [Let(Var("r"), Proj(1, Var("x")), Inc(Var("r"), Dec(Var("x"), Ret(Var("r"))))), Dec(Var("x"), Let(Var("y1"), Ctor(1, []), Let(Var("y2"), Ctor(1, [Var("y1")]), Let(Var("r"), FnCall(Const("f"), [Var("y2")]), Ret(Var("r"))))))]))})
[INFO] [stdout]  right: Program({Const("f"): Fn([Var("x")], Case(Var("x"), [Let(Var("r"), Proj(1, Var("x")), Inc(Var("r"), Ret(Var("r")))), Let(Var("y1"), Ctor(1, []), Let(Var("y2"), Ctor(1, [Var("y1")]), Let(Var("r"), FnCall(Const("f"), [Var("y2")]), Dec(Var("y2"), Ret(Var("r"))))))]))})
[INFO] [stdout] stack backtrace:
[INFO] [stdout]    0:     0x59fc0a9729ea - std::backtrace_rs::backtrace::libunwind::trace::hb059275cfc8d6126
[INFO] [stdout]                                at /rustc/6067b36314ab5eb2eb47cecc464545ba58e1ad24/library/std/src/../../backtrace/src/backtrace/libunwind.rs:116:5
[INFO] [stdout]    1:     0x59fc0a9729ea - std::backtrace_rs::backtrace::trace_unsynchronized::h2da071e4327ce3ee
[INFO] [stdout]                                at /rustc/6067b36314ab5eb2eb47cecc464545ba58e1ad24/library/std/src/../../backtrace/src/backtrace/mod.rs:66:5
[INFO] [stdout]    2:     0x59fc0a9729ea - std::sys::backtrace::_print_fmt::h842a1474e6f8d23f
[INFO] [stdout]                                at /rustc/6067b36314ab5eb2eb47cecc464545ba58e1ad24/library/std/src/sys/backtrace.rs:66:9
[INFO] [stdout]    3:     0x59fc0a9729ea - <std::sys::backtrace::BacktraceLock::print::DisplayBacktrace as core::fmt::Display>::fmt::h71a62eb3b9696b12
[INFO] [stdout]                                at /rustc/6067b36314ab5eb2eb47cecc464545ba58e1ad24/library/std/src/sys/backtrace.rs:39:26
[INFO] [stdout]    4:     0x59fc0a99a5f3 - core::fmt::rt::Argument::fmt::hdb6b616786b41dc1
[INFO] [stdout]                                at /rustc/6067b36314ab5eb2eb47cecc464545ba58e1ad24/library/core/src/fmt/rt.rs:177:76
[INFO] [stdout]    5:     0x59fc0a99a5f3 - core::fmt::write::h2cc1698af7e2d686
[INFO] [stdout]                                at /rustc/6067b36314ab5eb2eb47cecc464545ba58e1ad24/library/core/src/fmt/mod.rs:1440:21
[INFO] [stdout]    6:     0x59fc0a96f543 - std::io::Write::write_fmt::hab1b4cd059a79022
[INFO] [stdout]                                at /rustc/6067b36314ab5eb2eb47cecc464545ba58e1ad24/library/std/src/io/mod.rs:1887:15
[INFO] [stdout]    7:     0x59fc0a972832 - std::sys::backtrace::BacktraceLock::print::h147fe35b4ea13b08
[INFO] [stdout]                                at /rustc/6067b36314ab5eb2eb47cecc464545ba58e1ad24/library/std/src/sys/backtrace.rs:42:9
[INFO] [stdout]    8:     0x59fc0a973e0f - std::panicking::default_hook::{{closure}}::hbd44223dbdc0d208
[INFO] [stdout]                                at /rustc/6067b36314ab5eb2eb47cecc464545ba58e1ad24/library/std/src/panicking.rs:298:22
[INFO] [stdout]    9:     0x59fc0a973c28 - std::panicking::default_hook::h20f81eb0576efcec
[INFO] [stdout]                                at /rustc/6067b36314ab5eb2eb47cecc464545ba58e1ad24/library/std/src/panicking.rs:322:9
[INFO] [stdout]   10:     0x59fc0a938bc3 - <alloc::boxed::Box<F,A> as core::ops::function::Fn<Args>>::call::hdb53814c496a4d34
[INFO] [stdout]                                at /rustc/6067b36314ab5eb2eb47cecc464545ba58e1ad24/library/alloc/src/boxed.rs:2027:9
[INFO] [stdout]   11:     0x59fc0a938bc3 - test::test_main::{{closure}}::hc0a4963c59427c24
[INFO] [stdout]                                at /rustc/6067b36314ab5eb2eb47cecc464545ba58e1ad24/library/test/src/lib.rs:134:21
[INFO] [stdout]   12:     0x59fc0a974903 - <alloc::boxed::Box<F,A> as core::ops::function::Fn<Args>>::call::h591b2225413a77e9
[INFO] [stdout]                                at /rustc/6067b36314ab5eb2eb47cecc464545ba58e1ad24/library/alloc/src/boxed.rs:2027:9
[INFO] [stdout]   13:     0x59fc0a974903 - std::panicking::rust_panic_with_hook::h625eea43051b2edc
[INFO] [stdout]                                at /rustc/6067b36314ab5eb2eb47cecc464545ba58e1ad24/library/std/src/panicking.rs:839:13
[INFO] [stdout]   14:     0x59fc0a9745ba - std::panicking::begin_panic_handler::{{closure}}::h4f9159cfbc3f6bd3
[INFO] [stdout]                                at /rustc/6067b36314ab5eb2eb47cecc464545ba58e1ad24/library/std/src/panicking.rs:704:13
[INFO] [stdout]   15:     0x59fc0a972ee9 - std::sys::backtrace::__rust_end_short_backtrace::h0390abce48353151
[INFO] [stdout]                                at /rustc/6067b36314ab5eb2eb47cecc464545ba58e1ad24/library/std/src/sys/backtrace.rs:168:18
[INFO] [stdout]   16:     0x59fc0a97424d - rust_begin_unwind
[INFO] [stdout]                                at /rustc/6067b36314ab5eb2eb47cecc464545ba58e1ad24/library/std/src/panicking.rs:695:5
[INFO] [stdout]   17:     0x59fc0a998c80 - core::panicking::panic_fmt::h9e7c637e9e5f29c9
[INFO] [stdout]                                at /rustc/6067b36314ab5eb2eb47cecc464545ba58e1ad24/library/core/src/panicking.rs:75:14
[INFO] [stdout]   18:     0x59fc0a999072 - core::panicking::assert_failed_inner::h538bec7c1374cd9c
[INFO] [stdout]   19:     0x59fc0a8b0d7d - core::panicking::assert_failed::h272697d384a1e9a5
[INFO] [stdout]                                at /rustc/6067b36314ab5eb2eb47cecc464545ba58e1ad24/library/core/src/panicking.rs:364:5
[INFO] [stdout]   20:     0x59fc0a8683c0 - pstl::compiler::inc::tests::test_tail_call::hda2b0f994ee18c01
[INFO] [stdout]                                at /opt/rustwide/workdir/src/compiler/inc.rs:643:9
[INFO] [stdout]   21:     0x59fc0a867b27 - pstl::compiler::inc::tests::test_tail_call::{{closure}}::hfc22f287b1e5a3c2
[INFO] [stdout]                                at /opt/rustwide/workdir/src/compiler/inc.rs:629:24
[INFO] [stdout]   22:     0x59fc0a8a54e6 - core::ops::function::FnOnce::call_once::hd1ccad61d58cea23
[INFO] [stdout]                                at /rustc/6067b36314ab5eb2eb47cecc464545ba58e1ad24/library/core/src/ops/function.rs:250:5
[INFO] [stdout]   23:     0x59fc0a93e31b - core::ops::function::FnOnce::call_once::he27718dfdd183f43
[INFO] [stdout]                                at /rustc/6067b36314ab5eb2eb47cecc464545ba58e1ad24/library/core/src/ops/function.rs:250:5
[INFO] [stdout]   24:     0x59fc0a93e31b - test::__rust_begin_short_backtrace::h4e84902998457a5d
[INFO] [stdout]                                at /rustc/6067b36314ab5eb2eb47cecc464545ba58e1ad24/library/test/src/lib.rs:632:18
[INFO] [stdout]   25:     0x59fc0a93d253 - test::run_test_in_process::{{closure}}::h7176fd18fc1feca0
[INFO] [stdout]                                at /rustc/6067b36314ab5eb2eb47cecc464545ba58e1ad24/library/test/src/lib.rs:655:60
[INFO] [stdout]   26:     0x59fc0a93d253 - <core::panic::unwind_safe::AssertUnwindSafe<F> as core::ops::function::FnOnce<()>>::call_once::hf79cff2a624d8cf7
[INFO] [stdout]                                at /rustc/6067b36314ab5eb2eb47cecc464545ba58e1ad24/library/core/src/panic/unwind_safe.rs:272:9
[INFO] [stdout]   27:     0x59fc0a93d253 - std::panicking::try::do_call::h3da0561d9ab99c25
[INFO] [stdout]                                at /rustc/6067b36314ab5eb2eb47cecc464545ba58e1ad24/library/std/src/panicking.rs:587:40
[INFO] [stdout]   28:     0x59fc0a93d253 - std::panicking::try::h41c9fa508bc61df6
[INFO] [stdout]                                at /rustc/6067b36314ab5eb2eb47cecc464545ba58e1ad24/library/std/src/panicking.rs:550:19
[INFO] [stdout]   29:     0x59fc0a93d253 - std::panic::catch_unwind::h6b3ff07bb5afad93
[INFO] [stdout]                                at /rustc/6067b36314ab5eb2eb47cecc464545ba58e1ad24/library/std/src/panic.rs:358:14
[INFO] [stdout]   30:     0x59fc0a93d253 - test::run_test_in_process::hc7253dd11b39b9f4
[INFO] [stdout]                                at /rustc/6067b36314ab5eb2eb47cecc464545ba58e1ad24/library/test/src/lib.rs:655:27
[INFO] [stdout]   31:     0x59fc0a93d253 - test::run_test::{{closure}}::hfb2007f8649c30bb
[INFO] [stdout]                                at /rustc/6067b36314ab5eb2eb47cecc464545ba58e1ad24/library/test/src/lib.rs:576:43
[INFO] [stdout]   32:     0x59fc0a900335 - test::run_test::{{closure}}::h56a17aa7a282a9f4
[INFO] [stdout]                                at /rustc/6067b36314ab5eb2eb47cecc464545ba58e1ad24/library/test/src/lib.rs:606:41
[INFO] [stdout]   33:     0x59fc0a900335 - std::sys::backtrace::__rust_begin_short_backtrace::hd2d2d2fb8e8c6aac
[INFO] [stdout]                                at /rustc/6067b36314ab5eb2eb47cecc464545ba58e1ad24/library/std/src/sys/backtrace.rs:152:18
[INFO] [stdout]   34:     0x59fc0a903c1a - std::thread::Builder::spawn_unchecked_::{{closure}}::{{closure}}::h4faa3f9db6133423
[INFO] [stdout]                                at /rustc/6067b36314ab5eb2eb47cecc464545ba58e1ad24/library/std/src/thread/mod.rs:559:17
[INFO] [stdout]   35:     0x59fc0a903c1a - <core::panic::unwind_safe::AssertUnwindSafe<F> as core::ops::function::FnOnce<()>>::call_once::hf2e855a36a4ea846
[INFO] [stdout]                                at /rustc/6067b36314ab5eb2eb47cecc464545ba58e1ad24/library/core/src/panic/unwind_safe.rs:272:9
[INFO] [stdout]   36:     0x59fc0a903c1a - std::panicking::try::do_call::h2f73af3616c35465
[INFO] [stdout]                                at /rustc/6067b36314ab5eb2eb47cecc464545ba58e1ad24/library/std/src/panicking.rs:587:40
[INFO] [stdout]   37:     0x59fc0a903c1a - std::panicking::try::hd1660ce9efadef5a
[INFO] [stdout]                                at /rustc/6067b36314ab5eb2eb47cecc464545ba58e1ad24/library/std/src/panicking.rs:550:19
[INFO] [stdout]   38:     0x59fc0a903c1a - std::panic::catch_unwind::h5ee8d7823b8ca744
[INFO] [stdout]                                at /rustc/6067b36314ab5eb2eb47cecc464545ba58e1ad24/library/std/src/panic.rs:358:14
[INFO] [stdout]   39:     0x59fc0a903c1a - std::thread::Builder::spawn_unchecked_::{{closure}}::h53c3a1894dce8407
[INFO] [stdout]                                at /rustc/6067b36314ab5eb2eb47cecc464545ba58e1ad24/library/std/src/thread/mod.rs:557:30
[INFO] [stdout]   40:     0x59fc0a903c1a - core::ops::function::FnOnce::call_once{{vtable.shim}}::h048ce291ad4f62bf
[INFO] [stdout]                                at /rustc/6067b36314ab5eb2eb47cecc464545ba58e1ad24/library/core/src/ops/function.rs:250:5
[INFO] [stdout]   41:     0x59fc0a97883b - <alloc::boxed::Box<F,A> as core::ops::function::FnOnce<Args>>::call_once::ha52bedf99a3b4981
[INFO] [stdout]                                at /rustc/6067b36314ab5eb2eb47cecc464545ba58e1ad24/library/alloc/src/boxed.rs:2013:9
[INFO] [stdout]   42:     0x59fc0a97883b - <alloc::boxed::Box<F,A> as core::ops::function::FnOnce<Args>>::call_once::h567748934d80ccf8
[INFO] [stdout]                                at /rustc/6067b36314ab5eb2eb47cecc464545ba58e1ad24/library/alloc/src/boxed.rs:2013:9
[INFO] [stdout]   43:     0x59fc0a97883b - std::sys::pal::unix::thread::Thread::new::thread_start::h2d970728ae887adc
[INFO] [stdout]                                at /rustc/6067b36314ab5eb2eb47cecc464545ba58e1ad24/library/std/src/sys/pal/unix/thread.rs:106:17
[INFO] [stdout]   44:     0x763a215e0ac3 - <unknown>
[INFO] [stdout]   45:     0x763a21671a04 - clone
[INFO] [stdout]   46:                0x0 - <unknown>
[INFO] [stdout] 
[INFO] [stdout] 
[INFO] [stdout] failures:
[INFO] [stdout]     compiler::inc::tests::test_tail_call
[INFO] [stdout] 
[INFO] [stdout] test result: FAILED. 75 passed; 1 failed; 0 ignored; 0 measured; 0 filtered out; finished in 0.14s
[INFO] [stdout] 
[INFO] [stderr] error: test failed, to rerun pass `--bin pstl`
[INFO] running `Command { std: "docker" "inspect" "93612e1b8659ec2db2155be3f27d3ff93af20cafd4acbbde8203891e972e1d43", kill_on_drop: false }`
[INFO] running `Command { std: "docker" "rm" "-f" "93612e1b8659ec2db2155be3f27d3ff93af20cafd4acbbde8203891e972e1d43", kill_on_drop: false }`
[INFO] [stdout] 93612e1b8659ec2db2155be3f27d3ff93af20cafd4acbbde8203891e972e1d43
