[INFO] cloning repository https://github.com/lufa23/elliptic_curves
[INFO] running `Command { std: "git" "-c" "credential.helper=" "-c" "credential.helper=/workspace/cargo-home/bin/git-credential-null" "clone" "--bare" "https://github.com/lufa23/elliptic_curves" "/workspace/cache/git-repos/https%3A%2F%2Fgithub.com%2Flufa23%2Felliptic_curves", kill_on_drop: false }`
[INFO] [stderr] Cloning into bare repository '/workspace/cache/git-repos/https%3A%2F%2Fgithub.com%2Flufa23%2Felliptic_curves'...
[INFO] running `Command { std: "git" "rev-parse" "HEAD", kill_on_drop: false }`
[INFO] [stdout] ba71f322e4fffb0b7c75200f62cff452a85ff00d
[INFO] testing lufa23/elliptic_curves against nightly-2025-01-18 for randomize-layout-2
[INFO] running `Command { std: "git" "clone" "/workspace/cache/git-repos/https%3A%2F%2Fgithub.com%2Flufa23%2Felliptic_curves" "/workspace/builds/worker-2-tc1/source", kill_on_drop: false }`
[INFO] [stderr] Cloning into '/workspace/builds/worker-2-tc1/source'...
[INFO] [stderr] done.
[INFO] validating manifest of git repo https://github.com/lufa23/elliptic_curves on toolchain nightly-2025-01-18
[INFO] running `Command { std: CARGO_HOME="/workspace/cargo-home" RUSTUP_HOME="/workspace/rustup-home" "/workspace/cargo-home/bin/cargo" "+nightly-2025-01-18" "metadata" "--manifest-path" "Cargo.toml" "--no-deps", kill_on_drop: false }`
[INFO] started tweaking git repo https://github.com/lufa23/elliptic_curves
[INFO] finished tweaking git repo https://github.com/lufa23/elliptic_curves
[INFO] tweaked toml for git repo https://github.com/lufa23/elliptic_curves written to /workspace/builds/worker-2-tc1/source/Cargo.toml
[INFO] crate git repo https://github.com/lufa23/elliptic_curves already has a lockfile, it will not be regenerated
[INFO] running `Command { std: CARGO_HOME="/workspace/cargo-home" RUSTUP_HOME="/workspace/rustup-home" "/workspace/cargo-home/bin/cargo" "+nightly-2025-01-18" "fetch" "--manifest-path" "Cargo.toml", kill_on_drop: false }`
[INFO] [stderr]     Updating crates.io index
[INFO] [stderr]  Downloading crates ...
[INFO] [stderr]   Downloaded ec-generic v0.1.14
[INFO] running `Command { std: "docker" "create" "-v" "/var/lib/crater-agent-workspace/builds/worker-2-tc1/target:/opt/rustwide/target:rw,Z" "-v" "/var/lib/crater-agent-workspace/builds/worker-2-tc1/source:/opt/rustwide/workdir:ro,Z" "-v" "/var/lib/crater-agent-workspace/cargo-home:/opt/rustwide/cargo-home:ro,Z" "-v" "/var/lib/crater-agent-workspace/rustup-home:/opt/rustwide/rustup-home:ro,Z" "-e" "SOURCE_DIR=/opt/rustwide/workdir" "-e" "CARGO_TARGET_DIR=/opt/rustwide/target" "-e" "CARGO_HOME=/opt/rustwide/cargo-home" "-e" "RUSTUP_HOME=/opt/rustwide/rustup-home" "-w" "/opt/rustwide/workdir" "-m" "1610612736" "--user" "0:0" "--network" "none" "ghcr.io/rust-lang/crates-build-env/linux@sha256:819108c5571ea2e421544af4d832f968d213c87fbe3707a016657f43d2f853bc" "/opt/rustwide/cargo-home/bin/cargo" "+nightly-2025-01-18" "metadata" "--no-deps" "--format-version=1", kill_on_drop: false }`
[INFO] [stdout] 918a9764731d1827932bed8d5ace9978300d940376d7085f25ed54324581bc58
[INFO] running `Command { std: "docker" "start" "-a" "918a9764731d1827932bed8d5ace9978300d940376d7085f25ed54324581bc58", kill_on_drop: false }`
[INFO] running `Command { std: "docker" "inspect" "918a9764731d1827932bed8d5ace9978300d940376d7085f25ed54324581bc58", kill_on_drop: false }`
[INFO] running `Command { std: "docker" "rm" "-f" "918a9764731d1827932bed8d5ace9978300d940376d7085f25ed54324581bc58", kill_on_drop: false }`
[INFO] [stdout] 918a9764731d1827932bed8d5ace9978300d940376d7085f25ed54324581bc58
[INFO] running `Command { std: "docker" "create" "-v" "/var/lib/crater-agent-workspace/builds/worker-2-tc1/target:/opt/rustwide/target:rw,Z" "-v" "/var/lib/crater-agent-workspace/builds/worker-2-tc1/source:/opt/rustwide/workdir:ro,Z" "-v" "/var/lib/crater-agent-workspace/cargo-home:/opt/rustwide/cargo-home:ro,Z" "-v" "/var/lib/crater-agent-workspace/rustup-home:/opt/rustwide/rustup-home:ro,Z" "-e" "SOURCE_DIR=/opt/rustwide/workdir" "-e" "CARGO_TARGET_DIR=/opt/rustwide/target" "-e" "CARGO_INCREMENTAL=0" "-e" "RUST_BACKTRACE=full" "-e" "RUSTFLAGS=--cap-lints=forbid" "-e" "RUSTDOCFLAGS=--cap-lints=forbid" "-e" "CARGO_HOME=/opt/rustwide/cargo-home" "-e" "RUSTUP_HOME=/opt/rustwide/rustup-home" "-w" "/opt/rustwide/workdir" "-m" "1610612736" "--user" "0:0" "--network" "none" "ghcr.io/rust-lang/crates-build-env/linux@sha256:819108c5571ea2e421544af4d832f968d213c87fbe3707a016657f43d2f853bc" "/opt/rustwide/cargo-home/bin/cargo" "+nightly-2025-01-18" "build" "--frozen" "--message-format=json", kill_on_drop: false }`
[INFO] [stdout] c35be5545148361fb65029fe5305799f8dcfacce57b8ed67665c63a324f35621
[INFO] running `Command { std: "docker" "start" "-a" "c35be5545148361fb65029fe5305799f8dcfacce57b8ed67665c63a324f35621", kill_on_drop: false }`
[INFO] [stderr]    Compiling autocfg v1.2.0
[INFO] [stderr]    Compiling libc v0.2.153
[INFO] [stderr]    Compiling proc-macro2 v1.0.79
[INFO] [stderr]    Compiling ppv-lite86 v0.2.17
[INFO] [stderr]    Compiling async-trait v0.1.79
[INFO] [stderr]    Compiling bytes v1.6.0
[INFO] [stderr]    Compiling cpufeatures v0.2.12
[INFO] [stderr]    Compiling pin-project-lite v0.2.13
[INFO] [stderr]    Compiling hex v0.4.3
[INFO] [stderr]    Compiling typenum v1.17.0
[INFO] [stderr]    Compiling generic-array v0.14.7
[INFO] [stderr]    Compiling num-traits v0.2.18
[INFO] [stderr]    Compiling num-bigint v0.4.4
[INFO] [stderr]    Compiling tokio v1.36.0
[INFO] [stderr]    Compiling quote v1.0.35
[INFO] [stderr]    Compiling syn v2.0.55
[INFO] [stderr]    Compiling getrandom v0.2.12
[INFO] [stderr]    Compiling block-buffer v0.10.4
[INFO] [stderr]    Compiling crypto-common v0.1.6
[INFO] [stderr]    Compiling rand_core v0.6.4
[INFO] [stderr]    Compiling digest v0.10.7
[INFO] [stderr]    Compiling sha2 v0.10.8
[INFO] [stderr]    Compiling rand_chacha v0.3.1
[INFO] [stderr]    Compiling num-integer v0.1.46
[INFO] [stderr]    Compiling rand v0.8.5
[INFO] [stderr]    Compiling ec-generic v0.1.14
[INFO] [stderr]    Compiling sha256 v1.5.0
[INFO] [stderr]    Compiling elliptic_curves v0.1.0 (/opt/rustwide/workdir)
[INFO] [stdout] warning: unused import: `BigInt`
[INFO] [stdout]  --> src/ecdsa.rs:3:18
[INFO] [stdout]   |
[INFO] [stdout] 3 | use num_bigint::{BigInt, RandBigInt};
[INFO] [stdout]   |                  ^^^^^^
[INFO] [stdout]   |
[INFO] [stdout]   = note: `#[warn(unused_imports)]` on by default
[INFO] [stdout] 
[INFO] [stdout] 
[INFO] [stdout] warning: unused import: `Rng`
[INFO] [stdout]  --> src/ecdsa.rs:4:18
[INFO] [stdout]   |
[INFO] [stdout] 4 | use rand::{self, Rng};
[INFO] [stdout]   |                  ^^^
[INFO] [stdout] 
[INFO] [stdout] 
[INFO] [stdout] warning: unused imports: `digest` and `try_digest`
[INFO] [stdout]  --> src/ecdsa.rs:5:14
[INFO] [stdout]   |
[INFO] [stdout] 5 | use sha256::{digest,try_digest};
[INFO] [stdout]   |              ^^^^^^ ^^^^^^^^^^
[INFO] [stdout] 
[INFO] [stdout] 
[INFO] [stdout] warning: unnecessary parentheses around assigned value
[INFO] [stdout]   --> src/lib.rs:37:33
[INFO] [stdout]    |
[INFO] [stdout] 37 |                 let numerator = (FiniteField::subtract(y2, y1, &self.p));
[INFO] [stdout]    |                                 ^                                      ^
[INFO] [stdout]    |
[INFO] [stdout]    = note: `#[warn(unused_parens)]` on by default
[INFO] [stdout] help: remove these parentheses
[INFO] [stdout]    |
[INFO] [stdout] 37 -                 let numerator = (FiniteField::subtract(y2, y1, &self.p));
[INFO] [stdout] 37 +                 let numerator = FiniteField::subtract(y2, y1, &self.p);
[INFO] [stdout]    |
[INFO] [stdout] 
[INFO] [stdout] 
[INFO] [stdout] warning: unnecessary parentheses around assigned value
[INFO] [stdout]   --> src/lib.rs:38:35
[INFO] [stdout]    |
[INFO] [stdout] 38 |                 let denominator = (FiniteField::subtract(x2, x1, &self.p));
[INFO] [stdout]    |                                   ^                                      ^
[INFO] [stdout]    |
[INFO] [stdout] help: remove these parentheses
[INFO] [stdout]    |
[INFO] [stdout] 38 -                 let denominator = (FiniteField::subtract(x2, x1, &self.p));
[INFO] [stdout] 38 +                 let denominator = FiniteField::subtract(x2, x1, &self.p);
[INFO] [stdout]    |
[INFO] [stdout] 
[INFO] [stdout] 
[INFO] [stdout] warning: unused variable: `priv_key`
[INFO] [stdout]   --> src/ecdsa.rs:36:39
[INFO] [stdout]    |
[INFO] [stdout] 36 |     pub fn generate_public_key(&self, priv_key: &BigUint) -> BigUint {
[INFO] [stdout]    |                                       ^^^^^^^^ help: if this is intentional, prefix it with an underscore: `_priv_key`
[INFO] [stdout]    |
[INFO] [stdout]    = note: `#[warn(unused_variables)]` on by default
[INFO] [stdout] 
[INFO] [stdout] 
[INFO] [stdout] warning: unused variable: `s`
[INFO] [stdout]   --> src/ecdsa.rs:69:17
[INFO] [stdout]    |
[INFO] [stdout] 69 |             let s = FiniteField::mult(&r, &priv_key, &self.q_order)
[INFO] [stdout]    |                 ^ help: if this is intentional, prefix it with an underscore: `_s`
[INFO] [stdout] 
[INFO] [stdout] 
[INFO] [stdout] warning: unused variable: `k_inv`
[INFO] [stdout]   --> src/ecdsa.rs:76:17
[INFO] [stdout]    |
[INFO] [stdout] 76 |             let k_inv = FiniteField::inv_mult_prime(key_random, &self.q_order)
[INFO] [stdout]    |                 ^^^^^ help: if this is intentional, prefix it with an underscore: `_k_inv`
[INFO] [stdout] 
[INFO] [stdout] 
[INFO] [stdout] warning: unused variable: `hash`
[INFO] [stdout]   --> src/ecdsa.rs:84:27
[INFO] [stdout]    |
[INFO] [stdout] 84 |     pub fn verify (&self, hash: &BigUint, pub_key: Point, signature: &(BigUint, BigUint)) -> bool {
[INFO] [stdout]    |                           ^^^^ help: if this is intentional, prefix it with an underscore: `_hash`
[INFO] [stdout] 
[INFO] [stdout] 
[INFO] [stdout] warning: unused variable: `pub_key`
[INFO] [stdout]   --> src/ecdsa.rs:84:43
[INFO] [stdout]    |
[INFO] [stdout] 84 |     pub fn verify (&self, hash: &BigUint, pub_key: Point, signature: &(BigUint, BigUint)) -> bool {
[INFO] [stdout]    |                                           ^^^^^^^ help: if this is intentional, prefix it with an underscore: `_pub_key`
[INFO] [stdout] 
[INFO] [stdout] 
[INFO] [stdout] warning: unused variable: `signature`
[INFO] [stdout]   --> src/ecdsa.rs:84:59
[INFO] [stdout]    |
[INFO] [stdout] 84 |     pub fn verify (&self, hash: &BigUint, pub_key: Point, signature: &(BigUint, BigUint)) -> bool {
[INFO] [stdout]    |                                                           ^^^^^^^^^ help: if this is intentional, prefix it with an underscore: `_signature`
[INFO] [stdout] 
[INFO] [stdout] 
[INFO] [stdout] warning: enum `Point` is never used
[INFO] [stdout]  --> src/lib.rs:6:6
[INFO] [stdout]   |
[INFO] [stdout] 6 | enum Point {
[INFO] [stdout]   |      ^^^^^
[INFO] [stdout]   |
[INFO] [stdout]   = note: `#[warn(dead_code)]` on by default
[INFO] [stdout] 
[INFO] [stdout] 
[INFO] [stdout] warning: struct `EllipticCurve` is never constructed
[INFO] [stdout]   --> src/lib.rs:12:8
[INFO] [stdout]    |
[INFO] [stdout] 12 | struct EllipticCurve {
[INFO] [stdout]    |        ^^^^^^^^^^^^^
[INFO] [stdout] 
[INFO] [stdout] 
[INFO] [stdout] warning: methods `add`, `double`, `compute_x3_y3`, `scalar_mul`, and `is_on_curve` are never used
[INFO] [stdout]    --> src/lib.rs:20:12
[INFO] [stdout]     |
[INFO] [stdout] 19  | impl EllipticCurve {
[INFO] [stdout]     | ------------------ methods in this implementation
[INFO] [stdout] 20  |     pub fn add(&self, j: &Point, k: &Point) -> Point {
[INFO] [stdout]     |            ^^^
[INFO] [stdout] ...
[INFO] [stdout] 47  |     fn double(&self, j: &Point) -> Point {
[INFO] [stdout]     |        ^^^^^^
[INFO] [stdout] ...
[INFO] [stdout] 76  |     fn compute_x3_y3(&self, x1: &BigUint, y1: &BigUint, x2: &BigUint, s: &BigUint) -> (BigUint, BigUint) {
[INFO] [stdout]     |        ^^^^^^^^^^^^^
[INFO] [stdout] ...
[INFO] [stdout] 86  |     fn scalar_mul(&self , j: &Point, k: &BigUint) -> Point {
[INFO] [stdout]     |        ^^^^^^^^^^
[INFO] [stdout] ...
[INFO] [stdout] 103 |     pub fn is_on_curve(&self, j: &Point) -> bool {
[INFO] [stdout]     |            ^^^^^^^^^^^
[INFO] [stdout] 
[INFO] [stdout] 
[INFO] [stdout] warning: struct `FiniteField` is never constructed
[INFO] [stdout]    --> src/lib.rs:119:8
[INFO] [stdout]     |
[INFO] [stdout] 119 | struct FiniteField {}
[INFO] [stdout]     |        ^^^^^^^^^^^
[INFO] [stdout] 
[INFO] [stdout] 
[INFO] [stdout] warning: associated functions `add`, `mul`, `inv_addition`, `subtract`, `inv_multiplication`, and `divide` are never used
[INFO] [stdout]    --> src/lib.rs:122:12
[INFO] [stdout]     |
[INFO] [stdout] 121 | impl FiniteField {
[INFO] [stdout]     | ---------------- associated functions in this implementation
[INFO] [stdout] 122 |     pub fn add(j: &BigUint, k: &BigUint, p: &BigUint) -> BigUint {
[INFO] [stdout]     |            ^^^
[INFO] [stdout] ...
[INFO] [stdout] 128 |     pub fn mul(j: &BigUint, k: &BigUint, p: &BigUint) -> BigUint {
[INFO] [stdout]     |            ^^^
[INFO] [stdout] ...
[INFO] [stdout] 134 |     pub fn inv_addition(j: &BigUint, p: &BigUint) -> BigUint {
[INFO] [stdout]     |            ^^^^^^^^^^^^
[INFO] [stdout] ...
[INFO] [stdout] 140 |     pub fn subtract(j: &BigUint, k: &BigUint, p: &BigUint) -> BigUint {
[INFO] [stdout]     |            ^^^^^^^^
[INFO] [stdout] ...
[INFO] [stdout] 145 |     pub fn inv_multiplication(j: &BigUint, p: &BigUint) -> BigUint {
[INFO] [stdout]     |            ^^^^^^^^^^^^^^^^^^
[INFO] [stdout] ...
[INFO] [stdout] 151 |     pub fn divide(j: &BigUint, k: &BigUint, p: &BigUint) -> BigUint {
[INFO] [stdout]     |            ^^^^^^
[INFO] [stdout] 
[INFO] [stdout] 
[INFO] [stdout] warning: struct `ECDSA` is never constructed
[INFO] [stdout]  --> src/ecdsa.rs:8:12
[INFO] [stdout]   |
[INFO] [stdout] 8 |     struct ECDSA {
[INFO] [stdout]   |            ^^^^^
[INFO] [stdout] 
[INFO] [stdout] 
[INFO] [stdout] warning: methods `generate_key_pair`, `generate_priv_key`, `generate_random_positive_number_within_range`, `generate_public_key`, `sign`, and `verify` are never used
[INFO] [stdout]   --> src/ecdsa.rs:16:12
[INFO] [stdout]    |
[INFO] [stdout] 13 | impl ECDSA {
[INFO] [stdout]    | ---------- methods in this implementation
[INFO] [stdout] ...
[INFO] [stdout] 16 |     pub fn generate_key_pair(&self) -> (BigUint, BigUint) {
[INFO] [stdout]    |            ^^^^^^^^^^^^^^^^^
[INFO] [stdout] ...
[INFO] [stdout] 23 |     pub fn generate_priv_key(&self) -> BigUint {
[INFO] [stdout]    |            ^^^^^^^^^^^^^^^^^
[INFO] [stdout] ...
[INFO] [stdout] 29 |     pub fn generate_random_positive_number_within_range(&self, max: &BigUint) -> BigUint {
[INFO] [stdout]    |            ^^^^^^^^^^^^^^^^^^^^^^^^^^^^^^^^^^^^^^^^^^^^
[INFO] [stdout] ...
[INFO] [stdout] 36 |     pub fn generate_public_key(&self, priv_key: &BigUint) -> BigUint {
[INFO] [stdout]    |            ^^^^^^^^^^^^^^^^^^^
[INFO] [stdout] ...
[INFO] [stdout] 45 |     pub fn sign(
[INFO] [stdout]    |            ^^^^
[INFO] [stdout] ...
[INFO] [stdout] 84 |     pub fn verify (&self, hash: &BigUint, pub_key: Point, signature: &(BigUint, BigUint)) -> bool {
[INFO] [stdout]    |            ^^^^^^
[INFO] [stdout] 
[INFO] [stdout] 
[INFO] [stderr]     Finished `dev` profile [unoptimized + debuginfo] target(s) in 7.57s
[INFO] running `Command { std: "docker" "inspect" "c35be5545148361fb65029fe5305799f8dcfacce57b8ed67665c63a324f35621", kill_on_drop: false }`
[INFO] running `Command { std: "docker" "rm" "-f" "c35be5545148361fb65029fe5305799f8dcfacce57b8ed67665c63a324f35621", kill_on_drop: false }`
[INFO] [stdout] c35be5545148361fb65029fe5305799f8dcfacce57b8ed67665c63a324f35621
[INFO] running `Command { std: "docker" "create" "-v" "/var/lib/crater-agent-workspace/builds/worker-2-tc1/target:/opt/rustwide/target:rw,Z" "-v" "/var/lib/crater-agent-workspace/builds/worker-2-tc1/source:/opt/rustwide/workdir:ro,Z" "-v" "/var/lib/crater-agent-workspace/cargo-home:/opt/rustwide/cargo-home:ro,Z" "-v" "/var/lib/crater-agent-workspace/rustup-home:/opt/rustwide/rustup-home:ro,Z" "-e" "SOURCE_DIR=/opt/rustwide/workdir" "-e" "CARGO_TARGET_DIR=/opt/rustwide/target" "-e" "CARGO_INCREMENTAL=0" "-e" "RUST_BACKTRACE=full" "-e" "RUSTFLAGS=--cap-lints=forbid" "-e" "RUSTDOCFLAGS=--cap-lints=forbid" "-e" "CARGO_HOME=/opt/rustwide/cargo-home" "-e" "RUSTUP_HOME=/opt/rustwide/rustup-home" "-w" "/opt/rustwide/workdir" "-m" "1610612736" "--user" "0:0" "--network" "none" "ghcr.io/rust-lang/crates-build-env/linux@sha256:819108c5571ea2e421544af4d832f968d213c87fbe3707a016657f43d2f853bc" "/opt/rustwide/cargo-home/bin/cargo" "+nightly-2025-01-18" "test" "--frozen" "--no-run" "--message-format=json", kill_on_drop: false }`
[INFO] [stdout] 5fc683095475f32f0623ffd420d3e51a0d1f7639d603a56ea567bd3b18e054c1
[INFO] running `Command { std: "docker" "start" "-a" "5fc683095475f32f0623ffd420d3e51a0d1f7639d603a56ea567bd3b18e054c1", kill_on_drop: false }`
[INFO] [stderr]    Compiling elliptic_curves v0.1.0 (/opt/rustwide/workdir)
[INFO] [stdout] warning: unused import: `BigInt`
[INFO] [stdout]  --> src/ecdsa.rs:3:18
[INFO] [stdout]   |
[INFO] [stdout] 3 | use num_bigint::{BigInt, RandBigInt};
[INFO] [stdout]   |                  ^^^^^^
[INFO] [stdout]   |
[INFO] [stdout]   = note: `#[warn(unused_imports)]` on by default
[INFO] [stdout] 
[INFO] [stdout] 
[INFO] [stdout] warning: unused import: `Rng`
[INFO] [stdout]  --> src/ecdsa.rs:4:18
[INFO] [stdout]   |
[INFO] [stdout] 4 | use rand::{self, Rng};
[INFO] [stdout]   |                  ^^^
[INFO] [stdout] 
[INFO] [stdout] 
[INFO] [stdout] warning: unused imports: `digest` and `try_digest`
[INFO] [stdout]  --> src/ecdsa.rs:5:14
[INFO] [stdout]   |
[INFO] [stdout] 5 | use sha256::{digest,try_digest};
[INFO] [stdout]   |              ^^^^^^ ^^^^^^^^^^
[INFO] [stdout] 
[INFO] [stdout] 
[INFO] [stdout] warning: unnecessary parentheses around assigned value
[INFO] [stdout]   --> src/lib.rs:37:33
[INFO] [stdout]    |
[INFO] [stdout] 37 |                 let numerator = (FiniteField::subtract(y2, y1, &self.p));
[INFO] [stdout]    |                                 ^                                      ^
[INFO] [stdout]    |
[INFO] [stdout]    = note: `#[warn(unused_parens)]` on by default
[INFO] [stdout] help: remove these parentheses
[INFO] [stdout]    |
[INFO] [stdout] 37 -                 let numerator = (FiniteField::subtract(y2, y1, &self.p));
[INFO] [stdout] 37 +                 let numerator = FiniteField::subtract(y2, y1, &self.p);
[INFO] [stdout]    |
[INFO] [stdout] 
[INFO] [stdout] 
[INFO] [stdout] warning: unnecessary parentheses around assigned value
[INFO] [stdout]   --> src/lib.rs:38:35
[INFO] [stdout]    |
[INFO] [stdout] 38 |                 let denominator = (FiniteField::subtract(x2, x1, &self.p));
[INFO] [stdout]    |                                   ^                                      ^
[INFO] [stdout]    |
[INFO] [stdout] help: remove these parentheses
[INFO] [stdout]    |
[INFO] [stdout] 38 -                 let denominator = (FiniteField::subtract(x2, x1, &self.p));
[INFO] [stdout] 38 +                 let denominator = FiniteField::subtract(x2, x1, &self.p);
[INFO] [stdout]    |
[INFO] [stdout] 
[INFO] [stdout] 
[INFO] [stdout] warning: unused variable: `priv_key`
[INFO] [stdout]   --> src/ecdsa.rs:36:39
[INFO] [stdout]    |
[INFO] [stdout] 36 |     pub fn generate_public_key(&self, priv_key: &BigUint) -> BigUint {
[INFO] [stdout]    |                                       ^^^^^^^^ help: if this is intentional, prefix it with an underscore: `_priv_key`
[INFO] [stdout]    |
[INFO] [stdout]    = note: `#[warn(unused_variables)]` on by default
[INFO] [stdout] 
[INFO] [stdout] 
[INFO] [stdout] warning: unused variable: `s`
[INFO] [stdout]   --> src/ecdsa.rs:69:17
[INFO] [stdout]    |
[INFO] [stdout] 69 |             let s = FiniteField::mult(&r, &priv_key, &self.q_order)
[INFO] [stdout]    |                 ^ help: if this is intentional, prefix it with an underscore: `_s`
[INFO] [stdout] 
[INFO] [stdout] 
[INFO] [stdout] warning: unused variable: `k_inv`
[INFO] [stdout]   --> src/ecdsa.rs:76:17
[INFO] [stdout]    |
[INFO] [stdout] 76 |             let k_inv = FiniteField::inv_mult_prime(key_random, &self.q_order)
[INFO] [stdout]    |                 ^^^^^ help: if this is intentional, prefix it with an underscore: `_k_inv`
[INFO] [stdout] 
[INFO] [stdout] 
[INFO] [stdout] warning: unused variable: `hash`
[INFO] [stdout]   --> src/ecdsa.rs:84:27
[INFO] [stdout]    |
[INFO] [stdout] 84 |     pub fn verify (&self, hash: &BigUint, pub_key: Point, signature: &(BigUint, BigUint)) -> bool {
[INFO] [stdout]    |                           ^^^^ help: if this is intentional, prefix it with an underscore: `_hash`
[INFO] [stdout] 
[INFO] [stdout] 
[INFO] [stdout] warning: unused variable: `pub_key`
[INFO] [stdout]   --> src/ecdsa.rs:84:43
[INFO] [stdout]    |
[INFO] [stdout] 84 |     pub fn verify (&self, hash: &BigUint, pub_key: Point, signature: &(BigUint, BigUint)) -> bool {
[INFO] [stdout]    |                                           ^^^^^^^ help: if this is intentional, prefix it with an underscore: `_pub_key`
[INFO] [stdout] 
[INFO] [stdout] 
[INFO] [stdout] warning: unused variable: `signature`
[INFO] [stdout]   --> src/ecdsa.rs:84:59
[INFO] [stdout]    |
[INFO] [stdout] 84 |     pub fn verify (&self, hash: &BigUint, pub_key: Point, signature: &(BigUint, BigUint)) -> bool {
[INFO] [stdout]    |                                                           ^^^^^^^^^ help: if this is intentional, prefix it with an underscore: `_signature`
[INFO] [stdout] 
[INFO] [stdout] 
[INFO] [stdout] warning: enum `Point` is never used
[INFO] [stdout]  --> src/lib.rs:6:6
[INFO] [stdout]   |
[INFO] [stdout] 6 | enum Point {
[INFO] [stdout]   |      ^^^^^
[INFO] [stdout]   |
[INFO] [stdout]   = note: `#[warn(dead_code)]` on by default
[INFO] [stdout] 
[INFO] [stdout] 
[INFO] [stdout] warning: struct `EllipticCurve` is never constructed
[INFO] [stdout]   --> src/lib.rs:12:8
[INFO] [stdout]    |
[INFO] [stdout] 12 | struct EllipticCurve {
[INFO] [stdout]    |        ^^^^^^^^^^^^^
[INFO] [stdout] 
[INFO] [stdout] 
[INFO] [stdout] warning: methods `add`, `double`, `compute_x3_y3`, `scalar_mul`, and `is_on_curve` are never used
[INFO] [stdout]    --> src/lib.rs:20:12
[INFO] [stdout]     |
[INFO] [stdout] 19  | impl EllipticCurve {
[INFO] [stdout]     | ------------------ methods in this implementation
[INFO] [stdout] 20  |     pub fn add(&self, j: &Point, k: &Point) -> Point {
[INFO] [stdout]     |            ^^^
[INFO] [stdout] ...
[INFO] [stdout] 47  |     fn double(&self, j: &Point) -> Point {
[INFO] [stdout]     |        ^^^^^^
[INFO] [stdout] ...
[INFO] [stdout] 76  |     fn compute_x3_y3(&self, x1: &BigUint, y1: &BigUint, x2: &BigUint, s: &BigUint) -> (BigUint, BigUint) {
[INFO] [stdout]     |        ^^^^^^^^^^^^^
[INFO] [stdout] ...
[INFO] [stdout] 86  |     fn scalar_mul(&self , j: &Point, k: &BigUint) -> Point {
[INFO] [stdout]     |        ^^^^^^^^^^
[INFO] [stdout] ...
[INFO] [stdout] 103 |     pub fn is_on_curve(&self, j: &Point) -> bool {
[INFO] [stdout]     |            ^^^^^^^^^^^
[INFO] [stdout] 
[INFO] [stdout] 
[INFO] [stdout] warning: struct `FiniteField` is never constructed
[INFO] [stdout]    --> src/lib.rs:119:8
[INFO] [stdout]     |
[INFO] [stdout] 119 | struct FiniteField {}
[INFO] [stdout]     |        ^^^^^^^^^^^
[INFO] [stdout] 
[INFO] [stdout] 
[INFO] [stdout] warning: associated functions `add`, `mul`, `inv_addition`, `subtract`, `inv_multiplication`, and `divide` are never used
[INFO] [stdout]    --> src/lib.rs:122:12
[INFO] [stdout]     |
[INFO] [stdout] 121 | impl FiniteField {
[INFO] [stdout]     | ---------------- associated functions in this implementation
[INFO] [stdout] 122 |     pub fn add(j: &BigUint, k: &BigUint, p: &BigUint) -> BigUint {
[INFO] [stdout]     |            ^^^
[INFO] [stdout] ...
[INFO] [stdout] 128 |     pub fn mul(j: &BigUint, k: &BigUint, p: &BigUint) -> BigUint {
[INFO] [stdout]     |            ^^^
[INFO] [stdout] ...
[INFO] [stdout] 134 |     pub fn inv_addition(j: &BigUint, p: &BigUint) -> BigUint {
[INFO] [stdout]     |            ^^^^^^^^^^^^
[INFO] [stdout] ...
[INFO] [stdout] 140 |     pub fn subtract(j: &BigUint, k: &BigUint, p: &BigUint) -> BigUint {
[INFO] [stdout]     |            ^^^^^^^^
[INFO] [stdout] ...
[INFO] [stdout] 145 |     pub fn inv_multiplication(j: &BigUint, p: &BigUint) -> BigUint {
[INFO] [stdout]     |            ^^^^^^^^^^^^^^^^^^
[INFO] [stdout] ...
[INFO] [stdout] 151 |     pub fn divide(j: &BigUint, k: &BigUint, p: &BigUint) -> BigUint {
[INFO] [stdout]     |            ^^^^^^
[INFO] [stdout] 
[INFO] [stdout] 
[INFO] [stdout] warning: struct `ECDSA` is never constructed
[INFO] [stdout]  --> src/ecdsa.rs:8:12
[INFO] [stdout]   |
[INFO] [stdout] 8 |     struct ECDSA {
[INFO] [stdout]   |            ^^^^^
[INFO] [stdout] 
[INFO] [stdout] 
[INFO] [stdout] warning: methods `generate_key_pair`, `generate_priv_key`, `generate_random_positive_number_within_range`, `generate_public_key`, `sign`, and `verify` are never used
[INFO] [stdout]   --> src/ecdsa.rs:16:12
[INFO] [stdout]    |
[INFO] [stdout] 13 | impl ECDSA {
[INFO] [stdout]    | ---------- methods in this implementation
[INFO] [stdout] ...
[INFO] [stdout] 16 |     pub fn generate_key_pair(&self) -> (BigUint, BigUint) {
[INFO] [stdout]    |            ^^^^^^^^^^^^^^^^^
[INFO] [stdout] ...
[INFO] [stdout] 23 |     pub fn generate_priv_key(&self) -> BigUint {
[INFO] [stdout]    |            ^^^^^^^^^^^^^^^^^
[INFO] [stdout] ...
[INFO] [stdout] 29 |     pub fn generate_random_positive_number_within_range(&self, max: &BigUint) -> BigUint {
[INFO] [stdout]    |            ^^^^^^^^^^^^^^^^^^^^^^^^^^^^^^^^^^^^^^^^^^^^
[INFO] [stdout] ...
[INFO] [stdout] 36 |     pub fn generate_public_key(&self, priv_key: &BigUint) -> BigUint {
[INFO] [stdout]    |            ^^^^^^^^^^^^^^^^^^^
[INFO] [stdout] ...
[INFO] [stdout] 45 |     pub fn sign(
[INFO] [stdout]    |            ^^^^
[INFO] [stdout] ...
[INFO] [stdout] 84 |     pub fn verify (&self, hash: &BigUint, pub_key: Point, signature: &(BigUint, BigUint)) -> bool {
[INFO] [stdout]    |            ^^^^^^
[INFO] [stdout] 
[INFO] [stdout] 
[INFO] [stdout] warning: unused import: `BigInt`
[INFO] [stdout]  --> src/ecdsa.rs:3:18
[INFO] [stdout]   |
[INFO] [stdout] 3 | use num_bigint::{BigInt, RandBigInt};
[INFO] [stdout]   |                  ^^^^^^
[INFO] [stdout]   |
[INFO] [stdout]   = note: `#[warn(unused_imports)]` on by default
[INFO] [stdout] 
[INFO] [stdout] 
[INFO] [stdout] warning: unused import: `Rng`
[INFO] [stdout]  --> src/ecdsa.rs:4:18
[INFO] [stdout]   |
[INFO] [stdout] 4 | use rand::{self, Rng};
[INFO] [stdout]   |                  ^^^
[INFO] [stdout] 
[INFO] [stdout] 
[INFO] [stdout] warning: unused imports: `digest` and `try_digest`
[INFO] [stdout]  --> src/ecdsa.rs:5:14
[INFO] [stdout]   |
[INFO] [stdout] 5 | use sha256::{digest,try_digest};
[INFO] [stdout]   |              ^^^^^^ ^^^^^^^^^^
[INFO] [stdout] 
[INFO] [stdout] 
[INFO] [stdout] warning: unnecessary parentheses around assigned value
[INFO] [stdout]   --> src/lib.rs:37:33
[INFO] [stdout]    |
[INFO] [stdout] 37 |                 let numerator = (FiniteField::subtract(y2, y1, &self.p));
[INFO] [stdout]    |                                 ^                                      ^
[INFO] [stdout]    |
[INFO] [stdout]    = note: `#[warn(unused_parens)]` on by default
[INFO] [stdout] help: remove these parentheses
[INFO] [stdout]    |
[INFO] [stdout] 37 -                 let numerator = (FiniteField::subtract(y2, y1, &self.p));
[INFO] [stdout] 37 +                 let numerator = FiniteField::subtract(y2, y1, &self.p);
[INFO] [stdout]    |
[INFO] [stdout] 
[INFO] [stdout] 
[INFO] [stdout] warning: unnecessary parentheses around assigned value
[INFO] [stdout]   --> src/lib.rs:38:35
[INFO] [stdout]    |
[INFO] [stdout] 38 |                 let denominator = (FiniteField::subtract(x2, x1, &self.p));
[INFO] [stdout]    |                                   ^                                      ^
[INFO] [stdout]    |
[INFO] [stdout] help: remove these parentheses
[INFO] [stdout]    |
[INFO] [stdout] 38 -                 let denominator = (FiniteField::subtract(x2, x1, &self.p));
[INFO] [stdout] 38 +                 let denominator = FiniteField::subtract(x2, x1, &self.p);
[INFO] [stdout]    |
[INFO] [stdout] 
[INFO] [stdout] 
[INFO] [stdout] warning: unused import: `num_bigint::U32Digits`
[INFO] [stdout]    --> src/lib.rs:159:9
[INFO] [stdout]     |
[INFO] [stdout] 159 |     use num_bigint::U32Digits;
[INFO] [stdout]     |         ^^^^^^^^^^^^^^^^^^^^^
[INFO] [stdout] 
[INFO] [stdout] 
[INFO] [stdout] warning: unnecessary parentheses around function argument
[INFO] [stdout]    --> src/lib.rs:417:35
[INFO] [stdout]     |
[INFO] [stdout] 417 |         let g = Point::Coordinate((gx), (gy));
[INFO] [stdout]     |                                   ^  ^
[INFO] [stdout]     |
[INFO] [stdout] help: remove these parentheses
[INFO] [stdout]     |
[INFO] [stdout] 417 -         let g = Point::Coordinate((gx), (gy));
[INFO] [stdout] 417 +         let g = Point::Coordinate(gx, (gy));
[INFO] [stdout]     |
[INFO] [stdout] 
[INFO] [stdout] 
[INFO] [stdout] warning: unnecessary parentheses around function argument
[INFO] [stdout]    --> src/lib.rs:417:41
[INFO] [stdout]     |
[INFO] [stdout] 417 |         let g = Point::Coordinate((gx), (gy));
[INFO] [stdout]     |                                         ^  ^
[INFO] [stdout]     |
[INFO] [stdout] help: remove these parentheses
[INFO] [stdout]     |
[INFO] [stdout] 417 -         let g = Point::Coordinate((gx), (gy));
[INFO] [stdout] 417 +         let g = Point::Coordinate((gx), gy);
[INFO] [stdout]     |
[INFO] [stdout] 
[INFO] [stdout] 
[INFO] [stdout] warning: unused variable: `priv_key`
[INFO] [stdout]   --> src/ecdsa.rs:36:39
[INFO] [stdout]    |
[INFO] [stdout] 36 |     pub fn generate_public_key(&self, priv_key: &BigUint) -> BigUint {
[INFO] [stdout]    |                                       ^^^^^^^^ help: if this is intentional, prefix it with an underscore: `_priv_key`
[INFO] [stdout]    |
[INFO] [stdout]    = note: `#[warn(unused_variables)]` on by default
[INFO] [stdout] 
[INFO] [stdout] 
[INFO] [stdout] warning: unused variable: `s`
[INFO] [stdout]   --> src/ecdsa.rs:69:17
[INFO] [stdout]    |
[INFO] [stdout] 69 |             let s = FiniteField::mult(&r, &priv_key, &self.q_order)
[INFO] [stdout]    |                 ^ help: if this is intentional, prefix it with an underscore: `_s`
[INFO] [stdout] 
[INFO] [stdout] 
[INFO] [stdout] warning: unused variable: `k_inv`
[INFO] [stdout]   --> src/ecdsa.rs:76:17
[INFO] [stdout]    |
[INFO] [stdout] 76 |             let k_inv = FiniteField::inv_mult_prime(key_random, &self.q_order)
[INFO] [stdout]    |                 ^^^^^ help: if this is intentional, prefix it with an underscore: `_k_inv`
[INFO] [stdout] 
[INFO] [stdout] 
[INFO] [stdout] warning: unused variable: `hash`
[INFO] [stdout]   --> src/ecdsa.rs:84:27
[INFO] [stdout]    |
[INFO] [stdout] 84 |     pub fn verify (&self, hash: &BigUint, pub_key: Point, signature: &(BigUint, BigUint)) -> bool {
[INFO] [stdout]    |                           ^^^^ help: if this is intentional, prefix it with an underscore: `_hash`
[INFO] [stdout] 
[INFO] [stdout] 
[INFO] [stdout] warning: unused variable: `pub_key`
[INFO] [stdout]   --> src/ecdsa.rs:84:43
[INFO] [stdout]    |
[INFO] [stdout] 84 |     pub fn verify (&self, hash: &BigUint, pub_key: Point, signature: &(BigUint, BigUint)) -> bool {
[INFO] [stdout]    |                                           ^^^^^^^ help: if this is intentional, prefix it with an underscore: `_pub_key`
[INFO] [stdout] 
[INFO] [stdout] 
[INFO] [stdout] warning: unused variable: `signature`
[INFO] [stdout]   --> src/ecdsa.rs:84:59
[INFO] [stdout]    |
[INFO] [stdout] 84 |     pub fn verify (&self, hash: &BigUint, pub_key: Point, signature: &(BigUint, BigUint)) -> bool {
[INFO] [stdout]    |                                                           ^^^^^^^^^ help: if this is intentional, prefix it with an underscore: `_signature`
[INFO] [stdout] 
[INFO] [stdout] 
[INFO] [stdout] warning: unused variable: `pub_key`
[INFO] [stdout]    --> src/ecdsa.rs:111:13
[INFO] [stdout]     |
[INFO] [stdout] 111 |         let pub_key = ecdsa.generate_public_key(&priv_key);
[INFO] [stdout]     |             ^^^^^^^ help: if this is intentional, prefix it with an underscore: `_pub_key`
[INFO] [stdout] 
[INFO] [stdout] 
[INFO] [stdout] warning: unused variable: `r`
[INFO] [stdout]    --> src/lib.rs:222:13
[INFO] [stdout]     |
[INFO] [stdout] 222 |         let r = FiniteField::inv_addition(&j, &p);
[INFO] [stdout]     |             ^ help: if this is intentional, prefix it with an underscore: `_r`
[INFO] [stdout] 
[INFO] [stdout] 
[INFO] [stdout] warning: methods `generate_key_pair`, `generate_priv_key`, `generate_random_positive_number_within_range`, and `verify` are never used
[INFO] [stdout]   --> src/ecdsa.rs:16:12
[INFO] [stdout]    |
[INFO] [stdout] 13 | impl ECDSA {
[INFO] [stdout]    | ---------- methods in this implementation
[INFO] [stdout] ...
[INFO] [stdout] 16 |     pub fn generate_key_pair(&self) -> (BigUint, BigUint) {
[INFO] [stdout]    |            ^^^^^^^^^^^^^^^^^
[INFO] [stdout] ...
[INFO] [stdout] 23 |     pub fn generate_priv_key(&self) -> BigUint {
[INFO] [stdout]    |            ^^^^^^^^^^^^^^^^^
[INFO] [stdout] ...
[INFO] [stdout] 29 |     pub fn generate_random_positive_number_within_range(&self, max: &BigUint) -> BigUint {
[INFO] [stdout]    |            ^^^^^^^^^^^^^^^^^^^^^^^^^^^^^^^^^^^^^^^^^^^^
[INFO] [stdout] ...
[INFO] [stdout] 84 |     pub fn verify (&self, hash: &BigUint, pub_key: Point, signature: &(BigUint, BigUint)) -> bool {
[INFO] [stdout]    |            ^^^^^^
[INFO] [stdout]    |
[INFO] [stdout]    = note: `#[warn(dead_code)]` on by default
[INFO] [stdout] 
[INFO] [stdout] 
[INFO] [stderr]     Finished `test` profile [unoptimized + debuginfo] target(s) in 0.61s
[INFO] running `Command { std: "docker" "inspect" "5fc683095475f32f0623ffd420d3e51a0d1f7639d603a56ea567bd3b18e054c1", kill_on_drop: false }`
[INFO] running `Command { std: "docker" "rm" "-f" "5fc683095475f32f0623ffd420d3e51a0d1f7639d603a56ea567bd3b18e054c1", kill_on_drop: false }`
[INFO] [stdout] 5fc683095475f32f0623ffd420d3e51a0d1f7639d603a56ea567bd3b18e054c1
[INFO] running `Command { std: "docker" "create" "-v" "/var/lib/crater-agent-workspace/builds/worker-2-tc1/target:/opt/rustwide/target:rw,Z" "-v" "/var/lib/crater-agent-workspace/builds/worker-2-tc1/source:/opt/rustwide/workdir:ro,Z" "-v" "/var/lib/crater-agent-workspace/cargo-home:/opt/rustwide/cargo-home:ro,Z" "-v" "/var/lib/crater-agent-workspace/rustup-home:/opt/rustwide/rustup-home:ro,Z" "-e" "SOURCE_DIR=/opt/rustwide/workdir" "-e" "CARGO_TARGET_DIR=/opt/rustwide/target" "-e" "CARGO_INCREMENTAL=0" "-e" "RUST_BACKTRACE=full" "-e" "RUSTFLAGS=--cap-lints=forbid" "-e" "RUSTDOCFLAGS=--cap-lints=forbid" "-e" "CARGO_HOME=/opt/rustwide/cargo-home" "-e" "RUSTUP_HOME=/opt/rustwide/rustup-home" "-w" "/opt/rustwide/workdir" "-m" "1610612736" "--user" "0:0" "--network" "none" "ghcr.io/rust-lang/crates-build-env/linux@sha256:819108c5571ea2e421544af4d832f968d213c87fbe3707a016657f43d2f853bc" "/opt/rustwide/cargo-home/bin/cargo" "+nightly-2025-01-18" "test" "--frozen", kill_on_drop: false }`
[INFO] [stdout] 2c1a6081ff7505dd10b48c9814d6c97afac746b9c745b66f55d1d2f5d3134e2f
[INFO] running `Command { std: "docker" "start" "-a" "2c1a6081ff7505dd10b48c9814d6c97afac746b9c745b66f55d1d2f5d3134e2f", kill_on_drop: false }`
[INFO] [stderr] warning: unused import: `BigInt`
[INFO] [stderr]  --> src/ecdsa.rs:3:18
[INFO] [stderr]   |
[INFO] [stderr] 3 | use num_bigint::{BigInt, RandBigInt};
[INFO] [stderr]   |                  ^^^^^^
[INFO] [stderr]   |
[INFO] [stderr]   = note: `#[warn(unused_imports)]` on by default
[INFO] [stderr] 
[INFO] [stderr] warning: unused import: `Rng`
[INFO] [stderr]  --> src/ecdsa.rs:4:18
[INFO] [stderr]   |
[INFO] [stderr] 4 | use rand::{self, Rng};
[INFO] [stderr]   |                  ^^^
[INFO] [stderr] 
[INFO] [stderr] warning: unused imports: `digest` and `try_digest`
[INFO] [stderr]  --> src/ecdsa.rs:5:14
[INFO] [stderr]   |
[INFO] [stderr] 5 | use sha256::{digest,try_digest};
[INFO] [stderr]   |              ^^^^^^ ^^^^^^^^^^
[INFO] [stderr] 
[INFO] [stderr] warning: unnecessary parentheses around assigned value
[INFO] [stderr]   --> src/lib.rs:37:33
[INFO] [stderr]    |
[INFO] [stderr] 37 |                 let numerator = (FiniteField::subtract(y2, y1, &self.p));
[INFO] [stderr]    |                                 ^                                      ^
[INFO] [stderr]    |
[INFO] [stderr]    = note: `#[warn(unused_parens)]` on by default
[INFO] [stderr] help: remove these parentheses
[INFO] [stderr]    |
[INFO] [stderr] 37 -                 let numerator = (FiniteField::subtract(y2, y1, &self.p));
[INFO] [stderr] 37 +                 let numerator = FiniteField::subtract(y2, y1, &self.p);
[INFO] [stderr]    |
[INFO] [stderr] 
[INFO] [stderr] warning: unnecessary parentheses around assigned value
[INFO] [stderr]   --> src/lib.rs:38:35
[INFO] [stderr]    |
[INFO] [stderr] 38 |                 let denominator = (FiniteField::subtract(x2, x1, &self.p));
[INFO] [stderr]    |                                   ^                                      ^
[INFO] [stderr]    |
[INFO] [stderr] help: remove these parentheses
[INFO] [stderr]    |
[INFO] [stderr] 38 -                 let denominator = (FiniteField::subtract(x2, x1, &self.p));
[INFO] [stderr] 38 +                 let denominator = FiniteField::subtract(x2, x1, &self.p);
[INFO] [stderr]    |
[INFO] [stderr] 
[INFO] [stderr] warning: unused variable: `priv_key`
[INFO] [stderr]   --> src/ecdsa.rs:36:39
[INFO] [stderr]    |
[INFO] [stderr] 36 |     pub fn generate_public_key(&self, priv_key: &BigUint) -> BigUint {
[INFO] [stderr]    |                                       ^^^^^^^^ help: if this is intentional, prefix it with an underscore: `_priv_key`
[INFO] [stderr]    |
[INFO] [stderr]    = note: `#[warn(unused_variables)]` on by default
[INFO] [stderr] 
[INFO] [stderr] warning: unused variable: `s`
[INFO] [stderr]   --> src/ecdsa.rs:69:17
[INFO] [stderr]    |
[INFO] [stderr] 69 |             let s = FiniteField::mult(&r, &priv_key, &self.q_order)
[INFO] [stderr]    |                 ^ help: if this is intentional, prefix it with an underscore: `_s`
[INFO] [stderr] 
[INFO] [stderr] warning: unused variable: `k_inv`
[INFO] [stderr]   --> src/ecdsa.rs:76:17
[INFO] [stderr]    |
[INFO] [stderr] 76 |             let k_inv = FiniteField::inv_mult_prime(key_random, &self.q_order)
[INFO] [stderr]    |                 ^^^^^ help: if this is intentional, prefix it with an underscore: `_k_inv`
[INFO] [stderr] 
[INFO] [stderr] warning: unused variable: `hash`
[INFO] [stderr]   --> src/ecdsa.rs:84:27
[INFO] [stderr]    |
[INFO] [stderr] 84 |     pub fn verify (&self, hash: &BigUint, pub_key: Point, signature: &(BigUint, BigUint)) -> bool {
[INFO] [stderr]    |                           ^^^^ help: if this is intentional, prefix it with an underscore: `_hash`
[INFO] [stderr] 
[INFO] [stderr] warning: unused variable: `pub_key`
[INFO] [stderr]   --> src/ecdsa.rs:84:43
[INFO] [stderr]    |
[INFO] [stderr] 84 |     pub fn verify (&self, hash: &BigUint, pub_key: Point, signature: &(BigUint, BigUint)) -> bool {
[INFO] [stderr]    |                                           ^^^^^^^ help: if this is intentional, prefix it with an underscore: `_pub_key`
[INFO] [stderr] 
[INFO] [stderr] warning: unused variable: `signature`
[INFO] [stderr]   --> src/ecdsa.rs:84:59
[INFO] [stderr]    |
[INFO] [stderr] 84 |     pub fn verify (&self, hash: &BigUint, pub_key: Point, signature: &(BigUint, BigUint)) -> bool {
[INFO] [stderr]    |                                                           ^^^^^^^^^ help: if this is intentional, prefix it with an underscore: `_signature`
[INFO] [stderr] 
[INFO] [stderr] warning: enum `Point` is never used
[INFO] [stderr]  --> src/lib.rs:6:6
[INFO] [stderr]   |
[INFO] [stderr] 6 | enum Point {
[INFO] [stderr]   |      ^^^^^
[INFO] [stderr]   |
[INFO] [stderr]   = note: `#[warn(dead_code)]` on by default
[INFO] [stderr] 
[INFO] [stderr] warning: struct `EllipticCurve` is never constructed
[INFO] [stderr]   --> src/lib.rs:12:8
[INFO] [stderr]    |
[INFO] [stderr] 12 | struct EllipticCurve {
[INFO] [stderr]    |        ^^^^^^^^^^^^^
[INFO] [stderr] 
[INFO] [stderr] warning: methods `add`, `double`, `compute_x3_y3`, `scalar_mul`, and `is_on_curve` are never used
[INFO] [stderr]    --> src/lib.rs:20:12
[INFO] [stderr]     |
[INFO] [stderr] 19  | impl EllipticCurve {
[INFO] [stderr]     | ------------------ methods in this implementation
[INFO] [stderr] 20  |     pub fn add(&self, j: &Point, k: &Point) -> Point {
[INFO] [stderr]     |            ^^^
[INFO] [stderr] ...
[INFO] [stderr] 47  |     fn double(&self, j: &Point) -> Point {
[INFO] [stderr]     |        ^^^^^^
[INFO] [stderr] ...
[INFO] [stderr] 76  |     fn compute_x3_y3(&self, x1: &BigUint, y1: &BigUint, x2: &BigUint, s: &BigUint) -> (BigUint, BigUint) {
[INFO] [stderr]     |        ^^^^^^^^^^^^^
[INFO] [stderr] ...
[INFO] [stderr] 86  |     fn scalar_mul(&self , j: &Point, k: &BigUint) -> Point {
[INFO] [stderr]     |        ^^^^^^^^^^
[INFO] [stderr] ...
[INFO] [stderr] 103 |     pub fn is_on_curve(&self, j: &Point) -> bool {
[INFO] [stderr]     |            ^^^^^^^^^^^
[INFO] [stderr] 
[INFO] [stderr] warning: struct `FiniteField` is never constructed
[INFO] [stderr]    --> src/lib.rs:119:8
[INFO] [stderr]     |
[INFO] [stderr] 119 | struct FiniteField {}
[INFO] [stderr]     |        ^^^^^^^^^^^
[INFO] [stderr] 
[INFO] [stderr] warning: associated functions `add`, `mul`, `inv_addition`, `subtract`, `inv_multiplication`, and `divide` are never used
[INFO] [stderr]    --> src/lib.rs:122:12
[INFO] [stderr]     |
[INFO] [stderr] 121 | impl FiniteField {
[INFO] [stderr]     | ---------------- associated functions in this implementation
[INFO] [stderr] 122 |     pub fn add(j: &BigUint, k: &BigUint, p: &BigUint) -> BigUint {
[INFO] [stderr]     |            ^^^
[INFO] [stderr] ...
[INFO] [stderr] 128 |     pub fn mul(j: &BigUint, k: &BigUint, p: &BigUint) -> BigUint {
[INFO] [stderr]     |            ^^^
[INFO] [stderr] ...
[INFO] [stderr] 134 |     pub fn inv_addition(j: &BigUint, p: &BigUint) -> BigUint {
[INFO] [stderr]     |            ^^^^^^^^^^^^
[INFO] [stderr] ...
[INFO] [stderr] 140 |     pub fn subtract(j: &BigUint, k: &BigUint, p: &BigUint) -> BigUint {
[INFO] [stderr]     |            ^^^^^^^^
[INFO] [stderr] ...
[INFO] [stderr] 145 |     pub fn inv_multiplication(j: &BigUint, p: &BigUint) -> BigUint {
[INFO] [stderr]     |            ^^^^^^^^^^^^^^^^^^
[INFO] [stderr] ...
[INFO] [stderr] 151 |     pub fn divide(j: &BigUint, k: &BigUint, p: &BigUint) -> BigUint {
[INFO] [stderr]     |            ^^^^^^
[INFO] [stderr] 
[INFO] [stderr] warning: struct `ECDSA` is never constructed
[INFO] [stderr]  --> src/ecdsa.rs:8:12
[INFO] [stderr]   |
[INFO] [stderr] 8 |     struct ECDSA {
[INFO] [stderr]   |            ^^^^^
[INFO] [stderr] 
[INFO] [stderr] warning: methods `generate_key_pair`, `generate_priv_key`, `generate_random_positive_number_within_range`, `generate_public_key`, `sign`, and `verify` are never used
[INFO] [stderr]   --> src/ecdsa.rs:16:12
[INFO] [stderr]    |
[INFO] [stderr] 13 | impl ECDSA {
[INFO] [stderr]    | ---------- methods in this implementation
[INFO] [stderr] ...
[INFO] [stderr] 16 |     pub fn generate_key_pair(&self) -> (BigUint, BigUint) {
[INFO] [stderr]    |            ^^^^^^^^^^^^^^^^^
[INFO] [stderr] ...
[INFO] [stderr] 23 |     pub fn generate_priv_key(&self) -> BigUint {
[INFO] [stderr]    |            ^^^^^^^^^^^^^^^^^
[INFO] [stderr] ...
[INFO] [stderr] 29 |     pub fn generate_random_positive_number_within_range(&self, max: &BigUint) -> BigUint {
[INFO] [stderr]    |            ^^^^^^^^^^^^^^^^^^^^^^^^^^^^^^^^^^^^^^^^^^^^
[INFO] [stderr] ...
[INFO] [stderr] 36 |     pub fn generate_public_key(&self, priv_key: &BigUint) -> BigUint {
[INFO] [stderr]    |            ^^^^^^^^^^^^^^^^^^^
[INFO] [stderr] ...
[INFO] [stderr] 45 |     pub fn sign(
[INFO] [stderr]    |            ^^^^
[INFO] [stderr] ...
[INFO] [stderr] 84 |     pub fn verify (&self, hash: &BigUint, pub_key: Point, signature: &(BigUint, BigUint)) -> bool {
[INFO] [stderr]    |            ^^^^^^
[INFO] [stderr] 
[INFO] [stderr] warning: unused import: `num_bigint::U32Digits`
[INFO] [stderr]    --> src/lib.rs:159:9
[INFO] [stderr]     |
[INFO] [stderr] 159 |     use num_bigint::U32Digits;
[INFO] [stderr]     |         ^^^^^^^^^^^^^^^^^^^^^
[INFO] [stderr] 
[INFO] [stderr] warning: unnecessary parentheses around function argument
[INFO] [stderr]    --> src/lib.rs:417:35
[INFO] [stderr]     |
[INFO] [stderr] 417 |         let g = Point::Coordinate((gx), (gy));
[INFO] [stderr]     |                                   ^  ^
[INFO] [stderr]     |
[INFO] [stderr] help: remove these parentheses
[INFO] [stderr]     |
[INFO] [stderr] 417 -         let g = Point::Coordinate((gx), (gy));
[INFO] [stderr] 417 +         let g = Point::Coordinate(gx, (gy));
[INFO] [stderr]     |
[INFO] [stderr] 
[INFO] [stderr] warning: unnecessary parentheses around function argument
[INFO] [stderr]    --> src/lib.rs:417:41
[INFO] [stderr]     |
[INFO] [stderr] 417 |         let g = Point::Coordinate((gx), (gy));
[INFO] [stderr]     |                                         ^  ^
[INFO] [stderr]     |
[INFO] [stderr] help: remove these parentheses
[INFO] [stderr]     |
[INFO] [stderr] 417 -         let g = Point::Coordinate((gx), (gy));
[INFO] [stderr] 417 +         let g = Point::Coordinate((gx), gy);
[INFO] [stderr]     |
[INFO] [stderr] 
[INFO] [stderr] warning: unused variable: `pub_key`
[INFO] [stderr]    --> src/ecdsa.rs:111:13
[INFO] [stderr]     |
[INFO] [stderr] 111 |         let pub_key = ecdsa.generate_public_key(&priv_key);
[INFO] [stderr]     |             ^^^^^^^ help: if this is intentional, prefix it with an underscore: `_pub_key`
[INFO] [stderr] 
[INFO] [stderr] warning: unused variable: `r`
[INFO] [stderr]    --> src/lib.rs:222:13
[INFO] [stderr]     |
[INFO] [stderr] 222 |         let r = FiniteField::inv_addition(&j, &p);
[INFO] [stderr]     |             ^ help: if this is intentional, prefix it with an underscore: `_r`
[INFO] [stderr] 
[INFO] [stderr] warning: methods `generate_key_pair`, `generate_priv_key`, `generate_random_positive_number_within_range`, and `verify` are never used
[INFO] [stderr]   --> src/ecdsa.rs:16:12
[INFO] [stderr]    |
[INFO] [stderr] 13 | impl ECDSA {
[INFO] [stderr]    | ---------- methods in this implementation
[INFO] [stderr] ...
[INFO] [stderr] 16 |     pub fn generate_key_pair(&self) -> (BigUint, BigUint) {
[INFO] [stderr]    |            ^^^^^^^^^^^^^^^^^
[INFO] [stderr] ...
[INFO] [stderr] 23 |     pub fn generate_priv_key(&self) -> BigUint {
[INFO] [stderr]    |            ^^^^^^^^^^^^^^^^^
[INFO] [stderr] ...
[INFO] [stderr] 29 |     pub fn generate_random_positive_number_within_range(&self, max: &BigUint) -> BigUint {
[INFO] [stderr]    |            ^^^^^^^^^^^^^^^^^^^^^^^^^^^^^^^^^^^^^^^^^^^^
[INFO] [stderr] ...
[INFO] [stderr] 84 |     pub fn verify (&self, hash: &BigUint, pub_key: Point, signature: &(BigUint, BigUint)) -> bool {
[INFO] [stderr]    |            ^^^^^^
[INFO] [stderr]    |
[INFO] [stderr]    = note: `#[warn(dead_code)]` on by default
[INFO] [stderr] 
[INFO] [stderr] warning: `elliptic_curves` (lib) generated 18 warnings (run `cargo fix --lib -p elliptic_curves` to apply 5 suggestions)
[INFO] [stderr] warning: `elliptic_curves` (lib test) generated 17 warnings (11 duplicates) (run `cargo fix --lib -p elliptic_curves --tests` to apply 3 suggestions)
[INFO] [stderr]     Finished `test` profile [unoptimized + debuginfo] target(s) in 0.11s
[INFO] [stderr]      Running unittests src/lib.rs (/opt/rustwide/target/debug/deps/elliptic_curves-666821cabff4f546)
[INFO] [stdout] 
[INFO] [stdout] running 18 tests
[INFO] [stdout] test tests::test_ec_point_addition_identity ... ok
[INFO] [stdout] test tests::test_ec_point_addition ... ok
[INFO] [stdout] test tests::test_add_1 ... ok
[INFO] [stdout] test tests::test_add_2 ... ok
[INFO] [stdout] test tests::test_ec_point_addition_reflectied_in_x ... ok
[INFO] [stdout] test tests::test_divide ... ok
[INFO] [stdout] test tests::test_ec_point_doubling_identity ... ok
[INFO] [stdout] test tests::test_inv_addition_identity ... ok
[INFO] [stdout] test tests::test_inv_addition_1 ... ok
[INFO] [stdout] test tests::test_subtract ... ok
[INFO] [stdout] test tests::test_mul_1 ... ok
[INFO] [stdout] test tests::test_mul_2 ... ok
[INFO] [stdout] test tests::test_inv_multiplication_identity ... ok
[INFO] [stdout] test tests::test_ec_point_doubling ... ok
[INFO] [stdout] test tests::test_ec_scalar_multiplication ... ok
[INFO] [stdout] test ecdsa::test::test_sign_verify ... FAILED
[INFO] [stdout] test tests::test_inv_addition_2 - should panic ... ok
[INFO] [stdout] test tests::test_ec_secp256k1 ... ok
[INFO] [stdout] 
[INFO] [stdout] failures:
[INFO] [stdout] 
[INFO] [stdout] ---- ecdsa::test::test_sign_verify stdout ----
[INFO] [stdout] 
[INFO] [stdout] thread 'ecdsa::test::test_sign_verify' panicked at src/ecdsa.rs:37:9:
[INFO] [stdout] not yet implemented
[INFO] [stdout] stack backtrace:
[INFO] [stdout]    0:     0x5766ca2b04ca - std::backtrace_rs::backtrace::libunwind::trace::hb059275cfc8d6126
[INFO] [stdout]                                at /rustc/6067b36314ab5eb2eb47cecc464545ba58e1ad24/library/std/src/../../backtrace/src/backtrace/libunwind.rs:116:5
[INFO] [stdout]    1:     0x5766ca2b04ca - std::backtrace_rs::backtrace::trace_unsynchronized::h2da071e4327ce3ee
[INFO] [stdout]                                at /rustc/6067b36314ab5eb2eb47cecc464545ba58e1ad24/library/std/src/../../backtrace/src/backtrace/mod.rs:66:5
[INFO] [stdout]    2:     0x5766ca2b04ca - std::sys::backtrace::_print_fmt::h842a1474e6f8d23f
[INFO] [stdout]                                at /rustc/6067b36314ab5eb2eb47cecc464545ba58e1ad24/library/std/src/sys/backtrace.rs:66:9
[INFO] [stdout]    3:     0x5766ca2b04ca - <std::sys::backtrace::BacktraceLock::print::DisplayBacktrace as core::fmt::Display>::fmt::h71a62eb3b9696b12
[INFO] [stdout]                                at /rustc/6067b36314ab5eb2eb47cecc464545ba58e1ad24/library/std/src/sys/backtrace.rs:39:26
[INFO] [stdout]    4:     0x5766ca2d7af3 - core::fmt::rt::Argument::fmt::hdb6b616786b41dc1
[INFO] [stdout]                                at /rustc/6067b36314ab5eb2eb47cecc464545ba58e1ad24/library/core/src/fmt/rt.rs:177:76
[INFO] [stdout]    5:     0x5766ca2d7af3 - core::fmt::write::h2cc1698af7e2d686
[INFO] [stdout]                                at /rustc/6067b36314ab5eb2eb47cecc464545ba58e1ad24/library/core/src/fmt/mod.rs:1440:21
[INFO] [stdout]    6:     0x5766ca2ad023 - std::io::Write::write_fmt::hab1b4cd059a79022
[INFO] [stdout]                                at /rustc/6067b36314ab5eb2eb47cecc464545ba58e1ad24/library/std/src/io/mod.rs:1887:15
[INFO] [stdout]    7:     0x5766ca2b0312 - std::sys::backtrace::BacktraceLock::print::h147fe35b4ea13b08
[INFO] [stdout]                                at /rustc/6067b36314ab5eb2eb47cecc464545ba58e1ad24/library/std/src/sys/backtrace.rs:42:9
[INFO] [stdout]    8:     0x5766ca2b18ef - std::panicking::default_hook::{{closure}}::hbd44223dbdc0d208
[INFO] [stdout]                                at /rustc/6067b36314ab5eb2eb47cecc464545ba58e1ad24/library/std/src/panicking.rs:298:22
[INFO] [stdout]    9:     0x5766ca2b1708 - std::panicking::default_hook::h20f81eb0576efcec
[INFO] [stdout]                                at /rustc/6067b36314ab5eb2eb47cecc464545ba58e1ad24/library/std/src/panicking.rs:322:9
[INFO] [stdout]   10:     0x5766ca2542c3 - <alloc::boxed::Box<F,A> as core::ops::function::Fn<Args>>::call::hdb53814c496a4d34
[INFO] [stdout]                                at /rustc/6067b36314ab5eb2eb47cecc464545ba58e1ad24/library/alloc/src/boxed.rs:2027:9
[INFO] [stdout]   11:     0x5766ca2542c3 - test::test_main::{{closure}}::hc0a4963c59427c24
[INFO] [stdout]                                at /rustc/6067b36314ab5eb2eb47cecc464545ba58e1ad24/library/test/src/lib.rs:134:21
[INFO] [stdout]   12:     0x5766ca2b23e3 - <alloc::boxed::Box<F,A> as core::ops::function::Fn<Args>>::call::h591b2225413a77e9
[INFO] [stdout]                                at /rustc/6067b36314ab5eb2eb47cecc464545ba58e1ad24/library/alloc/src/boxed.rs:2027:9
[INFO] [stdout]   13:     0x5766ca2b23e3 - std::panicking::rust_panic_with_hook::h625eea43051b2edc
[INFO] [stdout]                                at /rustc/6067b36314ab5eb2eb47cecc464545ba58e1ad24/library/std/src/panicking.rs:839:13
[INFO] [stdout]   14:     0x5766ca2b2066 - std::panicking::begin_panic_handler::{{closure}}::h4f9159cfbc3f6bd3
[INFO] [stdout]                                at /rustc/6067b36314ab5eb2eb47cecc464545ba58e1ad24/library/std/src/panicking.rs:697:13
[INFO] [stdout]   15:     0x5766ca2b09c9 - std::sys::backtrace::__rust_end_short_backtrace::h0390abce48353151
[INFO] [stdout]                                at /rustc/6067b36314ab5eb2eb47cecc464545ba58e1ad24/library/std/src/sys/backtrace.rs:168:18
[INFO] [stdout]   16:     0x5766ca2b1d2d - rust_begin_unwind
[INFO] [stdout]                                at /rustc/6067b36314ab5eb2eb47cecc464545ba58e1ad24/library/std/src/panicking.rs:695:5
[INFO] [stdout]   17:     0x5766ca2d6500 - core::panicking::panic_fmt::h9e7c637e9e5f29c9
[INFO] [stdout]                                at /rustc/6067b36314ab5eb2eb47cecc464545ba58e1ad24/library/core/src/panicking.rs:75:14
[INFO] [stdout]   18:     0x5766ca2d658c - core::panicking::panic::haa3255ea20181a33
[INFO] [stdout]                                at /rustc/6067b36314ab5eb2eb47cecc464545ba58e1ad24/library/core/src/panicking.rs:145:5
[INFO] [stdout]   19:     0x5766ca21467a - elliptic_curves::ecdsa::ECDSA::generate_public_key::ha10753ef02955fea
[INFO] [stdout]                                at /opt/rustwide/workdir/src/ecdsa.rs:37:9
[INFO] [stdout]   20:     0x5766ca2168a0 - elliptic_curves::ecdsa::test::test_sign_verify::hd29496fb40c3d53f
[INFO] [stdout]                                at /opt/rustwide/workdir/src/ecdsa.rs:111:23
[INFO] [stdout]   21:     0x5766ca216527 - elliptic_curves::ecdsa::test::test_sign_verify::{{closure}}::h667200b7e255e3a9
[INFO] [stdout]                                at /opt/rustwide/workdir/src/ecdsa.rs:95:26
[INFO] [stdout]   22:     0x5766ca213966 - core::ops::function::FnOnce::call_once::heef087cb65ba4b1a
[INFO] [stdout]                                at /rustc/6067b36314ab5eb2eb47cecc464545ba58e1ad24/library/core/src/ops/function.rs:250:5
[INFO] [stdout]   23:     0x5766ca259a1b - core::ops::function::FnOnce::call_once::he27718dfdd183f43
[INFO] [stdout]                                at /rustc/6067b36314ab5eb2eb47cecc464545ba58e1ad24/library/core/src/ops/function.rs:250:5
[INFO] [stdout]   24:     0x5766ca259a1b - test::__rust_begin_short_backtrace::h4e84902998457a5d
[INFO] [stdout]                                at /rustc/6067b36314ab5eb2eb47cecc464545ba58e1ad24/library/test/src/lib.rs:632:18
[INFO] [stdout]   25:     0x5766ca258953 - test::run_test_in_process::{{closure}}::h7176fd18fc1feca0
[INFO] [stdout]                                at /rustc/6067b36314ab5eb2eb47cecc464545ba58e1ad24/library/test/src/lib.rs:655:60
[INFO] [stdout]   26:     0x5766ca258953 - <core::panic::unwind_safe::AssertUnwindSafe<F> as core::ops::function::FnOnce<()>>::call_once::hf79cff2a624d8cf7
[INFO] [stdout]                                at /rustc/6067b36314ab5eb2eb47cecc464545ba58e1ad24/library/core/src/panic/unwind_safe.rs:272:9
[INFO] [stdout]   27:     0x5766ca258953 - std::panicking::try::do_call::h3da0561d9ab99c25
[INFO] [stdout]                                at /rustc/6067b36314ab5eb2eb47cecc464545ba58e1ad24/library/std/src/panicking.rs:587:40
[INFO] [stdout]   28:     0x5766ca258953 - std::panicking::try::h41c9fa508bc61df6
[INFO] [stdout]                                at /rustc/6067b36314ab5eb2eb47cecc464545ba58e1ad24/library/std/src/panicking.rs:550:19
[INFO] [stdout]   29:     0x5766ca258953 - std::panic::catch_unwind::h6b3ff07bb5afad93
[INFO] [stdout]                                at /rustc/6067b36314ab5eb2eb47cecc464545ba58e1ad24/library/std/src/panic.rs:358:14
[INFO] [stdout]   30:     0x5766ca258953 - test::run_test_in_process::hc7253dd11b39b9f4
[INFO] [stdout]                                at /rustc/6067b36314ab5eb2eb47cecc464545ba58e1ad24/library/test/src/lib.rs:655:27
[INFO] [stdout]   31:     0x5766ca258953 - test::run_test::{{closure}}::hfb2007f8649c30bb
[INFO] [stdout]                                at /rustc/6067b36314ab5eb2eb47cecc464545ba58e1ad24/library/test/src/lib.rs:576:43
[INFO] [stdout]   32:     0x5766ca21ba35 - test::run_test::{{closure}}::h56a17aa7a282a9f4
[INFO] [stdout]                                at /rustc/6067b36314ab5eb2eb47cecc464545ba58e1ad24/library/test/src/lib.rs:606:41
[INFO] [stdout]   33:     0x5766ca21ba35 - std::sys::backtrace::__rust_begin_short_backtrace::hd2d2d2fb8e8c6aac
[INFO] [stdout]                                at /rustc/6067b36314ab5eb2eb47cecc464545ba58e1ad24/library/std/src/sys/backtrace.rs:152:18
[INFO] [stdout]   34:     0x5766ca21f31a - std::thread::Builder::spawn_unchecked_::{{closure}}::{{closure}}::h4faa3f9db6133423
[INFO] [stdout]                                at /rustc/6067b36314ab5eb2eb47cecc464545ba58e1ad24/library/std/src/thread/mod.rs:559:17
[INFO] [stdout]   35:     0x5766ca21f31a - <core::panic::unwind_safe::AssertUnwindSafe<F> as core::ops::function::FnOnce<()>>::call_once::hf2e855a36a4ea846
[INFO] [stdout]                                at /rustc/6067b36314ab5eb2eb47cecc464545ba58e1ad24/library/core/src/panic/unwind_safe.rs:272:9
[INFO] [stdout]   36:     0x5766ca21f31a - std::panicking::try::do_call::h2f73af3616c35465
[INFO] [stdout]                                at /rustc/6067b36314ab5eb2eb47cecc464545ba58e1ad24/library/std/src/panicking.rs:587:40
[INFO] [stdout]   37:     0x5766ca21f31a - std::panicking::try::hd1660ce9efadef5a
[INFO] [stdout]                                at /rustc/6067b36314ab5eb2eb47cecc464545ba58e1ad24/library/std/src/panicking.rs:550:19
[INFO] [stdout]   38:     0x5766ca21f31a - std::panic::catch_unwind::h5ee8d7823b8ca744
[INFO] [stdout]                                at /rustc/6067b36314ab5eb2eb47cecc464545ba58e1ad24/library/std/src/panic.rs:358:14
[INFO] [stdout]   39:     0x5766ca21f31a - std::thread::Builder::spawn_unchecked_::{{closure}}::h53c3a1894dce8407
[INFO] [stdout]                                at /rustc/6067b36314ab5eb2eb47cecc464545ba58e1ad24/library/std/src/thread/mod.rs:557:30
[INFO] [stdout]   40:     0x5766ca21f31a - core::ops::function::FnOnce::call_once{{vtable.shim}}::h048ce291ad4f62bf
[INFO] [stdout]                                at /rustc/6067b36314ab5eb2eb47cecc464545ba58e1ad24/library/core/src/ops/function.rs:250:5
[INFO] [stdout]   41:     0x5766ca2b631b - <alloc::boxed::Box<F,A> as core::ops::function::FnOnce<Args>>::call_once::ha52bedf99a3b4981
[INFO] [stdout]                                at /rustc/6067b36314ab5eb2eb47cecc464545ba58e1ad24/library/alloc/src/boxed.rs:2013:9
[INFO] [stdout]   42:     0x5766ca2b631b - <alloc::boxed::Box<F,A> as core::ops::function::FnOnce<Args>>::call_once::h567748934d80ccf8
[INFO] [stdout]                                at /rustc/6067b36314ab5eb2eb47cecc464545ba58e1ad24/library/alloc/src/boxed.rs:2013:9
[INFO] [stdout]   43:     0x5766ca2b631b - std::sys::pal::unix::thread::Thread::new::thread_start::h2d970728ae887adc
[INFO] [stdout]                                at /rustc/6067b36314ab5eb2eb47cecc464545ba58e1ad24/library/std/src/sys/pal/unix/thread.rs:106:17
[INFO] [stdout]   44:     0x7e3860424ac3 - <unknown>
[INFO] [stdout]   45:     0x7e38604b5a04 - clone
[INFO] [stdout]   46:                0x0 - <unknown>
[INFO] [stdout] 
[INFO] [stdout] 
[INFO] [stdout] failures:
[INFO] [stdout]     ecdsa::test::test_sign_verify
[INFO] [stdout] 
[INFO] [stdout] test result: FAILED. 17 passed; 1 failed; 0 ignored; 0 measured; 0 filtered out; finished in 2.39s
[INFO] [stdout] 
[INFO] [stderr] error: test failed, to rerun pass `--lib`
[INFO] running `Command { std: "docker" "inspect" "2c1a6081ff7505dd10b48c9814d6c97afac746b9c745b66f55d1d2f5d3134e2f", kill_on_drop: false }`
[INFO] running `Command { std: "docker" "rm" "-f" "2c1a6081ff7505dd10b48c9814d6c97afac746b9c745b66f55d1d2f5d3134e2f", kill_on_drop: false }`
[INFO] [stdout] 2c1a6081ff7505dd10b48c9814d6c97afac746b9c745b66f55d1d2f5d3134e2f
