[INFO] cloning repository https://github.com/lucklyisgood/lm
[INFO] running `Command { std: "git" "-c" "credential.helper=" "-c" "credential.helper=/workspace/cargo-home/bin/git-credential-null" "clone" "--bare" "https://github.com/lucklyisgood/lm" "/workspace/cache/git-repos/https%3A%2F%2Fgithub.com%2Flucklyisgood%2Flm", kill_on_drop: false }`
[INFO] [stderr] Cloning into bare repository '/workspace/cache/git-repos/https%3A%2F%2Fgithub.com%2Flucklyisgood%2Flm'...
[INFO] running `Command { std: "git" "rev-parse" "HEAD", kill_on_drop: false }`
[INFO] [stdout] cba829b698093764c9c2c89345455c58f63f053c
[INFO] testing lucklyisgood/lm against nightly-2025-01-18 for randomize-layout-2
[INFO] running `Command { std: "git" "clone" "/workspace/cache/git-repos/https%3A%2F%2Fgithub.com%2Flucklyisgood%2Flm" "/workspace/builds/worker-5-tc1/source", kill_on_drop: false }`
[INFO] [stderr] Cloning into '/workspace/builds/worker-5-tc1/source'...
[INFO] [stderr] done.
[INFO] validating manifest of git repo https://github.com/lucklyisgood/lm on toolchain nightly-2025-01-18
[INFO] running `Command { std: CARGO_HOME="/workspace/cargo-home" RUSTUP_HOME="/workspace/rustup-home" "/workspace/cargo-home/bin/cargo" "+nightly-2025-01-18" "metadata" "--manifest-path" "Cargo.toml" "--no-deps", kill_on_drop: false }`
[INFO] started tweaking git repo https://github.com/lucklyisgood/lm
[INFO] finished tweaking git repo https://github.com/lucklyisgood/lm
[INFO] tweaked toml for git repo https://github.com/lucklyisgood/lm written to /workspace/builds/worker-5-tc1/source/Cargo.toml
[INFO] crate git repo https://github.com/lucklyisgood/lm already has a lockfile, it will not be regenerated
[INFO] running `Command { std: CARGO_HOME="/workspace/cargo-home" RUSTUP_HOME="/workspace/rustup-home" "/workspace/cargo-home/bin/cargo" "+nightly-2025-01-18" "fetch" "--manifest-path" "Cargo.toml", kill_on_drop: false }`
[INFO] [stderr]     Blocking waiting for file lock on package cache
[INFO] [stderr]     Blocking waiting for file lock on package cache
[INFO] running `Command { std: "docker" "create" "-v" "/var/lib/crater-agent-workspace/builds/worker-5-tc1/target:/opt/rustwide/target:rw,Z" "-v" "/var/lib/crater-agent-workspace/builds/worker-5-tc1/source:/opt/rustwide/workdir:ro,Z" "-v" "/var/lib/crater-agent-workspace/cargo-home:/opt/rustwide/cargo-home:ro,Z" "-v" "/var/lib/crater-agent-workspace/rustup-home:/opt/rustwide/rustup-home:ro,Z" "-e" "SOURCE_DIR=/opt/rustwide/workdir" "-e" "CARGO_TARGET_DIR=/opt/rustwide/target" "-e" "CARGO_HOME=/opt/rustwide/cargo-home" "-e" "RUSTUP_HOME=/opt/rustwide/rustup-home" "-w" "/opt/rustwide/workdir" "-m" "1610612736" "--user" "0:0" "--network" "none" "ghcr.io/rust-lang/crates-build-env/linux@sha256:819108c5571ea2e421544af4d832f968d213c87fbe3707a016657f43d2f853bc" "/opt/rustwide/cargo-home/bin/cargo" "+nightly-2025-01-18" "metadata" "--no-deps" "--format-version=1", kill_on_drop: false }`
[INFO] [stdout] 6c3f71a7c22ad61bce21afbfa3dc2943e5aa65fbeb92d3559bdc0d56ac455659
[INFO] running `Command { std: "docker" "start" "-a" "6c3f71a7c22ad61bce21afbfa3dc2943e5aa65fbeb92d3559bdc0d56ac455659", kill_on_drop: false }`
[INFO] running `Command { std: "docker" "inspect" "6c3f71a7c22ad61bce21afbfa3dc2943e5aa65fbeb92d3559bdc0d56ac455659", kill_on_drop: false }`
[INFO] running `Command { std: "docker" "rm" "-f" "6c3f71a7c22ad61bce21afbfa3dc2943e5aa65fbeb92d3559bdc0d56ac455659", kill_on_drop: false }`
[INFO] [stdout] 6c3f71a7c22ad61bce21afbfa3dc2943e5aa65fbeb92d3559bdc0d56ac455659
[INFO] running `Command { std: "docker" "create" "-v" "/var/lib/crater-agent-workspace/builds/worker-5-tc1/target:/opt/rustwide/target:rw,Z" "-v" "/var/lib/crater-agent-workspace/builds/worker-5-tc1/source:/opt/rustwide/workdir:ro,Z" "-v" "/var/lib/crater-agent-workspace/cargo-home:/opt/rustwide/cargo-home:ro,Z" "-v" "/var/lib/crater-agent-workspace/rustup-home:/opt/rustwide/rustup-home:ro,Z" "-e" "SOURCE_DIR=/opt/rustwide/workdir" "-e" "CARGO_TARGET_DIR=/opt/rustwide/target" "-e" "CARGO_INCREMENTAL=0" "-e" "RUST_BACKTRACE=full" "-e" "RUSTFLAGS=--cap-lints=forbid" "-e" "RUSTDOCFLAGS=--cap-lints=forbid" "-e" "CARGO_HOME=/opt/rustwide/cargo-home" "-e" "RUSTUP_HOME=/opt/rustwide/rustup-home" "-w" "/opt/rustwide/workdir" "-m" "1610612736" "--user" "0:0" "--network" "none" "ghcr.io/rust-lang/crates-build-env/linux@sha256:819108c5571ea2e421544af4d832f968d213c87fbe3707a016657f43d2f853bc" "/opt/rustwide/cargo-home/bin/cargo" "+nightly-2025-01-18" "build" "--frozen" "--message-format=json", kill_on_drop: false }`
[INFO] [stdout] 89c95aaf1bc50ebcc70e28bef3407bc0e4b4c620a197b867516d2b92a612d7b2
[INFO] running `Command { std: "docker" "start" "-a" "89c95aaf1bc50ebcc70e28bef3407bc0e4b4c620a197b867516d2b92a612d7b2", kill_on_drop: false }`
[INFO] [stderr]    Compiling lm v0.1.0 (/opt/rustwide/workdir)
[INFO] [stdout] warning: function `get_keywords` is never used
[INFO] [stdout]  --> src/scanner.rs:7:4
[INFO] [stdout]   |
[INFO] [stdout] 7 | fn get_keywords() -> HashMap<&'static str, TokenType> {
[INFO] [stdout]   |    ^^^^^^^^^^^^
[INFO] [stdout]   |
[INFO] [stdout]   = note: `#[warn(dead_code)]` on by default
[INFO] [stdout] 
[INFO] [stdout] 
[INFO] [stdout] warning: struct `Scanner` is never constructed
[INFO] [stdout]   --> src/scanner.rs:11:12
[INFO] [stdout]    |
[INFO] [stdout] 11 | pub struct Scanner {
[INFO] [stdout]    |            ^^^^^^^
[INFO] [stdout] 
[INFO] [stdout] 
[INFO] [stdout] warning: multiple associated items are never used
[INFO] [stdout]    --> src/scanner.rs:23:12
[INFO] [stdout]     |
[INFO] [stdout] 22  | impl Scanner {
[INFO] [stdout]     | ------------ associated items in this implementation
[INFO] [stdout] 23  |     pub fn new(source: &str) -> Self {
[INFO] [stdout]     |            ^^^
[INFO] [stdout] ...
[INFO] [stdout] 34  |     pub fn scan_tokens(&mut self) -> Result<Vec<Token>, String> {
[INFO] [stdout]     |            ^^^^^^^^^^^
[INFO] [stdout] ...
[INFO] [stdout] 64  |     fn is_at_end(&self) -> bool {
[INFO] [stdout]     |        ^^^^^^^^^
[INFO] [stdout] ...
[INFO] [stdout] 68  |     fn scan_token(&mut self) -> Result<(), String> {
[INFO] [stdout]     |        ^^^^^^^^^^
[INFO] [stdout] ...
[INFO] [stdout] 97  |     fn next_char(&mut self) -> char {
[INFO] [stdout]     |        ^^^^^^^^^
[INFO] [stdout] ...
[INFO] [stdout] 103 |     fn add_token(self: &mut Self, token_type: TokenType) {
[INFO] [stdout]     |        ^^^^^^^^^
[INFO] [stdout] ...
[INFO] [stdout] 107 |     fn add_token_lit(self: &mut Self, token_type: TokenType, literal: Option<LiteralValue>) {
[INFO] [stdout]     |        ^^^^^^^^^^^^^
[INFO] [stdout] ...
[INFO] [stdout] 118 |     fn peek_next(&self) -> char {
[INFO] [stdout]     |        ^^^^^^^^^
[INFO] [stdout] ...
[INFO] [stdout] 125 |     fn peek(&self) -> char {
[INFO] [stdout]     |        ^^^^
[INFO] [stdout] ...
[INFO] [stdout] 132 |     fn char_match(&mut self, ch: char) -> bool {
[INFO] [stdout]     |        ^^^^^^^^^^
[INFO] [stdout] ...
[INFO] [stdout] 145 |     fn string(&mut self) -> Result<(), String> {
[INFO] [stdout]     |        ^^^^^^
[INFO] [stdout] ...
[INFO] [stdout] 169 |     fn number(&mut self) -> Result<(), String> {
[INFO] [stdout]     |        ^^^^^^
[INFO] [stdout] ...
[INFO] [stdout] 188 |     fn identifier(&mut self) {
[INFO] [stdout]     |        ^^^^^^^^^^
[INFO] [stdout] 
[INFO] [stdout] 
[INFO] [stdout] warning: multiple variants are never constructed
[INFO] [stdout]   --> src/token_type.rs:6:5
[INFO] [stdout]    |
[INFO] [stdout] 4  | pub enum TokenType {
[INFO] [stdout]    |          --------- variants in this enum
[INFO] [stdout] 5  |     // 单一字符
[INFO] [stdout] 6  |     Semicolon,
[INFO] [stdout]    |     ^^^^^^^^^
[INFO] [stdout] 7  |     LeftParen,
[INFO] [stdout]    |     ^^^^^^^^^
[INFO] [stdout] 8  |     RightParen,
[INFO] [stdout]    |     ^^^^^^^^^^
[INFO] [stdout] ...
[INFO] [stdout] 11 |     Eq,
[INFO] [stdout]    |     ^^
[INFO] [stdout] 12 |     EqEq,
[INFO] [stdout]    |     ^^^^
[INFO] [stdout] ...
[INFO] [stdout] 15 |     Identifier,
[INFO] [stdout]    |     ^^^^^^^^^^
[INFO] [stdout] 16 |     StringLit,
[INFO] [stdout]    |     ^^^^^^^^^
[INFO] [stdout] 17 |     Number,
[INFO] [stdout]    |     ^^^^^^
[INFO] [stdout] ...
[INFO] [stdout] 20 |     Println,
[INFO] [stdout]    |     ^^^^^^^
[INFO] [stdout] 21 |     Let,
[INFO] [stdout]    |     ^^^
[INFO] [stdout] 22 |
[INFO] [stdout] 23 |     Eof,
[INFO] [stdout]    |     ^^^
[INFO] [stdout]    |
[INFO] [stdout]    = note: `TokenType` has derived impls for the traits `Clone` and `Debug`, but these are intentionally ignored during dead code analysis
[INFO] [stdout] 
[INFO] [stdout] 
[INFO] [stdout] warning: variants `NumberValue` and `StringValue` are never constructed
[INFO] [stdout]   --> src/token_type.rs:34:5
[INFO] [stdout]    |
[INFO] [stdout] 33 | pub enum LiteralValue {
[INFO] [stdout]    |          ------------ variants in this enum
[INFO] [stdout] 34 |     NumberValue(f64),
[INFO] [stdout]    |     ^^^^^^^^^^^
[INFO] [stdout] 35 |     StringValue(String),
[INFO] [stdout]    |     ^^^^^^^^^^^
[INFO] [stdout]    |
[INFO] [stdout]    = note: `LiteralValue` has derived impls for the traits `Clone` and `Debug`, but these are intentionally ignored during dead code analysis
[INFO] [stdout] 
[INFO] [stdout] 
[INFO] [stdout] warning: field `line_nu` is never read
[INFO] [stdout]   --> src/token_type.rs:43:9
[INFO] [stdout]    |
[INFO] [stdout] 39 | pub struct Token {
[INFO] [stdout]    |            ----- field in this struct
[INFO] [stdout] ...
[INFO] [stdout] 43 |     pub line_nu: usize,
[INFO] [stdout]    |         ^^^^^^^
[INFO] [stdout]    |
[INFO] [stdout]    = note: `Token` has derived impls for the traits `Clone` and `Debug`, but these are intentionally ignored during dead code analysis
[INFO] [stdout] 
[INFO] [stdout] 
[INFO] [stderr]     Finished `dev` profile [unoptimized + debuginfo] target(s) in 0.82s
[INFO] running `Command { std: "docker" "inspect" "89c95aaf1bc50ebcc70e28bef3407bc0e4b4c620a197b867516d2b92a612d7b2", kill_on_drop: false }`
[INFO] running `Command { std: "docker" "rm" "-f" "89c95aaf1bc50ebcc70e28bef3407bc0e4b4c620a197b867516d2b92a612d7b2", kill_on_drop: false }`
[INFO] [stdout] 89c95aaf1bc50ebcc70e28bef3407bc0e4b4c620a197b867516d2b92a612d7b2
[INFO] running `Command { std: "docker" "create" "-v" "/var/lib/crater-agent-workspace/builds/worker-5-tc1/target:/opt/rustwide/target:rw,Z" "-v" "/var/lib/crater-agent-workspace/builds/worker-5-tc1/source:/opt/rustwide/workdir:ro,Z" "-v" "/var/lib/crater-agent-workspace/cargo-home:/opt/rustwide/cargo-home:ro,Z" "-v" "/var/lib/crater-agent-workspace/rustup-home:/opt/rustwide/rustup-home:ro,Z" "-e" "SOURCE_DIR=/opt/rustwide/workdir" "-e" "CARGO_TARGET_DIR=/opt/rustwide/target" "-e" "CARGO_INCREMENTAL=0" "-e" "RUST_BACKTRACE=full" "-e" "RUSTFLAGS=--cap-lints=forbid" "-e" "RUSTDOCFLAGS=--cap-lints=forbid" "-e" "CARGO_HOME=/opt/rustwide/cargo-home" "-e" "RUSTUP_HOME=/opt/rustwide/rustup-home" "-w" "/opt/rustwide/workdir" "-m" "1610612736" "--user" "0:0" "--network" "none" "ghcr.io/rust-lang/crates-build-env/linux@sha256:819108c5571ea2e421544af4d832f968d213c87fbe3707a016657f43d2f853bc" "/opt/rustwide/cargo-home/bin/cargo" "+nightly-2025-01-18" "test" "--frozen" "--no-run" "--message-format=json", kill_on_drop: false }`
[INFO] [stdout] 2fffc6e4830ceba8064c411853372f673dd80e09990d58e47228f65b0147173a
[INFO] running `Command { std: "docker" "start" "-a" "2fffc6e4830ceba8064c411853372f673dd80e09990d58e47228f65b0147173a", kill_on_drop: false }`
[INFO] [stderr]    Compiling lm v0.1.0 (/opt/rustwide/workdir)
[INFO] [stdout] warning: function `get_keywords` is never used
[INFO] [stdout]  --> src/scanner.rs:7:4
[INFO] [stdout]   |
[INFO] [stdout] 7 | fn get_keywords() -> HashMap<&'static str, TokenType> {
[INFO] [stdout]   |    ^^^^^^^^^^^^
[INFO] [stdout]   |
[INFO] [stdout]   = note: `#[warn(dead_code)]` on by default
[INFO] [stdout] 
[INFO] [stdout] 
[INFO] [stdout] warning: struct `Scanner` is never constructed
[INFO] [stdout]   --> src/scanner.rs:11:12
[INFO] [stdout]    |
[INFO] [stdout] 11 | pub struct Scanner {
[INFO] [stdout]    |            ^^^^^^^
[INFO] [stdout] 
[INFO] [stdout] 
[INFO] [stdout] warning: multiple associated items are never used
[INFO] [stdout]    --> src/scanner.rs:23:12
[INFO] [stdout]     |
[INFO] [stdout] 22  | impl Scanner {
[INFO] [stdout]     | ------------ associated items in this implementation
[INFO] [stdout] 23  |     pub fn new(source: &str) -> Self {
[INFO] [stdout]     |            ^^^
[INFO] [stdout] ...
[INFO] [stdout] 34  |     pub fn scan_tokens(&mut self) -> Result<Vec<Token>, String> {
[INFO] [stdout]     |            ^^^^^^^^^^^
[INFO] [stdout] ...
[INFO] [stdout] 64  |     fn is_at_end(&self) -> bool {
[INFO] [stdout]     |        ^^^^^^^^^
[INFO] [stdout] ...
[INFO] [stdout] 68  |     fn scan_token(&mut self) -> Result<(), String> {
[INFO] [stdout]     |        ^^^^^^^^^^
[INFO] [stdout] ...
[INFO] [stdout] 97  |     fn next_char(&mut self) -> char {
[INFO] [stdout]     |        ^^^^^^^^^
[INFO] [stdout] ...
[INFO] [stdout] 103 |     fn add_token(self: &mut Self, token_type: TokenType) {
[INFO] [stdout]     |        ^^^^^^^^^
[INFO] [stdout] ...
[INFO] [stdout] 107 |     fn add_token_lit(self: &mut Self, token_type: TokenType, literal: Option<LiteralValue>) {
[INFO] [stdout]     |        ^^^^^^^^^^^^^
[INFO] [stdout] ...
[INFO] [stdout] 118 |     fn peek_next(&self) -> char {
[INFO] [stdout]     |        ^^^^^^^^^
[INFO] [stdout] ...
[INFO] [stdout] 125 |     fn peek(&self) -> char {
[INFO] [stdout]     |        ^^^^
[INFO] [stdout] ...
[INFO] [stdout] 132 |     fn char_match(&mut self, ch: char) -> bool {
[INFO] [stdout]     |        ^^^^^^^^^^
[INFO] [stdout] ...
[INFO] [stdout] 145 |     fn string(&mut self) -> Result<(), String> {
[INFO] [stdout]     |        ^^^^^^
[INFO] [stdout] ...
[INFO] [stdout] 169 |     fn number(&mut self) -> Result<(), String> {
[INFO] [stdout]     |        ^^^^^^
[INFO] [stdout] ...
[INFO] [stdout] 188 |     fn identifier(&mut self) {
[INFO] [stdout]     |        ^^^^^^^^^^
[INFO] [stdout] 
[INFO] [stdout] 
[INFO] [stdout] warning: multiple variants are never constructed
[INFO] [stdout]   --> src/token_type.rs:6:5
[INFO] [stdout]    |
[INFO] [stdout] 4  | pub enum TokenType {
[INFO] [stdout]    |          --------- variants in this enum
[INFO] [stdout] 5  |     // 单一字符
[INFO] [stdout] 6  |     Semicolon,
[INFO] [stdout]    |     ^^^^^^^^^
[INFO] [stdout] 7  |     LeftParen,
[INFO] [stdout]    |     ^^^^^^^^^
[INFO] [stdout] 8  |     RightParen,
[INFO] [stdout]    |     ^^^^^^^^^^
[INFO] [stdout] ...
[INFO] [stdout] 11 |     Eq,
[INFO] [stdout]    |     ^^
[INFO] [stdout] 12 |     EqEq,
[INFO] [stdout]    |     ^^^^
[INFO] [stdout] ...
[INFO] [stdout] 15 |     Identifier,
[INFO] [stdout]    |     ^^^^^^^^^^
[INFO] [stdout] 16 |     StringLit,
[INFO] [stdout]    |     ^^^^^^^^^
[INFO] [stdout] 17 |     Number,
[INFO] [stdout]    |     ^^^^^^
[INFO] [stdout] ...
[INFO] [stdout] 20 |     Println,
[INFO] [stdout]    |     ^^^^^^^
[INFO] [stdout] 21 |     Let,
[INFO] [stdout]    |     ^^^
[INFO] [stdout] 22 |
[INFO] [stdout] 23 |     Eof,
[INFO] [stdout]    |     ^^^
[INFO] [stdout]    |
[INFO] [stdout]    = note: `TokenType` has derived impls for the traits `Clone` and `Debug`, but these are intentionally ignored during dead code analysis
[INFO] [stdout] 
[INFO] [stdout] 
[INFO] [stdout] warning: variants `NumberValue` and `StringValue` are never constructed
[INFO] [stdout]   --> src/token_type.rs:34:5
[INFO] [stdout]    |
[INFO] [stdout] 33 | pub enum LiteralValue {
[INFO] [stdout]    |          ------------ variants in this enum
[INFO] [stdout] 34 |     NumberValue(f64),
[INFO] [stdout]    |     ^^^^^^^^^^^
[INFO] [stdout] 35 |     StringValue(String),
[INFO] [stdout]    |     ^^^^^^^^^^^
[INFO] [stdout]    |
[INFO] [stdout]    = note: `LiteralValue` has derived impls for the traits `Clone` and `Debug`, but these are intentionally ignored during dead code analysis
[INFO] [stdout] 
[INFO] [stdout] 
[INFO] [stdout] warning: field `line_nu` is never read
[INFO] [stdout]   --> src/token_type.rs:43:9
[INFO] [stdout]    |
[INFO] [stdout] 39 | pub struct Token {
[INFO] [stdout]    |            ----- field in this struct
[INFO] [stdout] ...
[INFO] [stdout] 43 |     pub line_nu: usize,
[INFO] [stdout]    |         ^^^^^^^
[INFO] [stdout]    |
[INFO] [stdout]    = note: `Token` has derived impls for the traits `Clone` and `Debug`, but these are intentionally ignored during dead code analysis
[INFO] [stdout] 
[INFO] [stdout] 
[INFO] [stdout] warning: function `get_keywords` is never used
[INFO] [stdout]  --> src/scanner.rs:7:4
[INFO] [stdout]   |
[INFO] [stdout] 7 | fn get_keywords() -> HashMap<&'static str, TokenType> {
[INFO] [stdout]   |    ^^^^^^^^^^^^
[INFO] [stdout]   |
[INFO] [stdout]   = note: `#[warn(dead_code)]` on by default
[INFO] [stdout] 
[INFO] [stdout] 
[INFO] [stdout] warning: struct `Scanner` is never constructed
[INFO] [stdout]   --> src/scanner.rs:11:12
[INFO] [stdout]    |
[INFO] [stdout] 11 | pub struct Scanner {
[INFO] [stdout]    |            ^^^^^^^
[INFO] [stdout] 
[INFO] [stdout] 
[INFO] [stdout] warning: multiple associated items are never used
[INFO] [stdout]    --> src/scanner.rs:23:12
[INFO] [stdout]     |
[INFO] [stdout] 22  | impl Scanner {
[INFO] [stdout]     | ------------ associated items in this implementation
[INFO] [stdout] 23  |     pub fn new(source: &str) -> Self {
[INFO] [stdout]     |            ^^^
[INFO] [stdout] ...
[INFO] [stdout] 34  |     pub fn scan_tokens(&mut self) -> Result<Vec<Token>, String> {
[INFO] [stdout]     |            ^^^^^^^^^^^
[INFO] [stdout] ...
[INFO] [stdout] 64  |     fn is_at_end(&self) -> bool {
[INFO] [stdout]     |        ^^^^^^^^^
[INFO] [stdout] ...
[INFO] [stdout] 68  |     fn scan_token(&mut self) -> Result<(), String> {
[INFO] [stdout]     |        ^^^^^^^^^^
[INFO] [stdout] ...
[INFO] [stdout] 97  |     fn next_char(&mut self) -> char {
[INFO] [stdout]     |        ^^^^^^^^^
[INFO] [stdout] ...
[INFO] [stdout] 103 |     fn add_token(self: &mut Self, token_type: TokenType) {
[INFO] [stdout]     |        ^^^^^^^^^
[INFO] [stdout] ...
[INFO] [stdout] 107 |     fn add_token_lit(self: &mut Self, token_type: TokenType, literal: Option<LiteralValue>) {
[INFO] [stdout]     |        ^^^^^^^^^^^^^
[INFO] [stdout] ...
[INFO] [stdout] 118 |     fn peek_next(&self) -> char {
[INFO] [stdout]     |        ^^^^^^^^^
[INFO] [stdout] ...
[INFO] [stdout] 125 |     fn peek(&self) -> char {
[INFO] [stdout]     |        ^^^^
[INFO] [stdout] ...
[INFO] [stdout] 132 |     fn char_match(&mut self, ch: char) -> bool {
[INFO] [stdout]     |        ^^^^^^^^^^
[INFO] [stdout] ...
[INFO] [stdout] 145 |     fn string(&mut self) -> Result<(), String> {
[INFO] [stdout]     |        ^^^^^^
[INFO] [stdout] ...
[INFO] [stdout] 169 |     fn number(&mut self) -> Result<(), String> {
[INFO] [stdout]     |        ^^^^^^
[INFO] [stdout] ...
[INFO] [stdout] 188 |     fn identifier(&mut self) {
[INFO] [stdout]     |        ^^^^^^^^^^
[INFO] [stdout] 
[INFO] [stdout] 
[INFO] [stdout] warning: multiple variants are never constructed
[INFO] [stdout]   --> src/token_type.rs:6:5
[INFO] [stdout]    |
[INFO] [stdout] 4  | pub enum TokenType {
[INFO] [stdout]    |          --------- variants in this enum
[INFO] [stdout] 5  |     // 单一字符
[INFO] [stdout] 6  |     Semicolon,
[INFO] [stdout]    |     ^^^^^^^^^
[INFO] [stdout] 7  |     LeftParen,
[INFO] [stdout]    |     ^^^^^^^^^
[INFO] [stdout] 8  |     RightParen,
[INFO] [stdout]    |     ^^^^^^^^^^
[INFO] [stdout] ...
[INFO] [stdout] 11 |     Eq,
[INFO] [stdout]    |     ^^
[INFO] [stdout] 12 |     EqEq,
[INFO] [stdout]    |     ^^^^
[INFO] [stdout] ...
[INFO] [stdout] 15 |     Identifier,
[INFO] [stdout]    |     ^^^^^^^^^^
[INFO] [stdout] 16 |     StringLit,
[INFO] [stdout]    |     ^^^^^^^^^
[INFO] [stdout] 17 |     Number,
[INFO] [stdout]    |     ^^^^^^
[INFO] [stdout] ...
[INFO] [stdout] 20 |     Println,
[INFO] [stdout]    |     ^^^^^^^
[INFO] [stdout] 21 |     Let,
[INFO] [stdout]    |     ^^^
[INFO] [stdout] 22 |
[INFO] [stdout] 23 |     Eof,
[INFO] [stdout]    |     ^^^
[INFO] [stdout]    |
[INFO] [stdout]    = note: `TokenType` has derived impls for the traits `Clone` and `Debug`, but these are intentionally ignored during dead code analysis
[INFO] [stdout] 
[INFO] [stdout] 
[INFO] [stdout] warning: variants `NumberValue` and `StringValue` are never constructed
[INFO] [stdout]   --> src/token_type.rs:34:5
[INFO] [stdout]    |
[INFO] [stdout] 33 | pub enum LiteralValue {
[INFO] [stdout]    |          ------------ variants in this enum
[INFO] [stdout] 34 |     NumberValue(f64),
[INFO] [stdout]    |     ^^^^^^^^^^^
[INFO] [stdout] 35 |     StringValue(String),
[INFO] [stdout]    |     ^^^^^^^^^^^
[INFO] [stdout]    |
[INFO] [stdout]    = note: `LiteralValue` has derived impls for the traits `Clone` and `Debug`, but these are intentionally ignored during dead code analysis
[INFO] [stdout] 
[INFO] [stdout] 
[INFO] [stdout] warning: field `line_nu` is never read
[INFO] [stdout]   --> src/token_type.rs:43:9
[INFO] [stdout]    |
[INFO] [stdout] 39 | pub struct Token {
[INFO] [stdout]    |            ----- field in this struct
[INFO] [stdout] ...
[INFO] [stdout] 43 |     pub line_nu: usize,
[INFO] [stdout]    |         ^^^^^^^
[INFO] [stdout]    |
[INFO] [stdout]    = note: `Token` has derived impls for the traits `Clone` and `Debug`, but these are intentionally ignored during dead code analysis
[INFO] [stdout] 
[INFO] [stdout] 
[INFO] [stderr]     Finished `test` profile [unoptimized + debuginfo] target(s) in 0.47s
[INFO] running `Command { std: "docker" "inspect" "2fffc6e4830ceba8064c411853372f673dd80e09990d58e47228f65b0147173a", kill_on_drop: false }`
[INFO] running `Command { std: "docker" "rm" "-f" "2fffc6e4830ceba8064c411853372f673dd80e09990d58e47228f65b0147173a", kill_on_drop: false }`
[INFO] [stdout] 2fffc6e4830ceba8064c411853372f673dd80e09990d58e47228f65b0147173a
[INFO] running `Command { std: "docker" "create" "-v" "/var/lib/crater-agent-workspace/builds/worker-5-tc1/target:/opt/rustwide/target:rw,Z" "-v" "/var/lib/crater-agent-workspace/builds/worker-5-tc1/source:/opt/rustwide/workdir:ro,Z" "-v" "/var/lib/crater-agent-workspace/cargo-home:/opt/rustwide/cargo-home:ro,Z" "-v" "/var/lib/crater-agent-workspace/rustup-home:/opt/rustwide/rustup-home:ro,Z" "-e" "SOURCE_DIR=/opt/rustwide/workdir" "-e" "CARGO_TARGET_DIR=/opt/rustwide/target" "-e" "CARGO_INCREMENTAL=0" "-e" "RUST_BACKTRACE=full" "-e" "RUSTFLAGS=--cap-lints=forbid" "-e" "RUSTDOCFLAGS=--cap-lints=forbid" "-e" "CARGO_HOME=/opt/rustwide/cargo-home" "-e" "RUSTUP_HOME=/opt/rustwide/rustup-home" "-w" "/opt/rustwide/workdir" "-m" "1610612736" "--user" "0:0" "--network" "none" "ghcr.io/rust-lang/crates-build-env/linux@sha256:819108c5571ea2e421544af4d832f968d213c87fbe3707a016657f43d2f853bc" "/opt/rustwide/cargo-home/bin/cargo" "+nightly-2025-01-18" "test" "--frozen", kill_on_drop: false }`
[INFO] [stdout] 8636d8bc96f4db6a79dc896b69647866a3f177380035f161cc9dff1d0c74273c
[INFO] running `Command { std: "docker" "start" "-a" "8636d8bc96f4db6a79dc896b69647866a3f177380035f161cc9dff1d0c74273c", kill_on_drop: false }`
[INFO] [stderr] warning: function `get_keywords` is never used
[INFO] [stderr]  --> src/scanner.rs:7:4
[INFO] [stderr]   |
[INFO] [stderr] 7 | fn get_keywords() -> HashMap<&'static str, TokenType> {
[INFO] [stderr]   |    ^^^^^^^^^^^^
[INFO] [stderr]   |
[INFO] [stderr]   = note: `#[warn(dead_code)]` on by default
[INFO] [stderr] 
[INFO] [stderr] warning: struct `Scanner` is never constructed
[INFO] [stderr]   --> src/scanner.rs:11:12
[INFO] [stderr]    |
[INFO] [stderr] 11 | pub struct Scanner {
[INFO] [stderr]    |            ^^^^^^^
[INFO] [stderr] 
[INFO] [stderr] warning: multiple associated items are never used
[INFO] [stderr]    --> src/scanner.rs:23:12
[INFO] [stderr]     |
[INFO] [stderr] 22  | impl Scanner {
[INFO] [stderr]     | ------------ associated items in this implementation
[INFO] [stderr] 23  |     pub fn new(source: &str) -> Self {
[INFO] [stderr]     |            ^^^
[INFO] [stderr] ...
[INFO] [stderr] 34  |     pub fn scan_tokens(&mut self) -> Result<Vec<Token>, String> {
[INFO] [stderr]     |            ^^^^^^^^^^^
[INFO] [stderr] ...
[INFO] [stderr] 64  |     fn is_at_end(&self) -> bool {
[INFO] [stderr]     |        ^^^^^^^^^
[INFO] [stderr] ...
[INFO] [stderr] 68  |     fn scan_token(&mut self) -> Result<(), String> {
[INFO] [stderr]     |        ^^^^^^^^^^
[INFO] [stderr] ...
[INFO] [stderr] 97  |     fn next_char(&mut self) -> char {
[INFO] [stderr]     |        ^^^^^^^^^
[INFO] [stderr] ...
[INFO] [stderr] 103 |     fn add_token(self: &mut Self, token_type: TokenType) {
[INFO] [stderr]     |        ^^^^^^^^^
[INFO] [stderr] ...
[INFO] [stderr] 107 |     fn add_token_lit(self: &mut Self, token_type: TokenType, literal: Option<LiteralValue>) {
[INFO] [stderr]     |        ^^^^^^^^^^^^^
[INFO] [stderr] ...
[INFO] [stderr] 118 |     fn peek_next(&self) -> char {
[INFO] [stderr]     |        ^^^^^^^^^
[INFO] [stderr] ...
[INFO] [stderr] 125 |     fn peek(&self) -> char {
[INFO] [stderr]     |        ^^^^
[INFO] [stderr] ...
[INFO] [stderr] 132 |     fn char_match(&mut self, ch: char) -> bool {
[INFO] [stderr]     |        ^^^^^^^^^^
[INFO] [stderr] ...
[INFO] [stderr] 145 |     fn string(&mut self) -> Result<(), String> {
[INFO] [stderr]     |        ^^^^^^
[INFO] [stderr] ...
[INFO] [stderr] 169 |     fn number(&mut self) -> Result<(), String> {
[INFO] [stderr]     |        ^^^^^^
[INFO] [stderr] ...
[INFO] [stderr] 188 |     fn identifier(&mut self) {
[INFO] [stderr]     |        ^^^^^^^^^^
[INFO] [stderr] 
[INFO] [stderr] warning: multiple variants are never constructed
[INFO] [stderr]   --> src/token_type.rs:6:5
[INFO] [stderr]    |
[INFO] [stderr] 4  | pub enum TokenType {
[INFO] [stderr]    |          --------- variants in this enum
[INFO] [stderr] 5  |     // 单一字符
[INFO] [stderr] 6  |     Semicolon,
[INFO] [stderr]    |     ^^^^^^^^^
[INFO] [stderr] 7  |     LeftParen,
[INFO] [stderr]    |     ^^^^^^^^^
[INFO] [stderr] 8  |     RightParen,
[INFO] [stderr]    |     ^^^^^^^^^^
[INFO] [stderr] ...
[INFO] [stderr] 11 |     Eq,
[INFO] [stderr]    |     ^^
[INFO] [stderr] 12 |     EqEq,
[INFO] [stderr]    |     ^^^^
[INFO] [stderr] ...
[INFO] [stderr] 15 |     Identifier,
[INFO] [stderr]    |     ^^^^^^^^^^
[INFO] [stderr] 16 |     StringLit,
[INFO] [stderr]    |     ^^^^^^^^^
[INFO] [stderr] 17 |     Number,
[INFO] [stderr]    |     ^^^^^^
[INFO] [stderr] ...
[INFO] [stderr] 20 |     Println,
[INFO] [stderr]    |     ^^^^^^^
[INFO] [stderr] 21 |     Let,
[INFO] [stderr]    |     ^^^
[INFO] [stderr] 22 |
[INFO] [stderr] 23 |     Eof,
[INFO] [stderr]    |     ^^^
[INFO] [stderr]    |
[INFO] [stderr]    = note: `TokenType` has derived impls for the traits `Clone` and `Debug`, but these are intentionally ignored during dead code analysis
[INFO] [stderr] 
[INFO] [stderr] warning: variants `NumberValue` and `StringValue` are never constructed
[INFO] [stderr]   --> src/token_type.rs:34:5
[INFO] [stderr]    |
[INFO] [stderr] 33 | pub enum LiteralValue {
[INFO] [stderr]    |          ------------ variants in this enum
[INFO] [stderr] 34 |     NumberValue(f64),
[INFO] [stderr]    |     ^^^^^^^^^^^
[INFO] [stderr] 35 |     StringValue(String),
[INFO] [stderr]    |     ^^^^^^^^^^^
[INFO] [stderr]    |
[INFO] [stderr]    = note: `LiteralValue` has derived impls for the traits `Clone` and `Debug`, but these are intentionally ignored during dead code analysis
[INFO] [stderr] 
[INFO] [stderr] warning: field `line_nu` is never read
[INFO] [stderr]   --> src/token_type.rs:43:9
[INFO] [stderr]    |
[INFO] [stderr] 39 | pub struct Token {
[INFO] [stderr]    |            ----- field in this struct
[INFO] [stderr] ...
[INFO] [stderr] 43 |     pub line_nu: usize,
[INFO] [stderr]    |         ^^^^^^^
[INFO] [stderr]    |
[INFO] [stderr]    = note: `Token` has derived impls for the traits `Clone` and `Debug`, but these are intentionally ignored during dead code analysis
[INFO] [stderr] 
[INFO] [stderr] warning: `lm` (bin "lm" test) generated 6 warnings
[INFO] [stderr] warning: `lm` (bin "lm") generated 6 warnings (6 duplicates)
[INFO] [stderr]     Finished `test` profile [unoptimized + debuginfo] target(s) in 0.03s
[INFO] [stderr]      Running unittests src/lib.rs (/opt/rustwide/target/debug/deps/lm-bcfbd06fc3f468fb)
[INFO] [stdout] 
[INFO] [stdout] running 0 tests
[INFO] [stdout] 
[INFO] [stdout] test result: ok. 0 passed; 0 failed; 0 ignored; 0 measured; 0 filtered out; finished in 0.00s
[INFO] [stdout] 
[INFO] [stderr]      Running unittests src/main.rs (/opt/rustwide/target/debug/deps/lm-0993f8addf96f32f)
[INFO] [stdout] 
[INFO] [stdout] running 0 tests
[INFO] [stderr]      Running tests/scanner_test.rs (/opt/rustwide/target/debug/deps/scanner_test-aba89338601bf15c)
[INFO] [stdout] 
[INFO] [stdout] test result: ok. 0 passed; 0 failed; 0 ignored; 0 measured; 0 filtered out; finished in 0.00s
[INFO] [stdout] 
[INFO] [stdout] 
[INFO] [stdout] running 2 tests
[INFO] [stdout] test keyword_test ... FAILED
[INFO] [stdout] test string_test ... FAILED
[INFO] [stdout] 
[INFO] [stdout] failures:
[INFO] [stdout] 
[INFO] [stdout] ---- keyword_test stdout ----
[INFO] [stdout] 
[INFO] [stdout] thread 'keyword_test' panicked at tests/scanner_test.rs:13:5:
[INFO] [stdout] assertion `left == right` failed
[INFO] [stdout]   left: 2
[INFO] [stdout]  right: 1
[INFO] [stdout] stack backtrace:
[INFO] [stdout]    0:     0x5b96f3a36c0a - std::backtrace_rs::backtrace::libunwind::trace::hb059275cfc8d6126
[INFO] [stdout]                                at /rustc/6067b36314ab5eb2eb47cecc464545ba58e1ad24/library/std/src/../../backtrace/src/backtrace/libunwind.rs:116:5
[INFO] [stdout]    1:     0x5b96f3a36c0a - std::backtrace_rs::backtrace::trace_unsynchronized::h2da071e4327ce3ee
[INFO] [stdout]                                at /rustc/6067b36314ab5eb2eb47cecc464545ba58e1ad24/library/std/src/../../backtrace/src/backtrace/mod.rs:66:5
[INFO] [stdout]    2:     0x5b96f3a36c0a - std::sys::backtrace::_print_fmt::h842a1474e6f8d23f
[INFO] [stdout]                                at /rustc/6067b36314ab5eb2eb47cecc464545ba58e1ad24/library/std/src/sys/backtrace.rs:66:9
[INFO] [stdout]    3:     0x5b96f3a36c0a - <std::sys::backtrace::BacktraceLock::print::DisplayBacktrace as core::fmt::Display>::fmt::h71a62eb3b9696b12
[INFO] [stdout]                                at /rustc/6067b36314ab5eb2eb47cecc464545ba58e1ad24/library/std/src/sys/backtrace.rs:39:26
[INFO] [stdout]    4:     0x5b96f3a5f1e3 - core::fmt::rt::Argument::fmt::hdb6b616786b41dc1
[INFO] [stdout]                                at /rustc/6067b36314ab5eb2eb47cecc464545ba58e1ad24/library/core/src/fmt/rt.rs:177:76
[INFO] [stdout]    5:     0x5b96f3a5f1e3 - core::fmt::write::h2cc1698af7e2d686
[INFO] [stdout]                                at /rustc/6067b36314ab5eb2eb47cecc464545ba58e1ad24/library/core/src/fmt/mod.rs:1440:21
[INFO] [stdout]    6:     0x5b96f3a33763 - std::io::Write::write_fmt::hab1b4cd059a79022
[INFO] [stdout]                                at /rustc/6067b36314ab5eb2eb47cecc464545ba58e1ad24/library/std/src/io/mod.rs:1887:15
[INFO] [stdout]    7:     0x5b96f3a36a52 - std::sys::backtrace::BacktraceLock::print::h147fe35b4ea13b08
[INFO] [stdout]                                at /rustc/6067b36314ab5eb2eb47cecc464545ba58e1ad24/library/std/src/sys/backtrace.rs:42:9
[INFO] [stdout]    8:     0x5b96f3a3802f - std::panicking::default_hook::{{closure}}::hbd44223dbdc0d208
[INFO] [stdout]                                at /rustc/6067b36314ab5eb2eb47cecc464545ba58e1ad24/library/std/src/panicking.rs:298:22
[INFO] [stdout]    9:     0x5b96f3a37e48 - std::panicking::default_hook::h20f81eb0576efcec
[INFO] [stdout]                                at /rustc/6067b36314ab5eb2eb47cecc464545ba58e1ad24/library/std/src/panicking.rs:322:9
[INFO] [stdout]   10:     0x5b96f39f4323 - <alloc::boxed::Box<F,A> as core::ops::function::Fn<Args>>::call::hdb53814c496a4d34
[INFO] [stdout]                                at /rustc/6067b36314ab5eb2eb47cecc464545ba58e1ad24/library/alloc/src/boxed.rs:2027:9
[INFO] [stdout]   11:     0x5b96f39f4323 - test::test_main::{{closure}}::hc0a4963c59427c24
[INFO] [stdout]                                at /rustc/6067b36314ab5eb2eb47cecc464545ba58e1ad24/library/test/src/lib.rs:134:21
[INFO] [stdout]   12:     0x5b96f3a38b23 - <alloc::boxed::Box<F,A> as core::ops::function::Fn<Args>>::call::h591b2225413a77e9
[INFO] [stdout]                                at /rustc/6067b36314ab5eb2eb47cecc464545ba58e1ad24/library/alloc/src/boxed.rs:2027:9
[INFO] [stdout]   13:     0x5b96f3a38b23 - std::panicking::rust_panic_with_hook::h625eea43051b2edc
[INFO] [stdout]                                at /rustc/6067b36314ab5eb2eb47cecc464545ba58e1ad24/library/std/src/panicking.rs:839:13
[INFO] [stdout]   14:     0x5b96f3a387da - std::panicking::begin_panic_handler::{{closure}}::h4f9159cfbc3f6bd3
[INFO] [stdout]                                at /rustc/6067b36314ab5eb2eb47cecc464545ba58e1ad24/library/std/src/panicking.rs:704:13
[INFO] [stdout]   15:     0x5b96f3a37109 - std::sys::backtrace::__rust_end_short_backtrace::h0390abce48353151
[INFO] [stdout]                                at /rustc/6067b36314ab5eb2eb47cecc464545ba58e1ad24/library/std/src/sys/backtrace.rs:168:18
[INFO] [stdout]   16:     0x5b96f3a3846d - rust_begin_unwind
[INFO] [stdout]                                at /rustc/6067b36314ab5eb2eb47cecc464545ba58e1ad24/library/std/src/panicking.rs:695:5
[INFO] [stdout]   17:     0x5b96f3a5dc60 - core::panicking::panic_fmt::h9e7c637e9e5f29c9
[INFO] [stdout]                                at /rustc/6067b36314ab5eb2eb47cecc464545ba58e1ad24/library/core/src/panicking.rs:75:14
[INFO] [stdout]   18:     0x5b96f3a5dfb2 - core::panicking::assert_failed_inner::h538bec7c1374cd9c
[INFO] [stdout]   19:     0x5b96f3a5de69 - core::panicking::assert_failed::h7fe8c93d80615b71
[INFO] [stdout]                                at /rustc/6067b36314ab5eb2eb47cecc464545ba58e1ad24/library/core/src/panicking.rs:364:5
[INFO] [stdout]   20:     0x5b96f39b9e62 - scanner_test::keyword_test::h0c0435d4b9f07180
[INFO] [stdout]                                at /opt/rustwide/workdir/tests/scanner_test.rs:13:5
[INFO] [stdout]   21:     0x5b96f39b9b77 - scanner_test::keyword_test::{{closure}}::hb5d853da82af3321
[INFO] [stdout]                                at /opt/rustwide/workdir/tests/scanner_test.rs:5:18
[INFO] [stdout]   22:     0x5b96f39b9656 - core::ops::function::FnOnce::call_once::h723e3619ca650e1b
[INFO] [stdout]                                at /rustc/6067b36314ab5eb2eb47cecc464545ba58e1ad24/library/core/src/ops/function.rs:250:5
[INFO] [stdout]   23:     0x5b96f39f9a7b - core::ops::function::FnOnce::call_once::he27718dfdd183f43
[INFO] [stdout]                                at /rustc/6067b36314ab5eb2eb47cecc464545ba58e1ad24/library/core/src/ops/function.rs:250:5
[INFO] [stdout]   24:     0x5b96f39f9a7b - test::__rust_begin_short_backtrace::h4e84902998457a5d
[INFO] [stdout]                                at /rustc/6067b36314ab5eb2eb47cecc464545ba58e1ad24/library/test/src/lib.rs:632:18
[INFO] [stdout]   25:     0x5b96f39f89b3 - test::run_test_in_process::{{closure}}::h7176fd18fc1feca0
[INFO] [stdout]                                at /rustc/6067b36314ab5eb2eb47cecc464545ba58e1ad24/library/test/src/lib.rs:655:60
[INFO] [stdout]   26:     0x5b96f39f89b3 - <core::panic::unwind_safe::AssertUnwindSafe<F> as core::ops::function::FnOnce<()>>::call_once::hf79cff2a624d8cf7
[INFO] [stdout]                                at /rustc/6067b36314ab5eb2eb47cecc464545ba58e1ad24/library/core/src/panic/unwind_safe.rs:272:9
[INFO] [stdout]   27:     0x5b96f39f89b3 - std::panicking::try::do_call::h3da0561d9ab99c25
[INFO] [stdout]                                at /rustc/6067b36314ab5eb2eb47cecc464545ba58e1ad24/library/std/src/panicking.rs:587:40
[INFO] [stdout]   28:     0x5b96f39f89b3 - std::panicking::try::h41c9fa508bc61df6
[INFO] [stdout]                                at /rustc/6067b36314ab5eb2eb47cecc464545ba58e1ad24/library/std/src/panicking.rs:550:19
[INFO] [stdout]   29:     0x5b96f39f89b3 - std::panic::catch_unwind::h6b3ff07bb5afad93
[INFO] [stdout]                                at /rustc/6067b36314ab5eb2eb47cecc464545ba58e1ad24/library/std/src/panic.rs:358:14
[INFO] [stdout]   30:     0x5b96f39f89b3 - test::run_test_in_process::hc7253dd11b39b9f4
[INFO] [stdout]                                at /rustc/6067b36314ab5eb2eb47cecc464545ba58e1ad24/library/test/src/lib.rs:655:27
[INFO] [stdout]   31:     0x5b96f39f89b3 - test::run_test::{{closure}}::hfb2007f8649c30bb
[INFO] [stdout]                                at /rustc/6067b36314ab5eb2eb47cecc464545ba58e1ad24/library/test/src/lib.rs:576:43
[INFO] [stdout]   32:     0x5b96f39bba95 - test::run_test::{{closure}}::h56a17aa7a282a9f4
[INFO] [stdout]                                at /rustc/6067b36314ab5eb2eb47cecc464545ba58e1ad24/library/test/src/lib.rs:606:41
[INFO] [stdout]   33:     0x5b96f39bba95 - std::sys::backtrace::__rust_begin_short_backtrace::hd2d2d2fb8e8c6aac
[INFO] [stdout]                                at /rustc/6067b36314ab5eb2eb47cecc464545ba58e1ad24/library/std/src/sys/backtrace.rs:152:18
[INFO] [stdout]   34:     0x5b96f39bf37a - std::thread::Builder::spawn_unchecked_::{{closure}}::{{closure}}::h4faa3f9db6133423
[INFO] [stdout]                                at /rustc/6067b36314ab5eb2eb47cecc464545ba58e1ad24/library/std/src/thread/mod.rs:559:17
[INFO] [stdout]   35:     0x5b96f39bf37a - <core::panic::unwind_safe::AssertUnwindSafe<F> as core::ops::function::FnOnce<()>>::call_once::hf2e855a36a4ea846
[INFO] [stdout]                                at /rustc/6067b36314ab5eb2eb47cecc464545ba58e1ad24/library/core/src/panic/unwind_safe.rs:272:9
[INFO] [stdout]   36:     0x5b96f39bf37a - std::panicking::try::do_call::h2f73af3616c35465
[INFO] [stdout]                                at /rustc/6067b36314ab5eb2eb47cecc464545ba58e1ad24/library/std/src/panicking.rs:587:40
[INFO] [stdout]   37:     0x5b96f39bf37a - std::panicking::try::hd1660ce9efadef5a
[INFO] [stdout]                                at /rustc/6067b36314ab5eb2eb47cecc464545ba58e1ad24/library/std/src/panicking.rs:550:19
[INFO] [stdout]   38:     0x5b96f39bf37a - std::panic::catch_unwind::h5ee8d7823b8ca744
[INFO] [stdout]                                at /rustc/6067b36314ab5eb2eb47cecc464545ba58e1ad24/library/std/src/panic.rs:358:14
[INFO] [stdout]   39:     0x5b96f39bf37a - std::thread::Builder::spawn_unchecked_::{{closure}}::h53c3a1894dce8407
[INFO] [stdout]                                at /rustc/6067b36314ab5eb2eb47cecc464545ba58e1ad24/library/std/src/thread/mod.rs:557:30
[INFO] [stdout]   40:     0x5b96f39bf37a - core::ops::function::FnOnce::call_once{{vtable.shim}}::h048ce291ad4f62bf
[INFO] [stdout]                                at /rustc/6067b36314ab5eb2eb47cecc464545ba58e1ad24/library/core/src/ops/function.rs:250:5
[INFO] [stdout]   41:     0x5b96f3a3ca5b - <alloc::boxed::Box<F,A> as core::ops::function::FnOnce<Args>>::call_once::ha52bedf99a3b4981
[INFO] [stdout]                                at /rustc/6067b36314ab5eb2eb47cecc464545ba58e1ad24/library/alloc/src/boxed.rs:2013:9
[INFO] [stdout]   42:     0x5b96f3a3ca5b - <alloc::boxed::Box<F,A> as core::ops::function::FnOnce<Args>>::call_once::h567748934d80ccf8
[INFO] [stdout]                                at /rustc/6067b36314ab5eb2eb47cecc464545ba58e1ad24/library/alloc/src/boxed.rs:2013:9
[INFO] [stdout]   43:     0x5b96f3a3ca5b - std::sys::pal::unix::thread::Thread::new::thread_start::h2d970728ae887adc
[INFO] [stdout]                                at /rustc/6067b36314ab5eb2eb47cecc464545ba58e1ad24/library/std/src/sys/pal/unix/thread.rs:106:17
[INFO] [stdout]   44:     0x70da6bdbcac3 - <unknown>
[INFO] [stdout]   45:     0x70da6be4da04 - clone
[INFO] [stdout]   46:                0x0 - <unknown>
[INFO] [stdout] 
[INFO] [stdout] ---- string_test stdout ----
[INFO] [stdout] 
[INFO] [stdout] thread 'string_test' panicked at tests/scanner_test.rs:25:5:
[INFO] [stdout] assertion `left == right` failed
[INFO] [stdout]   left: 2
[INFO] [stdout]  right: 1
[INFO] [stdout] stack backtrace:
[INFO] [stdout]    0:     0x5b96f3a36c0a - std::backtrace_rs::backtrace::libunwind::trace::hb059275cfc8d6126
[INFO] [stdout]                                at /rustc/6067b36314ab5eb2eb47cecc464545ba58e1ad24/library/std/src/../../backtrace/src/backtrace/libunwind.rs:116:5
[INFO] [stdout]    1:     0x5b96f3a36c0a - std::backtrace_rs::backtrace::trace_unsynchronized::h2da071e4327ce3ee
[INFO] [stdout]                                at /rustc/6067b36314ab5eb2eb47cecc464545ba58e1ad24/library/std/src/../../backtrace/src/backtrace/mod.rs:66:5
[INFO] [stdout]    2:     0x5b96f3a36c0a - std::sys::backtrace::_print_fmt::h842a1474e6f8d23f
[INFO] [stdout]                                at /rustc/6067b36314ab5eb2eb47cecc464545ba58e1ad24/library/std/src/sys/backtrace.rs:66:9
[INFO] [stdout]    3:     0x5b96f3a36c0a - <std::sys::backtrace::BacktraceLock::print::DisplayBacktrace as core::fmt::Display>::fmt::h71a62eb3b9696b12
[INFO] [stdout]                                at /rustc/6067b36314ab5eb2eb47cecc464545ba58e1ad24/library/std/src/sys/backtrace.rs:39:26
[INFO] [stdout]    4:     0x5b96f3a5f1e3 - core::fmt::rt::Argument::fmt::hdb6b616786b41dc1
[INFO] [stdout]                                at /rustc/6067b36314ab5eb2eb47cecc464545ba58e1ad24/library/core/src/fmt/rt.rs:177:76
[INFO] [stdout]    5:     0x5b96f3a5f1e3 - core::fmt::write::h2cc1698af7e2d686
[INFO] [stdout]                                at /rustc/6067b36314ab5eb2eb47cecc464545ba58e1ad24/library/core/src/fmt/mod.rs:1440:21
[INFO] [stdout]    6:     0x5b96f3a33763 - std::io::Write::write_fmt::hab1b4cd059a79022
[INFO] [stdout]                                at /rustc/6067b36314ab5eb2eb47cecc464545ba58e1ad24/library/std/src/io/mod.rs:1887:15
[INFO] [stdout]    7:     0x5b96f3a36a52 - std::sys::backtrace::BacktraceLock::print::h147fe35b4ea13b08
[INFO] [stdout]                                at /rustc/6067b36314ab5eb2eb47cecc464545ba58e1ad24/library/std/src/sys/backtrace.rs:42:9
[INFO] [stdout]    8:     0x5b96f3a3802f - std::panicking::default_hook::{{closure}}::hbd44223dbdc0d208
[INFO] [stdout]                                at /rustc/6067b36314ab5eb2eb47cecc464545ba58e1ad24/library/std/src/panicking.rs:298:22
[INFO] [stdout]    9:     0x5b96f3a37e48 - std::panicking::default_hook::h20f81eb0576efcec
[INFO] [stdout]                                at /rustc/6067b36314ab5eb2eb47cecc464545ba58e1ad24/library/std/src/panicking.rs:322:9
[INFO] [stdout]   10:     0x5b96f39f4323 - <alloc::boxed::Box<F,A> as core::ops::function::Fn<Args>>::call::hdb53814c496a4d34
[INFO] [stdout]                                at /rustc/6067b36314ab5eb2eb47cecc464545ba58e1ad24/library/alloc/src/boxed.rs:2027:9
[INFO] [stdout]   11:     0x5b96f39f4323 - test::test_main::{{closure}}::hc0a4963c59427c24
[INFO] [stdout]                                at /rustc/6067b36314ab5eb2eb47cecc464545ba58e1ad24/library/test/src/lib.rs:134:21
[INFO] [stdout]   12:     0x5b96f3a38b23 - <alloc::boxed::Box<F,A> as core::ops::function::Fn<Args>>::call::h591b2225413a77e9
[INFO] [stdout]                                at /rustc/6067b36314ab5eb2eb47cecc464545ba58e1ad24/library/alloc/src/boxed.rs:2027:9
[INFO] [stdout]   13:     0x5b96f3a38b23 - std::panicking::rust_panic_with_hook::h625eea43051b2edc
[INFO] [stdout]                                at /rustc/6067b36314ab5eb2eb47cecc464545ba58e1ad24/library/std/src/panicking.rs:839:13
[INFO] [stdout]   14:     0x5b96f3a387da - std::panicking::begin_panic_handler::{{closure}}::h4f9159cfbc3f6bd3
[INFO] [stdout]                                at /rustc/6067b36314ab5eb2eb47cecc464545ba58e1ad24/library/std/src/panicking.rs:704:13
[INFO] [stdout]   15:     0x5b96f3a37109 - std::sys::backtrace::__rust_end_short_backtrace::h0390abce48353151
[INFO] [stdout]                                at /rustc/6067b36314ab5eb2eb47cecc464545ba58e1ad24/library/std/src/sys/backtrace.rs:168:18
[INFO] [stdout]   16:     0x5b96f3a3846d - rust_begin_unwind
[INFO] [stdout]                                at /rustc/6067b36314ab5eb2eb47cecc464545ba58e1ad24/library/std/src/panicking.rs:695:5
[INFO] [stdout]   17:     0x5b96f3a5dc60 - core::panicking::panic_fmt::h9e7c637e9e5f29c9
[INFO] [stdout]                                at /rustc/6067b36314ab5eb2eb47cecc464545ba58e1ad24/library/core/src/panicking.rs:75:14
[INFO] [stdout]   18:     0x5b96f3a5dfb2 - core::panicking::assert_failed_inner::h538bec7c1374cd9c
[INFO] [stdout]   19:     0x5b96f3a5de69 - core::panicking::assert_failed::h7fe8c93d80615b71
[INFO] [stdout]                                at /rustc/6067b36314ab5eb2eb47cecc464545ba58e1ad24/library/core/src/panicking.rs:364:5
[INFO] [stdout]   20:     0x5b96f39ba1c2 - scanner_test::string_test::h3fe2da10d968d571
[INFO] [stdout]                                at /opt/rustwide/workdir/tests/scanner_test.rs:25:5
[INFO] [stdout]   21:     0x5b96f39b9ed7 - scanner_test::string_test::{{closure}}::h337ea3f8d562a943
[INFO] [stdout]                                at /opt/rustwide/workdir/tests/scanner_test.rs:17:17
[INFO] [stdout]   22:     0x5b96f39b95c6 - core::ops::function::FnOnce::call_once::h092285f8b855aa2c
[INFO] [stdout]                                at /rustc/6067b36314ab5eb2eb47cecc464545ba58e1ad24/library/core/src/ops/function.rs:250:5
[INFO] [stdout]   23:     0x5b96f39f9a7b - core::ops::function::FnOnce::call_once::he27718dfdd183f43
[INFO] [stdout]                                at /rustc/6067b36314ab5eb2eb47cecc464545ba58e1ad24/library/core/src/ops/function.rs:250:5
[INFO] [stdout]   24:     0x5b96f39f9a7b - test::__rust_begin_short_backtrace::h4e84902998457a5d
[INFO] [stdout]                                at /rustc/6067b36314ab5eb2eb47cecc464545ba58e1ad24/library/test/src/lib.rs:632:18
[INFO] [stdout]   25:     0x5b96f39f89b3 - test::run_test_in_process::{{closure}}::h7176fd18fc1feca0
[INFO] [stdout]                                at /rustc/6067b36314ab5eb2eb47cecc464545ba58e1ad24/library/test/src/lib.rs:655:60
[INFO] [stdout]   26:     0x5b96f39f89b3 - <core::panic::unwind_safe::AssertUnwindSafe<F> as core::ops::function::FnOnce<()>>::call_once::hf79cff2a624d8cf7
[INFO] [stdout]                                at /rustc/6067b36314ab5eb2eb47cecc464545ba58e1ad24/library/core/src/panic/unwind_safe.rs:272:9
[INFO] [stdout]   27:     0x5b96f39f89b3 - std::panicking::try::do_call::h3da0561d9ab99c25
[INFO] [stdout]                                at /rustc/6067b36314ab5eb2eb47cecc464545ba58e1ad24/library/std/src/panicking.rs:587:40
[INFO] [stdout]   28:     0x5b96f39f89b3 - std::panicking::try::h41c9fa508bc61df6
[INFO] [stdout]                                at /rustc/6067b36314ab5eb2eb47cecc464545ba58e1ad24/library/std/src/panicking.rs:550:19
[INFO] [stdout]   29:     0x5b96f39f89b3 - std::panic::catch_unwind::h6b3ff07bb5afad93
[INFO] [stdout]                                at /rustc/6067b36314ab5eb2eb47cecc464545ba58e1ad24/library/std/src/panic.rs:358:14
[INFO] [stdout]   30:     0x5b96f39f89b3 - test::run_test_in_process::hc7253dd11b39b9f4
[INFO] [stdout]                                at /rustc/6067b36314ab5eb2eb47cecc464545ba58e1ad24/library/test/src/lib.rs:655:27
[INFO] [stdout]   31:     0x5b96f39f89b3 - test::run_test::{{closure}}::hfb2007f8649c30bb
[INFO] [stdout]                                at /rustc/6067b36314ab5eb2eb47cecc464545ba58e1ad24/library/test/src/lib.rs:576:43
[INFO] [stdout]   32:     0x5b96f39bba95 - test::run_test::{{closure}}::h56a17aa7a282a9f4
[INFO] [stdout]                                at /rustc/6067b36314ab5eb2eb47cecc464545ba58e1ad24/library/test/src/lib.rs:606:41
[INFO] [stdout]   33:     0x5b96f39bba95 - std::sys::backtrace::__rust_begin_short_backtrace::hd2d2d2fb8e8c6aac
[INFO] [stdout]                                at /rustc/6067b36314ab5eb2eb47cecc464545ba58e1ad24/library/std/src/sys/backtrace.rs:152:18
[INFO] [stdout]   34:     0x5b96f39bf37a - std::thread::Builder::spawn_unchecked_::{{closure}}::{{closure}}::h4faa3f9db6133423
[INFO] [stdout]                                at /rustc/6067b36314ab5eb2eb47cecc464545ba58e1ad24/library/std/src/thread/mod.rs:559:17
[INFO] [stdout]   35:     0x5b96f39bf37a - <core::panic::unwind_safe::AssertUnwindSafe<F> as core::ops::function::FnOnce<()>>::call_once::hf2e855a36a4ea846
[INFO] [stdout]                                at /rustc/6067b36314ab5eb2eb47cecc464545ba58e1ad24/library/core/src/panic/unwind_safe.rs:272:9
[INFO] [stdout]   36:     0x5b96f39bf37a - std::panicking::try::do_call::h2f73af3616c35465
[INFO] [stdout]                                at /rustc/6067b36314ab5eb2eb47cecc464545ba58e1ad24/library/std/src/panicking.rs:587:40
[INFO] [stdout]   37:     0x5b96f39bf37a - std::panicking::try::hd1660ce9efadef5a
[INFO] [stdout]                                at /rustc/6067b36314ab5eb2eb47cecc464545ba58e1ad24/library/std/src/panicking.rs:550:19
[INFO] [stdout]   38:     0x5b96f39bf37a - std::panic::catch_unwind::h5ee8d7823b8ca744
[INFO] [stdout]                                at /rustc/6067b36314ab5eb2eb47cecc464545ba58e1ad24/library/std/src/panic.rs:358:14
[INFO] [stdout]   39:     0x5b96f39bf37a - std::thread::Builder::spawn_unchecked_::{{closure}}::h53c3a1894dce8407
[INFO] [stdout]                                at /rustc/6067b36314ab5eb2eb47cecc464545ba58e1ad24/library/std/src/thread/mod.rs:557:30
[INFO] [stdout]   40:     0x5b96f39bf37a - core::ops::function::FnOnce::call_once{{vtable.shim}}::h048ce291ad4f62bf
[INFO] [stdout]                                at /rustc/6067b36314ab5eb2eb47cecc464545ba58e1ad24/library/core/src/ops/function.rs:250:5
[INFO] [stdout]   41:     0x5b96f3a3ca5b - <alloc::boxed::Box<F,A> as core::ops::function::FnOnce<Args>>::call_once::ha52bedf99a3b4981
[INFO] [stdout]                                at /rustc/6067b36314ab5eb2eb47cecc464545ba58e1ad24/library/alloc/src/boxed.rs:2013:9
[INFO] [stdout]   42:     0x5b96f3a3ca5b - <alloc::boxed::Box<F,A> as core::ops::function::FnOnce<Args>>::call_once::h567748934d80ccf8
[INFO] [stdout]                                at /rustc/6067b36314ab5eb2eb47cecc464545ba58e1ad24/library/alloc/src/boxed.rs:2013:9
[INFO] [stdout]   43:     0x5b96f3a3ca5b - std::sys::pal::unix::thread::Thread::new::thread_start::h2d970728ae887adc
[INFO] [stdout]                                at /rustc/6067b36314ab5eb2eb47cecc464545ba58e1ad24/library/std/src/sys/pal/unix/thread.rs:106:17
[INFO] [stdout]   44:     0x70da6bdbcac3 - <unknown>
[INFO] [stdout]   45:     0x70da6be4da04 - clone
[INFO] [stdout]   46:                0x0 - <unknown>
[INFO] [stdout] 
[INFO] [stdout] 
[INFO] [stdout] failures:
[INFO] [stdout]     keyword_test
[INFO] [stdout]     string_test
[INFO] [stdout] 
[INFO] [stdout] test result: FAILED. 0 passed; 2 failed; 0 ignored; 0 measured; 0 filtered out; finished in 0.03s
[INFO] [stdout] 
[INFO] [stderr] error: test failed, to rerun pass `--test scanner_test`
[INFO] running `Command { std: "docker" "inspect" "8636d8bc96f4db6a79dc896b69647866a3f177380035f161cc9dff1d0c74273c", kill_on_drop: false }`
[INFO] running `Command { std: "docker" "rm" "-f" "8636d8bc96f4db6a79dc896b69647866a3f177380035f161cc9dff1d0c74273c", kill_on_drop: false }`
[INFO] [stdout] 8636d8bc96f4db6a79dc896b69647866a3f177380035f161cc9dff1d0c74273c
