[INFO] cloning repository https://github.com/ltpp-universe/std-macro-extensions
[INFO] running `Command { std: "git" "-c" "credential.helper=" "-c" "credential.helper=/workspace/cargo-home/bin/git-credential-null" "clone" "--bare" "https://github.com/ltpp-universe/std-macro-extensions" "/workspace/cache/git-repos/https%3A%2F%2Fgithub.com%2Fltpp-universe%2Fstd-macro-extensions", kill_on_drop: false }`
[INFO] [stderr] Cloning into bare repository '/workspace/cache/git-repos/https%3A%2F%2Fgithub.com%2Fltpp-universe%2Fstd-macro-extensions'...
[INFO] running `Command { std: "git" "rev-parse" "HEAD", kill_on_drop: false }`
[INFO] [stdout] 89c079a15db1826586653084e7014db0137e7778
[INFO] testing ltpp-universe/std-macro-extensions against nightly-2025-01-18+rustflags=-Zrandomize-layout for randomize-layout-2
[INFO] running `Command { std: "git" "clone" "/workspace/cache/git-repos/https%3A%2F%2Fgithub.com%2Fltpp-universe%2Fstd-macro-extensions" "/workspace/builds/worker-4-tc2/source", kill_on_drop: false }`
[INFO] [stderr] Cloning into '/workspace/builds/worker-4-tc2/source'...
[INFO] [stderr] done.
[INFO] validating manifest of git repo https://github.com/ltpp-universe/std-macro-extensions on toolchain nightly-2025-01-18
[INFO] running `Command { std: CARGO_HOME="/workspace/cargo-home" RUSTUP_HOME="/workspace/rustup-home" "/workspace/cargo-home/bin/cargo" "+nightly-2025-01-18" "metadata" "--manifest-path" "Cargo.toml" "--no-deps", kill_on_drop: false }`
[INFO] started tweaking git repo https://github.com/ltpp-universe/std-macro-extensions
[INFO] finished tweaking git repo https://github.com/ltpp-universe/std-macro-extensions
[INFO] tweaked toml for git repo https://github.com/ltpp-universe/std-macro-extensions written to /workspace/builds/worker-4-tc2/source/Cargo.toml
[INFO] crate git repo https://github.com/ltpp-universe/std-macro-extensions already has a lockfile, it will not be regenerated
[INFO] running `Command { std: CARGO_HOME="/workspace/cargo-home" RUSTUP_HOME="/workspace/rustup-home" "/workspace/cargo-home/bin/cargo" "+nightly-2025-01-18" "fetch" "--manifest-path" "Cargo.toml", kill_on_drop: false }`
[INFO] [stderr] warning: unused manifest key: profile.dev.backtrace
[INFO] [stderr] warning: unused manifest key: profile.release.backtrace
[INFO] running `Command { std: "docker" "create" "-v" "/var/lib/crater-agent-workspace/builds/worker-4-tc2/target:/opt/rustwide/target:rw,Z" "-v" "/var/lib/crater-agent-workspace/builds/worker-4-tc2/source:/opt/rustwide/workdir:ro,Z" "-v" "/var/lib/crater-agent-workspace/cargo-home:/opt/rustwide/cargo-home:ro,Z" "-v" "/var/lib/crater-agent-workspace/rustup-home:/opt/rustwide/rustup-home:ro,Z" "-e" "SOURCE_DIR=/opt/rustwide/workdir" "-e" "CARGO_TARGET_DIR=/opt/rustwide/target" "-e" "CARGO_HOME=/opt/rustwide/cargo-home" "-e" "RUSTUP_HOME=/opt/rustwide/rustup-home" "-w" "/opt/rustwide/workdir" "-m" "1610612736" "--user" "0:0" "--network" "none" "ghcr.io/rust-lang/crates-build-env/linux@sha256:819108c5571ea2e421544af4d832f968d213c87fbe3707a016657f43d2f853bc" "/opt/rustwide/cargo-home/bin/cargo" "+nightly-2025-01-18" "metadata" "--no-deps" "--format-version=1", kill_on_drop: false }`
[INFO] [stdout] 3a9fafcc27eb3d776098a32612984b483f0754a06f2b7a54c03a041496ea0d11
[INFO] running `Command { std: "docker" "start" "-a" "3a9fafcc27eb3d776098a32612984b483f0754a06f2b7a54c03a041496ea0d11", kill_on_drop: false }`
[INFO] running `Command { std: "docker" "inspect" "3a9fafcc27eb3d776098a32612984b483f0754a06f2b7a54c03a041496ea0d11", kill_on_drop: false }`
[INFO] running `Command { std: "docker" "rm" "-f" "3a9fafcc27eb3d776098a32612984b483f0754a06f2b7a54c03a041496ea0d11", kill_on_drop: false }`
[INFO] [stdout] 3a9fafcc27eb3d776098a32612984b483f0754a06f2b7a54c03a041496ea0d11
[INFO] running `Command { std: "docker" "create" "-v" "/var/lib/crater-agent-workspace/builds/worker-4-tc2/target:/opt/rustwide/target:rw,Z" "-v" "/var/lib/crater-agent-workspace/builds/worker-4-tc2/source:/opt/rustwide/workdir:ro,Z" "-v" "/var/lib/crater-agent-workspace/cargo-home:/opt/rustwide/cargo-home:ro,Z" "-v" "/var/lib/crater-agent-workspace/rustup-home:/opt/rustwide/rustup-home:ro,Z" "-e" "SOURCE_DIR=/opt/rustwide/workdir" "-e" "CARGO_TARGET_DIR=/opt/rustwide/target" "-e" "CARGO_INCREMENTAL=0" "-e" "RUST_BACKTRACE=full" "-e" "RUSTFLAGS=--cap-lints=forbid -Zrandomize-layout" "-e" "RUSTDOCFLAGS=--cap-lints=forbid" "-e" "CARGO_HOME=/opt/rustwide/cargo-home" "-e" "RUSTUP_HOME=/opt/rustwide/rustup-home" "-w" "/opt/rustwide/workdir" "-m" "1610612736" "--user" "0:0" "--network" "none" "ghcr.io/rust-lang/crates-build-env/linux@sha256:819108c5571ea2e421544af4d832f968d213c87fbe3707a016657f43d2f853bc" "/opt/rustwide/cargo-home/bin/cargo" "+nightly-2025-01-18" "build" "--frozen" "--message-format=json", kill_on_drop: false }`
[INFO] [stdout] c44ae1f534faf0df4fa5ad420aa88394848193246e9b8d91958b1fb9e734ade1
[INFO] running `Command { std: "docker" "start" "-a" "c44ae1f534faf0df4fa5ad420aa88394848193246e9b8d91958b1fb9e734ade1", kill_on_drop: false }`
[INFO] [stderr] warning: unused manifest key: profile.dev.backtrace
[INFO] [stderr] warning: unused manifest key: profile.release.backtrace
[INFO] [stderr]    Compiling std-macro-extensions v0.20.5 (/opt/rustwide/workdir)
[INFO] [stderr]     Finished `dev` profile [optimized] target(s) in 0.16s
[INFO] running `Command { std: "docker" "inspect" "c44ae1f534faf0df4fa5ad420aa88394848193246e9b8d91958b1fb9e734ade1", kill_on_drop: false }`
[INFO] running `Command { std: "docker" "rm" "-f" "c44ae1f534faf0df4fa5ad420aa88394848193246e9b8d91958b1fb9e734ade1", kill_on_drop: false }`
[INFO] [stdout] c44ae1f534faf0df4fa5ad420aa88394848193246e9b8d91958b1fb9e734ade1
[INFO] running `Command { std: "docker" "create" "-v" "/var/lib/crater-agent-workspace/builds/worker-4-tc2/target:/opt/rustwide/target:rw,Z" "-v" "/var/lib/crater-agent-workspace/builds/worker-4-tc2/source:/opt/rustwide/workdir:ro,Z" "-v" "/var/lib/crater-agent-workspace/cargo-home:/opt/rustwide/cargo-home:ro,Z" "-v" "/var/lib/crater-agent-workspace/rustup-home:/opt/rustwide/rustup-home:ro,Z" "-e" "SOURCE_DIR=/opt/rustwide/workdir" "-e" "CARGO_TARGET_DIR=/opt/rustwide/target" "-e" "CARGO_INCREMENTAL=0" "-e" "RUST_BACKTRACE=full" "-e" "RUSTFLAGS=--cap-lints=forbid -Zrandomize-layout" "-e" "RUSTDOCFLAGS=--cap-lints=forbid" "-e" "CARGO_HOME=/opt/rustwide/cargo-home" "-e" "RUSTUP_HOME=/opt/rustwide/rustup-home" "-w" "/opt/rustwide/workdir" "-m" "1610612736" "--user" "0:0" "--network" "none" "ghcr.io/rust-lang/crates-build-env/linux@sha256:819108c5571ea2e421544af4d832f968d213c87fbe3707a016657f43d2f853bc" "/opt/rustwide/cargo-home/bin/cargo" "+nightly-2025-01-18" "test" "--frozen" "--no-run" "--message-format=json", kill_on_drop: false }`
[INFO] [stdout] 10b19af48ec77d93ced6f800b4bfca907c40f611ebf262a6aab39d87afadb2f2
[INFO] running `Command { std: "docker" "start" "-a" "10b19af48ec77d93ced6f800b4bfca907c40f611ebf262a6aab39d87afadb2f2", kill_on_drop: false }`
[INFO] [stderr] warning: unused manifest key: profile.dev.backtrace
[INFO] [stderr] warning: unused manifest key: profile.release.backtrace
[INFO] [stderr]    Compiling std-macro-extensions v0.20.5 (/opt/rustwide/workdir)
[INFO] [stderr]     Finished `test` profile [optimized] target(s) in 11.39s
[INFO] running `Command { std: "docker" "inspect" "10b19af48ec77d93ced6f800b4bfca907c40f611ebf262a6aab39d87afadb2f2", kill_on_drop: false }`
[INFO] running `Command { std: "docker" "rm" "-f" "10b19af48ec77d93ced6f800b4bfca907c40f611ebf262a6aab39d87afadb2f2", kill_on_drop: false }`
[INFO] [stdout] 10b19af48ec77d93ced6f800b4bfca907c40f611ebf262a6aab39d87afadb2f2
[INFO] running `Command { std: "docker" "create" "-v" "/var/lib/crater-agent-workspace/builds/worker-4-tc2/target:/opt/rustwide/target:rw,Z" "-v" "/var/lib/crater-agent-workspace/builds/worker-4-tc2/source:/opt/rustwide/workdir:ro,Z" "-v" "/var/lib/crater-agent-workspace/cargo-home:/opt/rustwide/cargo-home:ro,Z" "-v" "/var/lib/crater-agent-workspace/rustup-home:/opt/rustwide/rustup-home:ro,Z" "-e" "SOURCE_DIR=/opt/rustwide/workdir" "-e" "CARGO_TARGET_DIR=/opt/rustwide/target" "-e" "CARGO_INCREMENTAL=0" "-e" "RUST_BACKTRACE=full" "-e" "RUSTFLAGS=--cap-lints=forbid -Zrandomize-layout" "-e" "RUSTDOCFLAGS=--cap-lints=forbid" "-e" "CARGO_HOME=/opt/rustwide/cargo-home" "-e" "RUSTUP_HOME=/opt/rustwide/rustup-home" "-w" "/opt/rustwide/workdir" "-m" "1610612736" "--user" "0:0" "--network" "none" "ghcr.io/rust-lang/crates-build-env/linux@sha256:819108c5571ea2e421544af4d832f968d213c87fbe3707a016657f43d2f853bc" "/opt/rustwide/cargo-home/bin/cargo" "+nightly-2025-01-18" "test" "--frozen", kill_on_drop: false }`
[INFO] [stdout] 00af4ea11c75e43546dcca23fcfd4cd1887d2920da7b88f5bda45293ba152f07
[INFO] running `Command { std: "docker" "start" "-a" "00af4ea11c75e43546dcca23fcfd4cd1887d2920da7b88f5bda45293ba152f07", kill_on_drop: false }`
[INFO] [stderr] warning: unused manifest key: profile.dev.backtrace
[INFO] [stderr] warning: unused manifest key: profile.release.backtrace
[INFO] [stderr]     Finished `test` profile [optimized] target(s) in 0.01s
[INFO] [stdout] 
[INFO] [stderr]      Running unittests src/lib.rs (/opt/rustwide/target/debug/deps/std_macro_extensions-86ba1bb85e2a5921)
[INFO] [stdout] running 19 tests
[INFO] [stdout] test b_tree_map::cfg::test_b_tree_map ... ok
[INFO] [stdout] test binary_heap::cfg::test_binary_heap_with_elements ... ok
[INFO] [stdout] test arc::cfg::test_arc_num ... ok
[INFO] [stdout] test binary_heap::cfg::test_empty_binary_heap ... ok
[INFO] [stdout] test arc::cfg::test_arc_string ... ok
[INFO] [stdout] test arc::cfg::test_arc_str ... ok
[INFO] [stdout] test b_tree_set::cfg::test_b_tree_set ... ok
[INFO] [stdout] test hash_set::cfg::test_hash_set ... ok
[INFO] [stdout] test rc::cfg::test_rc ... ok
[INFO] [stdout] test ref_cell::cfg::test_ref_cell ... ok
[INFO] [stdout] test cell::cfg::test_cell ... ok
[INFO] [stdout] test hash_map::cfg::test_hash_map ... ok
[INFO] [stdout] test string::cfg::test_string ... ok
[INFO] [stdout] test vector::cfg::test_vec ... ok
[INFO] [stdout] test rw_lock::cfg::test_rw_lock ... ok
[INFO] [stdout] test vector_deque::cfg::test_vector_deque ... ok
[INFO] [stdout] test linked_list::cfg::test_linked_test ... ok
[INFO] [stdout] test mutex::cfg::test_mutex ... ok
[INFO] [stderr]    Doc-tests std_macro_extensions
[INFO] [stdout] test boxed::cfg::test_box ... ok
[INFO] [stdout] 
[INFO] [stdout] test result: ok. 19 passed; 0 failed; 0 ignored; 0 measured; 0 filtered out; finished in 0.02s
[INFO] [stdout] 
[INFO] [stdout] 
[INFO] [stdout] running 20 tests
[INFO] [stdout] test src/mutex/macro.rs - mutex::r#macro::mutex (line 7) ... FAILED
[INFO] [stdout] test src/b_tree_map/macro.rs - b_tree_map::r#macro::b_tree_map (line 8) ... FAILED
[INFO] [stdout] test src/b_tree_set/macro.rs - b_tree_set::r#macro::b_tree_set (line 14) ... FAILED
[INFO] [stdout] test src/linked_list/macro.rs - linked_list::r#macro::linked_list (line 9) ... FAILED
[INFO] [stdout] test src/boxed/macro.rs - boxed::r#macro::boxed (line 6) ... FAILED
[INFO] [stdout] test src/path/macro.rs - path::r#macro::join_paths (line 15) ... FAILED
[INFO] [stdout] test src/hash_map/macro.rs - hash_map::r#macro::hash_map (line 15) ... FAILED
[INFO] [stdout] test src/arc/macro.rs - arc::r#macro::arc (line 10) ... FAILED
[INFO] [stdout] test src/cell/macro.rs - cell::r#macro::cell (line 7) ... FAILED
[INFO] [stdout] test src/ref_cell/macro.rs - ref_cell::r#macro::refcell (line 7) ... FAILED
[INFO] [stdout] test src/linked_list/macro.rs - linked_list::r#macro::linked_list (line 15) ... ok
[INFO] [stdout] test src/hash_set/macro.rs - hash_set::r#macro::hash_set (line 9) ... ok
[INFO] [stdout] test src/binary_heap/macro.rs - binary_heap::r#macro::binary_heap (line 14) ... ok
[INFO] [stdout] test src/hash_set/macro.rs - hash_set::r#macro::hash_set (line 15) ... ok
[INFO] [stdout] test src/rw_lock/macro.rs - rw_lock::r#macro::rw_lock (line 7) ... ok
[INFO] [stdout] test src/vector/macro.rs - vector::r#macro::vector (line 8) ... ok
[INFO] [stdout] test src/rc/macro.rs - rc::r#macro::rc (line 7) ... ok
[INFO] [stdout] test src/vector_deque/macro.rs - vector_deque::r#macro::vector_deque (line 8) ... ok
[INFO] [stdout] test src/hash_map/macro.rs - hash_map::r#macro::hash_map (line 9) ... ok
[INFO] [stdout] test src/string/macro.rs - string::r#macro::string (line 8) ... ok
[INFO] [stdout] 
[INFO] [stdout] failures:
[INFO] [stdout] 
[INFO] [stdout] ---- src/mutex/macro.rs - mutex::r#macro::mutex (line 7) stdout ----
[INFO] [stdout] Couldn't compile the test.
[INFO] [stdout] ---- src/b_tree_map/macro.rs - b_tree_map::r#macro::b_tree_map (line 8) stdout ----
[INFO] [stdout] Couldn't compile the test.
[INFO] [stdout] ---- src/b_tree_set/macro.rs - b_tree_set::r#macro::b_tree_set (line 14) stdout ----
[INFO] [stdout] Couldn't compile the test.
[INFO] [stdout] ---- src/linked_list/macro.rs - linked_list::r#macro::linked_list (line 9) stdout ----
[INFO] [stdout] Couldn't compile the test.
[INFO] [stdout] ---- src/boxed/macro.rs - boxed::r#macro::boxed (line 6) stdout ----
[INFO] [stdout] Couldn't compile the test.
[INFO] [stdout] ---- src/path/macro.rs - path::r#macro::join_paths (line 15) stdout ----
[INFO] [stdout] Couldn't compile the test.
[INFO] [stdout] ---- src/hash_map/macro.rs - hash_map::r#macro::hash_map (line 15) stdout ----
[INFO] [stdout] Couldn't compile the test.
[INFO] [stdout] ---- src/arc/macro.rs - arc::r#macro::arc (line 10) stdout ----
[INFO] [stdout] Couldn't compile the test.
[INFO] [stdout] ---- src/cell/macro.rs - cell::r#macro::cell (line 7) stdout ----
[INFO] [stdout] Couldn't compile the test.
[INFO] [stdout] ---- src/ref_cell/macro.rs - ref_cell::r#macro::refcell (line 7) stdout ----
[INFO] [stdout] Couldn't compile the test.
[INFO] [stdout] 
[INFO] [stdout] failures:
[INFO] [stdout]     src/arc/macro.rs - arc::r#macro::arc (line 10)
[INFO] [stdout]     src/b_tree_map/macro.rs - b_tree_map::r#macro::b_tree_map (line 8)
[INFO] [stdout]     src/b_tree_set/macro.rs - b_tree_set::r#macro::b_tree_set (line 14)
[INFO] [stdout]     src/boxed/macro.rs - boxed::r#macro::boxed (line 6)
[INFO] [stdout]     src/cell/macro.rs - cell::r#macro::cell (line 7)
[INFO] [stdout]     src/hash_map/macro.rs - hash_map::r#macro::hash_map (line 15)
[INFO] [stdout]     src/linked_list/macro.rs - linked_list::r#macro::linked_list (line 9)
[INFO] [stdout]     src/mutex/macro.rs - mutex::r#macro::mutex (line 7)
[INFO] [stdout]     src/path/macro.rs - path::r#macro::join_paths (line 15)
[INFO] [stdout]     src/ref_cell/macro.rs - ref_cell::r#macro::refcell (line 7)
[INFO] [stdout] 
[INFO] [stdout] test result: FAILED. 10 passed; 10 failed; 0 ignored; 0 measured; 0 filtered out; finished in 10.36s
[INFO] [stdout] 
[INFO] [stderr] error: doctest failed, to rerun pass `--doc`
[INFO] running `Command { std: "docker" "inspect" "00af4ea11c75e43546dcca23fcfd4cd1887d2920da7b88f5bda45293ba152f07", kill_on_drop: false }`
[INFO] running `Command { std: "docker" "rm" "-f" "00af4ea11c75e43546dcca23fcfd4cd1887d2920da7b88f5bda45293ba152f07", kill_on_drop: false }`
[INFO] [stdout] 00af4ea11c75e43546dcca23fcfd4cd1887d2920da7b88f5bda45293ba152f07
