[INFO] cloning repository https://github.com/lseper/raytracer
[INFO] running `Command { std: "git" "-c" "credential.helper=" "-c" "credential.helper=/workspace/cargo-home/bin/git-credential-null" "clone" "--bare" "https://github.com/lseper/raytracer" "/workspace/cache/git-repos/https%3A%2F%2Fgithub.com%2Flseper%2Fraytracer", kill_on_drop: false }`
[INFO] [stderr] Cloning into bare repository '/workspace/cache/git-repos/https%3A%2F%2Fgithub.com%2Flseper%2Fraytracer'...
[INFO] running `Command { std: "git" "rev-parse" "HEAD", kill_on_drop: false }`
[INFO] [stdout] bb7431f814aca50adfff7f98fe0c479f7ac4270a
[INFO] testing lseper/raytracer against nightly-2025-01-18 for randomize-layout-2
[INFO] running `Command { std: "git" "clone" "/workspace/cache/git-repos/https%3A%2F%2Fgithub.com%2Flseper%2Fraytracer" "/workspace/builds/worker-4-tc1/source", kill_on_drop: false }`
[INFO] [stderr] Cloning into '/workspace/builds/worker-4-tc1/source'...
[INFO] [stderr] done.
[INFO] validating manifest of git repo https://github.com/lseper/raytracer on toolchain nightly-2025-01-18
[INFO] running `Command { std: CARGO_HOME="/workspace/cargo-home" RUSTUP_HOME="/workspace/rustup-home" "/workspace/cargo-home/bin/cargo" "+nightly-2025-01-18" "metadata" "--manifest-path" "Cargo.toml" "--no-deps", kill_on_drop: false }`
[INFO] started tweaking git repo https://github.com/lseper/raytracer
[INFO] finished tweaking git repo https://github.com/lseper/raytracer
[INFO] tweaked toml for git repo https://github.com/lseper/raytracer written to /workspace/builds/worker-4-tc1/source/Cargo.toml
[INFO] crate git repo https://github.com/lseper/raytracer already has a lockfile, it will not be regenerated
[INFO] running `Command { std: CARGO_HOME="/workspace/cargo-home" RUSTUP_HOME="/workspace/rustup-home" "/workspace/cargo-home/bin/cargo" "+nightly-2025-01-18" "fetch" "--manifest-path" "Cargo.toml", kill_on_drop: false }`
[INFO] [stderr] warning: unused manifest key: tests
[INFO] [stderr]  Downloading crates ...
[INFO] [stderr]   Downloaded fstrings-proc-macro v0.2.3
[INFO] [stderr]   Downloaded fstrings v0.2.3
[INFO] running `Command { std: "docker" "create" "-v" "/var/lib/crater-agent-workspace/builds/worker-4-tc1/target:/opt/rustwide/target:rw,Z" "-v" "/var/lib/crater-agent-workspace/builds/worker-4-tc1/source:/opt/rustwide/workdir:ro,Z" "-v" "/var/lib/crater-agent-workspace/cargo-home:/opt/rustwide/cargo-home:ro,Z" "-v" "/var/lib/crater-agent-workspace/rustup-home:/opt/rustwide/rustup-home:ro,Z" "-e" "SOURCE_DIR=/opt/rustwide/workdir" "-e" "CARGO_TARGET_DIR=/opt/rustwide/target" "-e" "CARGO_HOME=/opt/rustwide/cargo-home" "-e" "RUSTUP_HOME=/opt/rustwide/rustup-home" "-w" "/opt/rustwide/workdir" "-m" "1610612736" "--user" "0:0" "--network" "none" "ghcr.io/rust-lang/crates-build-env/linux@sha256:819108c5571ea2e421544af4d832f968d213c87fbe3707a016657f43d2f853bc" "/opt/rustwide/cargo-home/bin/cargo" "+nightly-2025-01-18" "metadata" "--no-deps" "--format-version=1", kill_on_drop: false }`
[INFO] [stdout] 6eeb96e60cbb88466d95294974c59135ae7e3aed71376e06828d72f99cf13a43
[INFO] running `Command { std: "docker" "start" "-a" "6eeb96e60cbb88466d95294974c59135ae7e3aed71376e06828d72f99cf13a43", kill_on_drop: false }`
[INFO] running `Command { std: "docker" "inspect" "6eeb96e60cbb88466d95294974c59135ae7e3aed71376e06828d72f99cf13a43", kill_on_drop: false }`
[INFO] running `Command { std: "docker" "rm" "-f" "6eeb96e60cbb88466d95294974c59135ae7e3aed71376e06828d72f99cf13a43", kill_on_drop: false }`
[INFO] [stdout] 6eeb96e60cbb88466d95294974c59135ae7e3aed71376e06828d72f99cf13a43
[INFO] running `Command { std: "docker" "create" "-v" "/var/lib/crater-agent-workspace/builds/worker-4-tc1/target:/opt/rustwide/target:rw,Z" "-v" "/var/lib/crater-agent-workspace/builds/worker-4-tc1/source:/opt/rustwide/workdir:ro,Z" "-v" "/var/lib/crater-agent-workspace/cargo-home:/opt/rustwide/cargo-home:ro,Z" "-v" "/var/lib/crater-agent-workspace/rustup-home:/opt/rustwide/rustup-home:ro,Z" "-e" "SOURCE_DIR=/opt/rustwide/workdir" "-e" "CARGO_TARGET_DIR=/opt/rustwide/target" "-e" "CARGO_INCREMENTAL=0" "-e" "RUST_BACKTRACE=full" "-e" "RUSTFLAGS=--cap-lints=forbid" "-e" "RUSTDOCFLAGS=--cap-lints=forbid" "-e" "CARGO_HOME=/opt/rustwide/cargo-home" "-e" "RUSTUP_HOME=/opt/rustwide/rustup-home" "-w" "/opt/rustwide/workdir" "-m" "1610612736" "--user" "0:0" "--network" "none" "ghcr.io/rust-lang/crates-build-env/linux@sha256:819108c5571ea2e421544af4d832f968d213c87fbe3707a016657f43d2f853bc" "/opt/rustwide/cargo-home/bin/cargo" "+nightly-2025-01-18" "build" "--frozen" "--message-format=json", kill_on_drop: false }`
[INFO] [stdout] 6686f7b31eea3744d12e11b7a6a554de7bab098f591afc3ccbb5adccd4b9de54
[INFO] running `Command { std: "docker" "start" "-a" "6686f7b31eea3744d12e11b7a6a554de7bab098f591afc3ccbb5adccd4b9de54", kill_on_drop: false }`
[INFO] [stderr] warning: unused manifest key: tests
[INFO] [stderr]    Compiling proc-macro2 v1.0.60
[INFO] [stderr]    Compiling unicode-ident v1.0.9
[INFO] [stderr]    Compiling quote v1.0.28
[INFO] [stderr]    Compiling libc v0.2.142
[INFO] [stderr]    Compiling proc-macro-hack v0.5.20+deprecated
[INFO] [stderr]    Compiling cfg-if v1.0.0
[INFO] [stderr]    Compiling syn v1.0.109
[INFO] [stderr]    Compiling serde v1.0.164
[INFO] [stderr]    Compiling serde_json v1.0.97
[INFO] [stderr]    Compiling ppv-lite86 v0.2.17
[INFO] [stderr]    Compiling ryu v1.0.13
[INFO] [stderr]    Compiling itoa v1.0.6
[INFO] [stderr]    Compiling getrandom v0.2.9
[INFO] [stderr]    Compiling rand_core v0.6.4
[INFO] [stderr]    Compiling rand_chacha v0.3.1
[INFO] [stderr]    Compiling syn v2.0.18
[INFO] [stderr]    Compiling rand v0.8.5
[INFO] [stderr]    Compiling serde_derive v1.0.164
[INFO] [stderr]    Compiling fstrings-proc-macro v0.2.3
[INFO] [stderr]    Compiling fstrings v0.2.3
[INFO] [stderr]    Compiling raytracer v0.1.0 (/opt/rustwide/workdir)
[INFO] [stdout] warning: unused import: `SolidColor`
[INFO] [stdout]  --> src/material.rs:5:41
[INFO] [stdout]   |
[INFO] [stdout] 5 | use crate::texture::{RenderableTexture, SolidColor, Texture};
[INFO] [stdout]   |                                         ^^^^^^^^^^
[INFO] [stdout]   |
[INFO] [stdout]   = note: `#[warn(unused_imports)]` on by default
[INFO] [stdout] 
[INFO] [stdout] 
[INFO] [stdout] warning: unused import: `std::fmt`
[INFO] [stdout]  --> src/renderable.rs:1:5
[INFO] [stdout]   |
[INFO] [stdout] 1 | use std::fmt;
[INFO] [stdout]   |     ^^^^^^^^
[INFO] [stdout] 
[INFO] [stdout] 
[INFO] [stdout] warning: unused import: `Color`
[INFO] [stdout]  --> src/renderable.rs:9:19
[INFO] [stdout]   |
[INFO] [stdout] 9 | use crate::util::{Color, Point, Vec3, Interval};
[INFO] [stdout]   |                   ^^^^^
[INFO] [stdout] 
[INFO] [stdout] 
[INFO] [stdout] warning: unused import: `BvhNode`
[INFO] [stdout]   --> src/scene.rs:13:25
[INFO] [stdout]    |
[INFO] [stdout] 13 | use crate::aabb::{AABB, BvhNode};
[INFO] [stdout]    |                         ^^^^^^^
[INFO] [stdout] 
[INFO] [stdout] 
[INFO] [stdout] warning: unused imports: `RenderableTexture` and `SolidColor`
[INFO] [stdout]   --> src/sphere.rs:10:22
[INFO] [stdout]    |
[INFO] [stdout] 10 | use crate::texture::{RenderableTexture, SolidColor};
[INFO] [stdout]    |                      ^^^^^^^^^^^^^^^^^  ^^^^^^^^^^
[INFO] [stdout] 
[INFO] [stdout] 
[INFO] [stdout] warning: unused import: `RenderableList`
[INFO] [stdout]  --> src/aabb.rs:5:75
[INFO] [stdout]   |
[INFO] [stdout] 5 | use crate::{util::{Interval, Point, random_int}, renderable::{Renderable, RenderableList, Object}, sphere::Sphere};
[INFO] [stdout]   |                                                                           ^^^^^^^^^^^^^^
[INFO] [stdout] 
[INFO] [stdout] 
[INFO] [stdout] warning: unused imports: `Vec3` and `random_between_0_1`
[INFO] [stdout]  --> src/texture.rs:3:19
[INFO] [stdout]   |
[INFO] [stdout] 3 | use crate::util::{random_between_0_1, Color, Point, Vec3};
[INFO] [stdout]   |                   ^^^^^^^^^^^^^^^^^^                ^^^^
[INFO] [stdout] 
[INFO] [stdout] 
[INFO] [stdout] warning: unused imports: `SceneMetaData`, `aabb::AABB`, `create_checker_test`, `create_test`, `create`, `default_scene`, `random_scene`, `save_scene`, and `test_scene`
[INFO] [stdout]   --> src/main.rs:18:5
[INFO] [stdout]    |
[INFO] [stdout] 18 |     aabb::AABB, scene::{default_scene, load_scene, random_scene, save_scene, test_scene, Scene, SceneMetaData}, 
[INFO] [stdout]    |     ^^^^^^^^^^          ^^^^^^^^^^^^^              ^^^^^^^^^^^^  ^^^^^^^^^^  ^^^^^^^^^^         ^^^^^^^^^^^^^
[INFO] [stdout] 19 |     scene_builder::{ create, create_checker_test, create_test, create_checker_spheres_test }, util::random_between_0_1
[INFO] [stdout]    |                      ^^^^^^  ^^^^^^^^^^^^^^^^^^^  ^^^^^^^^^^^
[INFO] [stdout] 
[INFO] [stdout] 
[INFO] [stdout] warning: unused import: `camera::Camera`
[INFO] [stdout]   --> src/main.rs:22:5
[INFO] [stdout]    |
[INFO] [stdout] 22 | use camera::Camera;
[INFO] [stdout]    |     ^^^^^^^^^^^^^^
[INFO] [stdout] 
[INFO] [stdout] 
[INFO] [stdout] warning: unused import: `texture::Texture`
[INFO] [stdout]   --> src/main.rs:26:5
[INFO] [stdout]    |
[INFO] [stdout] 26 | use texture::Texture;
[INFO] [stdout]    |     ^^^^^^^^^^^^^^^^
[INFO] [stdout] 
[INFO] [stdout] 
[INFO] [stdout] warning: unused import: `Point`
[INFO] [stdout]   --> src/main.rs:28:26
[INFO] [stdout]    |
[INFO] [stdout] 28 | use util::{clamp, Color, Point, Vec3, Interval};
[INFO] [stdout]    |                          ^^^^^
[INFO] [stdout] 
[INFO] [stdout] 
[INFO] [stdout] warning: unused variable: `axis`
[INFO] [stdout]    --> src/aabb.rs:125:13
[INFO] [stdout]     |
[INFO] [stdout] 125 |         let axis = random_int(0, 2);
[INFO] [stdout]     |             ^^^^ help: if this is intentional, prefix it with an underscore: `_axis`
[INFO] [stdout]     |
[INFO] [stdout]     = note: `#[warn(unused_variables)]` on by default
[INFO] [stdout] 
[INFO] [stdout] 
[INFO] [stdout] warning: unused variable: `u`
[INFO] [stdout]   --> src/texture.rs:63:21
[INFO] [stdout]    |
[INFO] [stdout] 63 |     fn value(&self, u: f32, v: f32, p: &Point) -> Color {
[INFO] [stdout]    |                     ^ help: if this is intentional, prefix it with an underscore: `_u`
[INFO] [stdout] 
[INFO] [stdout] 
[INFO] [stdout] warning: unused variable: `v`
[INFO] [stdout]   --> src/texture.rs:63:29
[INFO] [stdout]    |
[INFO] [stdout] 63 |     fn value(&self, u: f32, v: f32, p: &Point) -> Color {
[INFO] [stdout]    |                             ^ help: if this is intentional, prefix it with an underscore: `_v`
[INFO] [stdout] 
[INFO] [stdout] 
[INFO] [stdout] warning: unused variable: `p`
[INFO] [stdout]   --> src/texture.rs:63:37
[INFO] [stdout]    |
[INFO] [stdout] 63 |     fn value(&self, u: f32, v: f32, p: &Point) -> Color {
[INFO] [stdout]    |                                     ^ help: if this is intentional, prefix it with an underscore: `_p`
[INFO] [stdout] 
[INFO] [stdout] 
[INFO] [stdout] warning: struct `RenderOptions` is never constructed
[INFO] [stdout]   --> src/main.rs:37:8
[INFO] [stdout]    |
[INFO] [stdout] 37 | struct RenderOptions {
[INFO] [stdout]    |        ^^^^^^^^^^^^^
[INFO] [stdout]    |
[INFO] [stdout]    = note: `#[warn(dead_code)]` on by default
[INFO] [stdout] 
[INFO] [stdout] 
[INFO] [stdout] warning: function `ray_color_bvh_node` is never used
[INFO] [stdout]   --> src/main.rs:78:4
[INFO] [stdout]    |
[INFO] [stdout] 78 | fn ray_color_bvh_node(ray: &Ray, root: &BvhNode, call_depth: i32) -> Color {
[INFO] [stdout]    |    ^^^^^^^^^^^^^^^^^^
[INFO] [stdout] 
[INFO] [stdout] 
[INFO] [stdout] warning: function `render` is never used
[INFO] [stdout]   --> src/main.rs:97:4
[INFO] [stdout]    |
[INFO] [stdout] 97 | fn render(scene_path: &str) {
[INFO] [stdout]    |    ^^^^^^
[INFO] [stdout] 
[INFO] [stdout] 
[INFO] [stdout] warning: function `render_bvh` is never used
[INFO] [stdout]    --> src/main.rs:133:4
[INFO] [stdout]     |
[INFO] [stdout] 133 | fn render_bvh(scene_path: &str) {
[INFO] [stdout]     |    ^^^^^^^^^^
[INFO] [stdout] 
[INFO] [stdout] 
[INFO] [stdout] warning: function `render_multi_threaded_bvh` is never used
[INFO] [stdout]    --> src/main.rs:271:4
[INFO] [stdout]     |
[INFO] [stdout] 271 | fn render_multi_threaded_bvh(scene_path: &str, mut num_threads: i32) {
[INFO] [stdout]     |    ^^^^^^^^^^^^^^^^^^^^^^^^^
[INFO] [stdout] 
[INFO] [stdout] 
[INFO] [stdout] warning: associated items `box_compare`, `box_x_compare`, `box_y_compare`, `box_z_compare`, `hit_aabb`, and `hit_sphere` are never used
[INFO] [stdout]    --> src/aabb.rs:178:8
[INFO] [stdout]     |
[INFO] [stdout] 109 | impl BvhNode {
[INFO] [stdout]     | ------------ associated items in this implementation
[INFO] [stdout] ...
[INFO] [stdout] 178 |     fn box_compare(a: &Object, b: &Object, axis_index: i32) -> Ordering {
[INFO] [stdout]     |        ^^^^^^^^^^^
[INFO] [stdout] ...
[INFO] [stdout] 186 |     fn box_x_compare(a: &Object, b: &Object) -> Ordering {
[INFO] [stdout]     |        ^^^^^^^^^^^^^
[INFO] [stdout] ...
[INFO] [stdout] 189 |     fn box_y_compare(a: &Object, b: &Object) -> Ordering {
[INFO] [stdout]     |        ^^^^^^^^^^^^^
[INFO] [stdout] ...
[INFO] [stdout] 192 |     fn box_z_compare(a: &Object, b: &Object) -> Ordering {
[INFO] [stdout]     |        ^^^^^^^^^^^^^
[INFO] [stdout] ...
[INFO] [stdout] 196 |     fn hit_aabb(&self, aabb: AABB, ray: &Ray, interval: Interval) -> (bool, HitRecord) {
[INFO] [stdout]     |        ^^^^^^^^
[INFO] [stdout] ...
[INFO] [stdout] 216 |     fn hit_sphere(&self, sphere: Sphere, ray: &Ray, interval: Interval) -> (bool, HitRecord) {
[INFO] [stdout]     |        ^^^^^^^^^^
[INFO] [stdout] 
[INFO] [stdout] 
[INFO] [stdout] warning: variable `RenderableTexture` should have a snake case name
[INFO] [stdout]   --> src/material.rs:76:16
[INFO] [stdout]    |
[INFO] [stdout] 76 |     pub fn new(RenderableTexture: RenderableTexture, fuzziness: Option<f32>) -> Self {
[INFO] [stdout]    |                ^^^^^^^^^^^^^^^^^ help: convert the identifier to snake case: `renderable_texture`
[INFO] [stdout]    |
[INFO] [stdout]    = note: `#[warn(non_snake_case)]` on by default
[INFO] [stdout] 
[INFO] [stdout] 
[INFO] [stderr]     Finished `dev` profile [unoptimized + debuginfo] target(s) in 18.06s
[INFO] running `Command { std: "docker" "inspect" "6686f7b31eea3744d12e11b7a6a554de7bab098f591afc3ccbb5adccd4b9de54", kill_on_drop: false }`
[INFO] running `Command { std: "docker" "rm" "-f" "6686f7b31eea3744d12e11b7a6a554de7bab098f591afc3ccbb5adccd4b9de54", kill_on_drop: false }`
[INFO] [stdout] 6686f7b31eea3744d12e11b7a6a554de7bab098f591afc3ccbb5adccd4b9de54
[INFO] running `Command { std: "docker" "create" "-v" "/var/lib/crater-agent-workspace/builds/worker-4-tc1/target:/opt/rustwide/target:rw,Z" "-v" "/var/lib/crater-agent-workspace/builds/worker-4-tc1/source:/opt/rustwide/workdir:ro,Z" "-v" "/var/lib/crater-agent-workspace/cargo-home:/opt/rustwide/cargo-home:ro,Z" "-v" "/var/lib/crater-agent-workspace/rustup-home:/opt/rustwide/rustup-home:ro,Z" "-e" "SOURCE_DIR=/opt/rustwide/workdir" "-e" "CARGO_TARGET_DIR=/opt/rustwide/target" "-e" "CARGO_INCREMENTAL=0" "-e" "RUST_BACKTRACE=full" "-e" "RUSTFLAGS=--cap-lints=forbid" "-e" "RUSTDOCFLAGS=--cap-lints=forbid" "-e" "CARGO_HOME=/opt/rustwide/cargo-home" "-e" "RUSTUP_HOME=/opt/rustwide/rustup-home" "-w" "/opt/rustwide/workdir" "-m" "1610612736" "--user" "0:0" "--network" "none" "ghcr.io/rust-lang/crates-build-env/linux@sha256:819108c5571ea2e421544af4d832f968d213c87fbe3707a016657f43d2f853bc" "/opt/rustwide/cargo-home/bin/cargo" "+nightly-2025-01-18" "test" "--frozen" "--no-run" "--message-format=json", kill_on_drop: false }`
[INFO] [stdout] b8ba6e7136728796a2f2b6b16db49973ec39361cc97f65e6e8692c768fc7beb0
[INFO] running `Command { std: "docker" "start" "-a" "b8ba6e7136728796a2f2b6b16db49973ec39361cc97f65e6e8692c768fc7beb0", kill_on_drop: false }`
[INFO] [stderr] warning: unused manifest key: tests
[INFO] [stderr]    Compiling raytracer v0.1.0 (/opt/rustwide/workdir)
[INFO] [stdout] warning: unused import: `SolidColor`
[INFO] [stdout]  --> src/material.rs:5:41
[INFO] [stdout]   |
[INFO] [stdout] 5 | use crate::texture::{RenderableTexture, SolidColor, Texture};
[INFO] [stdout]   |                                         ^^^^^^^^^^
[INFO] [stdout]   |
[INFO] [stdout]   = note: `#[warn(unused_imports)]` on by default
[INFO] [stdout] 
[INFO] [stdout] 
[INFO] [stdout] warning: unused import: `std::fmt`
[INFO] [stdout]  --> src/renderable.rs:1:5
[INFO] [stdout]   |
[INFO] [stdout] 1 | use std::fmt;
[INFO] [stdout]   |     ^^^^^^^^
[INFO] [stdout] 
[INFO] [stdout] 
[INFO] [stdout] warning: unused import: `Color`
[INFO] [stdout]  --> src/renderable.rs:9:19
[INFO] [stdout]   |
[INFO] [stdout] 9 | use crate::util::{Color, Point, Vec3, Interval};
[INFO] [stdout]   |                   ^^^^^
[INFO] [stdout] 
[INFO] [stdout] 
[INFO] [stdout] warning: unused import: `BvhNode`
[INFO] [stdout]   --> src/scene.rs:13:25
[INFO] [stdout]    |
[INFO] [stdout] 13 | use crate::aabb::{AABB, BvhNode};
[INFO] [stdout]    |                         ^^^^^^^
[INFO] [stdout] 
[INFO] [stdout] 
[INFO] [stdout] warning: unused import: `util::Color`
[INFO] [stdout]    --> src/sphere.rs:163:17
[INFO] [stdout]     |
[INFO] [stdout] 163 |     use crate::{util::Color, material::LambertianMaterial};
[INFO] [stdout]     |                 ^^^^^^^^^^^
[INFO] [stdout] 
[INFO] [stdout] 
[INFO] [stdout] warning: unused import: `RenderableList`
[INFO] [stdout]  --> src/aabb.rs:5:75
[INFO] [stdout]   |
[INFO] [stdout] 5 | use crate::{util::{Interval, Point, random_int}, renderable::{Renderable, RenderableList, Object}, sphere::Sphere};
[INFO] [stdout]   |                                                                           ^^^^^^^^^^^^^^
[INFO] [stdout] 
[INFO] [stdout] 
[INFO] [stdout] warning: unused imports: `Vec3` and `random_between_0_1`
[INFO] [stdout]  --> src/texture.rs:3:19
[INFO] [stdout]   |
[INFO] [stdout] 3 | use crate::util::{random_between_0_1, Color, Point, Vec3};
[INFO] [stdout]   |                   ^^^^^^^^^^^^^^^^^^                ^^^^
[INFO] [stdout] 
[INFO] [stdout] 
[INFO] [stdout] warning: unused imports: `SceneMetaData`, `aabb::AABB`, `create_checker_test`, `create_test`, `create`, `default_scene`, `random_scene`, `save_scene`, and `test_scene`
[INFO] [stdout]   --> src/main.rs:18:5
[INFO] [stdout]    |
[INFO] [stdout] 18 |     aabb::AABB, scene::{default_scene, load_scene, random_scene, save_scene, test_scene, Scene, SceneMetaData}, 
[INFO] [stdout]    |     ^^^^^^^^^^          ^^^^^^^^^^^^^              ^^^^^^^^^^^^  ^^^^^^^^^^  ^^^^^^^^^^         ^^^^^^^^^^^^^
[INFO] [stdout] 19 |     scene_builder::{ create, create_checker_test, create_test, create_checker_spheres_test }, util::random_between_0_1
[INFO] [stdout]    |                      ^^^^^^  ^^^^^^^^^^^^^^^^^^^  ^^^^^^^^^^^
[INFO] [stdout] 
[INFO] [stdout] 
[INFO] [stdout] warning: unused import: `camera::Camera`
[INFO] [stdout]   --> src/main.rs:22:5
[INFO] [stdout]    |
[INFO] [stdout] 22 | use camera::Camera;
[INFO] [stdout]    |     ^^^^^^^^^^^^^^
[INFO] [stdout] 
[INFO] [stdout] 
[INFO] [stdout] warning: unused import: `texture::Texture`
[INFO] [stdout]   --> src/main.rs:26:5
[INFO] [stdout]    |
[INFO] [stdout] 26 | use texture::Texture;
[INFO] [stdout]    |     ^^^^^^^^^^^^^^^^
[INFO] [stdout] 
[INFO] [stdout] 
[INFO] [stdout] warning: unused import: `Point`
[INFO] [stdout]   --> src/main.rs:28:26
[INFO] [stdout]    |
[INFO] [stdout] 28 | use util::{clamp, Color, Point, Vec3, Interval};
[INFO] [stdout]    |                          ^^^^^
[INFO] [stdout] 
[INFO] [stdout] 
[INFO] [stdout] warning: unused variable: `axis`
[INFO] [stdout]    --> src/aabb.rs:125:13
[INFO] [stdout]     |
[INFO] [stdout] 125 |         let axis = random_int(0, 2);
[INFO] [stdout]     |             ^^^^ help: if this is intentional, prefix it with an underscore: `_axis`
[INFO] [stdout]     |
[INFO] [stdout]     = note: `#[warn(unused_variables)]` on by default
[INFO] [stdout] 
[INFO] [stdout] 
[INFO] [stdout] warning: unused variable: `u`
[INFO] [stdout]   --> src/texture.rs:63:21
[INFO] [stdout]    |
[INFO] [stdout] 63 |     fn value(&self, u: f32, v: f32, p: &Point) -> Color {
[INFO] [stdout]    |                     ^ help: if this is intentional, prefix it with an underscore: `_u`
[INFO] [stdout] 
[INFO] [stdout] 
[INFO] [stdout] warning: unused variable: `v`
[INFO] [stdout]   --> src/texture.rs:63:29
[INFO] [stdout]    |
[INFO] [stdout] 63 |     fn value(&self, u: f32, v: f32, p: &Point) -> Color {
[INFO] [stdout]    |                             ^ help: if this is intentional, prefix it with an underscore: `_v`
[INFO] [stdout] 
[INFO] [stdout] 
[INFO] [stdout] warning: unused variable: `p`
[INFO] [stdout]   --> src/texture.rs:63:37
[INFO] [stdout]    |
[INFO] [stdout] 63 |     fn value(&self, u: f32, v: f32, p: &Point) -> Color {
[INFO] [stdout]    |                                     ^ help: if this is intentional, prefix it with an underscore: `_p`
[INFO] [stdout] 
[INFO] [stdout] 
[INFO] [stdout] warning: struct `RenderOptions` is never constructed
[INFO] [stdout]   --> src/main.rs:37:8
[INFO] [stdout]    |
[INFO] [stdout] 37 | struct RenderOptions {
[INFO] [stdout]    |        ^^^^^^^^^^^^^
[INFO] [stdout]    |
[INFO] [stdout]    = note: `#[warn(dead_code)]` on by default
[INFO] [stdout] 
[INFO] [stdout] 
[INFO] [stdout] warning: function `ray_color_bvh_node` is never used
[INFO] [stdout]   --> src/main.rs:78:4
[INFO] [stdout]    |
[INFO] [stdout] 78 | fn ray_color_bvh_node(ray: &Ray, root: &BvhNode, call_depth: i32) -> Color {
[INFO] [stdout]    |    ^^^^^^^^^^^^^^^^^^
[INFO] [stdout] 
[INFO] [stdout] 
[INFO] [stdout] warning: function `render` is never used
[INFO] [stdout]   --> src/main.rs:97:4
[INFO] [stdout]    |
[INFO] [stdout] 97 | fn render(scene_path: &str) {
[INFO] [stdout]    |    ^^^^^^
[INFO] [stdout] 
[INFO] [stdout] 
[INFO] [stdout] warning: function `render_bvh` is never used
[INFO] [stdout]    --> src/main.rs:133:4
[INFO] [stdout]     |
[INFO] [stdout] 133 | fn render_bvh(scene_path: &str) {
[INFO] [stdout]     |    ^^^^^^^^^^
[INFO] [stdout] 
[INFO] [stdout] 
[INFO] [stdout] warning: function `render_multi_threaded_bvh` is never used
[INFO] [stdout]    --> src/main.rs:271:4
[INFO] [stdout]     |
[INFO] [stdout] 271 | fn render_multi_threaded_bvh(scene_path: &str, mut num_threads: i32) {
[INFO] [stdout]     |    ^^^^^^^^^^^^^^^^^^^^^^^^^
[INFO] [stdout] 
[INFO] [stdout] 
[INFO] [stdout] warning: associated items `box_compare`, `box_x_compare`, `box_y_compare`, `box_z_compare`, `hit_aabb`, and `hit_sphere` are never used
[INFO] [stdout]    --> src/aabb.rs:178:8
[INFO] [stdout]     |
[INFO] [stdout] 109 | impl BvhNode {
[INFO] [stdout]     | ------------ associated items in this implementation
[INFO] [stdout] ...
[INFO] [stdout] 178 |     fn box_compare(a: &Object, b: &Object, axis_index: i32) -> Ordering {
[INFO] [stdout]     |        ^^^^^^^^^^^
[INFO] [stdout] ...
[INFO] [stdout] 186 |     fn box_x_compare(a: &Object, b: &Object) -> Ordering {
[INFO] [stdout]     |        ^^^^^^^^^^^^^
[INFO] [stdout] ...
[INFO] [stdout] 189 |     fn box_y_compare(a: &Object, b: &Object) -> Ordering {
[INFO] [stdout]     |        ^^^^^^^^^^^^^
[INFO] [stdout] ...
[INFO] [stdout] 192 |     fn box_z_compare(a: &Object, b: &Object) -> Ordering {
[INFO] [stdout]     |        ^^^^^^^^^^^^^
[INFO] [stdout] ...
[INFO] [stdout] 196 |     fn hit_aabb(&self, aabb: AABB, ray: &Ray, interval: Interval) -> (bool, HitRecord) {
[INFO] [stdout]     |        ^^^^^^^^
[INFO] [stdout] ...
[INFO] [stdout] 216 |     fn hit_sphere(&self, sphere: Sphere, ray: &Ray, interval: Interval) -> (bool, HitRecord) {
[INFO] [stdout]     |        ^^^^^^^^^^
[INFO] [stdout] 
[INFO] [stdout] 
[INFO] [stdout] warning: variable `RenderableTexture` should have a snake case name
[INFO] [stdout]   --> src/material.rs:76:16
[INFO] [stdout]    |
[INFO] [stdout] 76 |     pub fn new(RenderableTexture: RenderableTexture, fuzziness: Option<f32>) -> Self {
[INFO] [stdout]    |                ^^^^^^^^^^^^^^^^^ help: convert the identifier to snake case: `renderable_texture`
[INFO] [stdout]    |
[INFO] [stdout]    = note: `#[warn(non_snake_case)]` on by default
[INFO] [stdout] 
[INFO] [stdout] 
[INFO] [stderr]     Finished `test` profile [unoptimized + debuginfo] target(s) in 1.04s
[INFO] running `Command { std: "docker" "inspect" "b8ba6e7136728796a2f2b6b16db49973ec39361cc97f65e6e8692c768fc7beb0", kill_on_drop: false }`
[INFO] running `Command { std: "docker" "rm" "-f" "b8ba6e7136728796a2f2b6b16db49973ec39361cc97f65e6e8692c768fc7beb0", kill_on_drop: false }`
[INFO] [stdout] b8ba6e7136728796a2f2b6b16db49973ec39361cc97f65e6e8692c768fc7beb0
[INFO] running `Command { std: "docker" "create" "-v" "/var/lib/crater-agent-workspace/builds/worker-4-tc1/target:/opt/rustwide/target:rw,Z" "-v" "/var/lib/crater-agent-workspace/builds/worker-4-tc1/source:/opt/rustwide/workdir:ro,Z" "-v" "/var/lib/crater-agent-workspace/cargo-home:/opt/rustwide/cargo-home:ro,Z" "-v" "/var/lib/crater-agent-workspace/rustup-home:/opt/rustwide/rustup-home:ro,Z" "-e" "SOURCE_DIR=/opt/rustwide/workdir" "-e" "CARGO_TARGET_DIR=/opt/rustwide/target" "-e" "CARGO_INCREMENTAL=0" "-e" "RUST_BACKTRACE=full" "-e" "RUSTFLAGS=--cap-lints=forbid" "-e" "RUSTDOCFLAGS=--cap-lints=forbid" "-e" "CARGO_HOME=/opt/rustwide/cargo-home" "-e" "RUSTUP_HOME=/opt/rustwide/rustup-home" "-w" "/opt/rustwide/workdir" "-m" "1610612736" "--user" "0:0" "--network" "none" "ghcr.io/rust-lang/crates-build-env/linux@sha256:819108c5571ea2e421544af4d832f968d213c87fbe3707a016657f43d2f853bc" "/opt/rustwide/cargo-home/bin/cargo" "+nightly-2025-01-18" "test" "--frozen", kill_on_drop: false }`
[INFO] [stdout] 9f2ad50616970f98c056cb450aad7fde4e7e331d1c9d64a19d7cfd70c6bc7fc1
[INFO] running `Command { std: "docker" "start" "-a" "9f2ad50616970f98c056cb450aad7fde4e7e331d1c9d64a19d7cfd70c6bc7fc1", kill_on_drop: false }`
[INFO] [stderr] warning: unused manifest key: tests
[INFO] [stderr] warning: unused import: `SolidColor`
[INFO] [stderr]  --> src/material.rs:5:41
[INFO] [stderr]   |
[INFO] [stderr] 5 | use crate::texture::{RenderableTexture, SolidColor, Texture};
[INFO] [stderr]   |                                         ^^^^^^^^^^
[INFO] [stderr]   |
[INFO] [stderr]   = note: `#[warn(unused_imports)]` on by default
[INFO] [stderr] 
[INFO] [stderr] warning: unused import: `std::fmt`
[INFO] [stderr]  --> src/renderable.rs:1:5
[INFO] [stderr]   |
[INFO] [stderr] 1 | use std::fmt;
[INFO] [stderr]   |     ^^^^^^^^
[INFO] [stderr] 
[INFO] [stderr] warning: unused import: `Color`
[INFO] [stderr]  --> src/renderable.rs:9:19
[INFO] [stderr]   |
[INFO] [stderr] 9 | use crate::util::{Color, Point, Vec3, Interval};
[INFO] [stderr]   |                   ^^^^^
[INFO] [stderr] 
[INFO] [stderr] warning: unused import: `BvhNode`
[INFO] [stderr]   --> src/scene.rs:13:25
[INFO] [stderr]    |
[INFO] [stderr] 13 | use crate::aabb::{AABB, BvhNode};
[INFO] [stderr]    |                         ^^^^^^^
[INFO] [stderr] 
[INFO] [stderr] warning: unused import: `util::Color`
[INFO] [stderr]    --> src/sphere.rs:163:17
[INFO] [stderr]     |
[INFO] [stderr] 163 |     use crate::{util::Color, material::LambertianMaterial};
[INFO] [stderr]     |                 ^^^^^^^^^^^
[INFO] [stderr] 
[INFO] [stderr] warning: unused import: `RenderableList`
[INFO] [stderr]  --> src/aabb.rs:5:75
[INFO] [stderr]   |
[INFO] [stderr] 5 | use crate::{util::{Interval, Point, random_int}, renderable::{Renderable, RenderableList, Object}, sphere::Sphere};
[INFO] [stderr]   |                                                                           ^^^^^^^^^^^^^^
[INFO] [stderr] 
[INFO] [stderr] warning: unused imports: `Vec3` and `random_between_0_1`
[INFO] [stderr]  --> src/texture.rs:3:19
[INFO] [stderr]   |
[INFO] [stderr] 3 | use crate::util::{random_between_0_1, Color, Point, Vec3};
[INFO] [stderr]   |                   ^^^^^^^^^^^^^^^^^^                ^^^^
[INFO] [stderr] 
[INFO] [stderr] warning: unused imports: `SceneMetaData`, `aabb::AABB`, `create_checker_test`, `create_test`, `create`, `default_scene`, `random_scene`, `save_scene`, and `test_scene`
[INFO] [stderr]   --> src/main.rs:18:5
[INFO] [stderr]    |
[INFO] [stderr] 18 |     aabb::AABB, scene::{default_scene, load_scene, random_scene, save_scene, test_scene, Scene, SceneMetaData}, 
[INFO] [stderr]    |     ^^^^^^^^^^          ^^^^^^^^^^^^^              ^^^^^^^^^^^^  ^^^^^^^^^^  ^^^^^^^^^^         ^^^^^^^^^^^^^
[INFO] [stderr] 19 |     scene_builder::{ create, create_checker_test, create_test, create_checker_spheres_test }, util::random_between_0_1
[INFO] [stderr]    |                      ^^^^^^  ^^^^^^^^^^^^^^^^^^^  ^^^^^^^^^^^
[INFO] [stderr] 
[INFO] [stderr] warning: unused import: `camera::Camera`
[INFO] [stderr]   --> src/main.rs:22:5
[INFO] [stderr]    |
[INFO] [stderr] 22 | use camera::Camera;
[INFO] [stderr]    |     ^^^^^^^^^^^^^^
[INFO] [stderr] 
[INFO] [stderr] warning: unused import: `texture::Texture`
[INFO] [stderr]   --> src/main.rs:26:5
[INFO] [stderr]    |
[INFO] [stderr] 26 | use texture::Texture;
[INFO] [stderr]    |     ^^^^^^^^^^^^^^^^
[INFO] [stderr] 
[INFO] [stderr] warning: unused import: `Point`
[INFO] [stderr]   --> src/main.rs:28:26
[INFO] [stderr]    |
[INFO] [stderr] 28 | use util::{clamp, Color, Point, Vec3, Interval};
[INFO] [stderr]    |                          ^^^^^
[INFO] [stderr] 
[INFO] [stderr] warning: unused variable: `axis`
[INFO] [stderr]    --> src/aabb.rs:125:13
[INFO] [stderr]     |
[INFO] [stderr] 125 |         let axis = random_int(0, 2);
[INFO] [stderr]     |             ^^^^ help: if this is intentional, prefix it with an underscore: `_axis`
[INFO] [stderr]     |
[INFO] [stderr]     = note: `#[warn(unused_variables)]` on by default
[INFO] [stderr] 
[INFO] [stderr] warning: unused variable: `u`
[INFO] [stderr]   --> src/texture.rs:63:21
[INFO] [stderr]    |
[INFO] [stderr] 63 |     fn value(&self, u: f32, v: f32, p: &Point) -> Color {
[INFO] [stderr]    |                     ^ help: if this is intentional, prefix it with an underscore: `_u`
[INFO] [stderr] 
[INFO] [stderr] warning: unused variable: `v`
[INFO] [stderr]   --> src/texture.rs:63:29
[INFO] [stderr]    |
[INFO] [stderr] 63 |     fn value(&self, u: f32, v: f32, p: &Point) -> Color {
[INFO] [stderr]    |                             ^ help: if this is intentional, prefix it with an underscore: `_v`
[INFO] [stderr] 
[INFO] [stderr] warning: unused variable: `p`
[INFO] [stderr]   --> src/texture.rs:63:37
[INFO] [stderr]    |
[INFO] [stderr] 63 |     fn value(&self, u: f32, v: f32, p: &Point) -> Color {
[INFO] [stderr]    |                                     ^ help: if this is intentional, prefix it with an underscore: `_p`
[INFO] [stderr] 
[INFO] [stderr] warning: struct `RenderOptions` is never constructed
[INFO] [stderr]   --> src/main.rs:37:8
[INFO] [stderr]    |
[INFO] [stderr] 37 | struct RenderOptions {
[INFO] [stderr]    |        ^^^^^^^^^^^^^
[INFO] [stderr]    |
[INFO] [stderr]    = note: `#[warn(dead_code)]` on by default
[INFO] [stderr] 
[INFO] [stderr] warning: function `ray_color_bvh_node` is never used
[INFO] [stderr]   --> src/main.rs:78:4
[INFO] [stderr]    |
[INFO] [stderr] 78 | fn ray_color_bvh_node(ray: &Ray, root: &BvhNode, call_depth: i32) -> Color {
[INFO] [stderr]    |    ^^^^^^^^^^^^^^^^^^
[INFO] [stderr] 
[INFO] [stderr] warning: function `render` is never used
[INFO] [stderr]   --> src/main.rs:97:4
[INFO] [stderr]    |
[INFO] [stderr] 97 | fn render(scene_path: &str) {
[INFO] [stderr]    |    ^^^^^^
[INFO] [stderr] 
[INFO] [stderr] warning: function `render_bvh` is never used
[INFO] [stderr]    --> src/main.rs:133:4
[INFO] [stderr]     |
[INFO] [stderr] 133 | fn render_bvh(scene_path: &str) {
[INFO] [stderr]     |    ^^^^^^^^^^
[INFO] [stderr] 
[INFO] [stderr] warning: function `render_multi_threaded_bvh` is never used
[INFO] [stderr]    --> src/main.rs:271:4
[INFO] [stderr]     |
[INFO] [stderr] 271 | fn render_multi_threaded_bvh(scene_path: &str, mut num_threads: i32) {
[INFO] [stderr]     |    ^^^^^^^^^^^^^^^^^^^^^^^^^
[INFO] [stderr] 
[INFO] [stderr] warning: associated items `box_compare`, `box_x_compare`, `box_y_compare`, `box_z_compare`, `hit_aabb`, and `hit_sphere` are never used
[INFO] [stderr]    --> src/aabb.rs:178:8
[INFO] [stderr]     |
[INFO] [stderr] 109 | impl BvhNode {
[INFO] [stderr]     | ------------ associated items in this implementation
[INFO] [stderr] ...
[INFO] [stderr] 178 |     fn box_compare(a: &Object, b: &Object, axis_index: i32) -> Ordering {
[INFO] [stderr]     |        ^^^^^^^^^^^
[INFO] [stderr] ...
[INFO] [stderr] 186 |     fn box_x_compare(a: &Object, b: &Object) -> Ordering {
[INFO] [stderr]     |        ^^^^^^^^^^^^^
[INFO] [stderr] ...
[INFO] [stderr] 189 |     fn box_y_compare(a: &Object, b: &Object) -> Ordering {
[INFO] [stderr]     |        ^^^^^^^^^^^^^
[INFO] [stderr] ...
[INFO] [stderr] 192 |     fn box_z_compare(a: &Object, b: &Object) -> Ordering {
[INFO] [stderr]     |        ^^^^^^^^^^^^^
[INFO] [stderr] ...
[INFO] [stderr] 196 |     fn hit_aabb(&self, aabb: AABB, ray: &Ray, interval: Interval) -> (bool, HitRecord) {
[INFO] [stderr]     |        ^^^^^^^^
[INFO] [stderr] ...
[INFO] [stderr] 216 |     fn hit_sphere(&self, sphere: Sphere, ray: &Ray, interval: Interval) -> (bool, HitRecord) {
[INFO] [stderr]     |        ^^^^^^^^^^
[INFO] [stderr] 
[INFO] [stderr] warning: variable `RenderableTexture` should have a snake case name
[INFO] [stderr]   --> src/material.rs:76:16
[INFO] [stderr]    |
[INFO] [stderr] 76 |     pub fn new(RenderableTexture: RenderableTexture, fuzziness: Option<f32>) -> Self {
[INFO] [stderr]    |                ^^^^^^^^^^^^^^^^^ help: convert the identifier to snake case: `renderable_texture`
[INFO] [stderr]    |
[INFO] [stderr]    = note: `#[warn(non_snake_case)]` on by default
[INFO] [stderr] 
[INFO] [stderr] warning: `raytracer` (bin "raytracer" test) generated 22 warnings (run `cargo fix --bin "raytracer" --tests` to apply 11 suggestions)
[INFO] [stderr]     Finished `test` profile [unoptimized + debuginfo] target(s) in 0.04s
[INFO] [stderr]      Running unittests src/lib.rs (/opt/rustwide/target/debug/deps/raytracer-fc2cf78488425d32)
[INFO] [stdout] 
[INFO] [stdout] running 0 tests
[INFO] [stdout] 
[INFO] [stdout] test result: ok. 0 passed; 0 failed; 0 ignored; 0 measured; 0 filtered out; finished in 0.00s
[INFO] [stdout] 
[INFO] [stderr]      Running unittests src/main.rs (/opt/rustwide/target/debug/deps/raytracer-45a3aa67d6783572)
[INFO] [stdout] 
[INFO] [stdout] running 24 tests
[INFO] [stdout] test ray::tests::at_works_for_negative_values ... ok
[INFO] [stdout] test util::tests::adding_vectors_is_correct ... ok
[INFO] [stdout] test util::tests::cross_product_is_correct ... ok
[INFO] [stdout] test util::tests::dividing_vectors_by_scalar_is_correct ... ok
[INFO] [stdout] test util::tests::euclidean_length_is_correct ... ok
[INFO] [stdout] test util::tests::interval_negative_and_positive_should_contain_negative ... ok
[INFO] [stdout] test util::tests::dot_product_is_correct ... ok
[INFO] [stdout] test ray::tests::at_works_for_positive_values ... ok
[INFO] [stdout] test util::tests::interval_negative_and_positive_should_contain_positive ... ok
[INFO] [stdout] test util::tests::interval_negative_and_positive_should_contain_zero ... ok
[INFO] [stdout] test util::tests::interval_zero_and_negative_should_contain ... ok
[INFO] [stdout] test util::tests::interval_zero_and_negative_should_not_contain_smaller_negative ... ok
[INFO] [stdout] test util::tests::interval_zero_and_positive_should_contain ... ok
[INFO] [stdout] test util::tests::interval_zero_and_positive_should_not_contain_negative ... ok
[INFO] [stdout] test util::tests::length_squared_is_correct ... ok
[INFO] [stdout] test util::tests::multiplying_vectors_together_is_correct ... ok
[INFO] [stdout] test util::tests::multiplying_vectors_by_scalar_is_correct ... ok
[INFO] [stdout] test util::tests::negating_vector_is_correct ... ok
[INFO] [stdout] test util::tests::unit_vector_is_correct ... ok
[INFO] [stdout] test util::tests::subtracting_vectors_is_correct ... ok
[INFO] [stdout] test util::tests::interval_negative_and_positive_should_not_contain_smaller_negative ... ok
[INFO] [stdout] test util::tests::interval_negative_and_positive_should_not_contain_larger_positive ... ok
[INFO] [stdout] test util::tests::interval_zero_and_positive_should_not_contain_larger_positive ... ok
[INFO] [stdout] test sphere::tests::sphere_is_hit_when_ray_cast_hitting_directly ... FAILED
[INFO] [stdout] 
[INFO] [stdout] failures:
[INFO] [stdout] 
[INFO] [stdout] ---- sphere::tests::sphere_is_hit_when_ray_cast_hitting_directly stdout ----
[INFO] [stdout] 
[INFO] [stdout] thread 'sphere::tests::sphere_is_hit_when_ray_cast_hitting_directly' panicked at src/sphere.rs:173:9:
[INFO] [stdout] assertion failed: did_hit
[INFO] [stdout] stack backtrace:
[INFO] [stdout]    0:     0x643b960f049a - std::backtrace_rs::backtrace::libunwind::trace::hb059275cfc8d6126
[INFO] [stdout]                                at /rustc/6067b36314ab5eb2eb47cecc464545ba58e1ad24/library/std/src/../../backtrace/src/backtrace/libunwind.rs:116:5
[INFO] [stdout]    1:     0x643b960f049a - std::backtrace_rs::backtrace::trace_unsynchronized::h2da071e4327ce3ee
[INFO] [stdout]                                at /rustc/6067b36314ab5eb2eb47cecc464545ba58e1ad24/library/std/src/../../backtrace/src/backtrace/mod.rs:66:5
[INFO] [stdout]    2:     0x643b960f049a - std::sys::backtrace::_print_fmt::h842a1474e6f8d23f
[INFO] [stdout]                                at /rustc/6067b36314ab5eb2eb47cecc464545ba58e1ad24/library/std/src/sys/backtrace.rs:66:9
[INFO] [stdout]    3:     0x643b960f049a - <std::sys::backtrace::BacktraceLock::print::DisplayBacktrace as core::fmt::Display>::fmt::h71a62eb3b9696b12
[INFO] [stdout]                                at /rustc/6067b36314ab5eb2eb47cecc464545ba58e1ad24/library/std/src/sys/backtrace.rs:39:26
[INFO] [stdout]    4:     0x643b96118463 - core::fmt::rt::Argument::fmt::hdb6b616786b41dc1
[INFO] [stdout]                                at /rustc/6067b36314ab5eb2eb47cecc464545ba58e1ad24/library/core/src/fmt/rt.rs:177:76
[INFO] [stdout]    5:     0x643b96118463 - core::fmt::write::h2cc1698af7e2d686
[INFO] [stdout]                                at /rustc/6067b36314ab5eb2eb47cecc464545ba58e1ad24/library/core/src/fmt/mod.rs:1440:21
[INFO] [stdout]    6:     0x643b960ecff3 - std::io::Write::write_fmt::hab1b4cd059a79022
[INFO] [stdout]                                at /rustc/6067b36314ab5eb2eb47cecc464545ba58e1ad24/library/std/src/io/mod.rs:1887:15
[INFO] [stdout]    7:     0x643b960f02e2 - std::sys::backtrace::BacktraceLock::print::h147fe35b4ea13b08
[INFO] [stdout]                                at /rustc/6067b36314ab5eb2eb47cecc464545ba58e1ad24/library/std/src/sys/backtrace.rs:42:9
[INFO] [stdout]    8:     0x643b960f18bf - std::panicking::default_hook::{{closure}}::hbd44223dbdc0d208
[INFO] [stdout]                                at /rustc/6067b36314ab5eb2eb47cecc464545ba58e1ad24/library/std/src/panicking.rs:298:22
[INFO] [stdout]    9:     0x643b960f16d8 - std::panicking::default_hook::h20f81eb0576efcec
[INFO] [stdout]                                at /rustc/6067b36314ab5eb2eb47cecc464545ba58e1ad24/library/std/src/panicking.rs:322:9
[INFO] [stdout]   10:     0x643b960ba4f3 - <alloc::boxed::Box<F,A> as core::ops::function::Fn<Args>>::call::hdb53814c496a4d34
[INFO] [stdout]                                at /rustc/6067b36314ab5eb2eb47cecc464545ba58e1ad24/library/alloc/src/boxed.rs:2027:9
[INFO] [stdout]   11:     0x643b960ba4f3 - test::test_main::{{closure}}::hc0a4963c59427c24
[INFO] [stdout]                                at /rustc/6067b36314ab5eb2eb47cecc464545ba58e1ad24/library/test/src/lib.rs:134:21
[INFO] [stdout]   12:     0x643b960f23b3 - <alloc::boxed::Box<F,A> as core::ops::function::Fn<Args>>::call::h591b2225413a77e9
[INFO] [stdout]                                at /rustc/6067b36314ab5eb2eb47cecc464545ba58e1ad24/library/alloc/src/boxed.rs:2027:9
[INFO] [stdout]   13:     0x643b960f23b3 - std::panicking::rust_panic_with_hook::h625eea43051b2edc
[INFO] [stdout]                                at /rustc/6067b36314ab5eb2eb47cecc464545ba58e1ad24/library/std/src/panicking.rs:839:13
[INFO] [stdout]   14:     0x643b960f2036 - std::panicking::begin_panic_handler::{{closure}}::h4f9159cfbc3f6bd3
[INFO] [stdout]                                at /rustc/6067b36314ab5eb2eb47cecc464545ba58e1ad24/library/std/src/panicking.rs:697:13
[INFO] [stdout]   15:     0x643b960f0999 - std::sys::backtrace::__rust_end_short_backtrace::h0390abce48353151
[INFO] [stdout]                                at /rustc/6067b36314ab5eb2eb47cecc464545ba58e1ad24/library/std/src/sys/backtrace.rs:168:18
[INFO] [stdout]   16:     0x643b960f1cfd - rust_begin_unwind
[INFO] [stdout]                                at /rustc/6067b36314ab5eb2eb47cecc464545ba58e1ad24/library/std/src/panicking.rs:695:5
[INFO] [stdout]   17:     0x643b961164b0 - core::panicking::panic_fmt::h9e7c637e9e5f29c9
[INFO] [stdout]                                at /rustc/6067b36314ab5eb2eb47cecc464545ba58e1ad24/library/core/src/panicking.rs:75:14
[INFO] [stdout]   18:     0x643b9611653c - core::panicking::panic::haa3255ea20181a33
[INFO] [stdout]                                at /rustc/6067b36314ab5eb2eb47cecc464545ba58e1ad24/library/core/src/panicking.rs:145:5
[INFO] [stdout]   19:     0x643b9607e905 - raytracer::sphere::tests::sphere_is_hit_when_ray_cast_hitting_directly::h1407eadab96641ab
[INFO] [stdout]                                at /opt/rustwide/workdir/src/sphere.rs:173:9
[INFO] [stdout]   20:     0x643b9607e757 - raytracer::sphere::tests::sphere_is_hit_when_ray_cast_hitting_directly::{{closure}}::h47bcb19c2cc9109d
[INFO] [stdout]                                at /opt/rustwide/workdir/src/sphere.rs:168:54
[INFO] [stdout]   21:     0x643b9607c566 - core::ops::function::FnOnce::call_once::hb94a75163e2c579f
[INFO] [stdout]                                at /rustc/6067b36314ab5eb2eb47cecc464545ba58e1ad24/library/core/src/ops/function.rs:250:5
[INFO] [stdout]   22:     0x643b960bfc4b - core::ops::function::FnOnce::call_once::he27718dfdd183f43
[INFO] [stdout]                                at /rustc/6067b36314ab5eb2eb47cecc464545ba58e1ad24/library/core/src/ops/function.rs:250:5
[INFO] [stdout]   23:     0x643b960bfc4b - test::__rust_begin_short_backtrace::h4e84902998457a5d
[INFO] [stdout]                                at /rustc/6067b36314ab5eb2eb47cecc464545ba58e1ad24/library/test/src/lib.rs:632:18
[INFO] [stdout]   24:     0x643b960beb83 - test::run_test_in_process::{{closure}}::h7176fd18fc1feca0
[INFO] [stdout]                                at /rustc/6067b36314ab5eb2eb47cecc464545ba58e1ad24/library/test/src/lib.rs:655:60
[INFO] [stdout]   25:     0x643b960beb83 - <core::panic::unwind_safe::AssertUnwindSafe<F> as core::ops::function::FnOnce<()>>::call_once::hf79cff2a624d8cf7
[INFO] [stdout]                                at /rustc/6067b36314ab5eb2eb47cecc464545ba58e1ad24/library/core/src/panic/unwind_safe.rs:272:9
[INFO] [stdout]   26:     0x643b960beb83 - std::panicking::try::do_call::h3da0561d9ab99c25
[INFO] [stdout]                                at /rustc/6067b36314ab5eb2eb47cecc464545ba58e1ad24/library/std/src/panicking.rs:587:40
[INFO] [stdout]   27:     0x643b960beb83 - std::panicking::try::h41c9fa508bc61df6
[INFO] [stdout]                                at /rustc/6067b36314ab5eb2eb47cecc464545ba58e1ad24/library/std/src/panicking.rs:550:19
[INFO] [stdout]   28:     0x643b960beb83 - std::panic::catch_unwind::h6b3ff07bb5afad93
[INFO] [stdout]                                at /rustc/6067b36314ab5eb2eb47cecc464545ba58e1ad24/library/std/src/panic.rs:358:14
[INFO] [stdout]   29:     0x643b960beb83 - test::run_test_in_process::hc7253dd11b39b9f4
[INFO] [stdout]                                at /rustc/6067b36314ab5eb2eb47cecc464545ba58e1ad24/library/test/src/lib.rs:655:27
[INFO] [stdout]   30:     0x643b960beb83 - test::run_test::{{closure}}::hfb2007f8649c30bb
[INFO] [stdout]                                at /rustc/6067b36314ab5eb2eb47cecc464545ba58e1ad24/library/test/src/lib.rs:576:43
[INFO] [stdout]   31:     0x643b96081c65 - test::run_test::{{closure}}::h56a17aa7a282a9f4
[INFO] [stdout]                                at /rustc/6067b36314ab5eb2eb47cecc464545ba58e1ad24/library/test/src/lib.rs:606:41
[INFO] [stdout]   32:     0x643b96081c65 - std::sys::backtrace::__rust_begin_short_backtrace::hd2d2d2fb8e8c6aac
[INFO] [stdout]                                at /rustc/6067b36314ab5eb2eb47cecc464545ba58e1ad24/library/std/src/sys/backtrace.rs:152:18
[INFO] [stdout]   33:     0x643b9608554a - std::thread::Builder::spawn_unchecked_::{{closure}}::{{closure}}::h4faa3f9db6133423
[INFO] [stdout]                                at /rustc/6067b36314ab5eb2eb47cecc464545ba58e1ad24/library/std/src/thread/mod.rs:559:17
[INFO] [stdout]   34:     0x643b9608554a - <core::panic::unwind_safe::AssertUnwindSafe<F> as core::ops::function::FnOnce<()>>::call_once::hf2e855a36a4ea846
[INFO] [stdout]                                at /rustc/6067b36314ab5eb2eb47cecc464545ba58e1ad24/library/core/src/panic/unwind_safe.rs:272:9
[INFO] [stdout]   35:     0x643b9608554a - std::panicking::try::do_call::h2f73af3616c35465
[INFO] [stdout]                                at /rustc/6067b36314ab5eb2eb47cecc464545ba58e1ad24/library/std/src/panicking.rs:587:40
[INFO] [stdout]   36:     0x643b9608554a - std::panicking::try::hd1660ce9efadef5a
[INFO] [stdout]                                at /rustc/6067b36314ab5eb2eb47cecc464545ba58e1ad24/library/std/src/panicking.rs:550:19
[INFO] [stdout]   37:     0x643b9608554a - std::panic::catch_unwind::h5ee8d7823b8ca744
[INFO] [stdout]                                at /rustc/6067b36314ab5eb2eb47cecc464545ba58e1ad24/library/std/src/panic.rs:358:14
[INFO] [stdout]   38:     0x643b9608554a - std::thread::Builder::spawn_unchecked_::{{closure}}::h53c3a1894dce8407
[INFO] [stdout]                                at /rustc/6067b36314ab5eb2eb47cecc464545ba58e1ad24/library/std/src/thread/mod.rs:557:30
[INFO] [stdout]   39:     0x643b9608554a - core::ops::function::FnOnce::call_once{{vtable.shim}}::h048ce291ad4f62bf
[INFO] [stdout]                                at /rustc/6067b36314ab5eb2eb47cecc464545ba58e1ad24/library/core/src/ops/function.rs:250:5
[INFO] [stdout]   40:     0x643b960f62eb - <alloc::boxed::Box<F,A> as core::ops::function::FnOnce<Args>>::call_once::ha52bedf99a3b4981
[INFO] [stdout]                                at /rustc/6067b36314ab5eb2eb47cecc464545ba58e1ad24/library/alloc/src/boxed.rs:2013:9
[INFO] [stdout]   41:     0x643b960f62eb - <alloc::boxed::Box<F,A> as core::ops::function::FnOnce<Args>>::call_once::h567748934d80ccf8
[INFO] [stdout]                                at /rustc/6067b36314ab5eb2eb47cecc464545ba58e1ad24/library/alloc/src/boxed.rs:2013:9
[INFO] [stdout]   42:     0x643b960f62eb - std::sys::pal::unix::thread::Thread::new::thread_start::h2d970728ae887adc
[INFO] [stdout]                                at /rustc/6067b36314ab5eb2eb47cecc464545ba58e1ad24/library/std/src/sys/pal/unix/thread.rs:106:17
[INFO] [stdout]   43:     0x75d5aa1edac3 - <unknown>
[INFO] [stdout]   44:     0x75d5aa27ea04 - clone
[INFO] [stdout]   45:                0x0 - <unknown>
[INFO] [stdout] 
[INFO] [stdout] 
[INFO] [stdout] failures:
[INFO] [stdout]     sphere::tests::sphere_is_hit_when_ray_cast_hitting_directly
[INFO] [stdout] 
[INFO] [stdout] test result: FAILED. 23 passed; 1 failed; 0 ignored; 0 measured; 0 filtered out; finished in 0.06s
[INFO] [stdout] 
[INFO] [stderr] error: test failed, to rerun pass `--bin raytracer`
[INFO] running `Command { std: "docker" "inspect" "9f2ad50616970f98c056cb450aad7fde4e7e331d1c9d64a19d7cfd70c6bc7fc1", kill_on_drop: false }`
[INFO] running `Command { std: "docker" "rm" "-f" "9f2ad50616970f98c056cb450aad7fde4e7e331d1c9d64a19d7cfd70c6bc7fc1", kill_on_drop: false }`
[INFO] [stdout] 9f2ad50616970f98c056cb450aad7fde4e7e331d1c9d64a19d7cfd70c6bc7fc1
