[INFO] cloning repository https://github.com/lotide-org/lotide
[INFO] running `Command { std: "git" "-c" "credential.helper=" "-c" "credential.helper=/workspace/cargo-home/bin/git-credential-null" "clone" "--bare" "https://github.com/lotide-org/lotide" "/workspace/cache/git-repos/https%3A%2F%2Fgithub.com%2Flotide-org%2Flotide", kill_on_drop: false }`
[INFO] [stderr] Cloning into bare repository '/workspace/cache/git-repos/https%3A%2F%2Fgithub.com%2Flotide-org%2Flotide'...
[INFO] running `Command { std: "git" "rev-parse" "HEAD", kill_on_drop: false }`
[INFO] [stdout] f623faf8ef24a499f1a8ce65cd749118e0c67c76
[INFO] testing lotide-org/lotide against nightly-2025-01-18 for randomize-layout-2
[INFO] running `Command { std: "git" "clone" "/workspace/cache/git-repos/https%3A%2F%2Fgithub.com%2Flotide-org%2Flotide" "/workspace/builds/worker-7-tc1/source", kill_on_drop: false }`
[INFO] [stderr] Cloning into '/workspace/builds/worker-7-tc1/source'...
[INFO] [stderr] done.
[INFO] validating manifest of git repo https://github.com/lotide-org/lotide on toolchain nightly-2025-01-18
[INFO] running `Command { std: CARGO_HOME="/workspace/cargo-home" RUSTUP_HOME="/workspace/rustup-home" "/workspace/cargo-home/bin/cargo" "+nightly-2025-01-18" "metadata" "--manifest-path" "Cargo.toml" "--no-deps", kill_on_drop: false }`
[INFO] started tweaking git repo https://github.com/lotide-org/lotide
[INFO] finished tweaking git repo https://github.com/lotide-org/lotide
[INFO] tweaked toml for git repo https://github.com/lotide-org/lotide written to /workspace/builds/worker-7-tc1/source/Cargo.toml
[INFO] crate git repo https://github.com/lotide-org/lotide already has a lockfile, it will not be regenerated
[INFO] running `Command { std: CARGO_HOME="/workspace/cargo-home" RUSTUP_HOME="/workspace/rustup-home" "/workspace/cargo-home/bin/cargo" "+nightly-2025-01-18" "fetch" "--manifest-path" "Cargo.toml", kill_on_drop: false }`
[INFO] [stderr]     Updating git repository `https://git.sr.ht/~vpzom/activitystreams`
[INFO] [stderr]     Updating git repository `https://github.com/vpzomtrrfrt/rusoto`
[INFO] [stderr]     Updating git submodule `https://github.com/boto/botocore.git`
[INFO] [stderr]     Updating crates.io index
[INFO] [stderr]  Downloading crates ...
[INFO] [stderr]   Downloaded v_escape v0.18.0
[INFO] [stderr]   Downloaded buf-min v0.6.1
[INFO] [stderr]   Downloaded unic-langid-macros v0.9.1
[INFO] [stderr]   Downloaded v_escape_derive v0.9.1
[INFO] [stderr]   Downloaded v_htmlescape v0.14.1
[INFO] [stderr]   Downloaded fluent v0.12.0
[INFO] [stderr]   Downloaded henry v0.2.0
[INFO] [stderr]   Downloaded date_duration v0.1.0
[INFO] [stderr]   Downloaded coarsetime v0.1.33
[INFO] [stderr]   Downloaded activitystreams-ext v0.1.0-alpha.2
[INFO] [stderr]   Downloaded pdcm-linkify v0.1.0
[INFO] [stderr]   Downloaded unic-langid-macros-impl v0.9.1
[INFO] [stderr]   Downloaded deadpool-postgres v0.7.0
[INFO] [stderr]   Downloaded ammonia v3.3.0
[INFO] [stderr]   Downloaded blowfish v0.6.0
[INFO] [stderr]   Downloaded migrant_lib v0.33.0
[INFO] [stderr]   Downloaded tinystr v0.7.5
[INFO] [stderr]   Downloaded bcrypt v0.8.2
[INFO] [stderr]   Downloaded hancock v0.2.0-alpha.1
[INFO] [stderr]   Downloaded rusoto_s3 v0.48.0
[INFO] [stderr]   Downloaded postgres-native-tls v0.5.0
[INFO] [stderr]   Downloaded sfv v0.9.3
[INFO] [stderr]   Downloaded trout v0.4.0
[INFO] [stderr]   Downloaded jwt-simple v0.11.9
[INFO] [stderr]   Downloaded web-push v0.9.5
[INFO] running `Command { std: "docker" "create" "-v" "/var/lib/crater-agent-workspace/builds/worker-7-tc1/target:/opt/rustwide/target:rw,Z" "-v" "/var/lib/crater-agent-workspace/builds/worker-7-tc1/source:/opt/rustwide/workdir:ro,Z" "-v" "/var/lib/crater-agent-workspace/cargo-home:/opt/rustwide/cargo-home:ro,Z" "-v" "/var/lib/crater-agent-workspace/rustup-home:/opt/rustwide/rustup-home:ro,Z" "-e" "SOURCE_DIR=/opt/rustwide/workdir" "-e" "CARGO_TARGET_DIR=/opt/rustwide/target" "-e" "CARGO_HOME=/opt/rustwide/cargo-home" "-e" "RUSTUP_HOME=/opt/rustwide/rustup-home" "-w" "/opt/rustwide/workdir" "-m" "1610612736" "--user" "0:0" "--network" "none" "ghcr.io/rust-lang/crates-build-env/linux@sha256:819108c5571ea2e421544af4d832f968d213c87fbe3707a016657f43d2f853bc" "/opt/rustwide/cargo-home/bin/cargo" "+nightly-2025-01-18" "metadata" "--no-deps" "--format-version=1", kill_on_drop: false }`
[INFO] [stdout] 91c00ed55622ebb1c4372bcd4242b3e643860a8e4ce1a35618b4fbc2185b8534
[INFO] running `Command { std: "docker" "start" "-a" "91c00ed55622ebb1c4372bcd4242b3e643860a8e4ce1a35618b4fbc2185b8534", kill_on_drop: false }`
[INFO] running `Command { std: "docker" "inspect" "91c00ed55622ebb1c4372bcd4242b3e643860a8e4ce1a35618b4fbc2185b8534", kill_on_drop: false }`
[INFO] running `Command { std: "docker" "rm" "-f" "91c00ed55622ebb1c4372bcd4242b3e643860a8e4ce1a35618b4fbc2185b8534", kill_on_drop: false }`
[INFO] [stdout] 91c00ed55622ebb1c4372bcd4242b3e643860a8e4ce1a35618b4fbc2185b8534
[INFO] running `Command { std: "docker" "create" "-v" "/var/lib/crater-agent-workspace/builds/worker-7-tc1/target:/opt/rustwide/target:rw,Z" "-v" "/var/lib/crater-agent-workspace/builds/worker-7-tc1/source:/opt/rustwide/workdir:ro,Z" "-v" "/var/lib/crater-agent-workspace/cargo-home:/opt/rustwide/cargo-home:ro,Z" "-v" "/var/lib/crater-agent-workspace/rustup-home:/opt/rustwide/rustup-home:ro,Z" "-e" "SOURCE_DIR=/opt/rustwide/workdir" "-e" "CARGO_TARGET_DIR=/opt/rustwide/target" "-e" "CARGO_INCREMENTAL=0" "-e" "RUST_BACKTRACE=full" "-e" "RUSTFLAGS=--cap-lints=forbid" "-e" "RUSTDOCFLAGS=--cap-lints=forbid" "-e" "CARGO_HOME=/opt/rustwide/cargo-home" "-e" "RUSTUP_HOME=/opt/rustwide/rustup-home" "-w" "/opt/rustwide/workdir" "-m" "1610612736" "--user" "0:0" "--network" "none" "ghcr.io/rust-lang/crates-build-env/linux@sha256:819108c5571ea2e421544af4d832f968d213c87fbe3707a016657f43d2f853bc" "/opt/rustwide/cargo-home/bin/cargo" "+nightly-2025-01-18" "build" "--frozen" "--message-format=json", kill_on_drop: false }`
[INFO] [stdout] ec7118fab4a3a963e704b3271f9165226b72924cb46b8a421e0f4cea35c33700
[INFO] running `Command { std: "docker" "start" "-a" "ec7118fab4a3a963e704b3271f9165226b72924cb46b8a421e0f4cea35c33700", kill_on_drop: false }`
[INFO] [stderr]    Compiling proc-macro2 v1.0.69
[INFO] [stderr]    Compiling unicode-ident v1.0.12
[INFO] [stderr]    Compiling libc v0.2.150
[INFO] [stderr]    Compiling cfg-if v1.0.0
[INFO] [stderr]    Compiling autocfg v1.1.0
[INFO] [stderr]    Compiling version_check v0.9.4
[INFO] [stderr]    Compiling zeroize v1.7.0
[INFO] [stderr]    Compiling typenum v1.17.0
[INFO] [stderr]    Compiling memchr v2.6.4
[INFO] [stderr]    Compiling subtle v2.4.1
[INFO] [stderr]    Compiling serde v1.0.193
[INFO] [stderr]    Compiling const-oid v0.9.5
[INFO] [stderr]    Compiling generic-array v0.14.7
[INFO] [stderr]    Compiling once_cell v1.18.0
[INFO] [stderr]    Compiling syn v1.0.109
[INFO] [stderr]    Compiling quote v1.0.33
[INFO] [stderr]    Compiling libm v0.2.8
[INFO] [stderr]    Compiling bytes v1.5.0
[INFO] [stderr]    Compiling syn v2.0.39
[INFO] [stderr]    Compiling num-traits v0.2.17
[INFO] [stderr]    Compiling log v0.4.20
[INFO] [stderr]    Compiling pin-project-lite v0.2.13
[INFO] [stderr]    Compiling fnv v1.0.7
[INFO] [stderr]    Compiling ppv-lite86 v0.2.17
[INFO] [stderr]    Compiling pkg-config v0.3.27
[INFO] [stderr]    Compiling itoa v1.0.9
[INFO] [stderr]    Compiling futures-core v0.3.29
[INFO] [stderr]    Compiling vcpkg v0.2.15
[INFO] [stderr]    Compiling getrandom v0.2.11
[INFO] [stderr]    Compiling cc v1.0.83
[INFO] [stderr]    Compiling rand_core v0.6.4
[INFO] [stderr]    Compiling rand_chacha v0.3.1
[INFO] [stderr]    Compiling smallvec v1.11.2
[INFO] [stderr]    Compiling crypto-common v0.1.6
[INFO] [stderr]    Compiling block-buffer v0.10.4
[INFO] [stderr]    Compiling rand v0.8.5
[INFO] [stderr]    Compiling cpufeatures v0.2.11
[INFO] [stderr]    Compiling ryu v1.0.15
[INFO] [stderr]    Compiling digest v0.10.7
[INFO] [stderr]    Compiling tinyvec_macros v0.1.1
[INFO] [stderr]    Compiling tinyvec v1.6.0
[INFO] [stderr]    Compiling slab v0.4.9
[INFO] [stderr]    Compiling siphasher v0.3.11
[INFO] [stderr]    Compiling futures-io v0.3.29
[INFO] [stderr]    Compiling hmac v0.12.1
[INFO] [stderr]    Compiling mio v0.8.9
[INFO] [stderr]    Compiling num_cpus v1.16.0
[INFO] [stderr]    Compiling socket2 v0.5.5
[INFO] [stderr]    Compiling openssl-sys v0.9.96
[INFO] [stderr]    Compiling signal-hook-registry v1.4.1
[INFO] [stderr]    Compiling base64ct v1.6.0
[INFO] [stderr]    Compiling unicode-normalization v0.1.22
[INFO] [stderr]    Compiling unicode-bidi v0.3.13
[INFO] [stderr]    Compiling futures-sink v0.3.29
[INFO] [stderr]    Compiling iana-time-zone v0.1.58
[INFO] [stderr]    Compiling tracing-core v0.1.32
[INFO] [stderr]    Compiling futures-task v0.3.29
[INFO] [stderr]    Compiling percent-encoding v2.3.1
[INFO] [stderr]    Compiling futures-channel v0.3.29
[INFO] [stderr]    Compiling futures-util v0.3.29
[INFO] [stderr]    Compiling serde_json v1.0.108
[INFO] [stderr]    Compiling lock_api v0.4.11
[INFO] [stderr]    Compiling pin-utils v0.1.0
[INFO] [stderr]    Compiling parking_lot_core v0.9.9
[INFO] [stderr]    Compiling scopeguard v1.2.0
[INFO] [stderr]    Compiling byteorder v1.5.0
[INFO] [stderr]    Compiling sha2 v0.10.8
[INFO] [stderr]    Compiling http v0.2.11
[INFO] [stderr]    Compiling spin v0.5.2
[INFO] [stderr]    Compiling strsim v0.10.0
[INFO] [stderr]    Compiling async-trait v0.1.74
[INFO] [stderr]    Compiling lazy_static v1.4.0
[INFO] [stderr]    Compiling parking_lot v0.12.1
[INFO] [stderr]    Compiling pem-rfc7468 v0.7.0
[INFO] [stderr]    Compiling phf_shared v0.10.0
[INFO] [stderr]    Compiling thiserror v1.0.50
[INFO] [stderr]    Compiling ident_case v1.0.1
[INFO] [stderr]    Compiling foreign-types-shared v0.1.1
[INFO] [stderr]    Compiling openssl v0.10.60
[INFO] [stderr]    Compiling foreign-types v0.3.2
[INFO] [stderr]    Compiling der v0.7.8
[INFO] [stderr]    Compiling bitflags v2.4.1
[INFO] [stderr]    Compiling openssl-probe v0.1.5
[INFO] [stderr]    Compiling base64 v0.21.5
[INFO] [stderr]    Compiling socket2 v0.4.10
[INFO] [stderr]    Compiling proc-macro-hack v0.5.20+deprecated
[INFO] [stderr]    Compiling crossbeam-utils v0.8.16
[INFO] [stderr]    Compiling hashbrown v0.14.2
[INFO] [stderr]    Compiling phf_generator v0.10.0
[INFO] [stderr]    Compiling libz-sys v1.1.12
[INFO] [stderr]    Compiling libnghttp2-sys v0.1.8+1.55.1
[INFO] [stderr]    Compiling hkdf v0.12.3
[INFO] [stderr]    Compiling ff v0.13.0
[INFO] [stderr]    Compiling finl_unicode v1.2.0
[INFO] [stderr]    Compiling native-tls v0.2.11
[INFO] [stderr]    Compiling base16ct v0.2.0
[INFO] [stderr]    Compiling bitflags v1.3.2
[INFO] [stderr]    Compiling group v0.13.0
[INFO] [stderr]    Compiling stringprep v0.1.4
[INFO] [stderr]    Compiling idna v0.5.0
[INFO] [stderr]    Compiling form_urlencoded v1.2.1
[INFO] [stderr]    Compiling spki v0.7.2
[INFO] [stderr]    Compiling md-5 v0.10.6
[INFO] [stderr]    Compiling pkcs8 v0.10.2
[INFO] [stderr]    Compiling crypto-bigint v0.5.5
[INFO] [stderr]    Compiling aho-corasick v1.1.2
[INFO] [stderr]    Compiling sec1 v0.7.3
[INFO] [stderr]    Compiling httpdate v1.0.3
[INFO] [stderr]    Compiling serde_derive v1.0.193
[INFO] [stderr]    Compiling tokio-macros v2.2.0
[INFO] [stderr]    Compiling tracing-attributes v0.1.27
[INFO] [stderr]    Compiling futures-macro v0.3.29
[INFO] [stderr]    Compiling thiserror-impl v1.0.50
[INFO] [stderr]    Compiling tokio v1.34.0
[INFO] [stderr]    Compiling openssl-macros v0.1.1
[INFO] [stderr]    Compiling tracing v0.1.40
[INFO] [stderr]    Compiling displaydoc v0.2.4
[INFO] [stderr]    Compiling equivalent v1.0.1
[INFO] [stderr]    Compiling fallible-iterator v0.2.0
[INFO] [stderr]    Compiling httparse v1.8.0
[INFO] [stderr]    Compiling base64 v0.13.1
[INFO] [stderr]    Compiling new_debug_unreachable v1.0.4
[INFO] [stderr]    Compiling regex-syntax v0.8.2
[INFO] [stderr]    Compiling tinystr v0.7.5
[INFO] [stderr]    Compiling unic-langid-impl v0.9.1
[INFO] [stderr]    Compiling postgres-protocol v0.6.6
[INFO] [stderr]    Compiling indexmap v2.1.0
[INFO] [stderr]    Compiling unic-langid-macros-impl v0.9.1
[INFO] [stderr]    Compiling elliptic-curve v0.13.8
[INFO] [stderr]    Compiling phf_codegen v0.10.0
[INFO] [stderr]    Compiling string_cache_codegen v0.5.2
[INFO] [stderr]    Compiling pem-rfc7468 v0.6.0
[INFO] [stderr]    Compiling curl-sys v0.4.68+curl-8.4.0
[INFO] [stderr]    Compiling futures-executor v0.3.29
[INFO] [stderr]    Compiling uuid v0.8.2
[INFO] [stderr]    Compiling futures v0.3.29
[INFO] [stderr]    Compiling regex-automata v0.4.3
[INFO] [stderr]    Compiling num-integer v0.1.45
[INFO] [stderr]    Compiling try-lock v0.2.4
[INFO] [stderr]    Compiling mac v0.1.1
[INFO] [stderr]    Compiling lexical-core v0.7.6
[INFO] [stderr]    Compiling semver v1.0.20
[INFO] [stderr]    Compiling opaque-debug v0.3.0
[INFO] [stderr]    Compiling futf v0.1.5
[INFO] [stderr]    Compiling tokio-util v0.7.10
[INFO] [stderr]    Compiling want v0.3.1
[INFO] [stderr]    Compiling markup5ever v0.11.0
[INFO] [stderr]    Compiling der v0.6.1
[INFO] [stderr]    Compiling h2 v0.3.22
[INFO] [stderr]    Compiling unic-langid-macros v0.9.1
[INFO] [stderr]    Compiling tokio-native-tls v0.3.1
[INFO] [stderr]    Compiling darling_core v0.12.4
[INFO] [stderr]    Compiling http-body v0.4.5
[INFO] [stderr]    Compiling rfc6979 v0.4.0
[INFO] [stderr]    Compiling phf_shared v0.11.2
[INFO] [stderr]    Compiling signature v2.2.0
[INFO] [stderr]    Compiling digest v0.9.0
[INFO] [stderr]    Compiling num-iter v0.1.43
[INFO] [stderr]    Compiling regex v1.10.2
[INFO] [stderr]    Compiling nom v5.1.3
[INFO] [stderr]    Compiling arrayvec v0.5.2
[INFO] [stderr]    Compiling chrono v0.4.31
[INFO] [stderr]    Compiling url v2.5.0
[INFO] [stderr]    Compiling static_assertions v1.1.0
[INFO] [stderr]    Compiling utf-8 v0.7.6
[INFO] [stderr]    Compiling mime v0.3.17
[INFO] [stderr]    Compiling precomputed-hash v0.1.1
[INFO] [stderr]    Compiling tower-service v0.3.2
[INFO] [stderr]    Compiling getrandom v0.1.16
[INFO] [stderr]    Compiling string_cache v0.8.7
[INFO] [stderr]    Compiling postgres-types v0.2.6
[INFO] [stderr]    Compiling tendril v0.4.3
[INFO] [stderr]    Compiling darling_macro v0.12.4
[INFO] [stderr]    Compiling ecdsa v0.16.9
[INFO] [stderr]    Compiling phf v0.11.2
[INFO] [stderr]    Compiling unic-langid v0.9.1
[INFO] [stderr]    Compiling spki v0.6.0
[INFO] [stderr]    Compiling phf v0.10.1
[INFO] [stderr]    Compiling block-buffer v0.9.0
[INFO] [stderr]    Compiling dirs-sys-next v0.1.2
[INFO] [stderr]    Compiling indexmap v1.9.3
[INFO] [stderr]    Compiling whoami v1.4.1
[INFO] [stderr]    Compiling hex v0.4.3
[INFO] [stderr]    Compiling num-bigint-dig v0.8.4
[INFO] [stderr]    Compiling hyper v0.14.27
[INFO] [stderr]    Compiling unicode-xid v0.2.4
[INFO] [stderr]    Compiling synstructure v0.12.6
[INFO] [stderr]    Compiling dirs-next v2.0.0
[INFO] [stderr]    Compiling tokio-postgres v0.7.10
[INFO] [stderr]    Compiling rustc_version v0.4.0
[INFO] [stderr]    Compiling pkcs8 v0.9.0
[INFO] [stderr]    Compiling darling v0.12.4
[INFO] [stderr]    Compiling primeorder v0.13.6
[INFO] [stderr]    Compiling pin-project-internal v1.1.3
[INFO] [stderr]    Compiling html5ever v0.26.0
[INFO] [stderr]    Compiling concurrent-queue v2.3.0
[INFO] [stderr]    Compiling darling_core v0.20.3
[INFO] [stderr]    Compiling backtrace v0.3.69
[INFO] [stderr]    Compiling crypto-mac v0.11.1
[INFO] [stderr]    Compiling polling v2.8.0
[INFO] [stderr]    Compiling unicase v2.7.0
[INFO] [stderr]    Compiling encoding_rs v0.8.33
[INFO] [stderr]    Compiling gimli v0.28.1
[INFO] [stderr]    Compiling curl v0.4.44
[INFO] [stderr]    Compiling crossbeam-queue v0.3.8
[INFO] [stderr]    Compiling shlex v1.2.0
[INFO] [stderr]    Compiling event-listener v2.5.3
[INFO] [stderr]    Compiling minimal-lexical v0.2.1
[INFO] [stderr]    Compiling adler v1.0.2
[INFO] [stderr]    Compiling hashbrown v0.12.3
[INFO] [stderr]    Compiling rust_decimal v1.33.1
[INFO] [stderr]    Compiling anyhow v1.0.75
[INFO] [stderr]    Compiling fastrand v1.9.0
[INFO] [stderr]    Compiling crc32fast v1.3.2
[INFO] [stderr]    Compiling rustc-hash v1.1.0
[INFO] [stderr]    Compiling type-map v0.4.0
[INFO] [stderr]    Compiling nom v7.1.3
[INFO] [stderr]    Compiling rusoto_credential v0.48.0 (https://github.com/vpzomtrrfrt/rusoto?branch=box-credential#d3f52970)
[INFO] [stderr]    Compiling darling_macro v0.20.3
[INFO] [stderr]    Compiling addr2line v0.21.0
[INFO] [stderr]    Compiling miniz_oxide v0.7.1
[INFO] [stderr]    Compiling async-channel v1.9.0
[INFO] [stderr]    Compiling pin-project v1.1.3
[INFO] [stderr]    Compiling hmac v0.11.0
[INFO] [stderr]    Compiling pkcs1 v0.4.1
[INFO] [stderr]    Compiling derive_builder_core v0.10.2
[INFO] [stderr]    Compiling der_derive v0.4.1
[INFO] [stderr]    Compiling rusoto_core v0.48.0
[INFO] [stderr]    Compiling sha2 v0.9.9
[INFO] [stderr]    Compiling md-5 v0.9.1
[INFO] [stderr]    Compiling rental-impl v0.5.5
[INFO] [stderr]    Compiling signature v1.6.4
[INFO] [stderr]    Compiling object v0.32.1
[INFO] [stderr]    Compiling error-chain v0.12.4
[INFO] [stderr]    Compiling waker-fn v1.1.1
[INFO] [stderr]    Compiling arrayvec v0.7.4
[INFO] [stderr]    Compiling stable_deref_trait v1.2.0
[INFO] [stderr]    Compiling ct-codecs v1.1.1
[INFO] [stderr]    Compiling const-oid v0.6.2
[INFO] [stderr]    Compiling rustc-demangle v0.1.23
[INFO] [stderr]    Compiling pulldown-cmark v0.8.0
[INFO] [stderr]    Compiling parking v2.2.0
[INFO] [stderr]    Compiling isahc v1.7.2
[INFO] [stderr]    Compiling v_escape v0.18.0
[INFO] [stderr]    Compiling unicode-width v0.1.11
[INFO] [stderr]    Compiling futures-lite v1.13.0
[INFO] [stderr]    Compiling rusoto_signature v0.48.0
[INFO] [stderr]    Compiling getopts v0.2.21
[INFO] [stderr]    Compiling der v0.4.5
[INFO] [stderr]    Compiling ed25519-compact v2.0.4
[INFO] [stderr]    Compiling rsa v0.7.2
[INFO] [stderr]    Compiling derive_builder_macro v0.10.2
[INFO] [stderr]    Compiling sluice v0.5.5
[INFO] [stderr]    Compiling tracing-futures v0.2.5
[INFO] [stderr]    Compiling darling v0.20.3
[INFO] [stderr]    Compiling hyper-tls v0.5.0
[INFO] [stderr]    Compiling intl-memoizer v0.5.1
[INFO] [stderr]    Compiling config v0.10.1
[INFO] [stderr]    Compiling p256 v0.13.2
[INFO] [stderr]    Compiling p384 v0.13.0
[INFO] [stderr]    Compiling rand_core v0.5.1
[INFO] [stderr]    Compiling k256 v0.13.2
[INFO] [stderr]    Compiling intl_pluralrules v7.0.2
[INFO] [stderr]    Compiling fluent-langneg v0.13.0
[INFO] [stderr]    Compiling pem v0.8.3
[INFO] [stderr]    Compiling fluent-syntax v0.11.0
[INFO] [stderr]    Compiling v_escape_derive v0.9.1
[INFO] [stderr]    Compiling hmac-sha512 v1.1.5
[INFO] [stderr]    Compiling hmac-sha256 v1.1.7
[INFO] [stderr]    Compiling block-cipher v0.8.0
[INFO] [stderr]    Compiling atty v0.2.14
[INFO] [stderr]    Compiling coarsetime v0.1.33
[INFO] [stderr]    Compiling binstring v0.1.1
[INFO] [stderr]    Compiling buf-min v0.6.1
[INFO] [stderr]    Compiling tokio-cron-scheduler v0.10.0
[INFO] [stderr]    Compiling fluent-syntax v0.9.3
[INFO] [stderr]    Compiling os_str_bytes v6.6.1
[INFO] [stderr]    Compiling match_cfg v0.1.0
[INFO] [stderr]    Compiling same-file v1.0.6
[INFO] [stderr]    Compiling xml-rs v0.8.19
[INFO] [stderr]    Compiling hmac-sha1-compact v1.1.4
[INFO] [stderr]    Compiling v_htmlescape v0.14.1
[INFO] [stderr]    Compiling castaway v0.1.2
[INFO] [stderr]    Compiling base64 v0.12.3
[INFO] [stderr]    Compiling data-encoding v2.5.0
[INFO] [stderr]    Compiling termcolor v1.4.0
[INFO] [stderr]    Compiling sfv v0.9.3
[INFO] [stderr]    Compiling clap_lex v0.2.4
[INFO] [stderr]    Compiling jwt-simple v0.11.9
[INFO] [stderr]    Compiling walkdir v2.4.0
[INFO] [stderr]    Compiling hostname v0.3.1
[INFO] [stderr]    Compiling blowfish v0.6.0
[INFO] [stderr]    Compiling lotide v0.15.0-dev (/opt/rustwide/workdir)
[INFO] [stderr]    Compiling sec1_decode v0.1.0
[INFO] [stderr]    Compiling deadpool v0.7.0
[INFO] [stderr]    Compiling rental v0.5.6
[INFO] [stderr]    Compiling rand_chacha v0.2.2
[INFO] [stderr]    Compiling serde_with_macros v3.4.0
[INFO] [stderr]    Compiling derive_builder v0.10.2
[INFO] [stderr]    Compiling cron v0.12.1
[INFO] [stderr]    Compiling quick-xml v0.22.0
[INFO] [stderr]    Compiling fluent-bundle v0.12.0
[INFO] [stderr]    Compiling postgres-native-tls v0.5.0
[INFO] [stderr]    Compiling postgres v0.19.7
[INFO] [stderr]    Compiling xml5ever v0.17.0
[INFO] [stderr]    Compiling ece v2.2.0
[INFO] [stderr]    Compiling activitystreams v0.7.0-alpha.11 (https://git.sr.ht/~vpzom/activitystreams?rev=e692dc#e692dcaa)
[INFO] [stderr]    Compiling diligent-date-parser v0.1.4
[INFO] [stderr]    Compiling toml v0.5.11
[INFO] [stderr]    Compiling pem v1.1.1
[INFO] [stderr]    Compiling num-derive v0.3.3
[INFO] [stderr]    Compiling dashmap v5.5.3
[INFO] [stderr]    Compiling email-encoding v0.2.0
[INFO] [stderr]    Compiling headers-core v0.2.0
[INFO] [stderr]    Compiling idna v0.3.0
[INFO] [stderr]    Compiling sha1 v0.10.6
[INFO] [stderr]    Compiling uuid v1.7.0
[INFO] [stderr]    Compiling itoa v0.4.8
[INFO] [stderr]    Compiling dtoa v0.4.8
[INFO] [stderr]    Compiling email_address v0.2.4
[INFO] [stderr]    Compiling maplit v1.0.2
[INFO] [stderr]    Compiling textwrap v0.16.0
[INFO] [stderr]    Compiling rust-ini v0.13.0
[INFO] [stderr]    Compiling humantime v2.1.0
[INFO] [stderr]    Compiling ascii_utils v0.9.3
[INFO] [stderr]    Compiling never v0.1.0
[INFO] [stderr]    Compiling quoted_printable v0.4.8
[INFO] [stderr]    Compiling env_logger v0.8.4
[INFO] [stderr]    Compiling config v0.11.0
[INFO] [stderr]    Compiling clap v3.2.25
[INFO] [stderr]    Compiling lettre v0.10.4
[INFO] [stderr]    Compiling atom_syndication v0.11.0
[INFO] [stderr]    Compiling activitystreams-ext v0.1.0-alpha.2
[INFO] [stderr]    Compiling fast_chemail v0.9.6
[INFO] [stderr]    Compiling migrant_lib v0.33.0
[INFO] [stderr]    Compiling ammonia v3.3.0
[INFO] [stderr]    Compiling serde_urlencoded v0.6.1
[INFO] [stderr]    Compiling headers v0.3.9
[INFO] [stderr]    Compiling henry v0.2.0
[INFO] [stderr]    Compiling web-push v0.9.5
[INFO] [stderr]    Compiling markup5ever_rcdom v0.2.0
[INFO] [stderr]    Compiling fluent v0.12.0
[INFO] [stderr]    Compiling serde_with v3.4.0
[INFO] [stderr]    Compiling pdcm-linkify v0.1.0
[INFO] [stderr]    Compiling rand v0.7.3
[INFO] [stderr]    Compiling deadpool-postgres v0.7.0
[INFO] [stderr]    Compiling bcrypt v0.8.2
[INFO] [stderr]    Compiling rusoto_s3 v0.48.0
[INFO] [stderr]    Compiling hancock v0.2.0-alpha.1
[INFO] [stderr]    Compiling lotide_types v0.0.0-pre (/opt/rustwide/workdir/types)
[INFO] [stderr]    Compiling tokio-util v0.6.10
[INFO] [stderr]    Compiling trout v0.4.0
[INFO] [stderr]    Compiling bumpalo v3.14.0
[INFO] [stderr]    Compiling bs58 v0.3.1
[INFO] [stderr]    Compiling unic-char-range v0.9.0
[INFO] [stderr]    Compiling date_duration v0.1.0
[INFO] [stderr]    Compiling either v1.9.0
[INFO] [stdout] warning: elided lifetime has a name
[INFO] [stdout]     --> src/routes/api/mod.rs:1068:62
[INFO] [stdout]      |
[INFO] [stdout] 1067 | impl<'a> From<CommentsRepliesInfoInternal<'a>> for RespList<'a, RespPostCommentInfo<'a>> {
[INFO] [stdout]      |      -- lifetime `'a` declared here
[INFO] [stdout] 1068 |     fn from(src: CommentsRepliesInfoInternal<'a>) -> RespList<RespPostCommentInfo<'a>> {
[INFO] [stdout]      |                                                              ^ this elided lifetime gets resolved as `'a`
[INFO] [stdout]      |
[INFO] [stdout]      = note: `#[warn(elided_named_lifetimes)]` on by default
[INFO] [stdout] 
[INFO] [stdout] 
[INFO] [stdout] warning: use of deprecated method `chrono::DateTime::<Tz>::timestamp_nanos`: use `timestamp_nanos_opt()` instead
[INFO] [stdout]    --> src/routes/api/comments.rs:449:21
[INFO] [stdout]     |
[INFO] [stdout] 449 |         let ts = ts.timestamp_nanos();
[INFO] [stdout]     |                     ^^^^^^^^^^^^^^^
[INFO] [stdout]     |
[INFO] [stdout]     = note: `#[warn(deprecated)]` on by default
[INFO] [stdout] 
[INFO] [stdout] 
[INFO] [stdout] warning: use of deprecated method `chrono::DateTime::<Tz>::timestamp_nanos`: use `timestamp_nanos_opt()` instead
[INFO] [stdout]     --> src/routes/api/posts/mod.rs:1481:21
[INFO] [stdout]      |
[INFO] [stdout] 1481 |         let ts = ts.timestamp_nanos();
[INFO] [stdout]      |                     ^^^^^^^^^^^^^^^
[INFO] [stdout] 
[INFO] [stdout] 
[INFO] [stdout] warning: use of deprecated method `chrono::DateTime::<Tz>::timestamp_nanos`: use `timestamp_nanos_opt()` instead
[INFO] [stdout]     --> src/routes/api/users.rs:1250:21
[INFO] [stdout]      |
[INFO] [stdout] 1250 |         let ts = ts.timestamp_nanos();
[INFO] [stdout]      |                     ^^^^^^^^^^^^^^^
[INFO] [stdout] 
[INFO] [stdout] 
[INFO] [stdout] warning: use of deprecated method `chrono::DateTime::<Tz>::timestamp_nanos`: use `timestamp_nanos_opt()` instead
[INFO] [stdout]    --> src/routes/api/mod.rs:191:37
[INFO] [stdout]     |
[INFO] [stdout] 191 |                 format!("{},{}", ts.timestamp_nanos(), comment.base.id)
[INFO] [stdout]     |                                     ^^^^^^^^^^^^^^^
[INFO] [stdout] 
[INFO] [stdout] 
[INFO] [stdout] warning: use of deprecated method `chrono::DateTime::<Tz>::timestamp_nanos`: use `timestamp_nanos_opt()` instead
[INFO] [stdout]    --> src/routes/api/mod.rs:215:29
[INFO] [stdout]     |
[INFO] [stdout] 215 |                 let ts = ts.timestamp_nanos();
[INFO] [stdout]     |                             ^^^^^^^^^^^^^^^
[INFO] [stdout] 
[INFO] [stdout] 
[INFO] [stdout] warning: field `id` is never read
[INFO] [stdout]    --> src/main.rs:439:5
[INFO] [stdout]     |
[INFO] [stdout] 438 | pub struct PollOption<'a> {
[INFO] [stdout]     |            ---------- field in this struct
[INFO] [stdout] 439 |     id: PollOptionLocalID,
[INFO] [stdout]     |     ^^
[INFO] [stdout]     |
[INFO] [stdout]     = note: `PollOption` has derived impls for the traits `Clone` and `Debug`, but these are intentionally ignored during dead code analysis
[INFO] [stdout]     = note: `#[warn(dead_code)]` on by default
[INFO] [stdout] 
[INFO] [stdout] 
[INFO] [stderr]     Finished `dev` profile [unoptimized + debuginfo] target(s) in 5m 07s
[INFO] [stderr] warning: the following packages contain code that will be rejected by a future version of Rust: quick-xml v0.22.0
[INFO] [stderr] note: to see what the problems were, use the option `--future-incompat-report`, or run `cargo report future-incompatibilities --id 1`
[INFO] running `Command { std: "docker" "inspect" "ec7118fab4a3a963e704b3271f9165226b72924cb46b8a421e0f4cea35c33700", kill_on_drop: false }`
[INFO] running `Command { std: "docker" "rm" "-f" "ec7118fab4a3a963e704b3271f9165226b72924cb46b8a421e0f4cea35c33700", kill_on_drop: false }`
[INFO] [stdout] ec7118fab4a3a963e704b3271f9165226b72924cb46b8a421e0f4cea35c33700
[INFO] running `Command { std: "docker" "create" "-v" "/var/lib/crater-agent-workspace/builds/worker-7-tc1/target:/opt/rustwide/target:rw,Z" "-v" "/var/lib/crater-agent-workspace/builds/worker-7-tc1/source:/opt/rustwide/workdir:ro,Z" "-v" "/var/lib/crater-agent-workspace/cargo-home:/opt/rustwide/cargo-home:ro,Z" "-v" "/var/lib/crater-agent-workspace/rustup-home:/opt/rustwide/rustup-home:ro,Z" "-e" "SOURCE_DIR=/opt/rustwide/workdir" "-e" "CARGO_TARGET_DIR=/opt/rustwide/target" "-e" "CARGO_INCREMENTAL=0" "-e" "RUST_BACKTRACE=full" "-e" "RUSTFLAGS=--cap-lints=forbid" "-e" "RUSTDOCFLAGS=--cap-lints=forbid" "-e" "CARGO_HOME=/opt/rustwide/cargo-home" "-e" "RUSTUP_HOME=/opt/rustwide/rustup-home" "-w" "/opt/rustwide/workdir" "-m" "1610612736" "--user" "0:0" "--network" "none" "ghcr.io/rust-lang/crates-build-env/linux@sha256:819108c5571ea2e421544af4d832f968d213c87fbe3707a016657f43d2f853bc" "/opt/rustwide/cargo-home/bin/cargo" "+nightly-2025-01-18" "test" "--frozen" "--no-run" "--message-format=json", kill_on_drop: false }`
[INFO] [stdout] beece20059c97eeb27fcdf0e71aeb5d9ecbcd6460be565261b35df6f42cfabda
[INFO] running `Command { std: "docker" "start" "-a" "beece20059c97eeb27fcdf0e71aeb5d9ecbcd6460be565261b35df6f42cfabda", kill_on_drop: false }`
[INFO] [stderr]    Compiling serde_urlencoded v0.7.1
[INFO] [stderr]    Compiling ipnet v2.9.0
[INFO] [stderr]    Compiling portpicker v0.1.1
[INFO] [stdout] warning: elided lifetime has a name
[INFO] [stdout]     --> src/routes/api/mod.rs:1068:62
[INFO] [stdout]      |
[INFO] [stdout] 1067 | impl<'a> From<CommentsRepliesInfoInternal<'a>> for RespList<'a, RespPostCommentInfo<'a>> {
[INFO] [stdout]      |      -- lifetime `'a` declared here
[INFO] [stdout] 1068 |     fn from(src: CommentsRepliesInfoInternal<'a>) -> RespList<RespPostCommentInfo<'a>> {
[INFO] [stdout]      |                                                              ^ this elided lifetime gets resolved as `'a`
[INFO] [stdout]      |
[INFO] [stdout]      = note: `#[warn(elided_named_lifetimes)]` on by default
[INFO] [stdout] 
[INFO] [stdout] 
[INFO] [stdout] warning: use of deprecated method `chrono::DateTime::<Tz>::timestamp_nanos`: use `timestamp_nanos_opt()` instead
[INFO] [stdout]    --> src/routes/api/comments.rs:449:21
[INFO] [stdout]     |
[INFO] [stdout] 449 |         let ts = ts.timestamp_nanos();
[INFO] [stdout]     |                     ^^^^^^^^^^^^^^^
[INFO] [stdout]     |
[INFO] [stdout]     = note: `#[warn(deprecated)]` on by default
[INFO] [stdout] 
[INFO] [stdout] 
[INFO] [stdout] warning: use of deprecated method `chrono::DateTime::<Tz>::timestamp_nanos`: use `timestamp_nanos_opt()` instead
[INFO] [stdout]     --> src/routes/api/posts/mod.rs:1481:21
[INFO] [stdout]      |
[INFO] [stdout] 1481 |         let ts = ts.timestamp_nanos();
[INFO] [stdout]      |                     ^^^^^^^^^^^^^^^
[INFO] [stdout] 
[INFO] [stdout] 
[INFO] [stdout] warning: use of deprecated method `chrono::DateTime::<Tz>::timestamp_nanos`: use `timestamp_nanos_opt()` instead
[INFO] [stdout]     --> src/routes/api/users.rs:1250:21
[INFO] [stdout]      |
[INFO] [stdout] 1250 |         let ts = ts.timestamp_nanos();
[INFO] [stdout]      |                     ^^^^^^^^^^^^^^^
[INFO] [stdout] 
[INFO] [stdout] 
[INFO] [stdout] warning: use of deprecated method `chrono::DateTime::<Tz>::timestamp_nanos`: use `timestamp_nanos_opt()` instead
[INFO] [stdout]    --> src/routes/api/mod.rs:191:37
[INFO] [stdout]     |
[INFO] [stdout] 191 |                 format!("{},{}", ts.timestamp_nanos(), comment.base.id)
[INFO] [stdout]     |                                     ^^^^^^^^^^^^^^^
[INFO] [stdout] 
[INFO] [stdout] 
[INFO] [stdout] warning: use of deprecated method `chrono::DateTime::<Tz>::timestamp_nanos`: use `timestamp_nanos_opt()` instead
[INFO] [stdout]    --> src/routes/api/mod.rs:215:29
[INFO] [stdout]     |
[INFO] [stdout] 215 |                 let ts = ts.timestamp_nanos();
[INFO] [stdout]     |                             ^^^^^^^^^^^^^^^
[INFO] [stdout] 
[INFO] [stdout] 
[INFO] [stdout] warning: field `id` is never read
[INFO] [stdout]    --> src/main.rs:439:5
[INFO] [stdout]     |
[INFO] [stdout] 438 | pub struct PollOption<'a> {
[INFO] [stdout]     |            ---------- field in this struct
[INFO] [stdout] 439 |     id: PollOptionLocalID,
[INFO] [stdout]     |     ^^
[INFO] [stdout]     |
[INFO] [stdout]     = note: `PollOption` has derived impls for the traits `Clone` and `Debug`, but these are intentionally ignored during dead code analysis
[INFO] [stdout]     = note: `#[warn(dead_code)]` on by default
[INFO] [stdout] 
[INFO] [stdout] 
[INFO] [stderr]    Compiling reqwest v0.11.22
[INFO] [stderr]    Compiling lotide v0.15.0-dev (/opt/rustwide/workdir)
[INFO] [stdout] warning: field `ap_host_url` is never read
[INFO] [stdout]   --> tests/apub.rs:10:5
[INFO] [stdout]    |
[INFO] [stdout] 9  | struct TestServer {
[INFO] [stdout]    |        ---------- field in this struct
[INFO] [stdout] 10 |     ap_host_url: String,
[INFO] [stdout]    |     ^^^^^^^^^^^
[INFO] [stdout]    |
[INFO] [stdout]    = note: `#[warn(dead_code)]` on by default
[INFO] [stdout] 
[INFO] [stdout] 
[INFO] [stdout] warning: function `create_account` is never used
[INFO] [stdout]    --> tests/apub.rs:153:10
[INFO] [stdout]     |
[INFO] [stdout] 153 | async fn create_account(client: &reqwest::Client, server: &TestServer) -> String {
[INFO] [stdout]     |          ^^^^^^^^^^^^^^
[INFO] [stdout] 
[INFO] [stdout] 
[INFO] [stdout] warning: field `token` is never read
[INFO] [stdout]    --> tests/apub.rs:169:9
[INFO] [stdout]     |
[INFO] [stdout] 168 |     struct JustToken {
[INFO] [stdout]     |            --------- field in this struct
[INFO] [stdout] 169 |         token: String,
[INFO] [stdout]     |         ^^^^^
[INFO] [stdout] 
[INFO] [stdout] 
[INFO] [stdout] warning: struct `CommunityInfo` is never constructed
[INFO] [stdout]    --> tests/apub.rs:177:8
[INFO] [stdout]     |
[INFO] [stdout] 177 | struct CommunityInfo {
[INFO] [stdout]     |        ^^^^^^^^^^^^^
[INFO] [stdout] 
[INFO] [stdout] 
[INFO] [stdout] warning: function `create_community` is never used
[INFO] [stdout]    --> tests/apub.rs:182:10
[INFO] [stdout]     |
[INFO] [stdout] 182 | async fn create_community(
[INFO] [stdout]     |          ^^^^^^^^^^^^^^^^
[INFO] [stdout] 
[INFO] [stdout] 
[INFO] [stdout] warning: elided lifetime has a name
[INFO] [stdout]     --> src/routes/api/mod.rs:1068:62
[INFO] [stdout]      |
[INFO] [stdout] 1067 | impl<'a> From<CommentsRepliesInfoInternal<'a>> for RespList<'a, RespPostCommentInfo<'a>> {
[INFO] [stdout]      |      -- lifetime `'a` declared here
[INFO] [stdout] 1068 |     fn from(src: CommentsRepliesInfoInternal<'a>) -> RespList<RespPostCommentInfo<'a>> {
[INFO] [stdout]      |                                                              ^ this elided lifetime gets resolved as `'a`
[INFO] [stdout]      |
[INFO] [stdout]      = note: `#[warn(elided_named_lifetimes)]` on by default
[INFO] [stdout] 
[INFO] [stdout] 
[INFO] [stdout] warning: use of deprecated method `chrono::DateTime::<Tz>::timestamp_nanos`: use `timestamp_nanos_opt()` instead
[INFO] [stdout]    --> src/routes/api/comments.rs:449:21
[INFO] [stdout]     |
[INFO] [stdout] 449 |         let ts = ts.timestamp_nanos();
[INFO] [stdout]     |                     ^^^^^^^^^^^^^^^
[INFO] [stdout]     |
[INFO] [stdout]     = note: `#[warn(deprecated)]` on by default
[INFO] [stdout] 
[INFO] [stdout] 
[INFO] [stdout] warning: use of deprecated method `chrono::DateTime::<Tz>::timestamp_nanos`: use `timestamp_nanos_opt()` instead
[INFO] [stdout]     --> src/routes/api/posts/mod.rs:1481:21
[INFO] [stdout]      |
[INFO] [stdout] 1481 |         let ts = ts.timestamp_nanos();
[INFO] [stdout]      |                     ^^^^^^^^^^^^^^^
[INFO] [stdout] 
[INFO] [stdout] 
[INFO] [stdout] warning: use of deprecated method `chrono::DateTime::<Tz>::timestamp_nanos`: use `timestamp_nanos_opt()` instead
[INFO] [stdout]     --> src/routes/api/users.rs:1250:21
[INFO] [stdout]      |
[INFO] [stdout] 1250 |         let ts = ts.timestamp_nanos();
[INFO] [stdout]      |                     ^^^^^^^^^^^^^^^
[INFO] [stdout] 
[INFO] [stdout] 
[INFO] [stdout] warning: use of deprecated method `chrono::DateTime::<Tz>::timestamp_nanos`: use `timestamp_nanos_opt()` instead
[INFO] [stdout]    --> src/routes/api/mod.rs:191:37
[INFO] [stdout]     |
[INFO] [stdout] 191 |                 format!("{},{}", ts.timestamp_nanos(), comment.base.id)
[INFO] [stdout]     |                                     ^^^^^^^^^^^^^^^
[INFO] [stdout] 
[INFO] [stdout] 
[INFO] [stdout] warning: use of deprecated method `chrono::DateTime::<Tz>::timestamp_nanos`: use `timestamp_nanos_opt()` instead
[INFO] [stdout]    --> src/routes/api/mod.rs:215:29
[INFO] [stdout]     |
[INFO] [stdout] 215 |                 let ts = ts.timestamp_nanos();
[INFO] [stdout]     |                             ^^^^^^^^^^^^^^^
[INFO] [stdout] 
[INFO] [stdout] 
[INFO] [stdout] warning: field `id` is never read
[INFO] [stdout]    --> src/main.rs:439:5
[INFO] [stdout]     |
[INFO] [stdout] 438 | pub struct PollOption<'a> {
[INFO] [stdout]     |            ---------- field in this struct
[INFO] [stdout] 439 |     id: PollOptionLocalID,
[INFO] [stdout]     |     ^^
[INFO] [stdout]     |
[INFO] [stdout]     = note: `PollOption` has derived impls for the traits `Clone` and `Debug`, but these are intentionally ignored during dead code analysis
[INFO] [stdout]     = note: `#[warn(dead_code)]` on by default
[INFO] [stdout] 
[INFO] [stdout] 
[INFO] [stderr]     Finished `test` profile [unoptimized + debuginfo] target(s) in 23.96s
[INFO] [stderr] warning: the following packages contain code that will be rejected by a future version of Rust: quick-xml v0.22.0
[INFO] [stderr] note: to see what the problems were, use the option `--future-incompat-report`, or run `cargo report future-incompatibilities --id 1`
[INFO] running `Command { std: "docker" "inspect" "beece20059c97eeb27fcdf0e71aeb5d9ecbcd6460be565261b35df6f42cfabda", kill_on_drop: false }`
[INFO] running `Command { std: "docker" "rm" "-f" "beece20059c97eeb27fcdf0e71aeb5d9ecbcd6460be565261b35df6f42cfabda", kill_on_drop: false }`
[INFO] [stdout] beece20059c97eeb27fcdf0e71aeb5d9ecbcd6460be565261b35df6f42cfabda
[INFO] running `Command { std: "docker" "create" "-v" "/var/lib/crater-agent-workspace/builds/worker-7-tc1/target:/opt/rustwide/target:rw,Z" "-v" "/var/lib/crater-agent-workspace/builds/worker-7-tc1/source:/opt/rustwide/workdir:ro,Z" "-v" "/var/lib/crater-agent-workspace/cargo-home:/opt/rustwide/cargo-home:ro,Z" "-v" "/var/lib/crater-agent-workspace/rustup-home:/opt/rustwide/rustup-home:ro,Z" "-e" "SOURCE_DIR=/opt/rustwide/workdir" "-e" "CARGO_TARGET_DIR=/opt/rustwide/target" "-e" "CARGO_INCREMENTAL=0" "-e" "RUST_BACKTRACE=full" "-e" "RUSTFLAGS=--cap-lints=forbid" "-e" "RUSTDOCFLAGS=--cap-lints=forbid" "-e" "CARGO_HOME=/opt/rustwide/cargo-home" "-e" "RUSTUP_HOME=/opt/rustwide/rustup-home" "-w" "/opt/rustwide/workdir" "-m" "1610612736" "--user" "0:0" "--network" "none" "ghcr.io/rust-lang/crates-build-env/linux@sha256:819108c5571ea2e421544af4d832f968d213c87fbe3707a016657f43d2f853bc" "/opt/rustwide/cargo-home/bin/cargo" "+nightly-2025-01-18" "test" "--frozen", kill_on_drop: false }`
[INFO] [stdout] 73fa52e7c62689513020106d13f23e8ffba2dfa8296ed0f7e50d0ef97fd951e1
[INFO] running `Command { std: "docker" "start" "-a" "73fa52e7c62689513020106d13f23e8ffba2dfa8296ed0f7e50d0ef97fd951e1", kill_on_drop: false }`
[INFO] [stderr] warning: elided lifetime has a name
[INFO] [stderr]     --> src/routes/api/mod.rs:1068:62
[INFO] [stderr]      |
[INFO] [stderr] 1067 | impl<'a> From<CommentsRepliesInfoInternal<'a>> for RespList<'a, RespPostCommentInfo<'a>> {
[INFO] [stderr]      |      -- lifetime `'a` declared here
[INFO] [stderr] 1068 |     fn from(src: CommentsRepliesInfoInternal<'a>) -> RespList<RespPostCommentInfo<'a>> {
[INFO] [stderr]      |                                                              ^ this elided lifetime gets resolved as `'a`
[INFO] [stderr]      |
[INFO] [stderr]      = note: `#[warn(elided_named_lifetimes)]` on by default
[INFO] [stderr] 
[INFO] [stderr] warning: use of deprecated method `chrono::DateTime::<Tz>::timestamp_nanos`: use `timestamp_nanos_opt()` instead
[INFO] [stderr]    --> src/routes/api/comments.rs:449:21
[INFO] [stderr]     |
[INFO] [stderr] 449 |         let ts = ts.timestamp_nanos();
[INFO] [stderr]     |                     ^^^^^^^^^^^^^^^
[INFO] [stderr]     |
[INFO] [stderr]     = note: `#[warn(deprecated)]` on by default
[INFO] [stderr] 
[INFO] [stderr] warning: use of deprecated method `chrono::DateTime::<Tz>::timestamp_nanos`: use `timestamp_nanos_opt()` instead
[INFO] [stderr]     --> src/routes/api/posts/mod.rs:1481:21
[INFO] [stderr]      |
[INFO] [stderr] 1481 |         let ts = ts.timestamp_nanos();
[INFO] [stderr]      |                     ^^^^^^^^^^^^^^^
[INFO] [stderr] 
[INFO] [stderr] warning: use of deprecated method `chrono::DateTime::<Tz>::timestamp_nanos`: use `timestamp_nanos_opt()` instead
[INFO] [stderr]     --> src/routes/api/users.rs:1250:21
[INFO] [stderr]      |
[INFO] [stderr] 1250 |         let ts = ts.timestamp_nanos();
[INFO] [stderr]      |                     ^^^^^^^^^^^^^^^
[INFO] [stderr] 
[INFO] [stderr] warning: use of deprecated method `chrono::DateTime::<Tz>::timestamp_nanos`: use `timestamp_nanos_opt()` instead
[INFO] [stderr]    --> src/routes/api/mod.rs:191:37
[INFO] [stderr]     |
[INFO] [stderr] 191 |                 format!("{},{}", ts.timestamp_nanos(), comment.base.id)
[INFO] [stderr]     |                                     ^^^^^^^^^^^^^^^
[INFO] [stderr] 
[INFO] [stderr] warning: use of deprecated method `chrono::DateTime::<Tz>::timestamp_nanos`: use `timestamp_nanos_opt()` instead
[INFO] [stderr]    --> src/routes/api/mod.rs:215:29
[INFO] [stderr]     |
[INFO] [stderr] 215 |                 let ts = ts.timestamp_nanos();
[INFO] [stderr]     |                             ^^^^^^^^^^^^^^^
[INFO] [stderr] 
[INFO] [stderr] warning: field `id` is never read
[INFO] [stderr]    --> src/main.rs:439:5
[INFO] [stderr]     |
[INFO] [stderr] 438 | pub struct PollOption<'a> {
[INFO] [stderr]     |            ---------- field in this struct
[INFO] [stderr] 439 |     id: PollOptionLocalID,
[INFO] [stderr]     |     ^^
[INFO] [stderr]     |
[INFO] [stderr]     = note: `PollOption` has derived impls for the traits `Clone` and `Debug`, but these are intentionally ignored during dead code analysis
[INFO] [stderr]     = note: `#[warn(dead_code)]` on by default
[INFO] [stderr] 
[INFO] [stderr] warning: `lotide` (bin "lotide") generated 7 warnings
[INFO] [stderr] warning: field `ap_host_url` is never read
[INFO] [stderr]   --> tests/apub.rs:10:5
[INFO] [stderr]    |
[INFO] [stderr] 9  | struct TestServer {
[INFO] [stderr]    |        ---------- field in this struct
[INFO] [stderr] 10 |     ap_host_url: String,
[INFO] [stderr]    |     ^^^^^^^^^^^
[INFO] [stderr]    |
[INFO] [stderr]    = note: `#[warn(dead_code)]` on by default
[INFO] [stderr] 
[INFO] [stderr] warning: function `create_account` is never used
[INFO] [stderr]    --> tests/apub.rs:153:10
[INFO] [stderr]     |
[INFO] [stderr] 153 | async fn create_account(client: &reqwest::Client, server: &TestServer) -> String {
[INFO] [stderr]     |          ^^^^^^^^^^^^^^
[INFO] [stderr] 
[INFO] [stderr] warning: field `token` is never read
[INFO] [stderr]    --> tests/apub.rs:169:9
[INFO] [stderr]     |
[INFO] [stderr] 168 |     struct JustToken {
[INFO] [stderr]     |            --------- field in this struct
[INFO] [stderr] 169 |         token: String,
[INFO] [stderr]     |         ^^^^^
[INFO] [stderr] 
[INFO] [stderr] warning: struct `CommunityInfo` is never constructed
[INFO] [stderr]    --> tests/apub.rs:177:8
[INFO] [stderr]     |
[INFO] [stderr] 177 | struct CommunityInfo {
[INFO] [stderr]     |        ^^^^^^^^^^^^^
[INFO] [stderr] 
[INFO] [stderr] warning: function `create_community` is never used
[INFO] [stderr]    --> tests/apub.rs:182:10
[INFO] [stderr]     |
[INFO] [stderr] 182 | async fn create_community(
[INFO] [stderr]     |          ^^^^^^^^^^^^^^^^
[INFO] [stderr] 
[INFO] [stderr] warning: `lotide` (test "apub") generated 5 warnings
[INFO] [stderr] warning: `lotide` (bin "lotide" test) generated 7 warnings (7 duplicates)
[INFO] [stderr]     Finished `test` profile [unoptimized + debuginfo] target(s) in 0.77s
[INFO] [stderr] warning: the following packages contain code that will be rejected by a future version of Rust: quick-xml v0.22.0
[INFO] [stderr] note: to see what the problems were, use the option `--future-incompat-report`, or run `cargo report future-incompatibilities --id 1`
[INFO] [stderr]      Running unittests src/main.rs (/opt/rustwide/target/debug/deps/lotide-b64c62de04ab5f0a)
[INFO] [stdout] 
[INFO] [stdout] running 0 tests
[INFO] [stdout] 
[INFO] [stdout] test result: ok. 0 passed; 0 failed; 0 ignored; 0 measured; 0 filtered out; finished in 0.00s
[INFO] [stdout] 
[INFO] [stderr]      Running tests/apub.rs (/opt/rustwide/target/debug/deps/apub-c1e1f7b7553c844e)
[INFO] [stdout] 
[INFO] [stdout] running 1 test
[INFO] [stdout] test community_fetch ... FAILED
[INFO] [stdout] 
[INFO] [stdout] failures:
[INFO] [stdout] 
[INFO] [stdout] ---- community_fetch stdout ----
[INFO] [stdout] 
[INFO] [stdout] thread 'community_fetch' panicked at tests/apub.rs:18:60:
[INFO] [stdout] Missing DATABASE_URL_#: NotPresent
[INFO] [stdout] stack backtrace:
[INFO] [stdout]    0:     0x55c21f5877fa - std::backtrace_rs::backtrace::libunwind::trace::hb059275cfc8d6126
[INFO] [stdout]                                at /rustc/6067b36314ab5eb2eb47cecc464545ba58e1ad24/library/std/src/../../backtrace/src/backtrace/libunwind.rs:116:5
[INFO] [stdout]    1:     0x55c21f5877fa - std::backtrace_rs::backtrace::trace_unsynchronized::h2da071e4327ce3ee
[INFO] [stdout]                                at /rustc/6067b36314ab5eb2eb47cecc464545ba58e1ad24/library/std/src/../../backtrace/src/backtrace/mod.rs:66:5
[INFO] [stdout]    2:     0x55c21f5877fa - std::sys::backtrace::_print_fmt::h842a1474e6f8d23f
[INFO] [stdout]                                at /rustc/6067b36314ab5eb2eb47cecc464545ba58e1ad24/library/std/src/sys/backtrace.rs:66:9
[INFO] [stdout]    3:     0x55c21f5877fa - <std::sys::backtrace::BacktraceLock::print::DisplayBacktrace as core::fmt::Display>::fmt::h71a62eb3b9696b12
[INFO] [stdout]                                at /rustc/6067b36314ab5eb2eb47cecc464545ba58e1ad24/library/std/src/sys/backtrace.rs:39:26
[INFO] [stdout]    4:     0x55c21f5b30e3 - core::fmt::rt::Argument::fmt::hdb6b616786b41dc1
[INFO] [stdout]                                at /rustc/6067b36314ab5eb2eb47cecc464545ba58e1ad24/library/core/src/fmt/rt.rs:177:76
[INFO] [stdout]    5:     0x55c21f5b30e3 - core::fmt::write::h2cc1698af7e2d686
[INFO] [stdout]                                at /rustc/6067b36314ab5eb2eb47cecc464545ba58e1ad24/library/core/src/fmt/mod.rs:1440:21
[INFO] [stdout]    6:     0x55c21f5834e3 - std::io::Write::write_fmt::hab1b4cd059a79022
[INFO] [stdout]                                at /rustc/6067b36314ab5eb2eb47cecc464545ba58e1ad24/library/std/src/io/mod.rs:1887:15
[INFO] [stdout]    7:     0x55c21f587642 - std::sys::backtrace::BacktraceLock::print::h147fe35b4ea13b08
[INFO] [stdout]                                at /rustc/6067b36314ab5eb2eb47cecc464545ba58e1ad24/library/std/src/sys/backtrace.rs:42:9
[INFO] [stdout]    8:     0x55c21f588c1f - std::panicking::default_hook::{{closure}}::hbd44223dbdc0d208
[INFO] [stdout]                                at /rustc/6067b36314ab5eb2eb47cecc464545ba58e1ad24/library/std/src/panicking.rs:298:22
[INFO] [stdout]    9:     0x55c21f588a38 - std::panicking::default_hook::h20f81eb0576efcec
[INFO] [stdout]                                at /rustc/6067b36314ab5eb2eb47cecc464545ba58e1ad24/library/std/src/panicking.rs:322:9
[INFO] [stdout]   10:     0x55c21f450a73 - <alloc::boxed::Box<F,A> as core::ops::function::Fn<Args>>::call::hdb53814c496a4d34
[INFO] [stdout]                                at /rustc/6067b36314ab5eb2eb47cecc464545ba58e1ad24/library/alloc/src/boxed.rs:2027:9
[INFO] [stdout]   11:     0x55c21f450a73 - test::test_main::{{closure}}::hc0a4963c59427c24
[INFO] [stdout]                                at /rustc/6067b36314ab5eb2eb47cecc464545ba58e1ad24/library/test/src/lib.rs:134:21
[INFO] [stdout]   12:     0x55c21f589713 - <alloc::boxed::Box<F,A> as core::ops::function::Fn<Args>>::call::h591b2225413a77e9
[INFO] [stdout]                                at /rustc/6067b36314ab5eb2eb47cecc464545ba58e1ad24/library/alloc/src/boxed.rs:2027:9
[INFO] [stdout]   13:     0x55c21f589713 - std::panicking::rust_panic_with_hook::h625eea43051b2edc
[INFO] [stdout]                                at /rustc/6067b36314ab5eb2eb47cecc464545ba58e1ad24/library/std/src/panicking.rs:839:13
[INFO] [stdout]   14:     0x55c21f5893ca - std::panicking::begin_panic_handler::{{closure}}::h4f9159cfbc3f6bd3
[INFO] [stdout]                                at /rustc/6067b36314ab5eb2eb47cecc464545ba58e1ad24/library/std/src/panicking.rs:704:13
[INFO] [stdout]   15:     0x55c21f587cf9 - std::sys::backtrace::__rust_end_short_backtrace::h0390abce48353151
[INFO] [stdout]                                at /rustc/6067b36314ab5eb2eb47cecc464545ba58e1ad24/library/std/src/sys/backtrace.rs:168:18
[INFO] [stdout]   16:     0x55c21f58905d - rust_begin_unwind
[INFO] [stdout]                                at /rustc/6067b36314ab5eb2eb47cecc464545ba58e1ad24/library/std/src/panicking.rs:695:5
[INFO] [stdout]   17:     0x55c21f5b0ce0 - core::panicking::panic_fmt::h9e7c637e9e5f29c9
[INFO] [stdout]                                at /rustc/6067b36314ab5eb2eb47cecc464545ba58e1ad24/library/core/src/panicking.rs:75:14
[INFO] [stdout]   18:     0x55c21f5b11b6 - core::result::unwrap_failed::h7979f09313fe1849
[INFO] [stdout]                                at /rustc/6067b36314ab5eb2eb47cecc464545ba58e1ad24/library/core/src/result.rs:1704:5
[INFO] [stdout]   19:     0x55c21efe65a6 - core::result::Result<T,E>::expect::h4aedc3a7748479de
[INFO] [stdout]                                at /rustc/6067b36314ab5eb2eb47cecc464545ba58e1ad24/library/core/src/result.rs:1061:23
[INFO] [stdout]   20:     0x55c21efa3115 - apub::TestServer::start::h29a8bffcd33581c7
[INFO] [stdout]                                at /opt/rustwide/workdir/tests/apub.rs:18:13
[INFO] [stdout]   21:     0x55c21efa5e6e - apub::community_fetch::{{closure}}::h4eadc72b2505534b
[INFO] [stdout]                                at /opt/rustwide/workdir/tests/apub.rs:230:18
[INFO] [stdout]   22:     0x55c21ef7e832 - <core::pin::Pin<P> as core::future::future::Future>::poll::h36a89bb9204d6a02
[INFO] [stdout]                                at /rustc/6067b36314ab5eb2eb47cecc464545ba58e1ad24/library/core/src/future/future.rs:124:9
[INFO] [stdout]   23:     0x55c21ef7e8ed - <core::pin::Pin<P> as core::future::future::Future>::poll::h8088e28b987d0e95
[INFO] [stdout]                                at /rustc/6067b36314ab5eb2eb47cecc464545ba58e1ad24/library/core/src/future/future.rs:124:9
[INFO] [stdout]   24:     0x55c21efc032f - tokio::runtime::scheduler::current_thread::CoreGuard::block_on::{{closure}}::{{closure}}::{{closure}}::h862f6c68bdd14354
[INFO] [stdout]                                at /opt/rustwide/cargo-home/registry/src/index.crates.io-1949cf8c6b5b557f/tokio-1.34.0/src/runtime/scheduler/current_thread/mod.rs:665:57
[INFO] [stdout]   25:     0x55c21efc0265 - tokio::runtime::coop::with_budget::h5760c849e0577fb4
[INFO] [stdout]                                at /opt/rustwide/cargo-home/registry/src/index.crates.io-1949cf8c6b5b557f/tokio-1.34.0/src/runtime/coop.rs:107:5
[INFO] [stdout]   26:     0x55c21efc0265 - tokio::runtime::coop::budget::hc8928805d9b2a852
[INFO] [stdout]                                at /opt/rustwide/cargo-home/registry/src/index.crates.io-1949cf8c6b5b557f/tokio-1.34.0/src/runtime/coop.rs:73:5
[INFO] [stdout]   27:     0x55c21efc0265 - tokio::runtime::scheduler::current_thread::CoreGuard::block_on::{{closure}}::{{closure}}::h000cfd55ff9ff2fd
[INFO] [stdout]                                at /opt/rustwide/cargo-home/registry/src/index.crates.io-1949cf8c6b5b557f/tokio-1.34.0/src/runtime/scheduler/current_thread/mod.rs:665:25
[INFO] [stdout]   28:     0x55c21efbed20 - tokio::runtime::scheduler::current_thread::Context::enter::hb39346e952230dbb
[INFO] [stdout]                                at /opt/rustwide/cargo-home/registry/src/index.crates.io-1949cf8c6b5b557f/tokio-1.34.0/src/runtime/scheduler/current_thread/mod.rs:410:19
[INFO] [stdout]   29:     0x55c21efbface - tokio::runtime::scheduler::current_thread::CoreGuard::block_on::{{closure}}::hb0ec0627cb5cc47a
[INFO] [stdout]                                at /opt/rustwide/cargo-home/registry/src/index.crates.io-1949cf8c6b5b557f/tokio-1.34.0/src/runtime/scheduler/current_thread/mod.rs:664:36
[INFO] [stdout]   30:     0x55c21efbf844 - tokio::runtime::scheduler::current_thread::CoreGuard::enter::{{closure}}::ha2ce1ab8d1f7f428
[INFO] [stdout]                                at /opt/rustwide/cargo-home/registry/src/index.crates.io-1949cf8c6b5b557f/tokio-1.34.0/src/runtime/scheduler/current_thread/mod.rs:743:68
[INFO] [stdout]   31:     0x55c21eff149b - tokio::runtime::context::scoped::Scoped<T>::set::hb0d8cce83e9369c3
[INFO] [stdout]                                at /opt/rustwide/cargo-home/registry/src/index.crates.io-1949cf8c6b5b557f/tokio-1.34.0/src/runtime/context/scoped.rs:40:9
[INFO] [stdout]   32:     0x55c21efcdb49 - tokio::runtime::context::set_scheduler::{{closure}}::h0b8f2a91bcab356b
[INFO] [stdout]                                at /opt/rustwide/cargo-home/registry/src/index.crates.io-1949cf8c6b5b557f/tokio-1.34.0/src/runtime/context.rs:176:26
[INFO] [stdout]   33:     0x55c21ef9f702 - std::thread::local::LocalKey<T>::try_with::hd1c533f3570909c9
[INFO] [stdout]                                at /rustc/6067b36314ab5eb2eb47cecc464545ba58e1ad24/library/std/src/thread/local.rs:308:12
[INFO] [stdout]   34:     0x55c21ef9e8fa - std::thread::local::LocalKey<T>::with::hd4709ba14b43f583
[INFO] [stdout]                                at /rustc/6067b36314ab5eb2eb47cecc464545ba58e1ad24/library/std/src/thread/local.rs:272:9
[INFO] [stdout]   35:     0x55c21efcdafd - tokio::runtime::context::set_scheduler::h86cb740fab8ec992
[INFO] [stdout]                                at /opt/rustwide/cargo-home/registry/src/index.crates.io-1949cf8c6b5b557f/tokio-1.34.0/src/runtime/context.rs:176:9
[INFO] [stdout]   36:     0x55c21efbf5f0 - tokio::runtime::scheduler::current_thread::CoreGuard::enter::hd0cde59ba9a57918
[INFO] [stdout]                                at /opt/rustwide/cargo-home/registry/src/index.crates.io-1949cf8c6b5b557f/tokio-1.34.0/src/runtime/scheduler/current_thread/mod.rs:743:27
[INFO] [stdout]   37:     0x55c21efbf863 - tokio::runtime::scheduler::current_thread::CoreGuard::block_on::h7f7ef99f2f3f1c06
[INFO] [stdout]                                at /opt/rustwide/cargo-home/registry/src/index.crates.io-1949cf8c6b5b557f/tokio-1.34.0/src/runtime/scheduler/current_thread/mod.rs:652:19
[INFO] [stdout]   38:     0x55c21efbd92d - tokio::runtime::scheduler::current_thread::CurrentThread::block_on::{{closure}}::h31c3fc4c57df6807
[INFO] [stdout]                                at /opt/rustwide/cargo-home/registry/src/index.crates.io-1949cf8c6b5b557f/tokio-1.34.0/src/runtime/scheduler/current_thread/mod.rs:175:28
[INFO] [stdout]   39:     0x55c21efbd176 - tokio::runtime::context::runtime::enter_runtime::h9ba47ec21fa91831
[INFO] [stdout]                                at /opt/rustwide/cargo-home/registry/src/index.crates.io-1949cf8c6b5b557f/tokio-1.34.0/src/runtime/context/runtime.rs:65:16
[INFO] [stdout]   40:     0x55c21efbd841 - tokio::runtime::scheduler::current_thread::CurrentThread::block_on::h8ae9e6588f1b2cf7
[INFO] [stdout]                                at /opt/rustwide/cargo-home/registry/src/index.crates.io-1949cf8c6b5b557f/tokio-1.34.0/src/runtime/scheduler/current_thread/mod.rs:167:9
[INFO] [stdout]   41:     0x55c21ef7e61d - tokio::runtime::runtime::Runtime::block_on::h2c889dfa1d49d049
[INFO] [stdout]                                at /opt/rustwide/cargo-home/registry/src/index.crates.io-1949cf8c6b5b557f/tokio-1.34.0/src/runtime/runtime.rs:348:47
[INFO] [stdout]   42:     0x55c21efa5d15 - apub::community_fetch::h76c026221f12adb3
[INFO] [stdout]                                at /opt/rustwide/workdir/tests/apub.rs:267:5
[INFO] [stdout]   43:     0x55c21efa5bb7 - apub::community_fetch::{{closure}}::h6a5471a6fa83fa76
[INFO] [stdout]                                at /opt/rustwide/workdir/tests/apub.rs:229:27
[INFO] [stdout]   44:     0x55c21efeba06 - core::ops::function::FnOnce::call_once::h6fcdb50ff0d66c34
[INFO] [stdout]                                at /rustc/6067b36314ab5eb2eb47cecc464545ba58e1ad24/library/core/src/ops/function.rs:250:5
[INFO] [stdout]   45:     0x55c21f4561cb - core::ops::function::FnOnce::call_once::he27718dfdd183f43
[INFO] [stdout]                                at /rustc/6067b36314ab5eb2eb47cecc464545ba58e1ad24/library/core/src/ops/function.rs:250:5
[INFO] [stdout]   46:     0x55c21f4561cb - test::__rust_begin_short_backtrace::h4e84902998457a5d
[INFO] [stdout]                                at /rustc/6067b36314ab5eb2eb47cecc464545ba58e1ad24/library/test/src/lib.rs:632:18
[INFO] [stdout]   47:     0x55c21f455103 - test::run_test_in_process::{{closure}}::h7176fd18fc1feca0
[INFO] [stdout]                                at /rustc/6067b36314ab5eb2eb47cecc464545ba58e1ad24/library/test/src/lib.rs:655:60
[INFO] [stdout]   48:     0x55c21f455103 - <core::panic::unwind_safe::AssertUnwindSafe<F> as core::ops::function::FnOnce<()>>::call_once::hf79cff2a624d8cf7
[INFO] [stdout]                                at /rustc/6067b36314ab5eb2eb47cecc464545ba58e1ad24/library/core/src/panic/unwind_safe.rs:272:9
[INFO] [stdout]   49:     0x55c21f455103 - std::panicking::try::do_call::h3da0561d9ab99c25
[INFO] [stdout]                                at /rustc/6067b36314ab5eb2eb47cecc464545ba58e1ad24/library/std/src/panicking.rs:587:40
[INFO] [stdout]   50:     0x55c21f455103 - std::panicking::try::h41c9fa508bc61df6
[INFO] [stdout]                                at /rustc/6067b36314ab5eb2eb47cecc464545ba58e1ad24/library/std/src/panicking.rs:550:19
[INFO] [stdout]   51:     0x55c21f455103 - std::panic::catch_unwind::h6b3ff07bb5afad93
[INFO] [stdout]                                at /rustc/6067b36314ab5eb2eb47cecc464545ba58e1ad24/library/std/src/panic.rs:358:14
[INFO] [stdout]   52:     0x55c21f455103 - test::run_test_in_process::hc7253dd11b39b9f4
[INFO] [stdout]                                at /rustc/6067b36314ab5eb2eb47cecc464545ba58e1ad24/library/test/src/lib.rs:655:27
[INFO] [stdout]   53:     0x55c21f455103 - test::run_test::{{closure}}::hfb2007f8649c30bb
[INFO] [stdout]                                at /rustc/6067b36314ab5eb2eb47cecc464545ba58e1ad24/library/test/src/lib.rs:576:43
[INFO] [stdout]   54:     0x55c21f4181e5 - test::run_test::{{closure}}::h56a17aa7a282a9f4
[INFO] [stdout]                                at /rustc/6067b36314ab5eb2eb47cecc464545ba58e1ad24/library/test/src/lib.rs:606:41
[INFO] [stdout]   55:     0x55c21f4181e5 - std::sys::backtrace::__rust_begin_short_backtrace::hd2d2d2fb8e8c6aac
[INFO] [stdout]                                at /rustc/6067b36314ab5eb2eb47cecc464545ba58e1ad24/library/std/src/sys/backtrace.rs:152:18
[INFO] [stdout]   56:     0x55c21f41baca - std::thread::Builder::spawn_unchecked_::{{closure}}::{{closure}}::h4faa3f9db6133423
[INFO] [stdout]                                at /rustc/6067b36314ab5eb2eb47cecc464545ba58e1ad24/library/std/src/thread/mod.rs:559:17
[INFO] [stdout]   57:     0x55c21f41baca - <core::panic::unwind_safe::AssertUnwindSafe<F> as core::ops::function::FnOnce<()>>::call_once::hf2e855a36a4ea846
[INFO] [stdout]                                at /rustc/6067b36314ab5eb2eb47cecc464545ba58e1ad24/library/core/src/panic/unwind_safe.rs:272:9
[INFO] [stdout]   58:     0x55c21f41baca - std::panicking::try::do_call::h2f73af3616c35465
[INFO] [stdout]                                at /rustc/6067b36314ab5eb2eb47cecc464545ba58e1ad24/library/std/src/panicking.rs:587:40
[INFO] [stdout]   59:     0x55c21f41baca - std::panicking::try::hd1660ce9efadef5a
[INFO] [stdout]                                at /rustc/6067b36314ab5eb2eb47cecc464545ba58e1ad24/library/std/src/panicking.rs:550:19
[INFO] [stdout]   60:     0x55c21f41baca - std::panic::catch_unwind::h5ee8d7823b8ca744
[INFO] [stdout]                                at /rustc/6067b36314ab5eb2eb47cecc464545ba58e1ad24/library/std/src/panic.rs:358:14
[INFO] [stdout]   61:     0x55c21f41baca - std::thread::Builder::spawn_unchecked_::{{closure}}::h53c3a1894dce8407
[INFO] [stdout]                                at /rustc/6067b36314ab5eb2eb47cecc464545ba58e1ad24/library/std/src/thread/mod.rs:557:30
[INFO] [stdout]   62:     0x55c21f41baca - core::ops::function::FnOnce::call_once{{vtable.shim}}::h048ce291ad4f62bf
[INFO] [stdout]                                at /rustc/6067b36314ab5eb2eb47cecc464545ba58e1ad24/library/core/src/ops/function.rs:250:5
[INFO] [stdout]   63:     0x55c21f58dbbb - <alloc::boxed::Box<F,A> as core::ops::function::FnOnce<Args>>::call_once::ha52bedf99a3b4981
[INFO] [stdout]                                at /rustc/6067b36314ab5eb2eb47cecc464545ba58e1ad24/library/alloc/src/boxed.rs:2013:9
[INFO] [stdout]   64:     0x55c21f58dbbb - <alloc::boxed::Box<F,A> as core::ops::function::FnOnce<Args>>::call_once::h567748934d80ccf8
[INFO] [stdout]                                at /rustc/6067b36314ab5eb2eb47cecc464545ba58e1ad24/library/alloc/src/boxed.rs:2013:9
[INFO] [stdout]   65:     0x55c21f58dbbb - std::sys::pal::unix::thread::Thread::new::thread_start::h2d970728ae887adc
[INFO] [stdout]                                at /rustc/6067b36314ab5eb2eb47cecc464545ba58e1ad24/library/std/src/sys/pal/unix/thread.rs:106:17
[INFO] [stdout]   66:     0x718fa739aac3 - <unknown>
[INFO] [stdout]   67:     0x718fa742ba04 - clone
[INFO] [stdout]   68:                0x0 - <unknown>
[INFO] [stdout] 
[INFO] [stdout] 
[INFO] [stdout] failures:
[INFO] [stdout]     community_fetch
[INFO] [stdout] 
[INFO] [stdout] test result: FAILED. 0 passed; 1 failed; 0 ignored; 0 measured; 0 filtered out; finished in 0.10s
[INFO] [stdout] 
[INFO] [stderr] error: test failed, to rerun pass `--test apub`
[INFO] running `Command { std: "docker" "inspect" "73fa52e7c62689513020106d13f23e8ffba2dfa8296ed0f7e50d0ef97fd951e1", kill_on_drop: false }`
[INFO] running `Command { std: "docker" "rm" "-f" "73fa52e7c62689513020106d13f23e8ffba2dfa8296ed0f7e50d0ef97fd951e1", kill_on_drop: false }`
[INFO] [stdout] 73fa52e7c62689513020106d13f23e8ffba2dfa8296ed0f7e50d0ef97fd951e1
