[INFO] cloning repository https://github.com/local-interloper/adif-parser
[INFO] running `Command { std: "git" "-c" "credential.helper=" "-c" "credential.helper=/workspace/cargo-home/bin/git-credential-null" "clone" "--bare" "https://github.com/local-interloper/adif-parser" "/workspace/cache/git-repos/https%3A%2F%2Fgithub.com%2Flocal-interloper%2Fadif-parser", kill_on_drop: false }`
[INFO] [stderr] Cloning into bare repository '/workspace/cache/git-repos/https%3A%2F%2Fgithub.com%2Flocal-interloper%2Fadif-parser'...
[INFO] running `Command { std: "git" "rev-parse" "HEAD", kill_on_drop: false }`
[INFO] [stdout] e629de00819fd6cc4ef246770c15281a2900ad21
[INFO] testing local-interloper/adif-parser against nightly-2025-01-18+rustflags=-Zrandomize-layout for randomize-layout-2
[INFO] running `Command { std: "git" "clone" "/workspace/cache/git-repos/https%3A%2F%2Fgithub.com%2Flocal-interloper%2Fadif-parser" "/workspace/builds/worker-2-tc2/source", kill_on_drop: false }`
[INFO] [stderr] Cloning into '/workspace/builds/worker-2-tc2/source'...
[INFO] [stderr] done.
[INFO] validating manifest of git repo https://github.com/local-interloper/adif-parser on toolchain nightly-2025-01-18
[INFO] running `Command { std: CARGO_HOME="/workspace/cargo-home" RUSTUP_HOME="/workspace/rustup-home" "/workspace/cargo-home/bin/cargo" "+nightly-2025-01-18" "metadata" "--manifest-path" "Cargo.toml" "--no-deps", kill_on_drop: false }`
[INFO] started tweaking git repo https://github.com/local-interloper/adif-parser
[INFO] finished tweaking git repo https://github.com/local-interloper/adif-parser
[INFO] tweaked toml for git repo https://github.com/local-interloper/adif-parser written to /workspace/builds/worker-2-tc2/source/Cargo.toml
[INFO] crate git repo https://github.com/local-interloper/adif-parser already has a lockfile, it will not be regenerated
[INFO] running `Command { std: CARGO_HOME="/workspace/cargo-home" RUSTUP_HOME="/workspace/rustup-home" "/workspace/cargo-home/bin/cargo" "+nightly-2025-01-18" "fetch" "--manifest-path" "Cargo.toml", kill_on_drop: false }`
[INFO] running `Command { std: "docker" "create" "-v" "/var/lib/crater-agent-workspace/builds/worker-2-tc2/target:/opt/rustwide/target:rw,Z" "-v" "/var/lib/crater-agent-workspace/builds/worker-2-tc2/source:/opt/rustwide/workdir:ro,Z" "-v" "/var/lib/crater-agent-workspace/cargo-home:/opt/rustwide/cargo-home:ro,Z" "-v" "/var/lib/crater-agent-workspace/rustup-home:/opt/rustwide/rustup-home:ro,Z" "-e" "SOURCE_DIR=/opt/rustwide/workdir" "-e" "CARGO_TARGET_DIR=/opt/rustwide/target" "-e" "CARGO_HOME=/opt/rustwide/cargo-home" "-e" "RUSTUP_HOME=/opt/rustwide/rustup-home" "-w" "/opt/rustwide/workdir" "-m" "1610612736" "--user" "0:0" "--network" "none" "ghcr.io/rust-lang/crates-build-env/linux@sha256:819108c5571ea2e421544af4d832f968d213c87fbe3707a016657f43d2f853bc" "/opt/rustwide/cargo-home/bin/cargo" "+nightly-2025-01-18" "metadata" "--no-deps" "--format-version=1", kill_on_drop: false }`
[INFO] [stdout] 9d1626a35d9b9dda9f172deafe803251e3afef4f8b04f1add88683044f919397
[INFO] running `Command { std: "docker" "start" "-a" "9d1626a35d9b9dda9f172deafe803251e3afef4f8b04f1add88683044f919397", kill_on_drop: false }`
[INFO] running `Command { std: "docker" "inspect" "9d1626a35d9b9dda9f172deafe803251e3afef4f8b04f1add88683044f919397", kill_on_drop: false }`
[INFO] running `Command { std: "docker" "rm" "-f" "9d1626a35d9b9dda9f172deafe803251e3afef4f8b04f1add88683044f919397", kill_on_drop: false }`
[INFO] [stdout] 9d1626a35d9b9dda9f172deafe803251e3afef4f8b04f1add88683044f919397
[INFO] running `Command { std: "docker" "create" "-v" "/var/lib/crater-agent-workspace/builds/worker-2-tc2/target:/opt/rustwide/target:rw,Z" "-v" "/var/lib/crater-agent-workspace/builds/worker-2-tc2/source:/opt/rustwide/workdir:ro,Z" "-v" "/var/lib/crater-agent-workspace/cargo-home:/opt/rustwide/cargo-home:ro,Z" "-v" "/var/lib/crater-agent-workspace/rustup-home:/opt/rustwide/rustup-home:ro,Z" "-e" "SOURCE_DIR=/opt/rustwide/workdir" "-e" "CARGO_TARGET_DIR=/opt/rustwide/target" "-e" "CARGO_INCREMENTAL=0" "-e" "RUST_BACKTRACE=full" "-e" "RUSTFLAGS=--cap-lints=forbid -Zrandomize-layout" "-e" "RUSTDOCFLAGS=--cap-lints=forbid" "-e" "CARGO_HOME=/opt/rustwide/cargo-home" "-e" "RUSTUP_HOME=/opt/rustwide/rustup-home" "-w" "/opt/rustwide/workdir" "-m" "1610612736" "--user" "0:0" "--network" "none" "ghcr.io/rust-lang/crates-build-env/linux@sha256:819108c5571ea2e421544af4d832f968d213c87fbe3707a016657f43d2f853bc" "/opt/rustwide/cargo-home/bin/cargo" "+nightly-2025-01-18" "build" "--frozen" "--message-format=json", kill_on_drop: false }`
[INFO] [stdout] 090678b679176797a78e7f5299241f95aeecaba47b98859718a5afb817249c1f
[INFO] running `Command { std: "docker" "start" "-a" "090678b679176797a78e7f5299241f95aeecaba47b98859718a5afb817249c1f", kill_on_drop: false }`
[INFO] [stderr]    Compiling memchr v2.7.1
[INFO] [stderr]    Compiling regex-syntax v0.8.2
[INFO] [stderr]    Compiling aho-corasick v1.1.2
[INFO] [stderr]    Compiling regex-automata v0.4.5
[INFO] [stderr]    Compiling regex v1.10.3
[INFO] [stderr]    Compiling adif-parser v0.1.0 (/opt/rustwide/workdir)
[INFO] [stdout] warning: unused imports: `File` and `OpenOptions`
[INFO] [stdout]  --> src/tests/tag_tests.rs:1:15
[INFO] [stdout]   |
[INFO] [stdout] 1 | use std::fs::{File, OpenOptions};
[INFO] [stdout]   |               ^^^^  ^^^^^^^^^^^
[INFO] [stdout]   |
[INFO] [stdout] help: if this is a test module, consider adding a `#[cfg(test)]` to the containing module
[INFO] [stdout]  --> src/tests/mod.rs:1:1
[INFO] [stdout]   |
[INFO] [stdout] 1 | mod tag_tests;
[INFO] [stdout]   | ^^^^^^^^^^^^^^
[INFO] [stdout]   = note: `#[warn(unused_imports)]` on by default
[INFO] [stdout] 
[INFO] [stdout] 
[INFO] [stdout] warning: unused imports: `BufReader` and `Read`
[INFO] [stdout]  --> src/tests/tag_tests.rs:2:15
[INFO] [stdout]   |
[INFO] [stdout] 2 | use std::io::{BufReader, Read};
[INFO] [stdout]   |               ^^^^^^^^^  ^^^^
[INFO] [stdout]   |
[INFO] [stdout] help: if this is a test module, consider adding a `#[cfg(test)]` to the containing module
[INFO] [stdout]  --> src/tests/mod.rs:1:1
[INFO] [stdout]   |
[INFO] [stdout] 1 | mod tag_tests;
[INFO] [stdout]   | ^^^^^^^^^^^^^^
[INFO] [stdout] 
[INFO] [stdout] 
[INFO] [stdout] warning: unused import: `crate::adif::Adif`
[INFO] [stdout]  --> src/tests/tag_tests.rs:3:5
[INFO] [stdout]   |
[INFO] [stdout] 3 | use crate::adif::Adif;
[INFO] [stdout]   |     ^^^^^^^^^^^^^^^^^
[INFO] [stdout]   |
[INFO] [stdout] help: if this is a test module, consider adding a `#[cfg(test)]` to the containing module
[INFO] [stdout]  --> src/tests/mod.rs:1:1
[INFO] [stdout]   |
[INFO] [stdout] 1 | mod tag_tests;
[INFO] [stdout]   | ^^^^^^^^^^^^^^
[INFO] [stdout] 
[INFO] [stdout] 
[INFO] [stdout] warning: unused imports: `Tag` and `get_tags`
[INFO] [stdout]  --> src/tests/tag_tests.rs:4:18
[INFO] [stdout]   |
[INFO] [stdout] 4 | use crate::tag::{get_tags, Tag};
[INFO] [stdout]   |                  ^^^^^^^^  ^^^
[INFO] [stdout]   |
[INFO] [stdout] help: if this is a test module, consider adding a `#[cfg(test)]` to the containing module
[INFO] [stdout]  --> src/tests/mod.rs:1:1
[INFO] [stdout]   |
[INFO] [stdout] 1 | mod tag_tests;
[INFO] [stdout]   | ^^^^^^^^^^^^^^
[INFO] [stdout] 
[INFO] [stdout] 
[INFO] [stdout] warning: unused import: `Write`
[INFO] [stdout]  --> src/error.rs:2:36
[INFO] [stdout]   |
[INFO] [stdout] 2 | use std::fmt::{Display, Formatter, Write};
[INFO] [stdout]   |                                    ^^^^^
[INFO] [stdout] 
[INFO] [stdout] 
[INFO] [stdout] warning: multiple methods are never used
[INFO] [stdout]   --> src/contact.rs:18:12
[INFO] [stdout]    |
[INFO] [stdout] 17 | impl Contact {
[INFO] [stdout]    | ------------ methods in this implementation
[INFO] [stdout] 18 |     pub fn call(&self) -> Option<&String> { self.0.get("call") }
[INFO] [stdout]    |            ^^^^
[INFO] [stdout] 19 |     pub fn time_on(&self) -> Option<&String> { self.0.get("time_on") }
[INFO] [stdout]    |            ^^^^^^^
[INFO] [stdout] 20 |     pub fn qso_date(&self) -> Option<&String> { self.0.get("qso_date") }
[INFO] [stdout]    |            ^^^^^^^^
[INFO] [stdout] 21 |     pub fn band(&self) -> Option<&String> { self.0.get("band") }
[INFO] [stdout]    |            ^^^^
[INFO] [stdout] 22 |     pub fn freq(&self) -> Option<&String> { self.0.get("freq") }
[INFO] [stdout]    |            ^^^^
[INFO] [stdout] 23 |     pub fn mode(&self) -> Option<&String> { self.0.get("mode") }
[INFO] [stdout]    |            ^^^^
[INFO] [stdout] 24 |     pub fn rst_sent(&self) -> Option<&String> { self.0.get("rst_sent") }
[INFO] [stdout]    |            ^^^^^^^^
[INFO] [stdout] 25 |     pub fn rst_rcvd(&self) -> Option<&String> { self.0.get("rst_rcvd") }
[INFO] [stdout]    |            ^^^^^^^^
[INFO] [stdout]    |
[INFO] [stdout]    = note: `#[warn(dead_code)]` on by default
[INFO] [stdout] 
[INFO] [stdout] 
[INFO] [stdout] warning: variant `InvalidTag` is never constructed
[INFO] [stdout]  --> src/error.rs:7:5
[INFO] [stdout]   |
[INFO] [stdout] 5 | pub enum AdifParseErrorKind {
[INFO] [stdout]   |          ------------------ variant in this enum
[INFO] [stdout] 6 |     IndexingError,
[INFO] [stdout] 7 |     InvalidTag(String),
[INFO] [stdout]   |     ^^^^^^^^^^
[INFO] [stdout]   |
[INFO] [stdout]   = note: `AdifParseErrorKind` has a derived impl for the trait `Debug`, but this is intentionally ignored during dead code analysis
[INFO] [stdout] 
[INFO] [stdout] 
[INFO] [stderr]     Finished `dev` profile [unoptimized + debuginfo] target(s) in 12.33s
[INFO] running `Command { std: "docker" "inspect" "090678b679176797a78e7f5299241f95aeecaba47b98859718a5afb817249c1f", kill_on_drop: false }`
[INFO] running `Command { std: "docker" "rm" "-f" "090678b679176797a78e7f5299241f95aeecaba47b98859718a5afb817249c1f", kill_on_drop: false }`
[INFO] [stdout] 090678b679176797a78e7f5299241f95aeecaba47b98859718a5afb817249c1f
[INFO] running `Command { std: "docker" "create" "-v" "/var/lib/crater-agent-workspace/builds/worker-2-tc2/target:/opt/rustwide/target:rw,Z" "-v" "/var/lib/crater-agent-workspace/builds/worker-2-tc2/source:/opt/rustwide/workdir:ro,Z" "-v" "/var/lib/crater-agent-workspace/cargo-home:/opt/rustwide/cargo-home:ro,Z" "-v" "/var/lib/crater-agent-workspace/rustup-home:/opt/rustwide/rustup-home:ro,Z" "-e" "SOURCE_DIR=/opt/rustwide/workdir" "-e" "CARGO_TARGET_DIR=/opt/rustwide/target" "-e" "CARGO_INCREMENTAL=0" "-e" "RUST_BACKTRACE=full" "-e" "RUSTFLAGS=--cap-lints=forbid -Zrandomize-layout" "-e" "RUSTDOCFLAGS=--cap-lints=forbid" "-e" "CARGO_HOME=/opt/rustwide/cargo-home" "-e" "RUSTUP_HOME=/opt/rustwide/rustup-home" "-w" "/opt/rustwide/workdir" "-m" "1610612736" "--user" "0:0" "--network" "none" "ghcr.io/rust-lang/crates-build-env/linux@sha256:819108c5571ea2e421544af4d832f968d213c87fbe3707a016657f43d2f853bc" "/opt/rustwide/cargo-home/bin/cargo" "+nightly-2025-01-18" "test" "--frozen" "--no-run" "--message-format=json", kill_on_drop: false }`
[INFO] [stdout] b1701ebf2c83e2ec0681011d08c25f92892f0a577520d324aaf8a0f5c7f5c66f
[INFO] running `Command { std: "docker" "start" "-a" "b1701ebf2c83e2ec0681011d08c25f92892f0a577520d324aaf8a0f5c7f5c66f", kill_on_drop: false }`
[INFO] [stderr]    Compiling adif-parser v0.1.0 (/opt/rustwide/workdir)
[INFO] [stdout] warning: unused imports: `File` and `OpenOptions`
[INFO] [stdout]  --> src/tests/tag_tests.rs:1:15
[INFO] [stdout]   |
[INFO] [stdout] 1 | use std::fs::{File, OpenOptions};
[INFO] [stdout]   |               ^^^^  ^^^^^^^^^^^
[INFO] [stdout]   |
[INFO] [stdout] help: if this is a test module, consider adding a `#[cfg(test)]` to the containing module
[INFO] [stdout]  --> src/tests/mod.rs:1:1
[INFO] [stdout]   |
[INFO] [stdout] 1 | mod tag_tests;
[INFO] [stdout]   | ^^^^^^^^^^^^^^
[INFO] [stdout]   = note: `#[warn(unused_imports)]` on by default
[INFO] [stdout] 
[INFO] [stdout] 
[INFO] [stdout] warning: unused imports: `BufReader` and `Read`
[INFO] [stdout]  --> src/tests/tag_tests.rs:2:15
[INFO] [stdout]   |
[INFO] [stdout] 2 | use std::io::{BufReader, Read};
[INFO] [stdout]   |               ^^^^^^^^^  ^^^^
[INFO] [stdout]   |
[INFO] [stdout] help: if this is a test module, consider adding a `#[cfg(test)]` to the containing module
[INFO] [stdout]  --> src/tests/mod.rs:1:1
[INFO] [stdout]   |
[INFO] [stdout] 1 | mod tag_tests;
[INFO] [stdout]   | ^^^^^^^^^^^^^^
[INFO] [stdout] 
[INFO] [stdout] 
[INFO] [stdout] warning: unused import: `crate::adif::Adif`
[INFO] [stdout]  --> src/tests/tag_tests.rs:3:5
[INFO] [stdout]   |
[INFO] [stdout] 3 | use crate::adif::Adif;
[INFO] [stdout]   |     ^^^^^^^^^^^^^^^^^
[INFO] [stdout]   |
[INFO] [stdout] help: if this is a test module, consider adding a `#[cfg(test)]` to the containing module
[INFO] [stdout]  --> src/tests/mod.rs:1:1
[INFO] [stdout]   |
[INFO] [stdout] 1 | mod tag_tests;
[INFO] [stdout]   | ^^^^^^^^^^^^^^
[INFO] [stdout] 
[INFO] [stdout] 
[INFO] [stdout] warning: unused imports: `Tag` and `get_tags`
[INFO] [stdout]  --> src/tests/tag_tests.rs:4:18
[INFO] [stdout]   |
[INFO] [stdout] 4 | use crate::tag::{get_tags, Tag};
[INFO] [stdout]   |                  ^^^^^^^^  ^^^
[INFO] [stdout]   |
[INFO] [stdout] help: if this is a test module, consider adding a `#[cfg(test)]` to the containing module
[INFO] [stdout]  --> src/tests/mod.rs:1:1
[INFO] [stdout]   |
[INFO] [stdout] 1 | mod tag_tests;
[INFO] [stdout]   | ^^^^^^^^^^^^^^
[INFO] [stdout] 
[INFO] [stdout] 
[INFO] [stdout] warning: unused import: `Write`
[INFO] [stdout]  --> src/error.rs:2:36
[INFO] [stdout]   |
[INFO] [stdout] 2 | use std::fmt::{Display, Formatter, Write};
[INFO] [stdout]   |                                    ^^^^^
[INFO] [stdout] 
[INFO] [stdout] 
[INFO] [stdout] warning: multiple methods are never used
[INFO] [stdout]   --> src/contact.rs:18:12
[INFO] [stdout]    |
[INFO] [stdout] 17 | impl Contact {
[INFO] [stdout]    | ------------ methods in this implementation
[INFO] [stdout] 18 |     pub fn call(&self) -> Option<&String> { self.0.get("call") }
[INFO] [stdout]    |            ^^^^
[INFO] [stdout] 19 |     pub fn time_on(&self) -> Option<&String> { self.0.get("time_on") }
[INFO] [stdout]    |            ^^^^^^^
[INFO] [stdout] 20 |     pub fn qso_date(&self) -> Option<&String> { self.0.get("qso_date") }
[INFO] [stdout]    |            ^^^^^^^^
[INFO] [stdout] 21 |     pub fn band(&self) -> Option<&String> { self.0.get("band") }
[INFO] [stdout]    |            ^^^^
[INFO] [stdout] 22 |     pub fn freq(&self) -> Option<&String> { self.0.get("freq") }
[INFO] [stdout]    |            ^^^^
[INFO] [stdout] 23 |     pub fn mode(&self) -> Option<&String> { self.0.get("mode") }
[INFO] [stdout]    |            ^^^^
[INFO] [stdout] 24 |     pub fn rst_sent(&self) -> Option<&String> { self.0.get("rst_sent") }
[INFO] [stdout]    |            ^^^^^^^^
[INFO] [stdout] 25 |     pub fn rst_rcvd(&self) -> Option<&String> { self.0.get("rst_rcvd") }
[INFO] [stdout]    |            ^^^^^^^^
[INFO] [stdout]    |
[INFO] [stdout]    = note: `#[warn(dead_code)]` on by default
[INFO] [stdout] 
[INFO] [stdout] 
[INFO] [stdout] warning: variant `InvalidTag` is never constructed
[INFO] [stdout]  --> src/error.rs:7:5
[INFO] [stdout]   |
[INFO] [stdout] 5 | pub enum AdifParseErrorKind {
[INFO] [stdout]   |          ------------------ variant in this enum
[INFO] [stdout] 6 |     IndexingError,
[INFO] [stdout] 7 |     InvalidTag(String),
[INFO] [stdout]   |     ^^^^^^^^^^
[INFO] [stdout]   |
[INFO] [stdout]   = note: `AdifParseErrorKind` has a derived impl for the trait `Debug`, but this is intentionally ignored during dead code analysis
[INFO] [stdout] 
[INFO] [stdout] 
[INFO] [stdout] warning: unused import: `File`
[INFO] [stdout]  --> src/tests/tag_tests.rs:1:15
[INFO] [stdout]   |
[INFO] [stdout] 1 | use std::fs::{File, OpenOptions};
[INFO] [stdout]   |               ^^^^
[INFO] [stdout]   |
[INFO] [stdout]   = note: `#[warn(unused_imports)]` on by default
[INFO] [stdout] 
[INFO] [stdout] 
[INFO] [stdout] warning: unused import: `Write`
[INFO] [stdout]  --> src/error.rs:2:36
[INFO] [stdout]   |
[INFO] [stdout] 2 | use std::fmt::{Display, Formatter, Write};
[INFO] [stdout]   |                                    ^^^^^
[INFO] [stdout] 
[INFO] [stdout] 
[INFO] [stdout] warning: unused variable: `tags`
[INFO] [stdout]   --> src/tests/tag_tests.rs:17:9
[INFO] [stdout]    |
[INFO] [stdout] 17 |     let tags = get_tags(&raw).expect("Failed to parse tags");
[INFO] [stdout]    |         ^^^^ help: if this is intentional, prefix it with an underscore: `_tags`
[INFO] [stdout]    |
[INFO] [stdout]    = note: `#[warn(unused_variables)]` on by default
[INFO] [stdout] 
[INFO] [stdout] 
[INFO] [stdout] warning: value assigned to `str` is never read
[INFO] [stdout]   --> src/tests/tag_tests.rs:39:13
[INFO] [stdout]    |
[INFO] [stdout] 39 |     let mut str = String::new();
[INFO] [stdout]    |             ^^^
[INFO] [stdout]    |
[INFO] [stdout]    = help: maybe it is overwritten before being read?
[INFO] [stdout]    = note: `#[warn(unused_assignments)]` on by default
[INFO] [stdout] 
[INFO] [stdout] 
[INFO] [stdout] warning: multiple methods are never used
[INFO] [stdout]   --> src/contact.rs:18:12
[INFO] [stdout]    |
[INFO] [stdout] 17 | impl Contact {
[INFO] [stdout]    | ------------ methods in this implementation
[INFO] [stdout] 18 |     pub fn call(&self) -> Option<&String> { self.0.get("call") }
[INFO] [stdout]    |            ^^^^
[INFO] [stdout] 19 |     pub fn time_on(&self) -> Option<&String> { self.0.get("time_on") }
[INFO] [stdout]    |            ^^^^^^^
[INFO] [stdout] 20 |     pub fn qso_date(&self) -> Option<&String> { self.0.get("qso_date") }
[INFO] [stdout]    |            ^^^^^^^^
[INFO] [stdout] 21 |     pub fn band(&self) -> Option<&String> { self.0.get("band") }
[INFO] [stdout]    |            ^^^^
[INFO] [stdout] 22 |     pub fn freq(&self) -> Option<&String> { self.0.get("freq") }
[INFO] [stdout]    |            ^^^^
[INFO] [stdout] 23 |     pub fn mode(&self) -> Option<&String> { self.0.get("mode") }
[INFO] [stdout]    |            ^^^^
[INFO] [stdout] 24 |     pub fn rst_sent(&self) -> Option<&String> { self.0.get("rst_sent") }
[INFO] [stdout]    |            ^^^^^^^^
[INFO] [stdout] 25 |     pub fn rst_rcvd(&self) -> Option<&String> { self.0.get("rst_rcvd") }
[INFO] [stdout]    |            ^^^^^^^^
[INFO] [stdout]    |
[INFO] [stdout]    = note: `#[warn(dead_code)]` on by default
[INFO] [stdout] 
[INFO] [stdout] 
[INFO] [stdout] warning: variant `InvalidTag` is never constructed
[INFO] [stdout]  --> src/error.rs:7:5
[INFO] [stdout]   |
[INFO] [stdout] 5 | pub enum AdifParseErrorKind {
[INFO] [stdout]   |          ------------------ variant in this enum
[INFO] [stdout] 6 |     IndexingError,
[INFO] [stdout] 7 |     InvalidTag(String),
[INFO] [stdout]   |     ^^^^^^^^^^
[INFO] [stdout]   |
[INFO] [stdout]   = note: `AdifParseErrorKind` has a derived impl for the trait `Debug`, but this is intentionally ignored during dead code analysis
[INFO] [stdout] 
[INFO] [stdout] 
[INFO] [stderr]     Finished `test` profile [unoptimized + debuginfo] target(s) in 0.81s
[INFO] running `Command { std: "docker" "inspect" "b1701ebf2c83e2ec0681011d08c25f92892f0a577520d324aaf8a0f5c7f5c66f", kill_on_drop: false }`
[INFO] running `Command { std: "docker" "rm" "-f" "b1701ebf2c83e2ec0681011d08c25f92892f0a577520d324aaf8a0f5c7f5c66f", kill_on_drop: false }`
[INFO] [stdout] b1701ebf2c83e2ec0681011d08c25f92892f0a577520d324aaf8a0f5c7f5c66f
[INFO] running `Command { std: "docker" "create" "-v" "/var/lib/crater-agent-workspace/builds/worker-2-tc2/target:/opt/rustwide/target:rw,Z" "-v" "/var/lib/crater-agent-workspace/builds/worker-2-tc2/source:/opt/rustwide/workdir:ro,Z" "-v" "/var/lib/crater-agent-workspace/cargo-home:/opt/rustwide/cargo-home:ro,Z" "-v" "/var/lib/crater-agent-workspace/rustup-home:/opt/rustwide/rustup-home:ro,Z" "-e" "SOURCE_DIR=/opt/rustwide/workdir" "-e" "CARGO_TARGET_DIR=/opt/rustwide/target" "-e" "CARGO_INCREMENTAL=0" "-e" "RUST_BACKTRACE=full" "-e" "RUSTFLAGS=--cap-lints=forbid -Zrandomize-layout" "-e" "RUSTDOCFLAGS=--cap-lints=forbid" "-e" "CARGO_HOME=/opt/rustwide/cargo-home" "-e" "RUSTUP_HOME=/opt/rustwide/rustup-home" "-w" "/opt/rustwide/workdir" "-m" "1610612736" "--user" "0:0" "--network" "none" "ghcr.io/rust-lang/crates-build-env/linux@sha256:819108c5571ea2e421544af4d832f968d213c87fbe3707a016657f43d2f853bc" "/opt/rustwide/cargo-home/bin/cargo" "+nightly-2025-01-18" "test" "--frozen", kill_on_drop: false }`
[INFO] [stdout] a7501042e1b123f3e87c4684f2cf0f43d0f12d41cf6b39ea5d874c55d6887e4c
[INFO] running `Command { std: "docker" "start" "-a" "a7501042e1b123f3e87c4684f2cf0f43d0f12d41cf6b39ea5d874c55d6887e4c", kill_on_drop: false }`
[INFO] [stderr] warning: unused imports: `File` and `OpenOptions`
[INFO] [stderr]  --> src/tests/tag_tests.rs:1:15
[INFO] [stderr]   |
[INFO] [stderr] 1 | use std::fs::{File, OpenOptions};
[INFO] [stderr]   |               ^^^^  ^^^^^^^^^^^
[INFO] [stderr]   |
[INFO] [stderr] help: if this is a test module, consider adding a `#[cfg(test)]` to the containing module
[INFO] [stderr]  --> src/tests/mod.rs:1:1
[INFO] [stderr]   |
[INFO] [stderr] 1 | mod tag_tests;
[INFO] [stderr]   | ^^^^^^^^^^^^^^
[INFO] [stderr]   = note: `#[warn(unused_imports)]` on by default
[INFO] [stderr] 
[INFO] [stderr] warning: unused imports: `BufReader` and `Read`
[INFO] [stderr]  --> src/tests/tag_tests.rs:2:15
[INFO] [stderr]   |
[INFO] [stderr] 2 | use std::io::{BufReader, Read};
[INFO] [stderr]   |               ^^^^^^^^^  ^^^^
[INFO] [stderr]   |
[INFO] [stderr] help: if this is a test module, consider adding a `#[cfg(test)]` to the containing module
[INFO] [stderr]  --> src/tests/mod.rs:1:1
[INFO] [stderr]   |
[INFO] [stderr] 1 | mod tag_tests;
[INFO] [stderr]   | ^^^^^^^^^^^^^^
[INFO] [stderr] 
[INFO] [stderr] warning: unused import: `crate::adif::Adif`
[INFO] [stderr]  --> src/tests/tag_tests.rs:3:5
[INFO] [stderr]   |
[INFO] [stderr] 3 | use crate::adif::Adif;
[INFO] [stderr]   |     ^^^^^^^^^^^^^^^^^
[INFO] [stderr]   |
[INFO] [stderr] help: if this is a test module, consider adding a `#[cfg(test)]` to the containing module
[INFO] [stderr]  --> src/tests/mod.rs:1:1
[INFO] [stderr]   |
[INFO] [stderr] 1 | mod tag_tests;
[INFO] [stderr]   | ^^^^^^^^^^^^^^
[INFO] [stderr] 
[INFO] [stderr] warning: unused imports: `Tag` and `get_tags`
[INFO] [stderr]  --> src/tests/tag_tests.rs:4:18
[INFO] [stderr]   |
[INFO] [stderr] 4 | use crate::tag::{get_tags, Tag};
[INFO] [stderr]   |                  ^^^^^^^^  ^^^
[INFO] [stderr]   |
[INFO] [stderr] help: if this is a test module, consider adding a `#[cfg(test)]` to the containing module
[INFO] [stderr]  --> src/tests/mod.rs:1:1
[INFO] [stderr]   |
[INFO] [stderr] 1 | mod tag_tests;
[INFO] [stderr]   | ^^^^^^^^^^^^^^
[INFO] [stderr] 
[INFO] [stderr] warning: unused import: `Write`
[INFO] [stderr]  --> src/error.rs:2:36
[INFO] [stderr]   |
[INFO] [stderr] 2 | use std::fmt::{Display, Formatter, Write};
[INFO] [stderr]   |                                    ^^^^^
[INFO] [stderr] 
[INFO] [stderr] warning: multiple methods are never used
[INFO] [stderr]   --> src/contact.rs:18:12
[INFO] [stderr]    |
[INFO] [stderr] 17 | impl Contact {
[INFO] [stderr]    | ------------ methods in this implementation
[INFO] [stderr] 18 |     pub fn call(&self) -> Option<&String> { self.0.get("call") }
[INFO] [stderr]    |            ^^^^
[INFO] [stderr] 19 |     pub fn time_on(&self) -> Option<&String> { self.0.get("time_on") }
[INFO] [stderr]    |            ^^^^^^^
[INFO] [stderr] 20 |     pub fn qso_date(&self) -> Option<&String> { self.0.get("qso_date") }
[INFO] [stderr]    |            ^^^^^^^^
[INFO] [stderr] 21 |     pub fn band(&self) -> Option<&String> { self.0.get("band") }
[INFO] [stderr]    |            ^^^^
[INFO] [stderr] 22 |     pub fn freq(&self) -> Option<&String> { self.0.get("freq") }
[INFO] [stderr]    |            ^^^^
[INFO] [stderr] 23 |     pub fn mode(&self) -> Option<&String> { self.0.get("mode") }
[INFO] [stderr]    |            ^^^^
[INFO] [stderr] 24 |     pub fn rst_sent(&self) -> Option<&String> { self.0.get("rst_sent") }
[INFO] [stderr]    |            ^^^^^^^^
[INFO] [stderr] 25 |     pub fn rst_rcvd(&self) -> Option<&String> { self.0.get("rst_rcvd") }
[INFO] [stderr]    |            ^^^^^^^^
[INFO] [stderr]    |
[INFO] [stderr]    = note: `#[warn(dead_code)]` on by default
[INFO] [stderr] 
[INFO] [stderr] warning: variant `InvalidTag` is never constructed
[INFO] [stderr]  --> src/error.rs:7:5
[INFO] [stderr]   |
[INFO] [stderr] 5 | pub enum AdifParseErrorKind {
[INFO] [stderr]   |          ------------------ variant in this enum
[INFO] [stderr] 6 |     IndexingError,
[INFO] [stderr] 7 |     InvalidTag(String),
[INFO] [stderr]   |     ^^^^^^^^^^
[INFO] [stderr]   |
[INFO] [stderr]   = note: `AdifParseErrorKind` has a derived impl for the trait `Debug`, but this is intentionally ignored during dead code analysis
[INFO] [stderr] 
[INFO] [stderr] warning: unused import: `File`
[INFO] [stderr]  --> src/tests/tag_tests.rs:1:15
[INFO] [stderr]   |
[INFO] [stderr] 1 | use std::fs::{File, OpenOptions};
[INFO] [stderr]   |               ^^^^
[INFO] [stderr]   |
[INFO] [stderr]   = note: `#[warn(unused_imports)]` on by default
[INFO] [stderr] 
[INFO] [stderr] warning: unused variable: `tags`
[INFO] [stderr]   --> src/tests/tag_tests.rs:17:9
[INFO] [stderr]    |
[INFO] [stderr] 17 |     let tags = get_tags(&raw).expect("Failed to parse tags");
[INFO] [stderr]    |         ^^^^ help: if this is intentional, prefix it with an underscore: `_tags`
[INFO] [stderr]    |
[INFO] [stderr]    = note: `#[warn(unused_variables)]` on by default
[INFO] [stderr] 
[INFO] [stderr] warning: value assigned to `str` is never read
[INFO] [stderr]   --> src/tests/tag_tests.rs:39:13
[INFO] [stderr]    |
[INFO] [stderr] 39 |     let mut str = String::new();
[INFO] [stderr]    |             ^^^
[INFO] [stderr]    |
[INFO] [stderr]    = help: maybe it is overwritten before being read?
[INFO] [stderr]    = note: `#[warn(unused_assignments)]` on by default
[INFO] [stderr] 
[INFO] [stderr] warning: `adif-parser` (lib) generated 7 warnings (run `cargo fix --lib -p adif-parser` to apply 4 suggestions)
[INFO] [stderr] warning: `adif-parser` (lib test) generated 6 warnings (3 duplicates) (run `cargo fix --lib -p adif-parser --tests` to apply 1 suggestion)
[INFO] [stderr]     Finished `test` profile [unoptimized + debuginfo] target(s) in 0.02s
[INFO] [stderr]      Running unittests src/lib.rs (/opt/rustwide/target/debug/deps/adif_parser-d2c31ef302cf1acd)
[INFO] [stdout] 
[INFO] [stdout] running 3 tests
[INFO] [stdout] test tests::tag_tests::tag_to_string ... ok
[INFO] [stdout] test tests::tag_tests::parse_tags ... FAILED
[INFO] [stdout] test tests::tag_tests::adif_from_tags ... FAILED
[INFO] [stdout] 
[INFO] [stdout] failures:
[INFO] [stdout] 
[INFO] [stdout] ---- tests::tag_tests::parse_tags stdout ----
[INFO] [stdout] 
[INFO] [stdout] thread 'tests::tag_tests::parse_tags' panicked at src/tests/tag_tests.rs:12:10:
[INFO] [stdout] Unable to open test data: Os { code: 2, kind: NotFound, message: "No such file or directory" }
[INFO] [stdout] stack backtrace:
[INFO] [stdout]    0:     0x59a8efc9d9ca - std::backtrace_rs::backtrace::libunwind::trace::hb059275cfc8d6126
[INFO] [stdout]                                at /rustc/6067b36314ab5eb2eb47cecc464545ba58e1ad24/library/std/src/../../backtrace/src/backtrace/libunwind.rs:116:5
[INFO] [stdout]    1:     0x59a8efc9d9ca - std::backtrace_rs::backtrace::trace_unsynchronized::h2da071e4327ce3ee
[INFO] [stdout]                                at /rustc/6067b36314ab5eb2eb47cecc464545ba58e1ad24/library/std/src/../../backtrace/src/backtrace/mod.rs:66:5
[INFO] [stdout]    2:     0x59a8efc9d9ca - std::sys::backtrace::_print_fmt::h842a1474e6f8d23f
[INFO] [stdout]                                at /rustc/6067b36314ab5eb2eb47cecc464545ba58e1ad24/library/std/src/sys/backtrace.rs:66:9
[INFO] [stdout]    3:     0x59a8efc9d9ca - <std::sys::backtrace::BacktraceLock::print::DisplayBacktrace as core::fmt::Display>::fmt::h71a62eb3b9696b12
[INFO] [stdout]                                at /rustc/6067b36314ab5eb2eb47cecc464545ba58e1ad24/library/std/src/sys/backtrace.rs:39:26
[INFO] [stdout]    4:     0x59a8efcc6553 - core::fmt::rt::Argument::fmt::hdb6b616786b41dc1
[INFO] [stdout]                                at /rustc/6067b36314ab5eb2eb47cecc464545ba58e1ad24/library/core/src/fmt/rt.rs:177:76
[INFO] [stdout]    5:     0x59a8efcc6553 - core::fmt::write::h2cc1698af7e2d686
[INFO] [stdout]                                at /rustc/6067b36314ab5eb2eb47cecc464545ba58e1ad24/library/core/src/fmt/mod.rs:1440:21
[INFO] [stdout]    6:     0x59a8efc9a523 - std::io::Write::write_fmt::hab1b4cd059a79022
[INFO] [stdout]                                at /rustc/6067b36314ab5eb2eb47cecc464545ba58e1ad24/library/std/src/io/mod.rs:1887:15
[INFO] [stdout]    7:     0x59a8efc9d812 - std::sys::backtrace::BacktraceLock::print::h147fe35b4ea13b08
[INFO] [stdout]                                at /rustc/6067b36314ab5eb2eb47cecc464545ba58e1ad24/library/std/src/sys/backtrace.rs:42:9
[INFO] [stdout]    8:     0x59a8efc9edef - std::panicking::default_hook::{{closure}}::hbd44223dbdc0d208
[INFO] [stdout]                                at /rustc/6067b36314ab5eb2eb47cecc464545ba58e1ad24/library/std/src/panicking.rs:298:22
[INFO] [stdout]    9:     0x59a8efc9ec08 - std::panicking::default_hook::h20f81eb0576efcec
[INFO] [stdout]                                at /rustc/6067b36314ab5eb2eb47cecc464545ba58e1ad24/library/std/src/panicking.rs:322:9
[INFO] [stdout]   10:     0x59a8ef9efb63 - <alloc::boxed::Box<F,A> as core::ops::function::Fn<Args>>::call::hdb53814c496a4d34
[INFO] [stdout]                                at /rustc/6067b36314ab5eb2eb47cecc464545ba58e1ad24/library/alloc/src/boxed.rs:2027:9
[INFO] [stdout]   11:     0x59a8ef9efb63 - test::test_main::{{closure}}::hc0a4963c59427c24
[INFO] [stdout]                                at /rustc/6067b36314ab5eb2eb47cecc464545ba58e1ad24/library/test/src/lib.rs:134:21
[INFO] [stdout]   12:     0x59a8efc9f8e3 - <alloc::boxed::Box<F,A> as core::ops::function::Fn<Args>>::call::h591b2225413a77e9
[INFO] [stdout]                                at /rustc/6067b36314ab5eb2eb47cecc464545ba58e1ad24/library/alloc/src/boxed.rs:2027:9
[INFO] [stdout]   13:     0x59a8efc9f8e3 - std::panicking::rust_panic_with_hook::h625eea43051b2edc
[INFO] [stdout]                                at /rustc/6067b36314ab5eb2eb47cecc464545ba58e1ad24/library/std/src/panicking.rs:839:13
[INFO] [stdout]   14:     0x59a8efc9f59a - std::panicking::begin_panic_handler::{{closure}}::h4f9159cfbc3f6bd3
[INFO] [stdout]                                at /rustc/6067b36314ab5eb2eb47cecc464545ba58e1ad24/library/std/src/panicking.rs:704:13
[INFO] [stdout]   15:     0x59a8efc9dec9 - std::sys::backtrace::__rust_end_short_backtrace::h0390abce48353151
[INFO] [stdout]                                at /rustc/6067b36314ab5eb2eb47cecc464545ba58e1ad24/library/std/src/sys/backtrace.rs:168:18
[INFO] [stdout]   16:     0x59a8efc9f22d - rust_begin_unwind
[INFO] [stdout]                                at /rustc/6067b36314ab5eb2eb47cecc464545ba58e1ad24/library/std/src/panicking.rs:695:5
[INFO] [stdout]   17:     0x59a8efcc4be0 - core::panicking::panic_fmt::h9e7c637e9e5f29c9
[INFO] [stdout]                                at /rustc/6067b36314ab5eb2eb47cecc464545ba58e1ad24/library/core/src/panicking.rs:75:14
[INFO] [stdout]   18:     0x59a8efcc5056 - core::result::unwrap_failed::h7979f09313fe1849
[INFO] [stdout]                                at /rustc/6067b36314ab5eb2eb47cecc464545ba58e1ad24/library/core/src/result.rs:1704:5
[INFO] [stdout]   19:     0x59a8ef9af45d - core::result::Result<T,E>::expect::hd507309dd39382ee
[INFO] [stdout]                                at /rustc/6067b36314ab5eb2eb47cecc464545ba58e1ad24/library/core/src/result.rs:1061:23
[INFO] [stdout]   20:     0x59a8ef9ab998 - adif_parser::tests::tag_tests::parse_tags::h2b546bb3aa73568e
[INFO] [stdout]                                at /opt/rustwide/workdir/src/tests/tag_tests.rs:9:16
[INFO] [stdout]   21:     0x59a8ef9ab917 - adif_parser::tests::tag_tests::parse_tags::{{closure}}::h01bac62773b59adf
[INFO] [stdout]                                at /opt/rustwide/workdir/src/tests/tag_tests.rs:8:16
[INFO] [stdout]   22:     0x59a8ef9a7106 - core::ops::function::FnOnce::call_once::hc430f3ba24221eb7
[INFO] [stdout]                                at /rustc/6067b36314ab5eb2eb47cecc464545ba58e1ad24/library/core/src/ops/function.rs:250:5
[INFO] [stdout]   23:     0x59a8ef9f52bb - core::ops::function::FnOnce::call_once::he27718dfdd183f43
[INFO] [stdout]                                at /rustc/6067b36314ab5eb2eb47cecc464545ba58e1ad24/library/core/src/ops/function.rs:250:5
[INFO] [stdout]   24:     0x59a8ef9f52bb - test::__rust_begin_short_backtrace::h4e84902998457a5d
[INFO] [stdout]                                at /rustc/6067b36314ab5eb2eb47cecc464545ba58e1ad24/library/test/src/lib.rs:632:18
[INFO] [stdout]   25:     0x59a8ef9f41f3 - test::run_test_in_process::{{closure}}::h7176fd18fc1feca0
[INFO] [stdout]                                at /rustc/6067b36314ab5eb2eb47cecc464545ba58e1ad24/library/test/src/lib.rs:655:60
[INFO] [stdout]   26:     0x59a8ef9f41f3 - <core::panic::unwind_safe::AssertUnwindSafe<F> as core::ops::function::FnOnce<()>>::call_once::hf79cff2a624d8cf7
[INFO] [stdout]                                at /rustc/6067b36314ab5eb2eb47cecc464545ba58e1ad24/library/core/src/panic/unwind_safe.rs:272:9
[INFO] [stdout]   27:     0x59a8ef9f41f3 - std::panicking::try::do_call::h3da0561d9ab99c25
[INFO] [stdout]                                at /rustc/6067b36314ab5eb2eb47cecc464545ba58e1ad24/library/std/src/panicking.rs:587:40
[INFO] [stdout]   28:     0x59a8ef9f41f3 - std::panicking::try::h41c9fa508bc61df6
[INFO] [stdout]                                at /rustc/6067b36314ab5eb2eb47cecc464545ba58e1ad24/library/std/src/panicking.rs:550:19
[INFO] [stdout]   29:     0x59a8ef9f41f3 - std::panic::catch_unwind::h6b3ff07bb5afad93
[INFO] [stdout]                                at /rustc/6067b36314ab5eb2eb47cecc464545ba58e1ad24/library/std/src/panic.rs:358:14
[INFO] [stdout]   30:     0x59a8ef9f41f3 - test::run_test_in_process::hc7253dd11b39b9f4
[INFO] [stdout]                                at /rustc/6067b36314ab5eb2eb47cecc464545ba58e1ad24/library/test/src/lib.rs:655:27
[INFO] [stdout]   31:     0x59a8ef9f41f3 - test::run_test::{{closure}}::hfb2007f8649c30bb
[INFO] [stdout]                                at /rustc/6067b36314ab5eb2eb47cecc464545ba58e1ad24/library/test/src/lib.rs:576:43
[INFO] [stdout]   32:     0x59a8ef9b72d5 - test::run_test::{{closure}}::h56a17aa7a282a9f4
[INFO] [stdout]                                at /rustc/6067b36314ab5eb2eb47cecc464545ba58e1ad24/library/test/src/lib.rs:606:41
[INFO] [stdout]   33:     0x59a8ef9b72d5 - std::sys::backtrace::__rust_begin_short_backtrace::hd2d2d2fb8e8c6aac
[INFO] [stdout]                                at /rustc/6067b36314ab5eb2eb47cecc464545ba58e1ad24/library/std/src/sys/backtrace.rs:152:18
[INFO] [stdout]   34:     0x59a8ef9babba - std::thread::Builder::spawn_unchecked_::{{closure}}::{{closure}}::h4faa3f9db6133423
[INFO] [stdout]                                at /rustc/6067b36314ab5eb2eb47cecc464545ba58e1ad24/library/std/src/thread/mod.rs:559:17
[INFO] [stdout]   35:     0x59a8ef9babba - <core::panic::unwind_safe::AssertUnwindSafe<F> as core::ops::function::FnOnce<()>>::call_once::hf2e855a36a4ea846
[INFO] [stdout]                                at /rustc/6067b36314ab5eb2eb47cecc464545ba58e1ad24/library/core/src/panic/unwind_safe.rs:272:9
[INFO] [stdout]   36:     0x59a8ef9babba - std::panicking::try::do_call::h2f73af3616c35465
[INFO] [stdout]                                at /rustc/6067b36314ab5eb2eb47cecc464545ba58e1ad24/library/std/src/panicking.rs:587:40
[INFO] [stdout]   37:     0x59a8ef9babba - std::panicking::try::hd1660ce9efadef5a
[INFO] [stdout]                                at /rustc/6067b36314ab5eb2eb47cecc464545ba58e1ad24/library/std/src/panicking.rs:550:19
[INFO] [stdout]   38:     0x59a8ef9babba - std::panic::catch_unwind::h5ee8d7823b8ca744
[INFO] [stdout]                                at /rustc/6067b36314ab5eb2eb47cecc464545ba58e1ad24/library/std/src/panic.rs:358:14
[INFO] [stdout]   39:     0x59a8ef9babba - std::thread::Builder::spawn_unchecked_::{{closure}}::h53c3a1894dce8407
[INFO] [stdout]                                at /rustc/6067b36314ab5eb2eb47cecc464545ba58e1ad24/library/std/src/thread/mod.rs:557:30
[INFO] [stdout]   40:     0x59a8ef9babba - core::ops::function::FnOnce::call_once{{vtable.shim}}::h048ce291ad4f62bf
[INFO] [stdout]                                at /rustc/6067b36314ab5eb2eb47cecc464545ba58e1ad24/library/core/src/ops/function.rs:250:5
[INFO] [stdout]   41:     0x59a8efca382b - <alloc::boxed::Box<F,A> as core::ops::function::FnOnce<Args>>::call_once::ha52bedf99a3b4981
[INFO] [stdout]                                at /rustc/6067b36314ab5eb2eb47cecc464545ba58e1ad24/library/alloc/src/boxed.rs:2013:9
[INFO] [stdout]   42:     0x59a8efca382b - <alloc::boxed::Box<F,A> as core::ops::function::FnOnce<Args>>::call_once::h567748934d80ccf8
[INFO] [stdout]                                at /rustc/6067b36314ab5eb2eb47cecc464545ba58e1ad24/library/alloc/src/boxed.rs:2013:9
[INFO] [stdout]   43:     0x59a8efca382b - std::sys::pal::unix::thread::Thread::new::thread_start::h2d970728ae887adc
[INFO] [stdout]                                at /rustc/6067b36314ab5eb2eb47cecc464545ba58e1ad24/library/std/src/sys/pal/unix/thread.rs:106:17
[INFO] [stdout]   44:     0x7502d6b20ac3 - <unknown>
[INFO] [stdout]   45:     0x7502d6bb1a04 - clone
[INFO] [stdout]   46:                0x0 - <unknown>
[INFO] [stdout] 
[INFO] [stdout] ---- tests::tag_tests::adif_from_tags stdout ----
[INFO] [stdout] 
[INFO] [stdout] thread 'tests::tag_tests::adif_from_tags' panicked at src/tests/tag_tests.rs:25:10:
[INFO] [stdout] Unable to open test data: Os { code: 2, kind: NotFound, message: "No such file or directory" }
[INFO] [stdout] stack backtrace:
[INFO] [stdout]    0:     0x59a8efc9d9ca - std::backtrace_rs::backtrace::libunwind::trace::hb059275cfc8d6126
[INFO] [stdout]                                at /rustc/6067b36314ab5eb2eb47cecc464545ba58e1ad24/library/std/src/../../backtrace/src/backtrace/libunwind.rs:116:5
[INFO] [stdout]    1:     0x59a8efc9d9ca - std::backtrace_rs::backtrace::trace_unsynchronized::h2da071e4327ce3ee
[INFO] [stdout]                                at /rustc/6067b36314ab5eb2eb47cecc464545ba58e1ad24/library/std/src/../../backtrace/src/backtrace/mod.rs:66:5
[INFO] [stdout]    2:     0x59a8efc9d9ca - std::sys::backtrace::_print_fmt::h842a1474e6f8d23f
[INFO] [stdout]                                at /rustc/6067b36314ab5eb2eb47cecc464545ba58e1ad24/library/std/src/sys/backtrace.rs:66:9
[INFO] [stdout]    3:     0x59a8efc9d9ca - <std::sys::backtrace::BacktraceLock::print::DisplayBacktrace as core::fmt::Display>::fmt::h71a62eb3b9696b12
[INFO] [stdout]                                at /rustc/6067b36314ab5eb2eb47cecc464545ba58e1ad24/library/std/src/sys/backtrace.rs:39:26
[INFO] [stdout]    4:     0x59a8efcc6553 - core::fmt::rt::Argument::fmt::hdb6b616786b41dc1
[INFO] [stdout]                                at /rustc/6067b36314ab5eb2eb47cecc464545ba58e1ad24/library/core/src/fmt/rt.rs:177:76
[INFO] [stdout]    5:     0x59a8efcc6553 - core::fmt::write::h2cc1698af7e2d686
[INFO] [stdout]                                at /rustc/6067b36314ab5eb2eb47cecc464545ba58e1ad24/library/core/src/fmt/mod.rs:1440:21
[INFO] [stdout]    6:     0x59a8efc9a523 - std::io::Write::write_fmt::hab1b4cd059a79022
[INFO] [stdout]                                at /rustc/6067b36314ab5eb2eb47cecc464545ba58e1ad24/library/std/src/io/mod.rs:1887:15
[INFO] [stdout]    7:     0x59a8efc9d812 - std::sys::backtrace::BacktraceLock::print::h147fe35b4ea13b08
[INFO] [stdout]                                at /rustc/6067b36314ab5eb2eb47cecc464545ba58e1ad24/library/std/src/sys/backtrace.rs:42:9
[INFO] [stdout]    8:     0x59a8efc9edef - std::panicking::default_hook::{{closure}}::hbd44223dbdc0d208
[INFO] [stdout]                                at /rustc/6067b36314ab5eb2eb47cecc464545ba58e1ad24/library/std/src/panicking.rs:298:22
[INFO] [stdout]    9:     0x59a8efc9ec08 - std::panicking::default_hook::h20f81eb0576efcec
[INFO] [stdout]                                at /rustc/6067b36314ab5eb2eb47cecc464545ba58e1ad24/library/std/src/panicking.rs:322:9
[INFO] [stdout]   10:     0x59a8ef9efb63 - <alloc::boxed::Box<F,A> as core::ops::function::Fn<Args>>::call::hdb53814c496a4d34
[INFO] [stdout]                                at /rustc/6067b36314ab5eb2eb47cecc464545ba58e1ad24/library/alloc/src/boxed.rs:2027:9
[INFO] [stdout]   11:     0x59a8ef9efb63 - test::test_main::{{closure}}::hc0a4963c59427c24
[INFO] [stdout]                                at /rustc/6067b36314ab5eb2eb47cecc464545ba58e1ad24/library/test/src/lib.rs:134:21
[INFO] [stdout]   12:     0x59a8efc9f8e3 - <alloc::boxed::Box<F,A> as core::ops::function::Fn<Args>>::call::h591b2225413a77e9
[INFO] [stdout]                                at /rustc/6067b36314ab5eb2eb47cecc464545ba58e1ad24/library/alloc/src/boxed.rs:2027:9
[INFO] [stdout]   13:     0x59a8efc9f8e3 - std::panicking::rust_panic_with_hook::h625eea43051b2edc
[INFO] [stdout]                                at /rustc/6067b36314ab5eb2eb47cecc464545ba58e1ad24/library/std/src/panicking.rs:839:13
[INFO] [stdout]   14:     0x59a8efc9f59a - std::panicking::begin_panic_handler::{{closure}}::h4f9159cfbc3f6bd3
[INFO] [stdout]                                at /rustc/6067b36314ab5eb2eb47cecc464545ba58e1ad24/library/std/src/panicking.rs:704:13
[INFO] [stdout]   15:     0x59a8efc9dec9 - std::sys::backtrace::__rust_end_short_backtrace::h0390abce48353151
[INFO] [stdout]                                at /rustc/6067b36314ab5eb2eb47cecc464545ba58e1ad24/library/std/src/sys/backtrace.rs:168:18
[INFO] [stdout]   16:     0x59a8efc9f22d - rust_begin_unwind
[INFO] [stdout]                                at /rustc/6067b36314ab5eb2eb47cecc464545ba58e1ad24/library/std/src/panicking.rs:695:5
[INFO] [stdout]   17:     0x59a8efcc4be0 - core::panicking::panic_fmt::h9e7c637e9e5f29c9
[INFO] [stdout]                                at /rustc/6067b36314ab5eb2eb47cecc464545ba58e1ad24/library/core/src/panicking.rs:75:14
[INFO] [stdout]   18:     0x59a8efcc5056 - core::result::unwrap_failed::h7979f09313fe1849
[INFO] [stdout]                                at /rustc/6067b36314ab5eb2eb47cecc464545ba58e1ad24/library/core/src/result.rs:1704:5
[INFO] [stdout]   19:     0x59a8ef9af45d - core::result::Result<T,E>::expect::hd507309dd39382ee
[INFO] [stdout]                                at /rustc/6067b36314ab5eb2eb47cecc464545ba58e1ad24/library/core/src/result.rs:1061:23
[INFO] [stdout]   20:     0x59a8ef9abbc8 - adif_parser::tests::tag_tests::adif_from_tags::h9bc3e630151bc8ad
[INFO] [stdout]                                at /opt/rustwide/workdir/src/tests/tag_tests.rs:22:16
[INFO] [stdout]   21:     0x59a8ef9abb47 - adif_parser::tests::tag_tests::adif_from_tags::{{closure}}::h231d914255bcca88
[INFO] [stdout]                                at /opt/rustwide/workdir/src/tests/tag_tests.rs:21:20
[INFO] [stdout]   22:     0x59a8ef9a7066 - core::ops::function::FnOnce::call_once::h94c249eb0796d314
[INFO] [stdout]                                at /rustc/6067b36314ab5eb2eb47cecc464545ba58e1ad24/library/core/src/ops/function.rs:250:5
[INFO] [stdout]   23:     0x59a8ef9f52bb - core::ops::function::FnOnce::call_once::he27718dfdd183f43
[INFO] [stdout]                                at /rustc/6067b36314ab5eb2eb47cecc464545ba58e1ad24/library/core/src/ops/function.rs:250:5
[INFO] [stdout]   24:     0x59a8ef9f52bb - test::__rust_begin_short_backtrace::h4e84902998457a5d
[INFO] [stdout]                                at /rustc/6067b36314ab5eb2eb47cecc464545ba58e1ad24/library/test/src/lib.rs:632:18
[INFO] [stdout]   25:     0x59a8ef9f41f3 - test::run_test_in_process::{{closure}}::h7176fd18fc1feca0
[INFO] [stdout]                                at /rustc/6067b36314ab5eb2eb47cecc464545ba58e1ad24/library/test/src/lib.rs:655:60
[INFO] [stdout]   26:     0x59a8ef9f41f3 - <core::panic::unwind_safe::AssertUnwindSafe<F> as core::ops::function::FnOnce<()>>::call_once::hf79cff2a624d8cf7
[INFO] [stdout]                                at /rustc/6067b36314ab5eb2eb47cecc464545ba58e1ad24/library/core/src/panic/unwind_safe.rs:272:9
[INFO] [stdout]   27:     0x59a8ef9f41f3 - std::panicking::try::do_call::h3da0561d9ab99c25
[INFO] [stdout]                                at /rustc/6067b36314ab5eb2eb47cecc464545ba58e1ad24/library/std/src/panicking.rs:587:40
[INFO] [stdout]   28:     0x59a8ef9f41f3 - std::panicking::try::h41c9fa508bc61df6
[INFO] [stdout]                                at /rustc/6067b36314ab5eb2eb47cecc464545ba58e1ad24/library/std/src/panicking.rs:550:19
[INFO] [stdout]   29:     0x59a8ef9f41f3 - std::panic::catch_unwind::h6b3ff07bb5afad93
[INFO] [stdout]                                at /rustc/6067b36314ab5eb2eb47cecc464545ba58e1ad24/library/std/src/panic.rs:358:14
[INFO] [stdout]   30:     0x59a8ef9f41f3 - test::run_test_in_process::hc7253dd11b39b9f4
[INFO] [stdout]                                at /rustc/6067b36314ab5eb2eb47cecc464545ba58e1ad24/library/test/src/lib.rs:655:27
[INFO] [stdout]   31:     0x59a8ef9f41f3 - test::run_test::{{closure}}::hfb2007f8649c30bb
[INFO] [stdout]                                at /rustc/6067b36314ab5eb2eb47cecc464545ba58e1ad24/library/test/src/lib.rs:576:43
[INFO] [stdout]   32:     0x59a8ef9b72d5 - test::run_test::{{closure}}::h56a17aa7a282a9f4
[INFO] [stdout]                                at /rustc/6067b36314ab5eb2eb47cecc464545ba58e1ad24/library/test/src/lib.rs:606:41
[INFO] [stdout]   33:     0x59a8ef9b72d5 - std::sys::backtrace::__rust_begin_short_backtrace::hd2d2d2fb8e8c6aac
[INFO] [stdout]                                at /rustc/6067b36314ab5eb2eb47cecc464545ba58e1ad24/library/std/src/sys/backtrace.rs:152:18
[INFO] [stdout]   34:     0x59a8ef9babba - std::thread::Builder::spawn_unchecked_::{{closure}}::{{closure}}::h4faa3f9db6133423
[INFO] [stdout]                                at /rustc/6067b36314ab5eb2eb47cecc464545ba58e1ad24/library/std/src/thread/mod.rs:559:17
[INFO] [stdout]   35:     0x59a8ef9babba - <core::panic::unwind_safe::AssertUnwindSafe<F> as core::ops::function::FnOnce<()>>::call_once::hf2e855a36a4ea846
[INFO] [stdout]                                at /rustc/6067b36314ab5eb2eb47cecc464545ba58e1ad24/library/core/src/panic/unwind_safe.rs:272:9
[INFO] [stdout]   36:     0x59a8ef9babba - std::panicking::try::do_call::h2f73af3616c35465
[INFO] [stdout]                                at /rustc/6067b36314ab5eb2eb47cecc464545ba58e1ad24/library/std/src/panicking.rs:587:40
[INFO] [stdout]   37:     0x59a8ef9babba - std::panicking::try::hd1660ce9efadef5a
[INFO] [stdout]                                at /rustc/6067b36314ab5eb2eb47cecc464545ba58e1ad24/library/std/src/panicking.rs:550:19
[INFO] [stdout]   38:     0x59a8ef9babba - std::panic::catch_unwind::h5ee8d7823b8ca744
[INFO] [stdout]                                at /rustc/6067b36314ab5eb2eb47cecc464545ba58e1ad24/library/std/src/panic.rs:358:14
[INFO] [stdout]   39:     0x59a8ef9babba - std::thread::Builder::spawn_unchecked_::{{closure}}::h53c3a1894dce8407
[INFO] [stdout]                                at /rustc/6067b36314ab5eb2eb47cecc464545ba58e1ad24/library/std/src/thread/mod.rs:557:30
[INFO] [stdout]   40:     0x59a8ef9babba - core::ops::function::FnOnce::call_once{{vtable.shim}}::h048ce291ad4f62bf
[INFO] [stdout]                                at /rustc/6067b36314ab5eb2eb47cecc464545ba58e1ad24/library/core/src/ops/function.rs:250:5
[INFO] [stdout]   41:     0x59a8efca382b - <alloc::boxed::Box<F,A> as core::ops::function::FnOnce<Args>>::call_once::ha52bedf99a3b4981
[INFO] [stdout]                                at /rustc/6067b36314ab5eb2eb47cecc464545ba58e1ad24/library/alloc/src/boxed.rs:2013:9
[INFO] [stdout]   42:     0x59a8efca382b - <alloc::boxed::Box<F,A> as core::ops::function::FnOnce<Args>>::call_once::h567748934d80ccf8
[INFO] [stdout]                                at /rustc/6067b36314ab5eb2eb47cecc464545ba58e1ad24/library/alloc/src/boxed.rs:2013:9
[INFO] [stdout]   43:     0x59a8efca382b - std::sys::pal::unix::thread::Thread::new::thread_start::h2d970728ae887adc
[INFO] [stdout]                                at /rustc/6067b36314ab5eb2eb47cecc464545ba58e1ad24/library/std/src/sys/pal/unix/thread.rs:106:17
[INFO] [stdout]   44:     0x7502d6b20ac3 - <unknown>
[INFO] [stdout]   45:     0x7502d6bb1a04 - clone
[INFO] [stdout]   46:                0x0 - <unknown>
[INFO] [stdout] 
[INFO] [stdout] 
[INFO] [stdout] failures:
[INFO] [stdout]     tests::tag_tests::adif_from_tags
[INFO] [stdout]     tests::tag_tests::parse_tags
[INFO] [stdout] 
[INFO] [stdout] test result: FAILED. 1 passed; 2 failed; 0 ignored; 0 measured; 0 filtered out; finished in 0.03s
[INFO] [stdout] 
[INFO] [stderr] error: test failed, to rerun pass `--lib`
[INFO] running `Command { std: "docker" "inspect" "a7501042e1b123f3e87c4684f2cf0f43d0f12d41cf6b39ea5d874c55d6887e4c", kill_on_drop: false }`
[INFO] running `Command { std: "docker" "rm" "-f" "a7501042e1b123f3e87c4684f2cf0f43d0f12d41cf6b39ea5d874c55d6887e4c", kill_on_drop: false }`
[INFO] [stdout] a7501042e1b123f3e87c4684f2cf0f43d0f12d41cf6b39ea5d874c55d6887e4c
