[INFO] cloning repository https://github.com/lihe07/evil-udp
[INFO] running `Command { std: "git" "-c" "credential.helper=" "-c" "credential.helper=/workspace/cargo-home/bin/git-credential-null" "clone" "--bare" "https://github.com/lihe07/evil-udp" "/workspace/cache/git-repos/https%3A%2F%2Fgithub.com%2Flihe07%2Fevil-udp", kill_on_drop: false }`
[INFO] [stderr] Cloning into bare repository '/workspace/cache/git-repos/https%3A%2F%2Fgithub.com%2Flihe07%2Fevil-udp'...
[INFO] running `Command { std: "git" "rev-parse" "HEAD", kill_on_drop: false }`
[INFO] [stdout] df318c3836528b87964a201df59d546c3e338144
[INFO] testing lihe07/evil-udp against nightly-2025-01-18 for randomize-layout-2
[INFO] running `Command { std: "git" "clone" "/workspace/cache/git-repos/https%3A%2F%2Fgithub.com%2Flihe07%2Fevil-udp" "/workspace/builds/worker-7-tc1/source", kill_on_drop: false }`
[INFO] [stderr] Cloning into '/workspace/builds/worker-7-tc1/source'...
[INFO] [stderr] done.
[INFO] validating manifest of git repo https://github.com/lihe07/evil-udp on toolchain nightly-2025-01-18
[INFO] running `Command { std: CARGO_HOME="/workspace/cargo-home" RUSTUP_HOME="/workspace/rustup-home" "/workspace/cargo-home/bin/cargo" "+nightly-2025-01-18" "metadata" "--manifest-path" "Cargo.toml" "--no-deps", kill_on_drop: false }`
[INFO] started tweaking git repo https://github.com/lihe07/evil-udp
[INFO] finished tweaking git repo https://github.com/lihe07/evil-udp
[INFO] tweaked toml for git repo https://github.com/lihe07/evil-udp written to /workspace/builds/worker-7-tc1/source/Cargo.toml
[INFO] crate git repo https://github.com/lihe07/evil-udp already has a lockfile, it will not be regenerated
[INFO] running `Command { std: CARGO_HOME="/workspace/cargo-home" RUSTUP_HOME="/workspace/rustup-home" "/workspace/cargo-home/bin/cargo" "+nightly-2025-01-18" "fetch" "--manifest-path" "Cargo.toml", kill_on_drop: false }`
[INFO] [stderr]  Downloading crates ...
[INFO] [stderr]   Downloaded async-process v2.0.1
[INFO] [stderr]   Downloaded async-fs v2.1.0
[INFO] [stderr]   Downloaded smol v2.0.0
[INFO] running `Command { std: "docker" "create" "-v" "/var/lib/crater-agent-workspace/builds/worker-7-tc1/target:/opt/rustwide/target:rw,Z" "-v" "/var/lib/crater-agent-workspace/builds/worker-7-tc1/source:/opt/rustwide/workdir:ro,Z" "-v" "/var/lib/crater-agent-workspace/cargo-home:/opt/rustwide/cargo-home:ro,Z" "-v" "/var/lib/crater-agent-workspace/rustup-home:/opt/rustwide/rustup-home:ro,Z" "-e" "SOURCE_DIR=/opt/rustwide/workdir" "-e" "CARGO_TARGET_DIR=/opt/rustwide/target" "-e" "CARGO_HOME=/opt/rustwide/cargo-home" "-e" "RUSTUP_HOME=/opt/rustwide/rustup-home" "-w" "/opt/rustwide/workdir" "-m" "1610612736" "--user" "0:0" "--network" "none" "ghcr.io/rust-lang/crates-build-env/linux@sha256:819108c5571ea2e421544af4d832f968d213c87fbe3707a016657f43d2f853bc" "/opt/rustwide/cargo-home/bin/cargo" "+nightly-2025-01-18" "metadata" "--no-deps" "--format-version=1", kill_on_drop: false }`
[INFO] [stdout] 928b714424726f30dbd5538972fa4714d230b4511a49de47576324bd6e22f6e7
[INFO] running `Command { std: "docker" "start" "-a" "928b714424726f30dbd5538972fa4714d230b4511a49de47576324bd6e22f6e7", kill_on_drop: false }`
[INFO] running `Command { std: "docker" "inspect" "928b714424726f30dbd5538972fa4714d230b4511a49de47576324bd6e22f6e7", kill_on_drop: false }`
[INFO] running `Command { std: "docker" "rm" "-f" "928b714424726f30dbd5538972fa4714d230b4511a49de47576324bd6e22f6e7", kill_on_drop: false }`
[INFO] [stdout] 928b714424726f30dbd5538972fa4714d230b4511a49de47576324bd6e22f6e7
[INFO] running `Command { std: "docker" "create" "-v" "/var/lib/crater-agent-workspace/builds/worker-7-tc1/target:/opt/rustwide/target:rw,Z" "-v" "/var/lib/crater-agent-workspace/builds/worker-7-tc1/source:/opt/rustwide/workdir:ro,Z" "-v" "/var/lib/crater-agent-workspace/cargo-home:/opt/rustwide/cargo-home:ro,Z" "-v" "/var/lib/crater-agent-workspace/rustup-home:/opt/rustwide/rustup-home:ro,Z" "-e" "SOURCE_DIR=/opt/rustwide/workdir" "-e" "CARGO_TARGET_DIR=/opt/rustwide/target" "-e" "CARGO_INCREMENTAL=0" "-e" "RUST_BACKTRACE=full" "-e" "RUSTFLAGS=--cap-lints=forbid" "-e" "RUSTDOCFLAGS=--cap-lints=forbid" "-e" "CARGO_HOME=/opt/rustwide/cargo-home" "-e" "RUSTUP_HOME=/opt/rustwide/rustup-home" "-w" "/opt/rustwide/workdir" "-m" "1610612736" "--user" "0:0" "--network" "none" "ghcr.io/rust-lang/crates-build-env/linux@sha256:819108c5571ea2e421544af4d832f968d213c87fbe3707a016657f43d2f853bc" "/opt/rustwide/cargo-home/bin/cargo" "+nightly-2025-01-18" "build" "--frozen" "--message-format=json", kill_on_drop: false }`
[INFO] [stdout] b8b242bc6894218fbe061cb18b279f45858ee6b3928eeb76c1b92b7912e99d8d
[INFO] running `Command { std: "docker" "start" "-a" "b8b242bc6894218fbe061cb18b279f45858ee6b3928eeb76c1b92b7912e99d8d", kill_on_drop: false }`
[INFO] [stderr]    Compiling proc-macro2 v1.0.78
[INFO] [stderr]    Compiling unicode-ident v1.0.12
[INFO] [stderr]    Compiling pin-project-lite v0.2.13
[INFO] [stderr]    Compiling crossbeam-utils v0.8.19
[INFO] [stderr]    Compiling futures-core v0.3.30
[INFO] [stderr]    Compiling futures-io v0.3.30
[INFO] [stderr]    Compiling parking v2.2.0
[INFO] [stderr]    Compiling autocfg v1.1.0
[INFO] [stderr]    Compiling rustix v0.38.31
[INFO] [stderr]    Compiling bitflags v2.4.2
[INFO] [stderr]    Compiling fastrand v2.0.1
[INFO] [stderr]    Compiling linux-raw-sys v0.4.13
[INFO] [stderr]    Compiling libc v0.2.153
[INFO] [stderr]    Compiling tracing-core v0.1.32
[INFO] [stderr]    Compiling memchr v2.7.1
[INFO] [stderr]    Compiling no-std-net v0.6.0
[INFO] [stderr]    Compiling cfg-if v1.0.0
[INFO] [stderr]    Compiling serde v1.0.196
[INFO] [stderr]    Compiling futures-lite v2.2.0
[INFO] [stderr]    Compiling regex-syntax v0.8.2
[INFO] [stderr]    Compiling pnet_base v0.34.0
[INFO] [stderr]    Compiling async-task v4.7.0
[INFO] [stderr]    Compiling atomic-waker v1.1.2
[INFO] [stderr]    Compiling piper v0.2.1
[INFO] [stderr]    Compiling slab v0.4.9
[INFO] [stderr]    Compiling futures-sink v0.3.30
[INFO] [stderr]    Compiling utf8parse v0.2.1
[INFO] [stderr]    Compiling futures-channel v0.3.30
[INFO] [stderr]    Compiling pnet_macros_support v0.34.0
[INFO] [stderr]    Compiling futures-task v0.3.30
[INFO] [stderr]    Compiling anstyle-parse v0.2.3
[INFO] [stderr]    Compiling pin-utils v0.1.0
[INFO] [stderr]    Compiling anstyle-query v1.0.2
[INFO] [stderr]    Compiling anstyle v1.0.5
[INFO] [stderr]    Compiling tracing v0.1.40
[INFO] [stderr]    Compiling colorchoice v1.0.0
[INFO] [stderr]    Compiling aho-corasick v1.1.2
[INFO] [stderr]    Compiling pnet v0.34.0
[INFO] [stderr]    Compiling strsim v0.10.0
[INFO] [stderr]    Compiling clap_lex v0.6.0
[INFO] [stderr]    Compiling quote v1.0.35
[INFO] [stderr]    Compiling heck v0.4.1
[INFO] [stderr]    Compiling concurrent-queue v2.4.0
[INFO] [stderr]    Compiling anstream v0.6.11
[INFO] [stderr]    Compiling signal-hook-registry v1.4.1
[INFO] [stderr]    Compiling pnet_sys v0.34.0
[INFO] [stderr]    Compiling humantime v2.1.0
[INFO] [stderr]    Compiling event-listener v4.0.3
[INFO] [stderr]    Compiling syn v2.0.48
[INFO] [stderr]    Compiling termcolor v1.4.1
[INFO] [stderr]    Compiling serde_json v1.0.113
[INFO] [stderr]    Compiling log v0.4.20
[INFO] [stderr]    Compiling clap_builder v4.4.18
[INFO] [stderr]    Compiling once_cell v1.19.0
[INFO] [stderr]    Compiling itoa v1.0.10
[INFO] [stderr]    Compiling ryu v1.0.16
[INFO] [stderr]    Compiling event-listener-strategy v0.4.0
[INFO] [stderr]    Compiling async-lock v3.3.0
[INFO] [stderr]    Compiling async-channel v2.1.1
[INFO] [stderr]    Compiling blocking v1.5.1
[INFO] [stderr]    Compiling async-executor v1.8.0
[INFO] [stderr]    Compiling regex-automata v0.4.5
[INFO] [stderr]    Compiling async-fs v2.1.0
[INFO] [stderr]    Compiling regex v1.10.3
[INFO] [stderr]    Compiling serde_derive v1.0.196
[INFO] [stderr]    Compiling futures-macro v0.3.30
[INFO] [stderr]    Compiling clap_derive v4.4.7
[INFO] [stderr]    Compiling enum_dispatch v0.3.12
[INFO] [stderr]    Compiling pnet_macros v0.34.0
[INFO] [stderr]    Compiling futures-util v0.3.30
[INFO] [stderr]    Compiling pnet_packet v0.34.0
[INFO] [stderr]    Compiling polling v3.3.2
[INFO] [stderr]    Compiling is-terminal v0.4.10
[INFO] [stderr]    Compiling env_logger v0.10.2
[INFO] [stderr]    Compiling clap v4.4.18
[INFO] [stderr]    Compiling async-io v2.3.1
[INFO] [stderr]    Compiling pretty_env_logger v0.5.0
[INFO] [stderr]    Compiling async-signal v0.2.5
[INFO] [stderr]    Compiling async-net v2.0.0
[INFO] [stderr]    Compiling async-process v2.0.1
[INFO] [stderr]    Compiling smol v2.0.0
[INFO] [stderr]    Compiling futures-executor v0.3.30
[INFO] [stderr]    Compiling futures v0.3.30
[INFO] [stderr]    Compiling pnet_transport v0.34.0
[INFO] [stderr]    Compiling ipnetwork v0.20.0
[INFO] [stderr]    Compiling pnet_datalink v0.34.0
[INFO] [stderr]    Compiling evil_udp v0.1.0 (/opt/rustwide/workdir)
[INFO] [stdout] warning: unused import: `error`
[INFO] [stdout]  --> src/test.rs:6:18
[INFO] [stdout]   |
[INFO] [stdout] 6 | use log::{debug, error, info, warn};
[INFO] [stdout]   |                  ^^^^^
[INFO] [stdout]   |
[INFO] [stdout] help: if this is a test module, consider adding a `#[cfg(test)]` to the containing module
[INFO] [stdout]  --> src/main.rs:2:1
[INFO] [stdout]   |
[INFO] [stdout] 2 | mod test;
[INFO] [stdout]   | ^^^^^^^^^
[INFO] [stdout]   = note: `#[warn(unused_imports)]` on by default
[INFO] [stdout] 
[INFO] [stdout] 
[INFO] [stderr]     Finished `dev` profile [unoptimized + debuginfo] target(s) in 23.57s
[INFO] running `Command { std: "docker" "inspect" "b8b242bc6894218fbe061cb18b279f45858ee6b3928eeb76c1b92b7912e99d8d", kill_on_drop: false }`
[INFO] running `Command { std: "docker" "rm" "-f" "b8b242bc6894218fbe061cb18b279f45858ee6b3928eeb76c1b92b7912e99d8d", kill_on_drop: false }`
[INFO] [stdout] b8b242bc6894218fbe061cb18b279f45858ee6b3928eeb76c1b92b7912e99d8d
[INFO] running `Command { std: "docker" "create" "-v" "/var/lib/crater-agent-workspace/builds/worker-7-tc1/target:/opt/rustwide/target:rw,Z" "-v" "/var/lib/crater-agent-workspace/builds/worker-7-tc1/source:/opt/rustwide/workdir:ro,Z" "-v" "/var/lib/crater-agent-workspace/cargo-home:/opt/rustwide/cargo-home:ro,Z" "-v" "/var/lib/crater-agent-workspace/rustup-home:/opt/rustwide/rustup-home:ro,Z" "-e" "SOURCE_DIR=/opt/rustwide/workdir" "-e" "CARGO_TARGET_DIR=/opt/rustwide/target" "-e" "CARGO_INCREMENTAL=0" "-e" "RUST_BACKTRACE=full" "-e" "RUSTFLAGS=--cap-lints=forbid" "-e" "RUSTDOCFLAGS=--cap-lints=forbid" "-e" "CARGO_HOME=/opt/rustwide/cargo-home" "-e" "RUSTUP_HOME=/opt/rustwide/rustup-home" "-w" "/opt/rustwide/workdir" "-m" "1610612736" "--user" "0:0" "--network" "none" "ghcr.io/rust-lang/crates-build-env/linux@sha256:819108c5571ea2e421544af4d832f968d213c87fbe3707a016657f43d2f853bc" "/opt/rustwide/cargo-home/bin/cargo" "+nightly-2025-01-18" "test" "--frozen" "--no-run" "--message-format=json", kill_on_drop: false }`
[INFO] [stdout] 519f12c462ba6bb3c60868080f1ae501f91e6897e78228d07f3affc40c63aa8a
[INFO] running `Command { std: "docker" "start" "-a" "519f12c462ba6bb3c60868080f1ae501f91e6897e78228d07f3affc40c63aa8a", kill_on_drop: false }`
[INFO] [stderr]    Compiling evil_udp v0.1.0 (/opt/rustwide/workdir)
[INFO] [stdout] warning: unused import: `error`
[INFO] [stdout]  --> src/test.rs:6:18
[INFO] [stdout]   |
[INFO] [stdout] 6 | use log::{debug, error, info, warn};
[INFO] [stdout]   |                  ^^^^^
[INFO] [stdout]   |
[INFO] [stdout]   = note: `#[warn(unused_imports)]` on by default
[INFO] [stdout] 
[INFO] [stdout] 
[INFO] [stderr]     Finished `test` profile [unoptimized + debuginfo] target(s) in 0.91s
[INFO] running `Command { std: "docker" "inspect" "519f12c462ba6bb3c60868080f1ae501f91e6897e78228d07f3affc40c63aa8a", kill_on_drop: false }`
[INFO] running `Command { std: "docker" "rm" "-f" "519f12c462ba6bb3c60868080f1ae501f91e6897e78228d07f3affc40c63aa8a", kill_on_drop: false }`
[INFO] [stdout] 519f12c462ba6bb3c60868080f1ae501f91e6897e78228d07f3affc40c63aa8a
[INFO] running `Command { std: "docker" "create" "-v" "/var/lib/crater-agent-workspace/builds/worker-7-tc1/target:/opt/rustwide/target:rw,Z" "-v" "/var/lib/crater-agent-workspace/builds/worker-7-tc1/source:/opt/rustwide/workdir:ro,Z" "-v" "/var/lib/crater-agent-workspace/cargo-home:/opt/rustwide/cargo-home:ro,Z" "-v" "/var/lib/crater-agent-workspace/rustup-home:/opt/rustwide/rustup-home:ro,Z" "-e" "SOURCE_DIR=/opt/rustwide/workdir" "-e" "CARGO_TARGET_DIR=/opt/rustwide/target" "-e" "CARGO_INCREMENTAL=0" "-e" "RUST_BACKTRACE=full" "-e" "RUSTFLAGS=--cap-lints=forbid" "-e" "RUSTDOCFLAGS=--cap-lints=forbid" "-e" "CARGO_HOME=/opt/rustwide/cargo-home" "-e" "RUSTUP_HOME=/opt/rustwide/rustup-home" "-w" "/opt/rustwide/workdir" "-m" "1610612736" "--user" "0:0" "--network" "none" "ghcr.io/rust-lang/crates-build-env/linux@sha256:819108c5571ea2e421544af4d832f968d213c87fbe3707a016657f43d2f853bc" "/opt/rustwide/cargo-home/bin/cargo" "+nightly-2025-01-18" "test" "--frozen", kill_on_drop: false }`
[INFO] [stdout] e1ac6cd474f4a4d9f24bf05ff6b76b62c57ebd0d89fede93fb98cae717b745b9
[INFO] running `Command { std: "docker" "start" "-a" "e1ac6cd474f4a4d9f24bf05ff6b76b62c57ebd0d89fede93fb98cae717b745b9", kill_on_drop: false }`
[INFO] [stderr] warning: unused import: `error`
[INFO] [stderr]  --> src/test.rs:6:18
[INFO] [stderr]   |
[INFO] [stderr] 6 | use log::{debug, error, info, warn};
[INFO] [stderr]   |                  ^^^^^
[INFO] [stderr]   |
[INFO] [stderr]   = note: `#[warn(unused_imports)]` on by default
[INFO] [stderr] 
[INFO] [stderr] warning: `evil_udp` (bin "evil_udp" test) generated 1 warning (run `cargo fix --bin "evil_udp" --tests` to apply 1 suggestion)
[INFO] [stderr]     Finished `test` profile [unoptimized + debuginfo] target(s) in 0.10s
[INFO] [stderr]      Running unittests src/main.rs (/opt/rustwide/target/debug/deps/evil_udp-75e877b30ac5898c)
[INFO] [stdout] 
[INFO] [stdout] running 2 tests
[INFO] [stdout] test udp::test_get_ip ... ok
[INFO] [stdout] test udp::test_send_raw_pack ... FAILED
[INFO] [stdout] 
[INFO] [stdout] failures:
[INFO] [stdout] 
[INFO] [stdout] ---- udp::test_send_raw_pack stdout ----
[INFO] [stdout] 
[INFO] [stdout] thread 'udp::test_send_raw_pack' panicked at /opt/rustwide/cargo-home/registry/src/index.crates.io-1949cf8c6b5b557f/pretty_env_logger-0.5.0/src/lib.rs:63:16:
[INFO] [stdout] called `Result::unwrap()` on an `Err` value: SetLoggerError(())
[INFO] [stdout] stack backtrace:
[INFO] [stdout]    0:     0x5918e36198ea - std::backtrace_rs::backtrace::libunwind::trace::hb059275cfc8d6126
[INFO] [stdout]                                at /rustc/6067b36314ab5eb2eb47cecc464545ba58e1ad24/library/std/src/../../backtrace/src/backtrace/libunwind.rs:116:5
[INFO] [stdout]    1:     0x5918e36198ea - std::backtrace_rs::backtrace::trace_unsynchronized::h2da071e4327ce3ee
[INFO] [stdout]                                at /rustc/6067b36314ab5eb2eb47cecc464545ba58e1ad24/library/std/src/../../backtrace/src/backtrace/mod.rs:66:5
[INFO] [stdout]    2:     0x5918e36198ea - std::sys::backtrace::_print_fmt::h842a1474e6f8d23f
[INFO] [stdout]                                at /rustc/6067b36314ab5eb2eb47cecc464545ba58e1ad24/library/std/src/sys/backtrace.rs:66:9
[INFO] [stdout]    3:     0x5918e36198ea - <std::sys::backtrace::BacktraceLock::print::DisplayBacktrace as core::fmt::Display>::fmt::h71a62eb3b9696b12
[INFO] [stdout]                                at /rustc/6067b36314ab5eb2eb47cecc464545ba58e1ad24/library/std/src/sys/backtrace.rs:39:26
[INFO] [stdout]    4:     0x5918e36435c3 - core::fmt::rt::Argument::fmt::hdb6b616786b41dc1
[INFO] [stdout]                                at /rustc/6067b36314ab5eb2eb47cecc464545ba58e1ad24/library/core/src/fmt/rt.rs:177:76
[INFO] [stdout]    5:     0x5918e36435c3 - core::fmt::write::h2cc1698af7e2d686
[INFO] [stdout]                                at /rustc/6067b36314ab5eb2eb47cecc464545ba58e1ad24/library/core/src/fmt/mod.rs:1440:21
[INFO] [stdout]    6:     0x5918e3616443 - std::io::Write::write_fmt::hab1b4cd059a79022
[INFO] [stdout]                                at /rustc/6067b36314ab5eb2eb47cecc464545ba58e1ad24/library/std/src/io/mod.rs:1887:15
[INFO] [stdout]    7:     0x5918e3619732 - std::sys::backtrace::BacktraceLock::print::h147fe35b4ea13b08
[INFO] [stdout]                                at /rustc/6067b36314ab5eb2eb47cecc464545ba58e1ad24/library/std/src/sys/backtrace.rs:42:9
[INFO] [stdout]    8:     0x5918e361ad0f - std::panicking::default_hook::{{closure}}::hbd44223dbdc0d208
[INFO] [stdout]                                at /rustc/6067b36314ab5eb2eb47cecc464545ba58e1ad24/library/std/src/panicking.rs:298:22
[INFO] [stdout]    9:     0x5918e361ab28 - std::panicking::default_hook::h20f81eb0576efcec
[INFO] [stdout]                                at /rustc/6067b36314ab5eb2eb47cecc464545ba58e1ad24/library/std/src/panicking.rs:322:9
[INFO] [stdout]   10:     0x5918e35d18a3 - <alloc::boxed::Box<F,A> as core::ops::function::Fn<Args>>::call::hdb53814c496a4d34
[INFO] [stdout]                                at /rustc/6067b36314ab5eb2eb47cecc464545ba58e1ad24/library/alloc/src/boxed.rs:2027:9
[INFO] [stdout]   11:     0x5918e35d18a3 - test::test_main::{{closure}}::hc0a4963c59427c24
[INFO] [stdout]                                at /rustc/6067b36314ab5eb2eb47cecc464545ba58e1ad24/library/test/src/lib.rs:134:21
[INFO] [stdout]   12:     0x5918e361b803 - <alloc::boxed::Box<F,A> as core::ops::function::Fn<Args>>::call::h591b2225413a77e9
[INFO] [stdout]                                at /rustc/6067b36314ab5eb2eb47cecc464545ba58e1ad24/library/alloc/src/boxed.rs:2027:9
[INFO] [stdout]   13:     0x5918e361b803 - std::panicking::rust_panic_with_hook::h625eea43051b2edc
[INFO] [stdout]                                at /rustc/6067b36314ab5eb2eb47cecc464545ba58e1ad24/library/std/src/panicking.rs:839:13
[INFO] [stdout]   14:     0x5918e361b4ba - std::panicking::begin_panic_handler::{{closure}}::h4f9159cfbc3f6bd3
[INFO] [stdout]                                at /rustc/6067b36314ab5eb2eb47cecc464545ba58e1ad24/library/std/src/panicking.rs:704:13
[INFO] [stdout]   15:     0x5918e3619de9 - std::sys::backtrace::__rust_end_short_backtrace::h0390abce48353151
[INFO] [stdout]                                at /rustc/6067b36314ab5eb2eb47cecc464545ba58e1ad24/library/std/src/sys/backtrace.rs:168:18
[INFO] [stdout]   16:     0x5918e361b14d - rust_begin_unwind
[INFO] [stdout]                                at /rustc/6067b36314ab5eb2eb47cecc464545ba58e1ad24/library/std/src/panicking.rs:695:5
[INFO] [stdout]   17:     0x5918e36419d0 - core::panicking::panic_fmt::h9e7c637e9e5f29c9
[INFO] [stdout]                                at /rustc/6067b36314ab5eb2eb47cecc464545ba58e1ad24/library/core/src/panicking.rs:75:14
[INFO] [stdout]   18:     0x5918e3641ea6 - core::result::unwrap_failed::h7979f09313fe1849
[INFO] [stdout]                                at /rustc/6067b36314ab5eb2eb47cecc464545ba58e1ad24/library/core/src/result.rs:1704:5
[INFO] [stdout]   19:     0x5918e3305677 - core::result::Result<T,E>::unwrap::h41a74fb478c3e2aa
[INFO] [stdout]                                at /rustc/6067b36314ab5eb2eb47cecc464545ba58e1ad24/library/core/src/result.rs:1109:23
[INFO] [stdout]   20:     0x5918e3305677 - pretty_env_logger::init::h8e796d75adb19b47
[INFO] [stdout]                                at /opt/rustwide/cargo-home/registry/src/index.crates.io-1949cf8c6b5b557f/pretty_env_logger-0.5.0/src/lib.rs:63:5
[INFO] [stdout]   21:     0x5918e3303ff0 - evil_udp::udp::test_send_raw_pack::h97b2dd791ff4540e
[INFO] [stdout]                                at /opt/rustwide/workdir/src/udp.rs:75:5
[INFO] [stdout]   22:     0x5918e3303fa7 - evil_udp::udp::test_send_raw_pack::{{closure}}::he8b7d92d4c31611b
[INFO] [stdout]                                at /opt/rustwide/workdir/src/udp.rs:73:24
[INFO] [stdout]   23:     0x5918e3302ac6 - core::ops::function::FnOnce::call_once::h950cf9498443ffb8
[INFO] [stdout]                                at /rustc/6067b36314ab5eb2eb47cecc464545ba58e1ad24/library/core/src/ops/function.rs:250:5
[INFO] [stdout]   24:     0x5918e35d6ffb - core::ops::function::FnOnce::call_once::he27718dfdd183f43
[INFO] [stdout]                                at /rustc/6067b36314ab5eb2eb47cecc464545ba58e1ad24/library/core/src/ops/function.rs:250:5
[INFO] [stdout]   25:     0x5918e35d6ffb - test::__rust_begin_short_backtrace::h4e84902998457a5d
[INFO] [stdout]                                at /rustc/6067b36314ab5eb2eb47cecc464545ba58e1ad24/library/test/src/lib.rs:632:18
[INFO] [stdout]   26:     0x5918e35d5f33 - test::run_test_in_process::{{closure}}::h7176fd18fc1feca0
[INFO] [stdout]                                at /rustc/6067b36314ab5eb2eb47cecc464545ba58e1ad24/library/test/src/lib.rs:655:60
[INFO] [stdout]   27:     0x5918e35d5f33 - <core::panic::unwind_safe::AssertUnwindSafe<F> as core::ops::function::FnOnce<()>>::call_once::hf79cff2a624d8cf7
[INFO] [stdout]                                at /rustc/6067b36314ab5eb2eb47cecc464545ba58e1ad24/library/core/src/panic/unwind_safe.rs:272:9
[INFO] [stdout]   28:     0x5918e35d5f33 - std::panicking::try::do_call::h3da0561d9ab99c25
[INFO] [stdout]                                at /rustc/6067b36314ab5eb2eb47cecc464545ba58e1ad24/library/std/src/panicking.rs:587:40
[INFO] [stdout]   29:     0x5918e35d5f33 - std::panicking::try::h41c9fa508bc61df6
[INFO] [stdout]                                at /rustc/6067b36314ab5eb2eb47cecc464545ba58e1ad24/library/std/src/panicking.rs:550:19
[INFO] [stdout]   30:     0x5918e35d5f33 - std::panic::catch_unwind::h6b3ff07bb5afad93
[INFO] [stdout]                                at /rustc/6067b36314ab5eb2eb47cecc464545ba58e1ad24/library/std/src/panic.rs:358:14
[INFO] [stdout]   31:     0x5918e35d5f33 - test::run_test_in_process::hc7253dd11b39b9f4
[INFO] [stdout]                                at /rustc/6067b36314ab5eb2eb47cecc464545ba58e1ad24/library/test/src/lib.rs:655:27
[INFO] [stdout]   32:     0x5918e35d5f33 - test::run_test::{{closure}}::hfb2007f8649c30bb
[INFO] [stdout]                                at /rustc/6067b36314ab5eb2eb47cecc464545ba58e1ad24/library/test/src/lib.rs:576:43
[INFO] [stdout]   33:     0x5918e3599015 - test::run_test::{{closure}}::h56a17aa7a282a9f4
[INFO] [stdout]                                at /rustc/6067b36314ab5eb2eb47cecc464545ba58e1ad24/library/test/src/lib.rs:606:41
[INFO] [stdout]   34:     0x5918e3599015 - std::sys::backtrace::__rust_begin_short_backtrace::hd2d2d2fb8e8c6aac
[INFO] [stdout]                                at /rustc/6067b36314ab5eb2eb47cecc464545ba58e1ad24/library/std/src/sys/backtrace.rs:152:18
[INFO] [stdout]   35:     0x5918e359c8fa - std::thread::Builder::spawn_unchecked_::{{closure}}::{{closure}}::h4faa3f9db6133423
[INFO] [stdout]                                at /rustc/6067b36314ab5eb2eb47cecc464545ba58e1ad24/library/std/src/thread/mod.rs:559:17
[INFO] [stdout]   36:     0x5918e359c8fa - <core::panic::unwind_safe::AssertUnwindSafe<F> as core::ops::function::FnOnce<()>>::call_once::hf2e855a36a4ea846
[INFO] [stdout]                                at /rustc/6067b36314ab5eb2eb47cecc464545ba58e1ad24/library/core/src/panic/unwind_safe.rs:272:9
[INFO] [stdout]   37:     0x5918e359c8fa - std::panicking::try::do_call::h2f73af3616c35465
[INFO] [stdout]                                at /rustc/6067b36314ab5eb2eb47cecc464545ba58e1ad24/library/std/src/panicking.rs:587:40
[INFO] [stdout]   38:     0x5918e359c8fa - std::panicking::try::hd1660ce9efadef5a
[INFO] [stdout]                                at /rustc/6067b36314ab5eb2eb47cecc464545ba58e1ad24/library/std/src/panicking.rs:550:19
[INFO] [stdout]   39:     0x5918e359c8fa - std::panic::catch_unwind::h5ee8d7823b8ca744
[INFO] [stdout]                                at /rustc/6067b36314ab5eb2eb47cecc464545ba58e1ad24/library/std/src/panic.rs:358:14
[INFO] [stdout]   40:     0x5918e359c8fa - std::thread::Builder::spawn_unchecked_::{{closure}}::h53c3a1894dce8407
[INFO] [stdout]                                at /rustc/6067b36314ab5eb2eb47cecc464545ba58e1ad24/library/std/src/thread/mod.rs:557:30
[INFO] [stdout]   41:     0x5918e359c8fa - core::ops::function::FnOnce::call_once{{vtable.shim}}::h048ce291ad4f62bf
[INFO] [stdout]                                at /rustc/6067b36314ab5eb2eb47cecc464545ba58e1ad24/library/core/src/ops/function.rs:250:5
[INFO] [stdout]   42:     0x5918e361f74b - <alloc::boxed::Box<F,A> as core::ops::function::FnOnce<Args>>::call_once::ha52bedf99a3b4981
[INFO] [stdout]                                at /rustc/6067b36314ab5eb2eb47cecc464545ba58e1ad24/library/alloc/src/boxed.rs:2013:9
[INFO] [stdout]   43:     0x5918e361f74b - <alloc::boxed::Box<F,A> as core::ops::function::FnOnce<Args>>::call_once::h567748934d80ccf8
[INFO] [stdout]                                at /rustc/6067b36314ab5eb2eb47cecc464545ba58e1ad24/library/alloc/src/boxed.rs:2013:9
[INFO] [stdout]   44:     0x5918e361f74b - std::sys::pal::unix::thread::Thread::new::thread_start::h2d970728ae887adc
[INFO] [stdout]                                at /rustc/6067b36314ab5eb2eb47cecc464545ba58e1ad24/library/std/src/sys/pal/unix/thread.rs:106:17
[INFO] [stdout]   45:     0x749cf950bac3 - <unknown>
[INFO] [stdout]   46:     0x749cf959ca04 - clone
[INFO] [stdout]   47:                0x0 - <unknown>
[INFO] [stdout] 
[INFO] [stdout] 
[INFO] [stdout] failures:
[INFO] [stdout]     udp::test_send_raw_pack
[INFO] [stdout] 
[INFO] [stdout] test result: FAILED. 1 passed; 1 failed; 0 ignored; 0 measured; 0 filtered out; finished in 0.03s
[INFO] [stdout] 
[INFO] [stderr] error: test failed, to rerun pass `--bin evil_udp`
[INFO] running `Command { std: "docker" "inspect" "e1ac6cd474f4a4d9f24bf05ff6b76b62c57ebd0d89fede93fb98cae717b745b9", kill_on_drop: false }`
[INFO] running `Command { std: "docker" "rm" "-f" "e1ac6cd474f4a4d9f24bf05ff6b76b62c57ebd0d89fede93fb98cae717b745b9", kill_on_drop: false }`
[INFO] [stdout] e1ac6cd474f4a4d9f24bf05ff6b76b62c57ebd0d89fede93fb98cae717b745b9
