[INFO] cloning repository https://github.com/lightclient/simple-transfer
[INFO] running `Command { std: "git" "-c" "credential.helper=" "-c" "credential.helper=/workspace/cargo-home/bin/git-credential-null" "clone" "--bare" "https://github.com/lightclient/simple-transfer" "/workspace/cache/git-repos/https%3A%2F%2Fgithub.com%2Flightclient%2Fsimple-transfer", kill_on_drop: false }`
[INFO] [stderr] Cloning into bare repository '/workspace/cache/git-repos/https%3A%2F%2Fgithub.com%2Flightclient%2Fsimple-transfer'...
[INFO] running `Command { std: "git" "rev-parse" "HEAD", kill_on_drop: false }`
[INFO] [stdout] ca15f260fe450f2a195768b72f20f13b99125d32
[INFO] testing lightclient/simple-transfer against nightly-2025-01-18 for randomize-layout-2
[INFO] running `Command { std: "git" "clone" "/workspace/cache/git-repos/https%3A%2F%2Fgithub.com%2Flightclient%2Fsimple-transfer" "/workspace/builds/worker-6-tc1/source", kill_on_drop: false }`
[INFO] [stderr] Cloning into '/workspace/builds/worker-6-tc1/source'...
[INFO] [stderr] done.
[INFO] validating manifest of git repo https://github.com/lightclient/simple-transfer on toolchain nightly-2025-01-18
[INFO] running `Command { std: CARGO_HOME="/workspace/cargo-home" RUSTUP_HOME="/workspace/rustup-home" "/workspace/cargo-home/bin/cargo" "+nightly-2025-01-18" "metadata" "--manifest-path" "Cargo.toml" "--no-deps", kill_on_drop: false }`
[INFO] started tweaking git repo https://github.com/lightclient/simple-transfer
[INFO] finished tweaking git repo https://github.com/lightclient/simple-transfer
[INFO] tweaked toml for git repo https://github.com/lightclient/simple-transfer written to /workspace/builds/worker-6-tc1/source/Cargo.toml
[INFO] crate git repo https://github.com/lightclient/simple-transfer already has a lockfile, it will not be regenerated
[INFO] running `Command { std: CARGO_HOME="/workspace/cargo-home" RUSTUP_HOME="/workspace/rustup-home" "/workspace/cargo-home/bin/cargo" "+nightly-2025-01-18" "fetch" "--manifest-path" "Cargo.toml", kill_on_drop: false }`
[INFO] [stderr]     Updating crates.io index
[INFO] [stderr]  Downloading crates ...
[INFO] [stderr]   Downloaded hex v0.3.2
[INFO] [stderr]   Downloaded wasmi v0.5.1
[INFO] [stderr]   Downloaded num_cpus v1.10.1
[INFO] [stderr]   Downloaded rand_os v0.2.2
[INFO] [stderr]   Downloaded sha2 v0.8.0
[INFO] [stderr]   Downloaded atty v0.2.13
[INFO] [stderr]   Downloaded arrayref v0.3.5
[INFO] [stderr]   Downloaded crunchy v0.1.6
[INFO] [stderr]   Downloaded memoffset v0.5.1
[INFO] [stderr]   Downloaded rand_xoshiro v0.3.1
[INFO] [stderr]   Downloaded same-file v1.0.5
[INFO] [stderr]   Downloaded bigint v4.4.1
[INFO] [stderr]   Downloaded unicode-width v0.1.6
[INFO] [stderr]   Downloaded num-traits v0.2.8
[INFO] [stderr]   Downloaded ryu v1.0.0
[INFO] [stderr]   Downloaded rayon-core v1.6.0
[INFO] [stderr]   Downloaded regex-automata v0.1.8
[INFO] [stderr]   Downloaded rayon v1.2.0
[INFO] [stderr]   Downloaded crossbeam-epoch v0.7.2
[INFO] [stderr]   Downloaded syn v1.0.5
[INFO] [stderr]   Downloaded serde v1.0.101
[INFO] [stderr]   Downloaded bstr v0.2.8
[INFO] [stderr]   Downloaded criterion v0.3.0
[INFO] [stderr]   Downloaded num-bigint v0.2.3
[INFO] [stderr]   Downloaded libc v0.2.62
[INFO] [stderr]   Downloaded serde_derive v1.0.101
[INFO] [stderr]   Downloaded serde_json v1.0.40
[INFO] [stderr]   Downloaded parity-wasm v0.40.3
[INFO] [stderr]   Downloaded tinytemplate v1.0.2
[INFO] [stderr]   Downloaded cast v0.2.2
[INFO] [stderr]   Downloaded csv v1.1.1
[INFO] [stderr]   Downloaded getrandom v0.1.12
[INFO] [stderr]   Downloaded imp v0.1.0
[INFO] [stderr]   Downloaded criterion-plot v0.4.0
[INFO] [stderr]   Downloaded csv-core v0.1.6
[INFO] [stderr]   Downloaded proc-macro2 v1.0.4
[INFO] [stderr]   Downloaded num-integer v0.1.41
[INFO] [stderr]   Downloaded autocfg v0.1.6
[INFO] [stderr]   Downloaded wasmi-validation v0.2.0
[INFO] [stderr]   Downloaded ppv-lite86 v0.2.5
[INFO] [stderr]   Downloaded c2-chacha v0.2.2
[INFO] [stderr]   Downloaded arrayvec v0.4.11
[INFO] [stderr]   Downloaded bitflags v1.2.0
[INFO] [stderr]   Downloaded walkdir v2.2.9
[INFO] [stderr]   Downloaded num-rational v0.2.2
[INFO] [stderr]   Downloaded qimalloc v0.1.0
[INFO] [stderr]   Downloaded block-padding v0.1.4
[INFO] [stderr]   Downloaded ewasm v0.1.2
[INFO] running `Command { std: "docker" "create" "-v" "/var/lib/crater-agent-workspace/builds/worker-6-tc1/target:/opt/rustwide/target:rw,Z" "-v" "/var/lib/crater-agent-workspace/builds/worker-6-tc1/source:/opt/rustwide/workdir:ro,Z" "-v" "/var/lib/crater-agent-workspace/cargo-home:/opt/rustwide/cargo-home:ro,Z" "-v" "/var/lib/crater-agent-workspace/rustup-home:/opt/rustwide/rustup-home:ro,Z" "-e" "SOURCE_DIR=/opt/rustwide/workdir" "-e" "CARGO_TARGET_DIR=/opt/rustwide/target" "-e" "CARGO_HOME=/opt/rustwide/cargo-home" "-e" "RUSTUP_HOME=/opt/rustwide/rustup-home" "-w" "/opt/rustwide/workdir" "-m" "1610612736" "--user" "0:0" "--network" "none" "ghcr.io/rust-lang/crates-build-env/linux@sha256:819108c5571ea2e421544af4d832f968d213c87fbe3707a016657f43d2f853bc" "/opt/rustwide/cargo-home/bin/cargo" "+nightly-2025-01-18" "metadata" "--no-deps" "--format-version=1", kill_on_drop: false }`
[INFO] [stdout] 8dcbf0dad196161374555c250550645fcf88a9b2e037964f47f6eb171426fc92
[INFO] running `Command { std: "docker" "start" "-a" "8dcbf0dad196161374555c250550645fcf88a9b2e037964f47f6eb171426fc92", kill_on_drop: false }`
[INFO] running `Command { std: "docker" "inspect" "8dcbf0dad196161374555c250550645fcf88a9b2e037964f47f6eb171426fc92", kill_on_drop: false }`
[INFO] running `Command { std: "docker" "rm" "-f" "8dcbf0dad196161374555c250550645fcf88a9b2e037964f47f6eb171426fc92", kill_on_drop: false }`
[INFO] [stdout] 8dcbf0dad196161374555c250550645fcf88a9b2e037964f47f6eb171426fc92
[INFO] running `Command { std: "docker" "create" "-v" "/var/lib/crater-agent-workspace/builds/worker-6-tc1/target:/opt/rustwide/target:rw,Z" "-v" "/var/lib/crater-agent-workspace/builds/worker-6-tc1/source:/opt/rustwide/workdir:ro,Z" "-v" "/var/lib/crater-agent-workspace/cargo-home:/opt/rustwide/cargo-home:ro,Z" "-v" "/var/lib/crater-agent-workspace/rustup-home:/opt/rustwide/rustup-home:ro,Z" "-e" "SOURCE_DIR=/opt/rustwide/workdir" "-e" "CARGO_TARGET_DIR=/opt/rustwide/target" "-e" "CARGO_INCREMENTAL=0" "-e" "RUST_BACKTRACE=full" "-e" "RUSTFLAGS=--cap-lints=forbid" "-e" "RUSTDOCFLAGS=--cap-lints=forbid" "-e" "CARGO_HOME=/opt/rustwide/cargo-home" "-e" "RUSTUP_HOME=/opt/rustwide/rustup-home" "-w" "/opt/rustwide/workdir" "-m" "1610612736" "--user" "0:0" "--network" "none" "ghcr.io/rust-lang/crates-build-env/linux@sha256:819108c5571ea2e421544af4d832f968d213c87fbe3707a016657f43d2f853bc" "/opt/rustwide/cargo-home/bin/cargo" "+nightly-2025-01-18" "build" "--frozen" "--message-format=json", kill_on_drop: false }`
[INFO] [stdout] 120c4b026bca0b7065e38ab000c54b8723c6d2a141334846a2bedc51df22f9df
[INFO] running `Command { std: "docker" "start" "-a" "120c4b026bca0b7065e38ab000c54b8723c6d2a141334846a2bedc51df22f9df", kill_on_drop: false }`
[INFO] [stderr]    Compiling typenum v1.10.0
[INFO] [stderr]    Compiling byteorder v1.3.2
[INFO] [stderr]    Compiling byte-tools v0.3.1
[INFO] [stderr]    Compiling crunchy v0.1.6
[INFO] [stderr]    Compiling fake-simd v0.1.2
[INFO] [stderr]    Compiling opaque-debug v0.2.3
[INFO] [stderr]    Compiling arrayref v0.3.5
[INFO] [stderr]    Compiling hex v0.3.2
[INFO] [stderr]    Compiling qimalloc v0.1.0
[INFO] [stderr]    Compiling block-padding v0.1.4
[INFO] [stderr]    Compiling bigint v4.4.1
[INFO] [stderr]    Compiling generic-array v0.12.3
[INFO] [stderr]    Compiling digest v0.8.1
[INFO] [stderr]    Compiling block-buffer v0.7.3
[INFO] [stderr]    Compiling sha2 v0.8.0
[INFO] [stderr]    Compiling imp v0.1.0
[INFO] [stderr]    Compiling sheth v0.1.0 (/opt/rustwide/workdir)
[INFO] [stdout] warning: unnecessary `unsafe` block
[INFO] [stdout]   --> src/lib.rs:86:5
[INFO] [stdout]    |
[INFO] [stdout] 86 |     unsafe {
[INFO] [stdout]    |     ^^^^^^ unnecessary `unsafe` block
[INFO] [stdout]    |
[INFO] [stdout]    = note: `#[warn(unused_unsafe)]` on by default
[INFO] [stdout] 
[INFO] [stdout] 
[INFO] [stderr]     Finished `dev` profile [unoptimized + debuginfo] target(s) in 2.67s
[INFO] [stderr] warning: the following packages contain code that will be rejected by a future version of Rust: bigint v4.4.1
[INFO] [stderr] note: to see what the problems were, use the option `--future-incompat-report`, or run `cargo report future-incompatibilities --id 1`
[INFO] running `Command { std: "docker" "inspect" "120c4b026bca0b7065e38ab000c54b8723c6d2a141334846a2bedc51df22f9df", kill_on_drop: false }`
[INFO] running `Command { std: "docker" "rm" "-f" "120c4b026bca0b7065e38ab000c54b8723c6d2a141334846a2bedc51df22f9df", kill_on_drop: false }`
[INFO] [stdout] 120c4b026bca0b7065e38ab000c54b8723c6d2a141334846a2bedc51df22f9df
[INFO] running `Command { std: "docker" "create" "-v" "/var/lib/crater-agent-workspace/builds/worker-6-tc1/target:/opt/rustwide/target:rw,Z" "-v" "/var/lib/crater-agent-workspace/builds/worker-6-tc1/source:/opt/rustwide/workdir:ro,Z" "-v" "/var/lib/crater-agent-workspace/cargo-home:/opt/rustwide/cargo-home:ro,Z" "-v" "/var/lib/crater-agent-workspace/rustup-home:/opt/rustwide/rustup-home:ro,Z" "-e" "SOURCE_DIR=/opt/rustwide/workdir" "-e" "CARGO_TARGET_DIR=/opt/rustwide/target" "-e" "CARGO_INCREMENTAL=0" "-e" "RUST_BACKTRACE=full" "-e" "RUSTFLAGS=--cap-lints=forbid" "-e" "RUSTDOCFLAGS=--cap-lints=forbid" "-e" "CARGO_HOME=/opt/rustwide/cargo-home" "-e" "RUSTUP_HOME=/opt/rustwide/rustup-home" "-w" "/opt/rustwide/workdir" "-m" "1610612736" "--user" "0:0" "--network" "none" "ghcr.io/rust-lang/crates-build-env/linux@sha256:819108c5571ea2e421544af4d832f968d213c87fbe3707a016657f43d2f853bc" "/opt/rustwide/cargo-home/bin/cargo" "+nightly-2025-01-18" "test" "--frozen" "--no-run" "--message-format=json", kill_on_drop: false }`
[INFO] [stdout] 92c93939efe0e2e326749234b16b33e1f3d1b79c47948f8eba166dfc13d573c0
[INFO] running `Command { std: "docker" "start" "-a" "92c93939efe0e2e326749234b16b33e1f3d1b79c47948f8eba166dfc13d573c0", kill_on_drop: false }`
[INFO] [stderr]    Compiling libc v0.2.62
[INFO] [stderr]    Compiling autocfg v0.1.6
[INFO] [stderr]    Compiling getrandom v0.1.12
[INFO] [stderr]    Compiling serde v1.0.101
[INFO] [stderr]    Compiling arrayvec v0.4.11
[INFO] [stderr]    Compiling nodrop v0.1.13
[INFO] [stderr]    Compiling memchr v2.2.1
[INFO] [stderr]    Compiling proc-macro2 v1.0.4
[INFO] [stderr]    Compiling ryu v1.0.0
[INFO] [stderr]    Compiling scopeguard v1.0.0
[INFO] [stderr]    Compiling crossbeam-utils v0.6.6
[INFO] [stderr]    Compiling syn v1.0.5
[INFO] [stderr]    Compiling memoffset v0.5.1
[INFO] [stderr]    Compiling itoa v0.4.4
[INFO] [stderr]    Compiling ppv-lite86 v0.2.5
[INFO] [stderr]    Compiling rayon-core v1.6.0
[INFO] [stderr]    Compiling either v1.5.3
[INFO] [stderr]    Compiling bitflags v1.2.0
[INFO] [stderr]    Compiling regex-automata v0.1.8
[INFO] [stderr]    Compiling parity-wasm v0.40.3
[INFO] [stderr]    Compiling unicode-width v0.1.6
[INFO] [stderr]    Compiling log v0.4.8
[INFO] [stderr]    Compiling num-traits v0.2.8
[INFO] [stderr]    Compiling num-integer v0.1.41
[INFO] [stderr]    Compiling num-bigint v0.2.3
[INFO] [stderr]    Compiling num-rational v0.2.2
[INFO] [stderr]    Compiling c2-chacha v0.2.2
[INFO] [stderr]    Compiling crossbeam-queue v0.1.2
[INFO] [stderr]    Compiling textwrap v0.11.0
[INFO] [stderr]    Compiling itertools v0.8.0
[INFO] [stderr]    Compiling same-file v1.0.5
[INFO] [stderr]    Compiling memory_units v0.3.0
[INFO] [stderr]    Compiling cast v0.2.2
[INFO] [stderr]    Compiling walkdir v2.2.9
[INFO] [stdout] warning: unnecessary `unsafe` block
[INFO] [stdout]   --> src/lib.rs:86:5
[INFO] [stdout]    |
[INFO] [stdout] 86 |     unsafe {
[INFO] [stdout]    |     ^^^^^^ unnecessary `unsafe` block
[INFO] [stdout]    |
[INFO] [stdout]    = note: `#[warn(unused_unsafe)]` on by default
[INFO] [stdout] 
[INFO] [stdout] 
[INFO] [stderr]    Compiling clap v2.33.0
[INFO] [stderr]    Compiling crossbeam-epoch v0.7.2
[INFO] [stderr]    Compiling num_cpus v1.10.1
[INFO] [stderr]    Compiling atty v0.2.13
[INFO] [stderr]    Compiling quote v1.0.2
[INFO] [stderr]    Compiling rand_core v0.5.1
[INFO] [stderr]    Compiling crossbeam-deque v0.7.1
[INFO] [stderr]    Compiling csv-core v0.1.6
[INFO] [stderr]    Compiling rand_chacha v0.2.1
[INFO] [stderr]    Compiling rand_os v0.2.2
[INFO] [stderr]    Compiling rand_xoshiro v0.3.1
[INFO] [stderr]    Compiling wasmi-validation v0.2.0
[INFO] [stderr]    Compiling rand v0.7.2
[INFO] [stderr]    Compiling criterion-plot v0.4.0
[INFO] [stderr]    Compiling rayon v1.2.0
[INFO] [stderr]    Compiling composer v0.1.0 (/opt/rustwide/workdir/composer)
[INFO] [stderr]    Compiling wasmi v0.5.1
[INFO] [stderr]    Compiling serde_json v1.0.40
[INFO] [stderr]    Compiling bstr v0.2.8
[INFO] [stderr]    Compiling serde_derive v1.0.101
[INFO] [stderr]    Compiling csv v1.1.1
[INFO] [stderr]    Compiling ewasm v0.1.2
[INFO] [stderr]    Compiling tinytemplate v1.0.2
[INFO] [stderr]    Compiling criterion v0.3.0
[INFO] [stderr]    Compiling sheth v0.1.0 (/opt/rustwide/workdir)
[INFO] [stdout] warning: unnecessary `unsafe` block
[INFO] [stdout]   --> src/lib.rs:86:5
[INFO] [stdout]    |
[INFO] [stdout] 86 |     unsafe {
[INFO] [stdout]    |     ^^^^^^ unnecessary `unsafe` block
[INFO] [stdout]    |
[INFO] [stdout]    = note: `#[warn(unused_unsafe)]` on by default
[INFO] [stdout] 
[INFO] [stdout] 
[INFO] [stderr]     Finished `test` profile [unoptimized + debuginfo] target(s) in 10.55s
[INFO] [stderr] warning: the following packages contain code that will be rejected by a future version of Rust: bigint v4.4.1, criterion v0.3.0
[INFO] [stderr] note: to see what the problems were, use the option `--future-incompat-report`, or run `cargo report future-incompatibilities --id 2`
[INFO] running `Command { std: "docker" "inspect" "92c93939efe0e2e326749234b16b33e1f3d1b79c47948f8eba166dfc13d573c0", kill_on_drop: false }`
[INFO] running `Command { std: "docker" "rm" "-f" "92c93939efe0e2e326749234b16b33e1f3d1b79c47948f8eba166dfc13d573c0", kill_on_drop: false }`
[INFO] [stdout] 92c93939efe0e2e326749234b16b33e1f3d1b79c47948f8eba166dfc13d573c0
[INFO] running `Command { std: "docker" "create" "-v" "/var/lib/crater-agent-workspace/builds/worker-6-tc1/target:/opt/rustwide/target:rw,Z" "-v" "/var/lib/crater-agent-workspace/builds/worker-6-tc1/source:/opt/rustwide/workdir:ro,Z" "-v" "/var/lib/crater-agent-workspace/cargo-home:/opt/rustwide/cargo-home:ro,Z" "-v" "/var/lib/crater-agent-workspace/rustup-home:/opt/rustwide/rustup-home:ro,Z" "-e" "SOURCE_DIR=/opt/rustwide/workdir" "-e" "CARGO_TARGET_DIR=/opt/rustwide/target" "-e" "CARGO_INCREMENTAL=0" "-e" "RUST_BACKTRACE=full" "-e" "RUSTFLAGS=--cap-lints=forbid" "-e" "RUSTDOCFLAGS=--cap-lints=forbid" "-e" "CARGO_HOME=/opt/rustwide/cargo-home" "-e" "RUSTUP_HOME=/opt/rustwide/rustup-home" "-w" "/opt/rustwide/workdir" "-m" "1610612736" "--user" "0:0" "--network" "none" "ghcr.io/rust-lang/crates-build-env/linux@sha256:819108c5571ea2e421544af4d832f968d213c87fbe3707a016657f43d2f853bc" "/opt/rustwide/cargo-home/bin/cargo" "+nightly-2025-01-18" "test" "--frozen", kill_on_drop: false }`
[INFO] [stdout] 7d589dd7249ee99ac5d8c54691778108a86a7343bd28d38d33bebd02d262f454
[INFO] running `Command { std: "docker" "start" "-a" "7d589dd7249ee99ac5d8c54691778108a86a7343bd28d38d33bebd02d262f454", kill_on_drop: false }`
[INFO] [stderr] warning: unnecessary `unsafe` block
[INFO] [stderr]   --> src/lib.rs:86:5
[INFO] [stderr]    |
[INFO] [stderr] 86 |     unsafe {
[INFO] [stderr]    |     ^^^^^^ unnecessary `unsafe` block
[INFO] [stderr]    |
[INFO] [stderr]    = note: `#[warn(unused_unsafe)]` on by default
[INFO] [stderr] 
[INFO] [stderr] warning: `sheth` (lib) generated 1 warning
[INFO] [stderr] warning: `sheth` (lib test) generated 1 warning (1 duplicate)
[INFO] [stderr]     Finished `test` profile [unoptimized + debuginfo] target(s) in 0.07s
[INFO] [stderr] warning: the following packages contain code that will be rejected by a future version of Rust: bigint v4.4.1, criterion v0.3.0
[INFO] [stderr] note: to see what the problems were, use the option `--future-incompat-report`, or run `cargo report future-incompatibilities --id 2`
[INFO] [stderr]      Running unittests src/lib.rs (/opt/rustwide/target/debug/deps/sheth-05773b0702a07816)
[INFO] [stdout] 
[INFO] [stdout] running 13 tests
[INFO] [stdout] test transaction::test::general_from ... ok
[INFO] [stdout] test transaction::test::general_nonce ... ok
[INFO] [stdout] test state::imp::test::add_value ... ok
[INFO] [stdout] test transaction::test::verify_nonce ... ok
[INFO] [stdout] test u264::tests::overflowing_add ... ok
[INFO] [stdout] test u264::tests::shift_left ... ok
[INFO] [stdout] test state::imp::test::sub_value ... ok
[INFO] [stdout] test u264::tests::add ... ok
[INFO] [stdout] test state::imp::test::inc_nonce ... ok
[INFO] [stdout] test u264::tests::shift_right ... ok
[INFO] [stdout] test u264::tests::shift_left_zero ... ok
[INFO] [stdout] test u264::tests::shift_right_zero ... ok
[INFO] [stdout] test process::test::two_accounts ... FAILED
[INFO] [stdout] 
[INFO] [stdout] failures:
[INFO] [stdout] 
[INFO] [stdout] ---- process::test::two_accounts stdout ----
[INFO] [stdout] 
[INFO] [stdout] thread 'process::test::two_accounts' panicked at src/process.rs:99:9:
[INFO] [stdout] assertion `left == right` failed
[INFO] [stdout]   left: "000000000000000000000000000000000000000000000000babe8b8a8d142623"
[INFO] [stdout]  right: "000000000000000000000000000000000000000000000000d84a53eb0b3012fb"
[INFO] [stdout] stack backtrace:
[INFO] [stdout]    0:     0x5a7195eabc7a - std::backtrace_rs::backtrace::libunwind::trace::hb059275cfc8d6126
[INFO] [stdout]                                at /rustc/6067b36314ab5eb2eb47cecc464545ba58e1ad24/library/std/src/../../backtrace/src/backtrace/libunwind.rs:116:5
[INFO] [stdout]    1:     0x5a7195eabc7a - std::backtrace_rs::backtrace::trace_unsynchronized::h2da071e4327ce3ee
[INFO] [stdout]                                at /rustc/6067b36314ab5eb2eb47cecc464545ba58e1ad24/library/std/src/../../backtrace/src/backtrace/mod.rs:66:5
[INFO] [stdout]    2:     0x5a7195eabc7a - std::sys::backtrace::_print_fmt::h842a1474e6f8d23f
[INFO] [stdout]                                at /rustc/6067b36314ab5eb2eb47cecc464545ba58e1ad24/library/std/src/sys/backtrace.rs:66:9
[INFO] [stdout]    3:     0x5a7195eabc7a - <std::sys::backtrace::BacktraceLock::print::DisplayBacktrace as core::fmt::Display>::fmt::h71a62eb3b9696b12
[INFO] [stdout]                                at /rustc/6067b36314ab5eb2eb47cecc464545ba58e1ad24/library/std/src/sys/backtrace.rs:39:26
[INFO] [stdout]    4:     0x5a7195ed3393 - core::fmt::rt::Argument::fmt::hdb6b616786b41dc1
[INFO] [stdout]                                at /rustc/6067b36314ab5eb2eb47cecc464545ba58e1ad24/library/core/src/fmt/rt.rs:177:76
[INFO] [stdout]    5:     0x5a7195ed3393 - core::fmt::write::h2cc1698af7e2d686
[INFO] [stdout]                                at /rustc/6067b36314ab5eb2eb47cecc464545ba58e1ad24/library/core/src/fmt/mod.rs:1440:21
[INFO] [stdout]    6:     0x5a7195ea87d3 - std::io::Write::write_fmt::hab1b4cd059a79022
[INFO] [stdout]                                at /rustc/6067b36314ab5eb2eb47cecc464545ba58e1ad24/library/std/src/io/mod.rs:1887:15
[INFO] [stdout]    7:     0x5a7195eabac2 - std::sys::backtrace::BacktraceLock::print::h147fe35b4ea13b08
[INFO] [stdout]                                at /rustc/6067b36314ab5eb2eb47cecc464545ba58e1ad24/library/std/src/sys/backtrace.rs:42:9
[INFO] [stdout]    8:     0x5a7195ead09f - std::panicking::default_hook::{{closure}}::hbd44223dbdc0d208
[INFO] [stdout]                                at /rustc/6067b36314ab5eb2eb47cecc464545ba58e1ad24/library/std/src/panicking.rs:298:22
[INFO] [stdout]    9:     0x5a7195eaceb8 - std::panicking::default_hook::h20f81eb0576efcec
[INFO] [stdout]                                at /rustc/6067b36314ab5eb2eb47cecc464545ba58e1ad24/library/std/src/panicking.rs:322:9
[INFO] [stdout]   10:     0x5a7195e66a73 - <alloc::boxed::Box<F,A> as core::ops::function::Fn<Args>>::call::hdb53814c496a4d34
[INFO] [stdout]                                at /rustc/6067b36314ab5eb2eb47cecc464545ba58e1ad24/library/alloc/src/boxed.rs:2027:9
[INFO] [stdout]   11:     0x5a7195e66a73 - test::test_main::{{closure}}::hc0a4963c59427c24
[INFO] [stdout]                                at /rustc/6067b36314ab5eb2eb47cecc464545ba58e1ad24/library/test/src/lib.rs:134:21
[INFO] [stdout]   12:     0x5a7195eadb93 - <alloc::boxed::Box<F,A> as core::ops::function::Fn<Args>>::call::h591b2225413a77e9
[INFO] [stdout]                                at /rustc/6067b36314ab5eb2eb47cecc464545ba58e1ad24/library/alloc/src/boxed.rs:2027:9
[INFO] [stdout]   13:     0x5a7195eadb93 - std::panicking::rust_panic_with_hook::h625eea43051b2edc
[INFO] [stdout]                                at /rustc/6067b36314ab5eb2eb47cecc464545ba58e1ad24/library/std/src/panicking.rs:839:13
[INFO] [stdout]   14:     0x5a7195ead84a - std::panicking::begin_panic_handler::{{closure}}::h4f9159cfbc3f6bd3
[INFO] [stdout]                                at /rustc/6067b36314ab5eb2eb47cecc464545ba58e1ad24/library/std/src/panicking.rs:704:13
[INFO] [stdout]   15:     0x5a7195eac179 - std::sys::backtrace::__rust_end_short_backtrace::h0390abce48353151
[INFO] [stdout]                                at /rustc/6067b36314ab5eb2eb47cecc464545ba58e1ad24/library/std/src/sys/backtrace.rs:168:18
[INFO] [stdout]   16:     0x5a7195ead4dd - rust_begin_unwind
[INFO] [stdout]                                at /rustc/6067b36314ab5eb2eb47cecc464545ba58e1ad24/library/std/src/panicking.rs:695:5
[INFO] [stdout]   17:     0x5a7195ed1d70 - core::panicking::panic_fmt::h9e7c637e9e5f29c9
[INFO] [stdout]                                at /rustc/6067b36314ab5eb2eb47cecc464545ba58e1ad24/library/core/src/panicking.rs:75:14
[INFO] [stdout]   18:     0x5a7195ed2162 - core::panicking::assert_failed_inner::h538bec7c1374cd9c
[INFO] [stdout]   19:     0x5a7195e20b3f - core::panicking::assert_failed::h8623f3904f891415
[INFO] [stdout]                                at /rustc/6067b36314ab5eb2eb47cecc464545ba58e1ad24/library/core/src/panicking.rs:364:5
[INFO] [stdout]   20:     0x5a7195e23003 - sheth::process::test::two_accounts::h88bfc2f2831814a9
[INFO] [stdout]                                at /opt/rustwide/workdir/src/process.rs:99:9
[INFO] [stdout]   21:     0x5a7195e226b7 - sheth::process::test::two_accounts::{{closure}}::hc81d3ee737442b81
[INFO] [stdout]                                at /opt/rustwide/workdir/src/process.rs:68:22
[INFO] [stdout]   22:     0x5a7195e24736 - core::ops::function::FnOnce::call_once::h2fca154a8f0af8c4
[INFO] [stdout]                                at /rustc/6067b36314ab5eb2eb47cecc464545ba58e1ad24/library/core/src/ops/function.rs:250:5
[INFO] [stdout]   23:     0x5a7195e6c1cb - core::ops::function::FnOnce::call_once::he27718dfdd183f43
[INFO] [stdout]                                at /rustc/6067b36314ab5eb2eb47cecc464545ba58e1ad24/library/core/src/ops/function.rs:250:5
[INFO] [stdout]   24:     0x5a7195e6c1cb - test::__rust_begin_short_backtrace::h4e84902998457a5d
[INFO] [stdout]                                at /rustc/6067b36314ab5eb2eb47cecc464545ba58e1ad24/library/test/src/lib.rs:632:18
[INFO] [stdout]   25:     0x5a7195e6b103 - test::run_test_in_process::{{closure}}::h7176fd18fc1feca0
[INFO] [stdout]                                at /rustc/6067b36314ab5eb2eb47cecc464545ba58e1ad24/library/test/src/lib.rs:655:60
[INFO] [stdout]   26:     0x5a7195e6b103 - <core::panic::unwind_safe::AssertUnwindSafe<F> as core::ops::function::FnOnce<()>>::call_once::hf79cff2a624d8cf7
[INFO] [stdout]                                at /rustc/6067b36314ab5eb2eb47cecc464545ba58e1ad24/library/core/src/panic/unwind_safe.rs:272:9
[INFO] [stdout]   27:     0x5a7195e6b103 - std::panicking::try::do_call::h3da0561d9ab99c25
[INFO] [stdout]                                at /rustc/6067b36314ab5eb2eb47cecc464545ba58e1ad24/library/std/src/panicking.rs:587:40
[INFO] [stdout]   28:     0x5a7195e6b103 - std::panicking::try::h41c9fa508bc61df6
[INFO] [stdout]                                at /rustc/6067b36314ab5eb2eb47cecc464545ba58e1ad24/library/std/src/panicking.rs:550:19
[INFO] [stdout]   29:     0x5a7195e6b103 - std::panic::catch_unwind::h6b3ff07bb5afad93
[INFO] [stdout]                                at /rustc/6067b36314ab5eb2eb47cecc464545ba58e1ad24/library/std/src/panic.rs:358:14
[INFO] [stdout]   30:     0x5a7195e6b103 - test::run_test_in_process::hc7253dd11b39b9f4
[INFO] [stdout]                                at /rustc/6067b36314ab5eb2eb47cecc464545ba58e1ad24/library/test/src/lib.rs:655:27
[INFO] [stdout]   31:     0x5a7195e6b103 - test::run_test::{{closure}}::hfb2007f8649c30bb
[INFO] [stdout]                                at /rustc/6067b36314ab5eb2eb47cecc464545ba58e1ad24/library/test/src/lib.rs:576:43
[INFO] [stdout]   32:     0x5a7195e2e1e5 - test::run_test::{{closure}}::h56a17aa7a282a9f4
[INFO] [stdout]                                at /rustc/6067b36314ab5eb2eb47cecc464545ba58e1ad24/library/test/src/lib.rs:606:41
[INFO] [stdout]   33:     0x5a7195e2e1e5 - std::sys::backtrace::__rust_begin_short_backtrace::hd2d2d2fb8e8c6aac
[INFO] [stdout]                                at /rustc/6067b36314ab5eb2eb47cecc464545ba58e1ad24/library/std/src/sys/backtrace.rs:152:18
[INFO] [stdout]   34:     0x5a7195e31aca - std::thread::Builder::spawn_unchecked_::{{closure}}::{{closure}}::h4faa3f9db6133423
[INFO] [stdout]                                at /rustc/6067b36314ab5eb2eb47cecc464545ba58e1ad24/library/std/src/thread/mod.rs:559:17
[INFO] [stdout]   35:     0x5a7195e31aca - <core::panic::unwind_safe::AssertUnwindSafe<F> as core::ops::function::FnOnce<()>>::call_once::hf2e855a36a4ea846
[INFO] [stdout]                                at /rustc/6067b36314ab5eb2eb47cecc464545ba58e1ad24/library/core/src/panic/unwind_safe.rs:272:9
[INFO] [stdout]   36:     0x5a7195e31aca - std::panicking::try::do_call::h2f73af3616c35465
[INFO] [stdout]                                at /rustc/6067b36314ab5eb2eb47cecc464545ba58e1ad24/library/std/src/panicking.rs:587:40
[INFO] [stdout]   37:     0x5a7195e31aca - std::panicking::try::hd1660ce9efadef5a
[INFO] [stdout]                                at /rustc/6067b36314ab5eb2eb47cecc464545ba58e1ad24/library/std/src/panicking.rs:550:19
[INFO] [stdout]   38:     0x5a7195e31aca - std::panic::catch_unwind::h5ee8d7823b8ca744
[INFO] [stdout]                                at /rustc/6067b36314ab5eb2eb47cecc464545ba58e1ad24/library/std/src/panic.rs:358:14
[INFO] [stdout]   39:     0x5a7195e31aca - std::thread::Builder::spawn_unchecked_::{{closure}}::h53c3a1894dce8407
[INFO] [stdout]                                at /rustc/6067b36314ab5eb2eb47cecc464545ba58e1ad24/library/std/src/thread/mod.rs:557:30
[INFO] [stdout]   40:     0x5a7195e31aca - core::ops::function::FnOnce::call_once{{vtable.shim}}::h048ce291ad4f62bf
[INFO] [stdout]                                at /rustc/6067b36314ab5eb2eb47cecc464545ba58e1ad24/library/core/src/ops/function.rs:250:5
[INFO] [stdout]   41:     0x5a7195eb1acb - <alloc::boxed::Box<F,A> as core::ops::function::FnOnce<Args>>::call_once::ha52bedf99a3b4981
[INFO] [stdout]                                at /rustc/6067b36314ab5eb2eb47cecc464545ba58e1ad24/library/alloc/src/boxed.rs:2013:9
[INFO] [stdout]   42:     0x5a7195eb1acb - <alloc::boxed::Box<F,A> as core::ops::function::FnOnce<Args>>::call_once::h567748934d80ccf8
[INFO] [stdout]                                at /rustc/6067b36314ab5eb2eb47cecc464545ba58e1ad24/library/alloc/src/boxed.rs:2013:9
[INFO] [stdout]   43:     0x5a7195eb1acb - std::sys::pal::unix::thread::Thread::new::thread_start::h2d970728ae887adc
[INFO] [stdout]                                at /rustc/6067b36314ab5eb2eb47cecc464545ba58e1ad24/library/std/src/sys/pal/unix/thread.rs:106:17
[INFO] [stdout]   44:     0x742f927b6ac3 - <unknown>
[INFO] [stdout]   45:     0x742f92847a04 - clone
[INFO] [stdout]   46:                0x0 - <unknown>
[INFO] [stdout] 
[INFO] [stdout] 
[INFO] [stdout] failures:
[INFO] [stdout]     process::test::two_accounts
[INFO] [stdout] 
[INFO] [stdout] test result: FAILED. 12 passed; 1 failed; 0 ignored; 0 measured; 0 filtered out; finished in 0.02s
[INFO] [stdout] 
[INFO] [stderr] error: test failed, to rerun pass `--lib`
[INFO] running `Command { std: "docker" "inspect" "7d589dd7249ee99ac5d8c54691778108a86a7343bd28d38d33bebd02d262f454", kill_on_drop: false }`
[INFO] running `Command { std: "docker" "rm" "-f" "7d589dd7249ee99ac5d8c54691778108a86a7343bd28d38d33bebd02d262f454", kill_on_drop: false }`
[INFO] [stdout] 7d589dd7249ee99ac5d8c54691778108a86a7343bd28d38d33bebd02d262f454
