[INFO] cloning repository https://github.com/libnist/lnls
[INFO] running `Command { std: "git" "-c" "credential.helper=" "-c" "credential.helper=/workspace/cargo-home/bin/git-credential-null" "clone" "--bare" "https://github.com/libnist/lnls" "/workspace/cache/git-repos/https%3A%2F%2Fgithub.com%2Flibnist%2Flnls", kill_on_drop: false }`
[INFO] [stderr] Cloning into bare repository '/workspace/cache/git-repos/https%3A%2F%2Fgithub.com%2Flibnist%2Flnls'...
[INFO] running `Command { std: "git" "rev-parse" "HEAD", kill_on_drop: false }`
[INFO] [stdout] 7a668049a35034c617f655f7b7adc62bd8b5dbf1
[INFO] testing libnist/lnls against nightly-2025-01-18 for randomize-layout-2
[INFO] running `Command { std: "git" "clone" "/workspace/cache/git-repos/https%3A%2F%2Fgithub.com%2Flibnist%2Flnls" "/workspace/builds/worker-2-tc1/source", kill_on_drop: false }`
[INFO] [stderr] Cloning into '/workspace/builds/worker-2-tc1/source'...
[INFO] [stderr] done.
[INFO] validating manifest of git repo https://github.com/libnist/lnls on toolchain nightly-2025-01-18
[INFO] running `Command { std: CARGO_HOME="/workspace/cargo-home" RUSTUP_HOME="/workspace/rustup-home" "/workspace/cargo-home/bin/cargo" "+nightly-2025-01-18" "metadata" "--manifest-path" "Cargo.toml" "--no-deps", kill_on_drop: false }`
[INFO] started tweaking git repo https://github.com/libnist/lnls
[INFO] finished tweaking git repo https://github.com/libnist/lnls
[INFO] tweaked toml for git repo https://github.com/libnist/lnls written to /workspace/builds/worker-2-tc1/source/Cargo.toml
[INFO] crate git repo https://github.com/libnist/lnls already has a lockfile, it will not be regenerated
[INFO] running `Command { std: CARGO_HOME="/workspace/cargo-home" RUSTUP_HOME="/workspace/rustup-home" "/workspace/cargo-home/bin/cargo" "+nightly-2025-01-18" "fetch" "--manifest-path" "Cargo.toml", kill_on_drop: false }`
[INFO] [stderr]  Downloading crates ...
[INFO] [stderr]   Downloaded libc v0.2.165
[INFO] running `Command { std: "docker" "create" "-v" "/var/lib/crater-agent-workspace/builds/worker-2-tc1/target:/opt/rustwide/target:rw,Z" "-v" "/var/lib/crater-agent-workspace/builds/worker-2-tc1/source:/opt/rustwide/workdir:ro,Z" "-v" "/var/lib/crater-agent-workspace/cargo-home:/opt/rustwide/cargo-home:ro,Z" "-v" "/var/lib/crater-agent-workspace/rustup-home:/opt/rustwide/rustup-home:ro,Z" "-e" "SOURCE_DIR=/opt/rustwide/workdir" "-e" "CARGO_TARGET_DIR=/opt/rustwide/target" "-e" "CARGO_HOME=/opt/rustwide/cargo-home" "-e" "RUSTUP_HOME=/opt/rustwide/rustup-home" "-w" "/opt/rustwide/workdir" "-m" "1610612736" "--user" "0:0" "--network" "none" "ghcr.io/rust-lang/crates-build-env/linux@sha256:819108c5571ea2e421544af4d832f968d213c87fbe3707a016657f43d2f853bc" "/opt/rustwide/cargo-home/bin/cargo" "+nightly-2025-01-18" "metadata" "--no-deps" "--format-version=1", kill_on_drop: false }`
[INFO] [stdout] 70fdfa2ee7b4a2704e82ffd886fd123aff43e975116bce0326e35ac41e39f8cb
[INFO] running `Command { std: "docker" "start" "-a" "70fdfa2ee7b4a2704e82ffd886fd123aff43e975116bce0326e35ac41e39f8cb", kill_on_drop: false }`
[INFO] running `Command { std: "docker" "inspect" "70fdfa2ee7b4a2704e82ffd886fd123aff43e975116bce0326e35ac41e39f8cb", kill_on_drop: false }`
[INFO] running `Command { std: "docker" "rm" "-f" "70fdfa2ee7b4a2704e82ffd886fd123aff43e975116bce0326e35ac41e39f8cb", kill_on_drop: false }`
[INFO] [stdout] 70fdfa2ee7b4a2704e82ffd886fd123aff43e975116bce0326e35ac41e39f8cb
[INFO] running `Command { std: "docker" "create" "-v" "/var/lib/crater-agent-workspace/builds/worker-2-tc1/target:/opt/rustwide/target:rw,Z" "-v" "/var/lib/crater-agent-workspace/builds/worker-2-tc1/source:/opt/rustwide/workdir:ro,Z" "-v" "/var/lib/crater-agent-workspace/cargo-home:/opt/rustwide/cargo-home:ro,Z" "-v" "/var/lib/crater-agent-workspace/rustup-home:/opt/rustwide/rustup-home:ro,Z" "-e" "SOURCE_DIR=/opt/rustwide/workdir" "-e" "CARGO_TARGET_DIR=/opt/rustwide/target" "-e" "CARGO_INCREMENTAL=0" "-e" "RUST_BACKTRACE=full" "-e" "RUSTFLAGS=--cap-lints=forbid" "-e" "RUSTDOCFLAGS=--cap-lints=forbid" "-e" "CARGO_HOME=/opt/rustwide/cargo-home" "-e" "RUSTUP_HOME=/opt/rustwide/rustup-home" "-w" "/opt/rustwide/workdir" "-m" "1610612736" "--user" "0:0" "--network" "none" "ghcr.io/rust-lang/crates-build-env/linux@sha256:819108c5571ea2e421544af4d832f968d213c87fbe3707a016657f43d2f853bc" "/opt/rustwide/cargo-home/bin/cargo" "+nightly-2025-01-18" "build" "--frozen" "--message-format=json", kill_on_drop: false }`
[INFO] [stdout] 123511d425b9b88853580996644de64376cbb2ef1a95d47c3dd819931201bfa3
[INFO] running `Command { std: "docker" "start" "-a" "123511d425b9b88853580996644de64376cbb2ef1a95d47c3dd819931201bfa3", kill_on_drop: false }`
[INFO] [stderr]    Compiling autocfg v1.4.0
[INFO] [stderr]    Compiling iana-time-zone v0.1.61
[INFO] [stderr]    Compiling num-traits v0.2.19
[INFO] [stderr]    Compiling chrono v0.4.38
[INFO] [stderr]    Compiling lnls v0.1.0 (/opt/rustwide/workdir)
[INFO] [stderr]     Finished `dev` profile [unoptimized + debuginfo] target(s) in 3.85s
[INFO] running `Command { std: "docker" "inspect" "123511d425b9b88853580996644de64376cbb2ef1a95d47c3dd819931201bfa3", kill_on_drop: false }`
[INFO] running `Command { std: "docker" "rm" "-f" "123511d425b9b88853580996644de64376cbb2ef1a95d47c3dd819931201bfa3", kill_on_drop: false }`
[INFO] [stdout] 123511d425b9b88853580996644de64376cbb2ef1a95d47c3dd819931201bfa3
[INFO] running `Command { std: "docker" "create" "-v" "/var/lib/crater-agent-workspace/builds/worker-2-tc1/target:/opt/rustwide/target:rw,Z" "-v" "/var/lib/crater-agent-workspace/builds/worker-2-tc1/source:/opt/rustwide/workdir:ro,Z" "-v" "/var/lib/crater-agent-workspace/cargo-home:/opt/rustwide/cargo-home:ro,Z" "-v" "/var/lib/crater-agent-workspace/rustup-home:/opt/rustwide/rustup-home:ro,Z" "-e" "SOURCE_DIR=/opt/rustwide/workdir" "-e" "CARGO_TARGET_DIR=/opt/rustwide/target" "-e" "CARGO_INCREMENTAL=0" "-e" "RUST_BACKTRACE=full" "-e" "RUSTFLAGS=--cap-lints=forbid" "-e" "RUSTDOCFLAGS=--cap-lints=forbid" "-e" "CARGO_HOME=/opt/rustwide/cargo-home" "-e" "RUSTUP_HOME=/opt/rustwide/rustup-home" "-w" "/opt/rustwide/workdir" "-m" "1610612736" "--user" "0:0" "--network" "none" "ghcr.io/rust-lang/crates-build-env/linux@sha256:819108c5571ea2e421544af4d832f968d213c87fbe3707a016657f43d2f853bc" "/opt/rustwide/cargo-home/bin/cargo" "+nightly-2025-01-18" "test" "--frozen" "--no-run" "--message-format=json", kill_on_drop: false }`
[INFO] [stdout] 3a464a41aa29f2ee950bfcc0d5973479d6c05ca52c69fd61eaa218edb0ccc787
[INFO] running `Command { std: "docker" "start" "-a" "3a464a41aa29f2ee950bfcc0d5973479d6c05ca52c69fd61eaa218edb0ccc787", kill_on_drop: false }`
[INFO] [stderr]    Compiling lnls v0.1.0 (/opt/rustwide/workdir)
[INFO] [stderr]     Finished `test` profile [unoptimized + debuginfo] target(s) in 0.34s
[INFO] running `Command { std: "docker" "inspect" "3a464a41aa29f2ee950bfcc0d5973479d6c05ca52c69fd61eaa218edb0ccc787", kill_on_drop: false }`
[INFO] running `Command { std: "docker" "rm" "-f" "3a464a41aa29f2ee950bfcc0d5973479d6c05ca52c69fd61eaa218edb0ccc787", kill_on_drop: false }`
[INFO] [stdout] 3a464a41aa29f2ee950bfcc0d5973479d6c05ca52c69fd61eaa218edb0ccc787
[INFO] running `Command { std: "docker" "create" "-v" "/var/lib/crater-agent-workspace/builds/worker-2-tc1/target:/opt/rustwide/target:rw,Z" "-v" "/var/lib/crater-agent-workspace/builds/worker-2-tc1/source:/opt/rustwide/workdir:ro,Z" "-v" "/var/lib/crater-agent-workspace/cargo-home:/opt/rustwide/cargo-home:ro,Z" "-v" "/var/lib/crater-agent-workspace/rustup-home:/opt/rustwide/rustup-home:ro,Z" "-e" "SOURCE_DIR=/opt/rustwide/workdir" "-e" "CARGO_TARGET_DIR=/opt/rustwide/target" "-e" "CARGO_INCREMENTAL=0" "-e" "RUST_BACKTRACE=full" "-e" "RUSTFLAGS=--cap-lints=forbid" "-e" "RUSTDOCFLAGS=--cap-lints=forbid" "-e" "CARGO_HOME=/opt/rustwide/cargo-home" "-e" "RUSTUP_HOME=/opt/rustwide/rustup-home" "-w" "/opt/rustwide/workdir" "-m" "1610612736" "--user" "0:0" "--network" "none" "ghcr.io/rust-lang/crates-build-env/linux@sha256:819108c5571ea2e421544af4d832f968d213c87fbe3707a016657f43d2f853bc" "/opt/rustwide/cargo-home/bin/cargo" "+nightly-2025-01-18" "test" "--frozen", kill_on_drop: false }`
[INFO] [stdout] 01d20ebd812323e14f3b8758a44270d316da358928a5bf7294c3b9874475205c
[INFO] running `Command { std: "docker" "start" "-a" "01d20ebd812323e14f3b8758a44270d316da358928a5bf7294c3b9874475205c", kill_on_drop: false }`
[INFO] [stderr]     Finished `test` profile [unoptimized + debuginfo] target(s) in 0.03s
[INFO] [stderr]      Running unittests src/lib.rs (/opt/rustwide/target/debug/deps/lnls-db868d367a3a80b0)
[INFO] [stdout] 
[INFO] [stdout] running 0 tests
[INFO] [stdout] 
[INFO] [stdout] test result: ok. 0 passed; 0 failed; 0 ignored; 0 measured; 0 filtered out; finished in 0.00s
[INFO] [stdout] 
[INFO] [stderr]      Running unittests src/main.rs (/opt/rustwide/target/debug/deps/lnls-f89ae5d09cd55b7d)
[INFO] [stdout] 
[INFO] [stdout] running 0 tests
[INFO] [stdout] 
[INFO] [stdout] test result: ok. 0 passed; 0 failed; 0 ignored; 0 measured; 0 filtered out; finished in 0.00s
[INFO] [stdout] 
[INFO] [stderr]    Doc-tests lnls
[INFO] [stdout] 
[INFO] [stdout] running 3 tests
[INFO] [stdout] test src/lib.rs - run (line 27) ... FAILED
[INFO] [stdout] test src/file_entry.rs - file_entry::FileEntry (line 61) ... FAILED
[INFO] [stdout] test src/file_entry.rs - file_entry::Entry (line 16) ... FAILED
[INFO] [stdout] 
[INFO] [stdout] failures:
[INFO] [stdout] 
[INFO] [stdout] ---- src/lib.rs - run (line 27) stdout ----
[INFO] [stdout] error[E0433]: failed to resolve: use of undeclared crate or module `env`
[INFO] [stdout]  --> src/lib.rs:29:33
[INFO] [stdout]   |
[INFO] [stdout] 5 | let config = lnls::Config::from(env::args());
[INFO] [stdout]   |                                 ^^^ use of undeclared crate or module `env`
[INFO] [stdout]   |
[INFO] [stdout] help: consider importing this module
[INFO] [stdout]   |
[INFO] [stdout] 2 + use std::env;
[INFO] [stdout]   |
[INFO] [stdout] 
[INFO] [stdout] error[E0433]: failed to resolve: use of undeclared crate or module `process`
[INFO] [stdout]  --> src/lib.rs:32:4
[INFO] [stdout]   |
[INFO] [stdout] 8 |    process::exit(1);
[INFO] [stdout]   |    ^^^^^^^ use of undeclared crate or module `process`
[INFO] [stdout]   |
[INFO] [stdout] help: consider importing this module
[INFO] [stdout]   |
[INFO] [stdout] 2 + use std::process;
[INFO] [stdout]   |
[INFO] [stdout] 
[INFO] [stdout] error: aborting due to 2 previous errors
[INFO] [stdout] 
[INFO] [stdout] For more information about this error, try `rustc --explain E0433`.
[INFO] [stdout] Couldn't compile the test.
[INFO] [stdout] ---- src/file_entry.rs - file_entry::FileEntry (line 61) stdout ----
[INFO] [stdout] error[E0433]: failed to resolve: use of undeclared type `Path`
[INFO] [stdout]  --> src/file_entry.rs:62:12
[INFO] [stdout]   |
[INFO] [stdout] 3 | let path = Path::new(".");
[INFO] [stdout]   |            ^^^^ use of undeclared type `Path`
[INFO] [stdout]   |
[INFO] [stdout] help: consider importing this struct
[INFO] [stdout]   |
[INFO] [stdout] 2 + use std::path::Path;
[INFO] [stdout]   |
[INFO] [stdout] 
[INFO] [stdout] error[E0433]: failed to resolve: use of undeclared type `FileEntry`
[INFO] [stdout]  --> src/file_entry.rs:63:18
[INFO] [stdout]   |
[INFO] [stdout] 4 | let file_entry = FileEntry::new(path);
[INFO] [stdout]   |                  ^^^^^^^^^ use of undeclared type `FileEntry`
[INFO] [stdout] 
[INFO] [stdout] error: aborting due to 2 previous errors
[INFO] [stdout] 
[INFO] [stdout] For more information about this error, try `rustc --explain E0433`.
[INFO] [stdout] Couldn't compile the test.
[INFO] [stdout] ---- src/file_entry.rs - file_entry::Entry (line 16) stdout ----
[INFO] [stdout] error[E0433]: failed to resolve: use of undeclared type `Path`
[INFO] [stdout]  --> src/file_entry.rs:17:12
[INFO] [stdout]   |
[INFO] [stdout] 3 | let path = Path::new(".");
[INFO] [stdout]   |            ^^^^ use of undeclared type `Path`
[INFO] [stdout]   |
[INFO] [stdout] help: consider importing this struct
[INFO] [stdout]   |
[INFO] [stdout] 2 + use std::path::Path;
[INFO] [stdout]   |
[INFO] [stdout] 
[INFO] [stdout] error[E0433]: failed to resolve: use of undeclared type `Entry`
[INFO] [stdout]  --> src/file_entry.rs:18:13
[INFO] [stdout]   |
[INFO] [stdout] 4 | let entry = Entry::new(path);
[INFO] [stdout]   |             ^^^^^ use of undeclared type `Entry`
[INFO] [stdout]   |
[INFO] [stdout] help: consider importing one of these enums
[INFO] [stdout]   |
[INFO] [stdout] 2 + use std::collections::btree_map::Entry;
[INFO] [stdout]   |
[INFO] [stdout] 2 + use std::collections::btree_set::Entry;
[INFO] [stdout]   |
[INFO] [stdout] 2 + use std::collections::hash_map::Entry;
[INFO] [stdout]   |
[INFO] [stdout] 2 + use std::collections::hash_set::Entry;
[INFO] [stdout]   |
[INFO] [stdout] 
[INFO] [stdout] error: aborting due to 2 previous errors
[INFO] [stdout] 
[INFO] [stdout] For more information about this error, try `rustc --explain E0433`.
[INFO] [stdout] Couldn't compile the test.
[INFO] [stdout] 
[INFO] [stdout] failures:
[INFO] [stdout]     src/file_entry.rs - file_entry::Entry (line 16)
[INFO] [stdout]     src/file_entry.rs - file_entry::FileEntry (line 61)
[INFO] [stdout]     src/lib.rs - run (line 27)
[INFO] [stdout] 
[INFO] [stdout] test result: FAILED. 0 passed; 3 failed; 0 ignored; 0 measured; 0 filtered out; finished in 0.14s
[INFO] [stdout] 
[INFO] [stderr] error: doctest failed, to rerun pass `--doc`
[INFO] running `Command { std: "docker" "inspect" "01d20ebd812323e14f3b8758a44270d316da358928a5bf7294c3b9874475205c", kill_on_drop: false }`
[INFO] running `Command { std: "docker" "rm" "-f" "01d20ebd812323e14f3b8758a44270d316da358928a5bf7294c3b9874475205c", kill_on_drop: false }`
[INFO] [stdout] 01d20ebd812323e14f3b8758a44270d316da358928a5bf7294c3b9874475205c
