[INFO] cloning repository https://github.com/lgimberis/advent-of-code-2024
[INFO] running `Command { std: "git" "-c" "credential.helper=" "-c" "credential.helper=/workspace/cargo-home/bin/git-credential-null" "clone" "--bare" "https://github.com/lgimberis/advent-of-code-2024" "/workspace/cache/git-repos/https%3A%2F%2Fgithub.com%2Flgimberis%2Fadvent-of-code-2024", kill_on_drop: false }`
[INFO] [stderr] Cloning into bare repository '/workspace/cache/git-repos/https%3A%2F%2Fgithub.com%2Flgimberis%2Fadvent-of-code-2024'...
[INFO] running `Command { std: "git" "rev-parse" "HEAD", kill_on_drop: false }`
[INFO] [stdout] b696b811bec4536726b06b0323564e6cd602eb0c
[INFO] testing lgimberis/advent-of-code-2024 against nightly-2025-01-18+rustflags=-Zrandomize-layout for randomize-layout-2
[INFO] running `Command { std: "git" "clone" "/workspace/cache/git-repos/https%3A%2F%2Fgithub.com%2Flgimberis%2Fadvent-of-code-2024" "/workspace/builds/worker-7-tc2/source", kill_on_drop: false }`
[INFO] [stderr] Cloning into '/workspace/builds/worker-7-tc2/source'...
[INFO] [stderr] done.
[INFO] validating manifest of git repo https://github.com/lgimberis/advent-of-code-2024 on toolchain nightly-2025-01-18
[INFO] running `Command { std: CARGO_HOME="/workspace/cargo-home" RUSTUP_HOME="/workspace/rustup-home" "/workspace/cargo-home/bin/cargo" "+nightly-2025-01-18" "metadata" "--manifest-path" "Cargo.toml" "--no-deps", kill_on_drop: false }`
[INFO] started tweaking git repo https://github.com/lgimberis/advent-of-code-2024
[INFO] finished tweaking git repo https://github.com/lgimberis/advent-of-code-2024
[INFO] tweaked toml for git repo https://github.com/lgimberis/advent-of-code-2024 written to /workspace/builds/worker-7-tc2/source/Cargo.toml
[INFO] crate git repo https://github.com/lgimberis/advent-of-code-2024 already has a lockfile, it will not be regenerated
[INFO] running `Command { std: CARGO_HOME="/workspace/cargo-home" RUSTUP_HOME="/workspace/rustup-home" "/workspace/cargo-home/bin/cargo" "+nightly-2025-01-18" "fetch" "--manifest-path" "Cargo.toml", kill_on_drop: false }`
[INFO] running `Command { std: "docker" "create" "-v" "/var/lib/crater-agent-workspace/builds/worker-7-tc2/target:/opt/rustwide/target:rw,Z" "-v" "/var/lib/crater-agent-workspace/builds/worker-7-tc2/source:/opt/rustwide/workdir:ro,Z" "-v" "/var/lib/crater-agent-workspace/cargo-home:/opt/rustwide/cargo-home:ro,Z" "-v" "/var/lib/crater-agent-workspace/rustup-home:/opt/rustwide/rustup-home:ro,Z" "-e" "SOURCE_DIR=/opt/rustwide/workdir" "-e" "CARGO_TARGET_DIR=/opt/rustwide/target" "-e" "CARGO_HOME=/opt/rustwide/cargo-home" "-e" "RUSTUP_HOME=/opt/rustwide/rustup-home" "-w" "/opt/rustwide/workdir" "-m" "1610612736" "--user" "0:0" "--network" "none" "ghcr.io/rust-lang/crates-build-env/linux@sha256:819108c5571ea2e421544af4d832f968d213c87fbe3707a016657f43d2f853bc" "/opt/rustwide/cargo-home/bin/cargo" "+nightly-2025-01-18" "metadata" "--no-deps" "--format-version=1", kill_on_drop: false }`
[INFO] [stdout] b0a47d5fd18c27040284fa38fd461685372115d58e306c1bf490e423eb6304b8
[INFO] running `Command { std: "docker" "start" "-a" "b0a47d5fd18c27040284fa38fd461685372115d58e306c1bf490e423eb6304b8", kill_on_drop: false }`
[INFO] running `Command { std: "docker" "inspect" "b0a47d5fd18c27040284fa38fd461685372115d58e306c1bf490e423eb6304b8", kill_on_drop: false }`
[INFO] running `Command { std: "docker" "rm" "-f" "b0a47d5fd18c27040284fa38fd461685372115d58e306c1bf490e423eb6304b8", kill_on_drop: false }`
[INFO] [stdout] b0a47d5fd18c27040284fa38fd461685372115d58e306c1bf490e423eb6304b8
[INFO] running `Command { std: "docker" "create" "-v" "/var/lib/crater-agent-workspace/builds/worker-7-tc2/target:/opt/rustwide/target:rw,Z" "-v" "/var/lib/crater-agent-workspace/builds/worker-7-tc2/source:/opt/rustwide/workdir:ro,Z" "-v" "/var/lib/crater-agent-workspace/cargo-home:/opt/rustwide/cargo-home:ro,Z" "-v" "/var/lib/crater-agent-workspace/rustup-home:/opt/rustwide/rustup-home:ro,Z" "-e" "SOURCE_DIR=/opt/rustwide/workdir" "-e" "CARGO_TARGET_DIR=/opt/rustwide/target" "-e" "CARGO_INCREMENTAL=0" "-e" "RUST_BACKTRACE=full" "-e" "RUSTFLAGS=--cap-lints=forbid -Zrandomize-layout" "-e" "RUSTDOCFLAGS=--cap-lints=forbid" "-e" "CARGO_HOME=/opt/rustwide/cargo-home" "-e" "RUSTUP_HOME=/opt/rustwide/rustup-home" "-w" "/opt/rustwide/workdir" "-m" "1610612736" "--user" "0:0" "--network" "none" "ghcr.io/rust-lang/crates-build-env/linux@sha256:819108c5571ea2e421544af4d832f968d213c87fbe3707a016657f43d2f853bc" "/opt/rustwide/cargo-home/bin/cargo" "+nightly-2025-01-18" "build" "--frozen" "--message-format=json", kill_on_drop: false }`
[INFO] [stdout] 504dfab2b1b45bd9e78243baed5fe0794cfc7e7b3f81965df3997369872eb37f
[INFO] running `Command { std: "docker" "start" "-a" "504dfab2b1b45bd9e78243baed5fe0794cfc7e7b3f81965df3997369872eb37f", kill_on_drop: false }`
[INFO] [stderr]    Compiling memchr v2.7.4
[INFO] [stderr]    Compiling regex-syntax v0.8.5
[INFO] [stderr]    Compiling either v1.13.0
[INFO] [stderr]    Compiling itertools v0.13.0
[INFO] [stderr]    Compiling aho-corasick v1.1.3
[INFO] [stderr]    Compiling regex-automata v0.4.9
[INFO] [stderr]    Compiling regex v1.11.1
[INFO] [stderr]    Compiling advent-of-code-2024 v0.1.0 (/opt/rustwide/workdir)
[INFO] [stdout] warning: unused variable: `part_two_result`
[INFO] [stdout]    --> src/bin/14.rs:115:9
[INFO] [stdout]     |
[INFO] [stdout] 115 |     let part_two_result = part_two(101, 103, &file);
[INFO] [stdout]     |         ^^^^^^^^^^^^^^^ help: if this is intentional, prefix it with an underscore: `_part_two_result`
[INFO] [stdout]     |
[INFO] [stdout]     = note: `#[warn(unused_variables)]` on by default
[INFO] [stdout] 
[INFO] [stdout] 
[INFO] [stdout] warning: unused variable: `parsed_input`
[INFO] [stdout]   --> src/bin/19.rs:50:9
[INFO] [stdout]    |
[INFO] [stdout] 50 |     let parsed_input = parse_input(file);
[INFO] [stdout]    |         ^^^^^^^^^^^^ help: if this is intentional, prefix it with an underscore: `_parsed_input`
[INFO] [stdout]    |
[INFO] [stdout]    = note: `#[warn(unused_variables)]` on by default
[INFO] [stdout] 
[INFO] [stdout] 
[INFO] [stdout] warning: unused variable: `parsed_input`
[INFO] [stdout]    --> src/bin/21.rs:132:9
[INFO] [stdout]     |
[INFO] [stdout] 132 |     let parsed_input = parse_input(file);
[INFO] [stdout]     |         ^^^^^^^^^^^^ help: if this is intentional, prefix it with an underscore: `_parsed_input`
[INFO] [stdout]     |
[INFO] [stdout]     = note: `#[warn(unused_variables)]` on by default
[INFO] [stdout] 
[INFO] [stdout] 
[INFO] [stdout] warning: unused imports: `HashSet` and `sync::LazyLock`
[INFO] [stdout]  --> src/bin/24.rs:2:28
[INFO] [stdout]   |
[INFO] [stdout] 2 |     collections::{HashMap, HashSet},
[INFO] [stdout]   |                            ^^^^^^^
[INFO] [stdout] 3 |     sync::LazyLock,
[INFO] [stdout]   |     ^^^^^^^^^^^^^^
[INFO] [stdout]   |
[INFO] [stdout]   = note: `#[warn(unused_imports)]` on by default
[INFO] [stdout] 
[INFO] [stdout] 
[INFO] [stdout] warning: unused variable: `parsed_input`
[INFO] [stdout]   --> src/bin/24.rs:93:9
[INFO] [stdout]    |
[INFO] [stdout] 93 |     let parsed_input = parse_input(file);
[INFO] [stdout]    |         ^^^^^^^^^^^^ help: if this is intentional, prefix it with an underscore: `_parsed_input`
[INFO] [stdout]    |
[INFO] [stdout]    = note: `#[warn(unused_variables)]` on by default
[INFO] [stdout] 
[INFO] [stdout] 
[INFO] [stdout] warning: unused variable: `parsed_input`
[INFO] [stdout]   --> src/bin/25.rs:53:9
[INFO] [stdout]    |
[INFO] [stdout] 53 |     let parsed_input = parse_input(file);
[INFO] [stdout]    |         ^^^^^^^^^^^^ help: if this is intentional, prefix it with an underscore: `_parsed_input`
[INFO] [stdout]    |
[INFO] [stdout]    = note: `#[warn(unused_variables)]` on by default
[INFO] [stdout] 
[INFO] [stdout] 
[INFO] [stdout] warning: unnecessary parentheses around assigned value
[INFO] [stdout]   --> src/bin/17.rs:48:30
[INFO] [stdout]    |
[INFO] [stdout] 48 |         0 => registers[0] /= (2u64.pow(combo_operator(registers, operand) as u32)),
[INFO] [stdout]    |                              ^                                                   ^
[INFO] [stdout]    |
[INFO] [stdout]    = note: `#[warn(unused_parens)]` on by default
[INFO] [stdout] help: remove these parentheses
[INFO] [stdout]    |
[INFO] [stdout] 48 -         0 => registers[0] /= (2u64.pow(combo_operator(registers, operand) as u32)),
[INFO] [stdout] 48 +         0 => registers[0] /= 2u64.pow(combo_operator(registers, operand) as u32),
[INFO] [stdout]    |
[INFO] [stdout] 
[INFO] [stdout] 
[INFO] [stderr]     Finished `dev` profile [unoptimized + debuginfo] target(s) in 25.18s
[INFO] running `Command { std: "docker" "inspect" "504dfab2b1b45bd9e78243baed5fe0794cfc7e7b3f81965df3997369872eb37f", kill_on_drop: false }`
[INFO] running `Command { std: "docker" "rm" "-f" "504dfab2b1b45bd9e78243baed5fe0794cfc7e7b3f81965df3997369872eb37f", kill_on_drop: false }`
[INFO] [stdout] 504dfab2b1b45bd9e78243baed5fe0794cfc7e7b3f81965df3997369872eb37f
[INFO] running `Command { std: "docker" "create" "-v" "/var/lib/crater-agent-workspace/builds/worker-7-tc2/target:/opt/rustwide/target:rw,Z" "-v" "/var/lib/crater-agent-workspace/builds/worker-7-tc2/source:/opt/rustwide/workdir:ro,Z" "-v" "/var/lib/crater-agent-workspace/cargo-home:/opt/rustwide/cargo-home:ro,Z" "-v" "/var/lib/crater-agent-workspace/rustup-home:/opt/rustwide/rustup-home:ro,Z" "-e" "SOURCE_DIR=/opt/rustwide/workdir" "-e" "CARGO_TARGET_DIR=/opt/rustwide/target" "-e" "CARGO_INCREMENTAL=0" "-e" "RUST_BACKTRACE=full" "-e" "RUSTFLAGS=--cap-lints=forbid -Zrandomize-layout" "-e" "RUSTDOCFLAGS=--cap-lints=forbid" "-e" "CARGO_HOME=/opt/rustwide/cargo-home" "-e" "RUSTUP_HOME=/opt/rustwide/rustup-home" "-w" "/opt/rustwide/workdir" "-m" "1610612736" "--user" "0:0" "--network" "none" "ghcr.io/rust-lang/crates-build-env/linux@sha256:819108c5571ea2e421544af4d832f968d213c87fbe3707a016657f43d2f853bc" "/opt/rustwide/cargo-home/bin/cargo" "+nightly-2025-01-18" "test" "--frozen" "--no-run" "--message-format=json", kill_on_drop: false }`
[INFO] [stdout] 19ad3878eeee7a7ec0a93118f56d6eaa4aa9465f6092e757557bc75678c7d930
[INFO] running `Command { std: "docker" "start" "-a" "19ad3878eeee7a7ec0a93118f56d6eaa4aa9465f6092e757557bc75678c7d930", kill_on_drop: false }`
[INFO] [stderr]    Compiling advent-of-code-2024 v0.1.0 (/opt/rustwide/workdir)
[INFO] [stdout] warning: unused variable: `parsed_input`
[INFO] [stdout]    --> src/bin/21.rs:132:9
[INFO] [stdout]     |
[INFO] [stdout] 132 |     let parsed_input = parse_input(file);
[INFO] [stdout]     |         ^^^^^^^^^^^^ help: if this is intentional, prefix it with an underscore: `_parsed_input`
[INFO] [stdout]     |
[INFO] [stdout]     = note: `#[warn(unused_variables)]` on by default
[INFO] [stdout] 
[INFO] [stdout] 
[INFO] [stdout] warning: unused variable: `part_two_result`
[INFO] [stdout]    --> src/bin/14.rs:115:9
[INFO] [stdout]     |
[INFO] [stdout] 115 |     let part_two_result = part_two(101, 103, &file);
[INFO] [stdout]     |         ^^^^^^^^^^^^^^^ help: if this is intentional, prefix it with an underscore: `_part_two_result`
[INFO] [stdout]     |
[INFO] [stdout]     = note: `#[warn(unused_variables)]` on by default
[INFO] [stdout] 
[INFO] [stdout] 
[INFO] [stdout] warning: unused imports: `HashSet` and `sync::LazyLock`
[INFO] [stdout]  --> src/bin/24.rs:2:28
[INFO] [stdout]   |
[INFO] [stdout] 2 |     collections::{HashMap, HashSet},
[INFO] [stdout]   |                            ^^^^^^^
[INFO] [stdout] 3 |     sync::LazyLock,
[INFO] [stdout]   |     ^^^^^^^^^^^^^^
[INFO] [stdout]   |
[INFO] [stdout]   = note: `#[warn(unused_imports)]` on by default
[INFO] [stdout] 
[INFO] [stdout] 
[INFO] [stdout] warning: unused variable: `parsed_input`
[INFO] [stdout]   --> src/bin/24.rs:93:9
[INFO] [stdout]    |
[INFO] [stdout] 93 |     let parsed_input = parse_input(file);
[INFO] [stdout]    |         ^^^^^^^^^^^^ help: if this is intentional, prefix it with an underscore: `_parsed_input`
[INFO] [stdout]    |
[INFO] [stdout]    = note: `#[warn(unused_variables)]` on by default
[INFO] [stdout] 
[INFO] [stdout] 
[INFO] [stdout] warning: unused variable: `parsed_input`
[INFO] [stdout]   --> src/bin/25.rs:53:9
[INFO] [stdout]    |
[INFO] [stdout] 53 |     let parsed_input = parse_input(file);
[INFO] [stdout]    |         ^^^^^^^^^^^^ help: if this is intentional, prefix it with an underscore: `_parsed_input`
[INFO] [stdout]    |
[INFO] [stdout]    = note: `#[warn(unused_variables)]` on by default
[INFO] [stdout] 
[INFO] [stdout] 
[INFO] [stdout] warning: unnecessary parentheses around assigned value
[INFO] [stdout]   --> src/bin/17.rs:48:30
[INFO] [stdout]    |
[INFO] [stdout] 48 |         0 => registers[0] /= (2u64.pow(combo_operator(registers, operand) as u32)),
[INFO] [stdout]    |                              ^                                                   ^
[INFO] [stdout]    |
[INFO] [stdout]    = note: `#[warn(unused_parens)]` on by default
[INFO] [stdout] help: remove these parentheses
[INFO] [stdout]    |
[INFO] [stdout] 48 -         0 => registers[0] /= (2u64.pow(combo_operator(registers, operand) as u32)),
[INFO] [stdout] 48 +         0 => registers[0] /= 2u64.pow(combo_operator(registers, operand) as u32),
[INFO] [stdout]    |
[INFO] [stdout] 
[INFO] [stdout] 
[INFO] [stdout] warning: unused variable: `parsed_input`
[INFO] [stdout]   --> src/bin/19.rs:50:9
[INFO] [stdout]    |
[INFO] [stdout] 50 |     let parsed_input = parse_input(file);
[INFO] [stdout]    |         ^^^^^^^^^^^^ help: if this is intentional, prefix it with an underscore: `_parsed_input`
[INFO] [stdout]    |
[INFO] [stdout]    = note: `#[warn(unused_variables)]` on by default
[INFO] [stdout] 
[INFO] [stdout] 
[INFO] [stderr]     Finished `test` profile [unoptimized + debuginfo] target(s) in 10.81s
[INFO] running `Command { std: "docker" "inspect" "19ad3878eeee7a7ec0a93118f56d6eaa4aa9465f6092e757557bc75678c7d930", kill_on_drop: false }`
[INFO] running `Command { std: "docker" "rm" "-f" "19ad3878eeee7a7ec0a93118f56d6eaa4aa9465f6092e757557bc75678c7d930", kill_on_drop: false }`
[INFO] [stdout] 19ad3878eeee7a7ec0a93118f56d6eaa4aa9465f6092e757557bc75678c7d930
[INFO] running `Command { std: "docker" "create" "-v" "/var/lib/crater-agent-workspace/builds/worker-7-tc2/target:/opt/rustwide/target:rw,Z" "-v" "/var/lib/crater-agent-workspace/builds/worker-7-tc2/source:/opt/rustwide/workdir:ro,Z" "-v" "/var/lib/crater-agent-workspace/cargo-home:/opt/rustwide/cargo-home:ro,Z" "-v" "/var/lib/crater-agent-workspace/rustup-home:/opt/rustwide/rustup-home:ro,Z" "-e" "SOURCE_DIR=/opt/rustwide/workdir" "-e" "CARGO_TARGET_DIR=/opt/rustwide/target" "-e" "CARGO_INCREMENTAL=0" "-e" "RUST_BACKTRACE=full" "-e" "RUSTFLAGS=--cap-lints=forbid -Zrandomize-layout" "-e" "RUSTDOCFLAGS=--cap-lints=forbid" "-e" "CARGO_HOME=/opt/rustwide/cargo-home" "-e" "RUSTUP_HOME=/opt/rustwide/rustup-home" "-w" "/opt/rustwide/workdir" "-m" "1610612736" "--user" "0:0" "--network" "none" "ghcr.io/rust-lang/crates-build-env/linux@sha256:819108c5571ea2e421544af4d832f968d213c87fbe3707a016657f43d2f853bc" "/opt/rustwide/cargo-home/bin/cargo" "+nightly-2025-01-18" "test" "--frozen", kill_on_drop: false }`
[INFO] [stdout] d1c9cfad26a58df9510519d2f1f4592226cead7d1b0047b07c471266b55ce858
[INFO] running `Command { std: "docker" "start" "-a" "d1c9cfad26a58df9510519d2f1f4592226cead7d1b0047b07c471266b55ce858", kill_on_drop: false }`
[INFO] [stderr] warning: unnecessary parentheses around assigned value
[INFO] [stderr]   --> src/bin/17.rs:48:30
[INFO] [stderr]    |
[INFO] [stderr] 48 |         0 => registers[0] /= (2u64.pow(combo_operator(registers, operand) as u32)),
[INFO] [stderr]    |                              ^                                                   ^
[INFO] [stderr]    |
[INFO] [stderr]    = note: `#[warn(unused_parens)]` on by default
[INFO] [stderr] help: remove these parentheses
[INFO] [stderr]    |
[INFO] [stderr] 48 -         0 => registers[0] /= (2u64.pow(combo_operator(registers, operand) as u32)),
[INFO] [stderr] 48 +         0 => registers[0] /= 2u64.pow(combo_operator(registers, operand) as u32),
[INFO] [stderr]    |
[INFO] [stderr] 
[INFO] [stderr] warning: `advent-of-code-2024` (bin "17" test) generated 1 warning (run `cargo fix --bin "17" --tests` to apply 1 suggestion)
[INFO] [stderr] warning: unused imports: `HashSet` and `sync::LazyLock`
[INFO] [stderr]  --> src/bin/24.rs:2:28
[INFO] [stderr]   |
[INFO] [stderr] 2 |     collections::{HashMap, HashSet},
[INFO] [stderr]   |                            ^^^^^^^
[INFO] [stderr] 3 |     sync::LazyLock,
[INFO] [stderr]   |     ^^^^^^^^^^^^^^
[INFO] [stderr]   |
[INFO] [stderr]   = note: `#[warn(unused_imports)]` on by default
[INFO] [stderr] 
[INFO] [stderr] warning: unused variable: `parsed_input`
[INFO] [stderr]   --> src/bin/24.rs:93:9
[INFO] [stderr]    |
[INFO] [stderr] 93 |     let parsed_input = parse_input(file);
[INFO] [stderr]    |         ^^^^^^^^^^^^ help: if this is intentional, prefix it with an underscore: `_parsed_input`
[INFO] [stderr]    |
[INFO] [stderr]    = note: `#[warn(unused_variables)]` on by default
[INFO] [stderr] 
[INFO] [stderr] warning: `advent-of-code-2024` (bin "24" test) generated 2 warnings (run `cargo fix --bin "24" --tests` to apply 1 suggestion)
[INFO] [stderr] warning: unused variable: `part_two_result`
[INFO] [stderr]    --> src/bin/14.rs:115:9
[INFO] [stderr]     |
[INFO] [stderr] 115 |     let part_two_result = part_two(101, 103, &file);
[INFO] [stderr]     |         ^^^^^^^^^^^^^^^ help: if this is intentional, prefix it with an underscore: `_part_two_result`
[INFO] [stderr]     |
[INFO] [stderr]     = note: `#[warn(unused_variables)]` on by default
[INFO] [stderr] 
[INFO] [stderr] warning: `advent-of-code-2024` (bin "14" test) generated 1 warning
[INFO] [stderr] warning: unused variable: `parsed_input`
[INFO] [stderr]   --> src/bin/19.rs:50:9
[INFO] [stderr]    |
[INFO] [stderr] 50 |     let parsed_input = parse_input(file);
[INFO] [stderr]    |         ^^^^^^^^^^^^ help: if this is intentional, prefix it with an underscore: `_parsed_input`
[INFO] [stderr]    |
[INFO] [stderr]    = note: `#[warn(unused_variables)]` on by default
[INFO] [stderr] 
[INFO] [stderr] warning: unused variable: `parsed_input`
[INFO] [stderr]    --> src/bin/21.rs:132:9
[INFO] [stderr]     |
[INFO] [stderr] 132 |     let parsed_input = parse_input(file);
[INFO] [stderr]     |         ^^^^^^^^^^^^ help: if this is intentional, prefix it with an underscore: `_parsed_input`
[INFO] [stderr]     |
[INFO] [stderr]     = note: `#[warn(unused_variables)]` on by default
[INFO] [stderr] 
[INFO] [stderr] warning: `advent-of-code-2024` (bin "19" test) generated 1 warning
[INFO] [stderr] warning: `advent-of-code-2024` (bin "21" test) generated 1 warning
[INFO] [stderr] warning: unused variable: `parsed_input`
[INFO] [stderr]   --> src/bin/25.rs:53:9
[INFO] [stderr]    |
[INFO] [stderr] 53 |     let parsed_input = parse_input(file);
[INFO] [stderr]    |         ^^^^^^^^^^^^ help: if this is intentional, prefix it with an underscore: `_parsed_input`
[INFO] [stderr]    |
[INFO] [stderr]    = note: `#[warn(unused_variables)]` on by default
[INFO] [stderr] 
[INFO] [stderr] warning: `advent-of-code-2024` (bin "25" test) generated 1 warning
[INFO] [stderr]     Finished `test` profile [unoptimized + debuginfo] target(s) in 0.04s
[INFO] [stderr]      Running unittests src/lib.rs (/opt/rustwide/target/debug/deps/advent_of_code_2024-8d0d414ac588dc31)
[INFO] [stderr]      Running unittests src/bin/01.rs (/opt/rustwide/target/debug/deps/01-3e4a5b34c56a3e3a)
[INFO] [stdout] 
[INFO] [stdout] running 0 tests
[INFO] [stdout] 
[INFO] [stdout] test result: ok. 0 passed; 0 failed; 0 ignored; 0 measured; 0 filtered out; finished in 0.00s
[INFO] [stdout] 
[INFO] [stdout] 
[INFO] [stdout] running 2 tests
[INFO] [stderr]      Running unittests src/bin/02.rs (/opt/rustwide/target/debug/deps/02-6d74eaaf5785e380)
[INFO] [stdout] test tests::test_part_two ... ok
[INFO] [stdout] test tests::test_part_one ... ok
[INFO] [stdout] 
[INFO] [stdout] test result: ok. 2 passed; 0 failed; 0 ignored; 0 measured; 0 filtered out; finished in 0.01s
[INFO] [stdout] 
[INFO] [stdout] 
[INFO] [stdout] running 6 tests
[INFO] [stdout] test tests::test_part_two_basic_remove_third ... ok
[INFO] [stdout] test tests::test_part_two_sample ... ok
[INFO] [stdout] test tests::test_part_two_basic_remove_first ... ok
[INFO] [stdout] test tests::test_part_two_basic_remove_second ... ok
[INFO] [stdout] test tests::test_part_two_basic_remove_last ... ok
[INFO] [stdout] test tests::test_part_one ... ok
[INFO] [stdout] 
[INFO] [stdout] test result: ok. 6 passed; 0 failed; 0 ignored; 0 measured; 0 filtered out; finished in 0.02s
[INFO] [stdout] 
[INFO] [stderr]      Running unittests src/bin/03.rs (/opt/rustwide/target/debug/deps/03-5d97f2048c037dc3)
[INFO] [stdout] 
[INFO] [stdout] running 3 tests
[INFO] [stdout] test tests::test_part_one_given ... ok
[INFO] [stdout] test tests::test_part_two_newlines ... ok
[INFO] [stdout] test tests::test_part_two_given ... ok
[INFO] [stdout] 
[INFO] [stdout] test result: ok. 3 passed; 0 failed; 0 ignored; 0 measured; 0 filtered out; finished in 0.04s
[INFO] [stdout] 
[INFO] [stderr]      Running unittests src/bin/04.rs (/opt/rustwide/target/debug/deps/04-4d15564fa52a9b4a)
[INFO] [stdout] 
[INFO] [stdout] running 5 tests
[INFO] [stdout] test tests::test_part_one_diagonals ... ok
[INFO] [stdout] test tests::test_part_one_backwards ... ok
[INFO] [stdout] test tests::test_part_one_downwards ... ok
[INFO] [stdout] test tests::test_part_one_given ... ok
[INFO] [stdout] test tests::test_part_two_given ... ok
[INFO] [stdout] 
[INFO] [stdout] test result: ok. 5 passed; 0 failed; 0 ignored; 0 measured; 0 filtered out; finished in 0.01s
[INFO] [stdout] 
[INFO] [stderr]      Running unittests src/bin/05.rs (/opt/rustwide/target/debug/deps/05-042104589c55ed33)
[INFO] [stdout] 
[INFO] [stdout] running 2 tests
[INFO] [stdout] test tests::test_part_two_given ... ok
[INFO] [stdout] test tests::test_part_one_given ... ok
[INFO] [stderr]      Running unittests src/bin/06.rs (/opt/rustwide/target/debug/deps/06-8046452972cb0bc2)
[INFO] [stdout] 
[INFO] [stdout] test result: ok. 2 passed; 0 failed; 0 ignored; 0 measured; 0 filtered out; finished in 0.05s
[INFO] [stdout] 
[INFO] [stdout] 
[INFO] [stdout] running 7 tests
[INFO] [stdout] test tests::test_part_two_as_given ... ok
[INFO] [stdout] test tests::test_part_two_not_covered2 ... ok
[INFO] [stdout] test tests::test_part_two_phantom_dangling_loop ... ok
[INFO] [stdout] test tests::test_part_one_as_given ... ok
[INFO] [stdout] test tests::test_part_two_phantom_loop ... ok
[INFO] [stdout] test tests::test_part_two_not_covered ... ok
[INFO] [stdout] test tests::test_part_two_not_blocks_approach ... ok
[INFO] [stdout] 
[INFO] [stdout] test result: ok. 7 passed; 0 failed; 0 ignored; 0 measured; 0 filtered out; finished in 0.01s
[INFO] [stderr]      Running unittests src/bin/07.rs (/opt/rustwide/target/debug/deps/07-4ba6dd8e040724cb)
[INFO] [stdout] 
[INFO] [stdout] 
[INFO] [stdout] running 2 tests
[INFO] [stdout] test tests::test_part_one_as_given ... ok
[INFO] [stdout] test tests::test_part_two_as_given ... ok
[INFO] [stdout] 
[INFO] [stdout] test result: ok. 2 passed; 0 failed; 0 ignored; 0 measured; 0 filtered out; finished in 0.02s
[INFO] [stdout] 
[INFO] [stderr]      Running unittests src/bin/08.rs (/opt/rustwide/target/debug/deps/08-b6f42c090c23300f)
[INFO] [stdout] 
[INFO] [stdout] running 2 tests
[INFO] [stdout] test tests::test_part_one_as_given ... ok
[INFO] [stdout] test tests::test_part_two_as_given ... ok
[INFO] [stdout] 
[INFO] [stdout] test result: ok. 2 passed; 0 failed; 0 ignored; 0 measured; 0 filtered out; finished in 0.01s
[INFO] [stdout] 
[INFO] [stderr]      Running unittests src/bin/09.rs (/opt/rustwide/target/debug/deps/09-9aeadefbba5bc75d)
[INFO] [stdout] 
[INFO] [stdout] running 4 tests
[INFO] [stdout] test tests::test_part_two_as_given ... ok
[INFO] [stdout] test tests::test_part_one_as_given ... ok
[INFO] [stdout] test tests::test_part_two_simple ... ok
[INFO] [stderr]      Running unittests src/bin/10.rs (/opt/rustwide/target/debug/deps/10-057d51167d709cb9)
[INFO] [stdout] test tests::test_part_one_simple ... ok
[INFO] [stdout] 
[INFO] [stdout] test result: ok. 4 passed; 0 failed; 0 ignored; 0 measured; 0 filtered out; finished in 0.01s
[INFO] [stdout] 
[INFO] [stdout] 
[INFO] [stdout] running 3 tests
[INFO] [stdout] test tests::test_part_two_as_given ... ok
[INFO] [stdout] test tests::test_part_one_simple ... ok
[INFO] [stdout] test tests::test_part_one_as_given ... ok
[INFO] [stdout] 
[INFO] [stdout] test result: ok. 3 passed; 0 failed; 0 ignored; 0 measured; 0 filtered out; finished in 0.01s
[INFO] [stdout] 
[INFO] [stderr]      Running unittests src/bin/11.rs (/opt/rustwide/target/debug/deps/11-87e15b5d6915476d)
[INFO] [stdout] 
[INFO] [stdout] running 6 tests
[INFO] [stdout] test tests::test_discrepancy ... ok
[INFO] [stdout] test tests::test_part_one_one_blink ... ok
[INFO] [stdout] test tests::test_part_one_six_blinks ... ok
[INFO] [stdout] test tests::test_part_one_as_given ... ok
[INFO] [stdout] test tests::test_part_one_no_blink ... ok
[INFO] [stdout] test tests::test_zero_compute ... ok
[INFO] [stdout] 
[INFO] [stdout] test result: ok. 6 passed; 0 failed; 0 ignored; 0 measured; 0 filtered out; finished in 0.03s
[INFO] [stdout] 
[INFO] [stderr]      Running unittests src/bin/12.rs (/opt/rustwide/target/debug/deps/12-17c8f238c4f895c2)
[INFO] [stdout] 
[INFO] [stdout] running 6 tests
[INFO] [stdout] test tests::test_part_one_as_given ... ok
[INFO] [stdout] test tests::test_part_two_as_given ... ok
[INFO] [stdout] test tests::test_part_two_basic ... ok
[INFO] [stdout] test tests::test_part_one_basic ... ok
[INFO] [stdout] test tests::test_part_one_other ... ok
[INFO] [stdout] test tests::test_part_two_e ... ok
[INFO] [stdout] 
[INFO] [stdout] test result: ok. 6 passed; 0 failed; 0 ignored; 0 measured; 0 filtered out; finished in 0.01s
[INFO] [stdout] 
[INFO] [stderr]      Running unittests src/bin/13.rs (/opt/rustwide/target/debug/deps/13-b0f9585f839ce31e)
[INFO] [stdout] 
[INFO] [stdout] running 2 tests
[INFO] [stdout] test tests::test_part_one_as_given ... ok
[INFO] [stdout] test tests::test_part_two_as_given ... FAILED
[INFO] [stdout] 
[INFO] [stdout] failures:
[INFO] [stdout] 
[INFO] [stdout] ---- tests::test_part_two_as_given stdout ----
[INFO] [stdout] 
[INFO] [stdout] thread 'tests::test_part_two_as_given' panicked at src/bin/13.rs:105:9:
[INFO] [stdout] assertion `left == right` failed
[INFO] [stdout]   left: 875318608908
[INFO] [stdout]  right: 1
[INFO] [stdout] stack backtrace:
[INFO] [stdout]    0:     0x5bf062b0597a - std::backtrace_rs::backtrace::libunwind::trace::hb059275cfc8d6126
[INFO] [stdout]                                at /rustc/6067b36314ab5eb2eb47cecc464545ba58e1ad24/library/std/src/../../backtrace/src/backtrace/libunwind.rs:116:5
[INFO] [stdout]    1:     0x5bf062b0597a - std::backtrace_rs::backtrace::trace_unsynchronized::h2da071e4327ce3ee
[INFO] [stdout]                                at /rustc/6067b36314ab5eb2eb47cecc464545ba58e1ad24/library/std/src/../../backtrace/src/backtrace/mod.rs:66:5
[INFO] [stdout]    2:     0x5bf062b0597a - std::sys::backtrace::_print_fmt::h842a1474e6f8d23f
[INFO] [stdout]                                at /rustc/6067b36314ab5eb2eb47cecc464545ba58e1ad24/library/std/src/sys/backtrace.rs:66:9
[INFO] [stdout]    3:     0x5bf062b0597a - <std::sys::backtrace::BacktraceLock::print::DisplayBacktrace as core::fmt::Display>::fmt::h71a62eb3b9696b12
[INFO] [stdout]                                at /rustc/6067b36314ab5eb2eb47cecc464545ba58e1ad24/library/std/src/sys/backtrace.rs:39:26
[INFO] [stdout]    4:     0x5bf062b2dc13 - core::fmt::rt::Argument::fmt::hdb6b616786b41dc1
[INFO] [stdout]                                at /rustc/6067b36314ab5eb2eb47cecc464545ba58e1ad24/library/core/src/fmt/rt.rs:177:76
[INFO] [stdout]    5:     0x5bf062b2dc13 - core::fmt::write::h2cc1698af7e2d686
[INFO] [stdout]                                at /rustc/6067b36314ab5eb2eb47cecc464545ba58e1ad24/library/core/src/fmt/mod.rs:1440:21
[INFO] [stdout]    6:     0x5bf062b024d3 - std::io::Write::write_fmt::hab1b4cd059a79022
[INFO] [stdout]                                at /rustc/6067b36314ab5eb2eb47cecc464545ba58e1ad24/library/std/src/io/mod.rs:1887:15
[INFO] [stdout]    7:     0x5bf062b057c2 - std::sys::backtrace::BacktraceLock::print::h147fe35b4ea13b08
[INFO] [stdout]                                at /rustc/6067b36314ab5eb2eb47cecc464545ba58e1ad24/library/std/src/sys/backtrace.rs:42:9
[INFO] [stdout]    8:     0x5bf062b06d9f - std::panicking::default_hook::{{closure}}::hbd44223dbdc0d208
[INFO] [stdout]                                at /rustc/6067b36314ab5eb2eb47cecc464545ba58e1ad24/library/std/src/panicking.rs:298:22
[INFO] [stdout]    9:     0x5bf062b06bb8 - std::panicking::default_hook::h20f81eb0576efcec
[INFO] [stdout]                                at /rustc/6067b36314ab5eb2eb47cecc464545ba58e1ad24/library/std/src/panicking.rs:322:9
[INFO] [stdout]   10:     0x5bf062853fd3 - <alloc::boxed::Box<F,A> as core::ops::function::Fn<Args>>::call::hdb53814c496a4d34
[INFO] [stdout]                                at /rustc/6067b36314ab5eb2eb47cecc464545ba58e1ad24/library/alloc/src/boxed.rs:2027:9
[INFO] [stdout]   11:     0x5bf062853fd3 - test::test_main::{{closure}}::hc0a4963c59427c24
[INFO] [stdout]                                at /rustc/6067b36314ab5eb2eb47cecc464545ba58e1ad24/library/test/src/lib.rs:134:21
[INFO] [stdout]   12:     0x5bf062b07893 - <alloc::boxed::Box<F,A> as core::ops::function::Fn<Args>>::call::h591b2225413a77e9
[INFO] [stdout]                                at /rustc/6067b36314ab5eb2eb47cecc464545ba58e1ad24/library/alloc/src/boxed.rs:2027:9
[INFO] [stdout]   13:     0x5bf062b07893 - std::panicking::rust_panic_with_hook::h625eea43051b2edc
[INFO] [stdout]                                at /rustc/6067b36314ab5eb2eb47cecc464545ba58e1ad24/library/std/src/panicking.rs:839:13
[INFO] [stdout]   14:     0x5bf062b0754a - std::panicking::begin_panic_handler::{{closure}}::h4f9159cfbc3f6bd3
[INFO] [stdout]                                at /rustc/6067b36314ab5eb2eb47cecc464545ba58e1ad24/library/std/src/panicking.rs:704:13
[INFO] [stdout]   15:     0x5bf062b05e79 - std::sys::backtrace::__rust_end_short_backtrace::h0390abce48353151
[INFO] [stdout]                                at /rustc/6067b36314ab5eb2eb47cecc464545ba58e1ad24/library/std/src/sys/backtrace.rs:168:18
[INFO] [stdout]   16:     0x5bf062b071dd - rust_begin_unwind
[INFO] [stdout]                                at /rustc/6067b36314ab5eb2eb47cecc464545ba58e1ad24/library/std/src/panicking.rs:695:5
[INFO] [stdout]   17:     0x5bf062b2c2a0 - core::panicking::panic_fmt::h9e7c637e9e5f29c9
[INFO] [stdout]                                at /rustc/6067b36314ab5eb2eb47cecc464545ba58e1ad24/library/core/src/panicking.rs:75:14
[INFO] [stdout]   18:     0x5bf062b2c692 - core::panicking::assert_failed_inner::h538bec7c1374cd9c
[INFO] [stdout]   19:     0x5bf062b2c519 - core::panicking::assert_failed::h12254b0b7241b2be
[INFO] [stdout]                                at /rustc/6067b36314ab5eb2eb47cecc464545ba58e1ad24/library/core/src/panicking.rs:364:5
[INFO] [stdout]   20:     0x5bf062819eb4 - _13::tests::test_part_two_as_given::h3760da6a6abe0f31
[INFO] [stdout]                                at /opt/rustwide/workdir/src/bin/13.rs:105:9
[INFO] [stdout]   21:     0x5bf062819dd7 - _13::tests::test_part_two_as_given::{{closure}}::h1194225d12139da6
[INFO] [stdout]                                at /opt/rustwide/workdir/src/bin/13.rs:103:32
[INFO] [stdout]   22:     0x5bf06280f7c6 - core::ops::function::FnOnce::call_once::h0f87593b601e39e9
[INFO] [stdout]                                at /rustc/6067b36314ab5eb2eb47cecc464545ba58e1ad24/library/core/src/ops/function.rs:250:5
[INFO] [stdout]   23:     0x5bf06285972b - core::ops::function::FnOnce::call_once::he27718dfdd183f43
[INFO] [stdout]                                at /rustc/6067b36314ab5eb2eb47cecc464545ba58e1ad24/library/core/src/ops/function.rs:250:5
[INFO] [stdout]   24:     0x5bf06285972b - test::__rust_begin_short_backtrace::h4e84902998457a5d
[INFO] [stdout]                                at /rustc/6067b36314ab5eb2eb47cecc464545ba58e1ad24/library/test/src/lib.rs:632:18
[INFO] [stdout]   25:     0x5bf062858663 - test::run_test_in_process::{{closure}}::h7176fd18fc1feca0
[INFO] [stdout]                                at /rustc/6067b36314ab5eb2eb47cecc464545ba58e1ad24/library/test/src/lib.rs:655:60
[INFO] [stdout]   26:     0x5bf062858663 - <core::panic::unwind_safe::AssertUnwindSafe<F> as core::ops::function::FnOnce<()>>::call_once::hf79cff2a624d8cf7
[INFO] [stdout]                                at /rustc/6067b36314ab5eb2eb47cecc464545ba58e1ad24/library/core/src/panic/unwind_safe.rs:272:9
[INFO] [stdout]   27:     0x5bf062858663 - std::panicking::try::do_call::h3da0561d9ab99c25
[INFO] [stdout]                                at /rustc/6067b36314ab5eb2eb47cecc464545ba58e1ad24/library/std/src/panicking.rs:587:40
[INFO] [stdout]   28:     0x5bf062858663 - std::panicking::try::h41c9fa508bc61df6
[INFO] [stdout]                                at /rustc/6067b36314ab5eb2eb47cecc464545ba58e1ad24/library/std/src/panicking.rs:550:19
[INFO] [stdout]   29:     0x5bf062858663 - std::panic::catch_unwind::h6b3ff07bb5afad93
[INFO] [stdout]                                at /rustc/6067b36314ab5eb2eb47cecc464545ba58e1ad24/library/std/src/panic.rs:358:14
[INFO] [stdout]   30:     0x5bf062858663 - test::run_test_in_process::hc7253dd11b39b9f4
[INFO] [stdout]                                at /rustc/6067b36314ab5eb2eb47cecc464545ba58e1ad24/library/test/src/lib.rs:655:27
[INFO] [stdout]   31:     0x5bf062858663 - test::run_test::{{closure}}::hfb2007f8649c30bb
[INFO] [stdout]                                at /rustc/6067b36314ab5eb2eb47cecc464545ba58e1ad24/library/test/src/lib.rs:576:43
[INFO] [stdout]   32:     0x5bf06281b745 - test::run_test::{{closure}}::h56a17aa7a282a9f4
[INFO] [stdout]                                at /rustc/6067b36314ab5eb2eb47cecc464545ba58e1ad24/library/test/src/lib.rs:606:41
[INFO] [stdout]   33:     0x5bf06281b745 - std::sys::backtrace::__rust_begin_short_backtrace::hd2d2d2fb8e8c6aac
[INFO] [stdout]                                at /rustc/6067b36314ab5eb2eb47cecc464545ba58e1ad24/library/std/src/sys/backtrace.rs:152:18
[INFO] [stdout]   34:     0x5bf06281f02a - std::thread::Builder::spawn_unchecked_::{{closure}}::{{closure}}::h4faa3f9db6133423
[INFO] [stdout]                                at /rustc/6067b36314ab5eb2eb47cecc464545ba58e1ad24/library/std/src/thread/mod.rs:559:17
[INFO] [stdout]   35:     0x5bf06281f02a - <core::panic::unwind_safe::AssertUnwindSafe<F> as core::ops::function::FnOnce<()>>::call_once::hf2e855a36a4ea846
[INFO] [stdout]                                at /rustc/6067b36314ab5eb2eb47cecc464545ba58e1ad24/library/core/src/panic/unwind_safe.rs:272:9
[INFO] [stdout]   36:     0x5bf06281f02a - std::panicking::try::do_call::h2f73af3616c35465
[INFO] [stdout]                                at /rustc/6067b36314ab5eb2eb47cecc464545ba58e1ad24/library/std/src/panicking.rs:587:40
[INFO] [stdout]   37:     0x5bf06281f02a - std::panicking::try::hd1660ce9efadef5a
[INFO] [stdout]                                at /rustc/6067b36314ab5eb2eb47cecc464545ba58e1ad24/library/std/src/panicking.rs:550:19
[INFO] [stdout]   38:     0x5bf06281f02a - std::panic::catch_unwind::h5ee8d7823b8ca744
[INFO] [stdout]                                at /rustc/6067b36314ab5eb2eb47cecc464545ba58e1ad24/library/std/src/panic.rs:358:14
[INFO] [stdout]   39:     0x5bf06281f02a - std::thread::Builder::spawn_unchecked_::{{closure}}::h53c3a1894dce8407
[INFO] [stdout]                                at /rustc/6067b36314ab5eb2eb47cecc464545ba58e1ad24/library/std/src/thread/mod.rs:557:30
[INFO] [stdout]   40:     0x5bf06281f02a - core::ops::function::FnOnce::call_once{{vtable.shim}}::h048ce291ad4f62bf
[INFO] [stdout]                                at /rustc/6067b36314ab5eb2eb47cecc464545ba58e1ad24/library/core/src/ops/function.rs:250:5
[INFO] [stdout]   41:     0x5bf062b0b7cb - <alloc::boxed::Box<F,A> as core::ops::function::FnOnce<Args>>::call_once::ha52bedf99a3b4981
[INFO] [stdout]                                at /rustc/6067b36314ab5eb2eb47cecc464545ba58e1ad24/library/alloc/src/boxed.rs:2013:9
[INFO] [stdout]   42:     0x5bf062b0b7cb - <alloc::boxed::Box<F,A> as core::ops::function::FnOnce<Args>>::call_once::h567748934d80ccf8
[INFO] [stdout]                                at /rustc/6067b36314ab5eb2eb47cecc464545ba58e1ad24/library/alloc/src/boxed.rs:2013:9
[INFO] [stdout]   43:     0x5bf062b0b7cb - std::sys::pal::unix::thread::Thread::new::thread_start::h2d970728ae887adc
[INFO] [stdout]                                at /rustc/6067b36314ab5eb2eb47cecc464545ba58e1ad24/library/std/src/sys/pal/unix/thread.rs:106:17
[INFO] [stdout]   44:     0x74beed3c0ac3 - <unknown>
[INFO] [stdout]   45:     0x74beed451a04 - clone
[INFO] [stdout]   46:                0x0 - <unknown>
[INFO] [stdout] 
[INFO] [stdout] 
[INFO] [stdout] failures:
[INFO] [stdout]     tests::test_part_two_as_given
[INFO] [stdout] 
[INFO] [stdout] test result: FAILED. 1 passed; 1 failed; 0 ignored; 0 measured; 0 filtered out; finished in 0.05s
[INFO] [stdout] 
[INFO] [stderr] error: test failed, to rerun pass `--bin 13`
[INFO] running `Command { std: "docker" "inspect" "d1c9cfad26a58df9510519d2f1f4592226cead7d1b0047b07c471266b55ce858", kill_on_drop: false }`
[INFO] running `Command { std: "docker" "rm" "-f" "d1c9cfad26a58df9510519d2f1f4592226cead7d1b0047b07c471266b55ce858", kill_on_drop: false }`
[INFO] [stdout] d1c9cfad26a58df9510519d2f1f4592226cead7d1b0047b07c471266b55ce858
