[INFO] cloning repository https://github.com/lgi-onehealth/phcue-ck
[INFO] running `Command { std: "git" "-c" "credential.helper=" "-c" "credential.helper=/workspace/cargo-home/bin/git-credential-null" "clone" "--bare" "https://github.com/lgi-onehealth/phcue-ck" "/workspace/cache/git-repos/https%3A%2F%2Fgithub.com%2Flgi-onehealth%2Fphcue-ck", kill_on_drop: false }`
[INFO] [stderr] Cloning into bare repository '/workspace/cache/git-repos/https%3A%2F%2Fgithub.com%2Flgi-onehealth%2Fphcue-ck'...
[INFO] running `Command { std: "git" "rev-parse" "HEAD", kill_on_drop: false }`
[INFO] [stdout] 241b2c798684566bd0f7f61eb195851a29bdeff9
[INFO] testing lgi-onehealth/phcue-ck against nightly-2025-01-18 for randomize-layout-2
[INFO] running `Command { std: "git" "clone" "/workspace/cache/git-repos/https%3A%2F%2Fgithub.com%2Flgi-onehealth%2Fphcue-ck" "/workspace/builds/worker-0-tc1/source", kill_on_drop: false }`
[INFO] [stderr] Cloning into '/workspace/builds/worker-0-tc1/source'...
[INFO] [stderr] done.
[INFO] validating manifest of git repo https://github.com/lgi-onehealth/phcue-ck on toolchain nightly-2025-01-18
[INFO] running `Command { std: CARGO_HOME="/workspace/cargo-home" RUSTUP_HOME="/workspace/rustup-home" "/workspace/cargo-home/bin/cargo" "+nightly-2025-01-18" "metadata" "--manifest-path" "Cargo.toml" "--no-deps", kill_on_drop: false }`
[INFO] started tweaking git repo https://github.com/lgi-onehealth/phcue-ck
[INFO] finished tweaking git repo https://github.com/lgi-onehealth/phcue-ck
[INFO] tweaked toml for git repo https://github.com/lgi-onehealth/phcue-ck written to /workspace/builds/worker-0-tc1/source/Cargo.toml
[INFO] crate git repo https://github.com/lgi-onehealth/phcue-ck already has a lockfile, it will not be regenerated
[INFO] running `Command { std: CARGO_HOME="/workspace/cargo-home" RUSTUP_HOME="/workspace/rustup-home" "/workspace/cargo-home/bin/cargo" "+nightly-2025-01-18" "fetch" "--manifest-path" "Cargo.toml", kill_on_drop: false }`
[INFO] [stderr]     Updating crates.io index
[INFO] [stderr]  Downloading crates ...
[INFO] [stderr]   Downloaded trycmd v0.13.5
[INFO] [stderr]   Downloaded serde_derive v1.0.142
[INFO] [stderr]   Downloaded snapbox-macros v0.3.0
[INFO] [stderr]   Downloaded humantime-serde v1.1.1
[INFO] [stderr]   Downloaded content_inspector v0.2.4
[INFO] [stderr]   Downloaded os_pipe v1.0.1
[INFO] [stderr]   Downloaded concolor-query v0.0.5
[INFO] [stderr]   Downloaded clap_derive v3.2.15
[INFO] [stderr]   Downloaded os_str_bytes v6.2.0
[INFO] [stderr]   Downloaded similar v2.2.0
[INFO] [stderr]   Downloaded combine v4.6.4
[INFO] [stderr]   Downloaded toml_edit v0.14.4
[INFO] [stderr]   Downloaded crossbeam-epoch v0.9.10
[INFO] [stderr]   Downloaded serde v1.0.142
[INFO] [stderr]   Downloaded snapbox v0.3.1
[INFO] [stderr]   Downloaded concolor v0.0.8
[INFO] [stderr]   Downloaded clap v3.2.16
[INFO] [stderr]   Downloaded tokio v1.20.1
[INFO] [stderr]   Downloaded libc v0.2.127
[INFO] running `Command { std: "docker" "create" "-v" "/var/lib/crater-agent-workspace/builds/worker-0-tc1/target:/opt/rustwide/target:rw,Z" "-v" "/var/lib/crater-agent-workspace/builds/worker-0-tc1/source:/opt/rustwide/workdir:ro,Z" "-v" "/var/lib/crater-agent-workspace/cargo-home:/opt/rustwide/cargo-home:ro,Z" "-v" "/var/lib/crater-agent-workspace/rustup-home:/opt/rustwide/rustup-home:ro,Z" "-e" "SOURCE_DIR=/opt/rustwide/workdir" "-e" "CARGO_TARGET_DIR=/opt/rustwide/target" "-e" "CARGO_HOME=/opt/rustwide/cargo-home" "-e" "RUSTUP_HOME=/opt/rustwide/rustup-home" "-w" "/opt/rustwide/workdir" "-m" "1610612736" "--user" "0:0" "--network" "none" "ghcr.io/rust-lang/crates-build-env/linux@sha256:819108c5571ea2e421544af4d832f968d213c87fbe3707a016657f43d2f853bc" "/opt/rustwide/cargo-home/bin/cargo" "+nightly-2025-01-18" "metadata" "--no-deps" "--format-version=1", kill_on_drop: false }`
[INFO] [stdout] 4cb34efb35cfec2cfe3a2bc51789a712544d9a0e876330a352fe676cf6654b4c
[INFO] running `Command { std: "docker" "start" "-a" "4cb34efb35cfec2cfe3a2bc51789a712544d9a0e876330a352fe676cf6654b4c", kill_on_drop: false }`
[INFO] running `Command { std: "docker" "inspect" "4cb34efb35cfec2cfe3a2bc51789a712544d9a0e876330a352fe676cf6654b4c", kill_on_drop: false }`
[INFO] running `Command { std: "docker" "rm" "-f" "4cb34efb35cfec2cfe3a2bc51789a712544d9a0e876330a352fe676cf6654b4c", kill_on_drop: false }`
[INFO] [stdout] 4cb34efb35cfec2cfe3a2bc51789a712544d9a0e876330a352fe676cf6654b4c
[INFO] running `Command { std: "docker" "create" "-v" "/var/lib/crater-agent-workspace/builds/worker-0-tc1/target:/opt/rustwide/target:rw,Z" "-v" "/var/lib/crater-agent-workspace/builds/worker-0-tc1/source:/opt/rustwide/workdir:ro,Z" "-v" "/var/lib/crater-agent-workspace/cargo-home:/opt/rustwide/cargo-home:ro,Z" "-v" "/var/lib/crater-agent-workspace/rustup-home:/opt/rustwide/rustup-home:ro,Z" "-e" "SOURCE_DIR=/opt/rustwide/workdir" "-e" "CARGO_TARGET_DIR=/opt/rustwide/target" "-e" "CARGO_INCREMENTAL=0" "-e" "RUST_BACKTRACE=full" "-e" "RUSTFLAGS=--cap-lints=forbid" "-e" "RUSTDOCFLAGS=--cap-lints=forbid" "-e" "CARGO_HOME=/opt/rustwide/cargo-home" "-e" "RUSTUP_HOME=/opt/rustwide/rustup-home" "-w" "/opt/rustwide/workdir" "-m" "1610612736" "--user" "0:0" "--network" "none" "ghcr.io/rust-lang/crates-build-env/linux@sha256:819108c5571ea2e421544af4d832f968d213c87fbe3707a016657f43d2f853bc" "/opt/rustwide/cargo-home/bin/cargo" "+nightly-2025-01-18" "build" "--frozen" "--message-format=json", kill_on_drop: false }`
[INFO] [stdout] 0acb4efde22fe8530b841140b2eb43ea4aa4fcaa281da469ec17407f9f916cd1
[INFO] running `Command { std: "docker" "start" "-a" "0acb4efde22fe8530b841140b2eb43ea4aa4fcaa281da469ec17407f9f916cd1", kill_on_drop: false }`
[INFO] [stderr]    Compiling proc-macro2 v1.0.43
[INFO] [stderr]    Compiling quote v1.0.21
[INFO] [stderr]    Compiling unicode-ident v1.0.3
[INFO] [stderr]    Compiling syn v1.0.99
[INFO] [stderr]    Compiling libc v0.2.127
[INFO] [stderr]    Compiling once_cell v1.13.0
[INFO] [stderr]    Compiling futures-core v0.3.21
[INFO] [stderr]    Compiling lock_api v0.4.7
[INFO] [stderr]    Compiling parking_lot_core v0.9.3
[INFO] [stderr]    Compiling pkg-config v0.3.25
[INFO] [stderr]    Compiling log v0.4.17
[INFO] [stderr]    Compiling openssl-src v111.22.0+1.1.1q
[INFO] [stderr]    Compiling smallvec v1.9.0
[INFO] [stderr]    Compiling futures-channel v0.3.21
[INFO] [stderr]    Compiling bytes v1.2.1
[INFO] [stderr]    Compiling futures-task v0.3.21
[INFO] [stderr]    Compiling futures-sink v0.3.21
[INFO] [stderr]    Compiling slab v0.4.7
[INFO] [stderr]    Compiling tokio v1.20.1
[INFO] [stderr]    Compiling itoa v1.0.3
[INFO] [stderr]    Compiling futures-util v0.3.21
[INFO] [stderr]    Compiling serde_derive v1.0.142
[INFO] [stderr]    Compiling indexmap v1.9.1
[INFO] [stderr]    Compiling futures-io v0.3.21
[INFO] [stderr]    Compiling serde v1.0.142
[INFO] [stderr]    Compiling tracing-core v0.1.29
[INFO] [stderr]    Compiling hashbrown v0.12.3
[INFO] [stderr]    Compiling openssl v0.10.41
[INFO] [stderr]    Compiling native-tls v0.2.10
[INFO] [stderr]    Compiling httparse v1.7.1
[INFO] [stderr]    Compiling tinyvec v1.6.0
[INFO] [stderr]    Compiling try-lock v0.2.3
[INFO] [stderr]    Compiling http v0.2.8
[INFO] [stderr]    Compiling ryu v1.0.11
[INFO] [stderr]    Compiling want v0.3.0
[INFO] [stderr]    Compiling tower-service v0.3.2
[INFO] [stderr]    Compiling serde_json v1.0.83
[INFO] [stderr]    Compiling unicode-bidi v0.3.8
[INFO] [stderr]    Compiling encoding_rs v0.8.31
[INFO] [stderr]    Compiling httpdate v1.0.2
[INFO] [stderr]    Compiling regex-automata v0.1.10
[INFO] [stderr]    Compiling os_str_bytes v6.2.0
[INFO] [stderr]    Compiling csv-core v0.1.10
[INFO] [stderr]    Compiling openssl-sys v0.9.75
[INFO] [stderr]    Compiling tracing v0.1.36
[INFO] [stderr]    Compiling clap_lex v0.2.4
[INFO] [stderr]    Compiling num_cpus v1.13.1
[INFO] [stderr]    Compiling socket2 v0.4.4
[INFO] [stderr]    Compiling signal-hook-registry v1.4.0
[INFO] [stderr]    Compiling mio v0.8.4
[INFO] [stderr]    Compiling http-body v0.4.5
[INFO] [stderr]    Compiling atty v0.2.14
[INFO] [stderr]    Compiling proc-macro-error-attr v1.0.4
[INFO] [stderr]    Compiling aho-corasick v0.7.18
[INFO] [stderr]    Compiling ipnet v2.5.0
[INFO] [stderr]    Compiling parking_lot v0.12.1
[INFO] [stderr]    Compiling mime v0.3.16
[INFO] [stderr]    Compiling unicode-normalization v0.1.21
[INFO] [stderr]    Compiling regex-syntax v0.6.27
[INFO] [stderr]    Compiling idna v0.2.3
[INFO] [stderr]    Compiling url v2.2.2
[INFO] [stderr]    Compiling regex v1.6.0
[INFO] [stderr]    Compiling proc-macro-error v1.0.4
[INFO] [stderr]    Compiling tokio-macros v1.8.0
[INFO] [stderr]    Compiling futures-macro v0.3.21
[INFO] [stderr]    Compiling openssl-macros v0.1.0
[INFO] [stderr]    Compiling clap_derive v3.2.15
[INFO] [stderr]    Compiling clap v3.2.16
[INFO] [stderr]    Compiling futures-executor v0.3.21
[INFO] [stderr]    Compiling futures v0.3.21
[INFO] [stderr]    Compiling tokio-util v0.7.3
[INFO] [stderr]    Compiling h2 v0.3.13
[INFO] [stderr]    Compiling bstr v0.2.17
[INFO] [stderr]    Compiling serde_urlencoded v0.7.1
[INFO] [stderr]    Compiling csv v1.1.6
[INFO] [stderr]    Compiling hyper v0.14.20
[INFO] [stderr]    Compiling tokio-native-tls v0.3.0
[INFO] [stderr]    Compiling hyper-tls v0.5.0
[INFO] [stderr]    Compiling reqwest v0.11.11
[INFO] [stderr]    Compiling phcue-ck v0.2.0 (/opt/rustwide/workdir)
[INFO] [stderr]     Finished `dev` profile [unoptimized + debuginfo] target(s) in 58.84s
[INFO] running `Command { std: "docker" "inspect" "0acb4efde22fe8530b841140b2eb43ea4aa4fcaa281da469ec17407f9f916cd1", kill_on_drop: false }`
[INFO] running `Command { std: "docker" "rm" "-f" "0acb4efde22fe8530b841140b2eb43ea4aa4fcaa281da469ec17407f9f916cd1", kill_on_drop: false }`
[INFO] [stdout] 0acb4efde22fe8530b841140b2eb43ea4aa4fcaa281da469ec17407f9f916cd1
[INFO] running `Command { std: "docker" "create" "-v" "/var/lib/crater-agent-workspace/builds/worker-0-tc1/target:/opt/rustwide/target:rw,Z" "-v" "/var/lib/crater-agent-workspace/builds/worker-0-tc1/source:/opt/rustwide/workdir:ro,Z" "-v" "/var/lib/crater-agent-workspace/cargo-home:/opt/rustwide/cargo-home:ro,Z" "-v" "/var/lib/crater-agent-workspace/rustup-home:/opt/rustwide/rustup-home:ro,Z" "-e" "SOURCE_DIR=/opt/rustwide/workdir" "-e" "CARGO_TARGET_DIR=/opt/rustwide/target" "-e" "CARGO_INCREMENTAL=0" "-e" "RUST_BACKTRACE=full" "-e" "RUSTFLAGS=--cap-lints=forbid" "-e" "RUSTDOCFLAGS=--cap-lints=forbid" "-e" "CARGO_HOME=/opt/rustwide/cargo-home" "-e" "RUSTUP_HOME=/opt/rustwide/rustup-home" "-w" "/opt/rustwide/workdir" "-m" "1610612736" "--user" "0:0" "--network" "none" "ghcr.io/rust-lang/crates-build-env/linux@sha256:819108c5571ea2e421544af4d832f968d213c87fbe3707a016657f43d2f853bc" "/opt/rustwide/cargo-home/bin/cargo" "+nightly-2025-01-18" "test" "--frozen" "--no-run" "--message-format=json", kill_on_drop: false }`
[INFO] [stdout] 924dd1206563e250f5626639014e590c9bce505a4918c1ced60d73bc0fb2be3c
[INFO] running `Command { std: "docker" "start" "-a" "924dd1206563e250f5626639014e590c9bce505a4918c1ced60d73bc0fb2be3c", kill_on_drop: false }`
[INFO] [stderr]    Compiling memchr v2.5.0
[INFO] [stderr]    Compiling crossbeam-utils v0.8.11
[INFO] [stderr]    Compiling crossbeam-epoch v0.9.10
[INFO] [stderr]    Compiling rayon-core v1.9.3
[INFO] [stderr]    Compiling either v1.7.0
[INFO] [stderr]    Compiling rayon v1.5.3
[INFO] [stderr]    Compiling concolor-query v0.0.5
[INFO] [stderr]    Compiling fastrand v1.8.0
[INFO] [stderr]    Compiling remove_dir_all v0.5.3
[INFO] [stderr]    Compiling os_pipe v1.0.1
[INFO] [stderr]    Compiling wait-timeout v0.2.0
[INFO] [stderr]    Compiling filetime v0.2.17
[INFO] [stderr]    Compiling yansi v0.5.1
[INFO] [stderr]    Compiling normalize-line-endings v0.3.0
[INFO] [stderr]    Compiling humantime v2.1.0
[INFO] [stderr]    Compiling snapbox-macros v0.3.0
[INFO] [stderr]    Compiling concolor v0.0.8
[INFO] [stderr]    Compiling dunce v1.0.2
[INFO] [stderr]    Compiling similar v2.2.0
[INFO] [stderr]    Compiling glob v0.3.0
[INFO] [stderr]    Compiling itertools v0.10.3
[INFO] [stderr]    Compiling shlex v1.1.0
[INFO] [stderr]    Compiling tempfile v3.3.0
[INFO] [stderr]    Compiling humantime-serde v1.1.1
[INFO] [stderr]    Compiling crossbeam-channel v0.5.6
[INFO] [stderr]    Compiling crossbeam-deque v0.8.2
[INFO] [stderr]    Compiling futures-util v0.3.21
[INFO] [stderr]    Compiling tokio v1.20.1
[INFO] [stderr]    Compiling bstr v0.2.17
[INFO] [stderr]    Compiling aho-corasick v0.7.18
[INFO] [stderr]    Compiling csv-core v0.1.10
[INFO] [stderr]    Compiling combine v4.6.4
[INFO] [stderr]    Compiling content_inspector v0.2.4
[INFO] [stderr]    Compiling snapbox v0.3.1
[INFO] [stderr]    Compiling csv v1.1.6
[INFO] [stderr]    Compiling regex v1.6.0
[INFO] [stderr]    Compiling futures-executor v0.3.21
[INFO] [stderr]    Compiling futures v0.3.21
[INFO] [stderr]    Compiling tokio-util v0.7.3
[INFO] [stderr]    Compiling tokio-native-tls v0.3.0
[INFO] [stderr]    Compiling h2 v0.3.13
[INFO] [stderr]    Compiling toml_edit v0.14.4
[INFO] [stderr]    Compiling hyper v0.14.20
[INFO] [stderr]    Compiling hyper-tls v0.5.0
[INFO] [stderr]    Compiling reqwest v0.11.11
[INFO] [stderr]    Compiling phcue-ck v0.2.0 (/opt/rustwide/workdir)
[INFO] [stderr]    Compiling trycmd v0.13.5
[INFO] [stderr]     Finished `test` profile [unoptimized + debuginfo] target(s) in 39.49s
[INFO] running `Command { std: "docker" "inspect" "924dd1206563e250f5626639014e590c9bce505a4918c1ced60d73bc0fb2be3c", kill_on_drop: false }`
[INFO] running `Command { std: "docker" "rm" "-f" "924dd1206563e250f5626639014e590c9bce505a4918c1ced60d73bc0fb2be3c", kill_on_drop: false }`
[INFO] [stdout] 924dd1206563e250f5626639014e590c9bce505a4918c1ced60d73bc0fb2be3c
[INFO] running `Command { std: "docker" "create" "-v" "/var/lib/crater-agent-workspace/builds/worker-0-tc1/target:/opt/rustwide/target:rw,Z" "-v" "/var/lib/crater-agent-workspace/builds/worker-0-tc1/source:/opt/rustwide/workdir:ro,Z" "-v" "/var/lib/crater-agent-workspace/cargo-home:/opt/rustwide/cargo-home:ro,Z" "-v" "/var/lib/crater-agent-workspace/rustup-home:/opt/rustwide/rustup-home:ro,Z" "-e" "SOURCE_DIR=/opt/rustwide/workdir" "-e" "CARGO_TARGET_DIR=/opt/rustwide/target" "-e" "CARGO_INCREMENTAL=0" "-e" "RUST_BACKTRACE=full" "-e" "RUSTFLAGS=--cap-lints=forbid" "-e" "RUSTDOCFLAGS=--cap-lints=forbid" "-e" "CARGO_HOME=/opt/rustwide/cargo-home" "-e" "RUSTUP_HOME=/opt/rustwide/rustup-home" "-w" "/opt/rustwide/workdir" "-m" "1610612736" "--user" "0:0" "--network" "none" "ghcr.io/rust-lang/crates-build-env/linux@sha256:819108c5571ea2e421544af4d832f968d213c87fbe3707a016657f43d2f853bc" "/opt/rustwide/cargo-home/bin/cargo" "+nightly-2025-01-18" "test" "--frozen", kill_on_drop: false }`
[INFO] [stdout] d32268ce97b8bc43baae2ca9588cf71f777a9fbbd9a31039a45ef38ff15e5827
[INFO] running `Command { std: "docker" "start" "-a" "d32268ce97b8bc43baae2ca9588cf71f777a9fbbd9a31039a45ef38ff15e5827", kill_on_drop: false }`
[INFO] [stderr]     Finished `test` profile [unoptimized + debuginfo] target(s) in 0.87s
[INFO] [stderr]      Running unittests src/lib.rs (/opt/rustwide/target/debug/deps/phcue_ck-ce7e43523e725d02)
[INFO] [stdout] 
[INFO] [stdout] running 11 tests
[INFO] [stdout] test tests::test_check_num_requests_invalid_greater_than_10 ... ok
[INFO] [stdout] test tests::test_check_num_requests_valid ... ok
[INFO] [stdout] test tests::test_check_num_requests_invalid_less_than_1 ... ok
[INFO] [stdout] test tests::test_print_csv ... ok
[INFO] [stdout] test tests::test_print_csv_wide ... ok
[INFO] [stdout] test tests::test_print_csv_long ... ok
[INFO] [stdout] test tests::test_removal_single_reads ... ok
[INFO] [stdout] test tests::test_validate_drr_accession ... ok
[INFO] [stdout] test tests::test_validate_invalid_accession ... ok
[INFO] [stdout] test tests::test_validate_err_accession ... ok
[INFO] [stdout] test tests::test_validate_srr_accession ... ok
[INFO] [stdout] 
[INFO] [stdout] test result: ok. 11 passed; 0 failed; 0 ignored; 0 measured; 0 filtered out; finished in 0.01s
[INFO] [stdout] 
[INFO] [stderr]      Running unittests src/main.rs (/opt/rustwide/target/debug/deps/phcue_ck-2f0e48a46792a753)
[INFO] [stdout] 
[INFO] [stdout] running 0 tests
[INFO] [stderr]      Running tests/cli_tests.rs (/opt/rustwide/target/debug/deps/cli_tests-212d595dceb81645)
[INFO] [stdout] 
[INFO] [stdout] test result: ok. 0 passed; 0 failed; 0 ignored; 0 measured; 0 filtered out; finished in 0.00s
[INFO] [stdout] 
[INFO] [stdout] 
[INFO] [stdout] running 1 test
[INFO] [stderr] Testing tests/cmd/keep_single_end_accession.trycmd:2 ... failed
[INFO] [stderr] Exit: success
[INFO] [stderr] 
[INFO] [stderr] ---- expected: stdout
[INFO] [stderr] ++++ actual:   stdout
[INFO] [stderr]    1    1 | Querying ENA for accession: ERR5556343
[INFO] [stderr]    2      - [
[INFO] [stderr]    3      -   {
[INFO] [stderr]    4      -     "accession": "ERR5556343",
[INFO] [stderr]    5      -     "reads": [
[INFO] [stderr]    6      -       {
[INFO] [stderr]    7      -         "url": "ftp://ftp.sra.ebi.ac.uk/vol1/fastq/ERR555/003/ERR5556343/ERR5556343.fastq.gz",
[INFO] [stderr]    8      -         "md5": "2b1b1d16d7b5a3d9c27f057c5064dd04",
[INFO] [stderr]    9      -         "bytes": 41148
[INFO] [stderr]   10      -       },
[INFO] [stderr]   11      -       {
[INFO] [stderr]   12      -         "url": "ftp://ftp.sra.ebi.ac.uk/vol1/fastq/ERR555/003/ERR5556343/ERR5556343_1.fastq.gz",
[INFO] [stderr]   13      -         "md5": "2dd162ca91d340667b611d7f014eaaa5",
[INFO] [stderr]   14      -         "bytes": 7479353
[INFO] [stderr]   15      -       },
[INFO] [stderr]   16      -       {
[INFO] [stderr]   17      -         "url": "ftp://ftp.sra.ebi.ac.uk/vol1/fastq/ERR555/003/ERR5556343/ERR5556343_2.fastq.gz",
[INFO] [stderr]   18      -         "md5": "8041deb0614dc669a3f28c20b330a599",
[INFO] [stderr]   19      -         "bytes": 8349710
[INFO] [stderr]   20      -       }
[INFO] [stderr]   21      -     ]
[INFO] [stderr]   22      -   }
[INFO] [stderr]   23      - ]
[INFO] [stderr]         2 + Error querying ENA for accession: ERR5556343
[INFO] [stderr]         3 + Error: error sending request for url (https://www.ebi.ac.uk/ena/portal/api/filereport?accession=ERR5556343&result=read_run&format=json): error trying to connect: dns error: failed to lookup address information: Temporary failure in name resolution
[INFO] [stderr] stderr:
[INFO] [stderr] 
[INFO] [stderr] Testing tests/cmd/remove_single_end_accession.trycmd:2 ... failed
[INFO] [stderr] Exit: success
[INFO] [stderr] 
[INFO] [stderr] ---- expected: stdout
[INFO] [stderr] ++++ actual:   stdout
[INFO] [stderr]    1    1 | Querying ENA for accession: ERR5556343
[INFO] [stderr]    2      - [
[INFO] [stderr]    3      -   {
[INFO] [stderr]    4      -     "accession": "ERR5556343",
[INFO] [stderr]    5      -     "reads": [
[INFO] [stderr]    6      -       {
[INFO] [stderr]    7      -         "url": "ftp://ftp.sra.ebi.ac.uk/vol1/fastq/ERR555/003/ERR5556343/ERR5556343_1.fastq.gz",
[INFO] [stderr]    8      -         "md5": "2dd162ca91d340667b611d7f014eaaa5",
[INFO] [stderr]    9      -         "bytes": 7479353
[INFO] [stderr]   10      -       },
[INFO] [stderr]   11      -       {
[INFO] [stderr]   12      -         "url": "ftp://ftp.sra.ebi.ac.uk/vol1/fastq/ERR555/003/ERR5556343/ERR5556343_2.fastq.gz",
[INFO] [stderr]   13      -         "md5": "8041deb0614dc669a3f28c20b330a599",
[INFO] [stderr]   14      -         "bytes": 8349710
[INFO] [stderr]   15      -       }
[INFO] [stderr]   16      -     ]
[INFO] [stderr]   17      -   }
[INFO] [stderr]   18      - ]
[INFO] [stderr]         2 + Error querying ENA for accession: ERR5556343
[INFO] [stderr]         3 + Error: error sending request for url (https://www.ebi.ac.uk/ena/portal/api/filereport?accession=ERR5556343&result=read_run&format=json): error trying to connect: dns error: failed to lookup address information: Temporary failure in name resolution
[INFO] [stderr] stderr:
[INFO] [stderr] 
[INFO] [stderr] Testing tests/cmd/one_accession.trycmd:2 ... failed
[INFO] [stderr] Exit: success
[INFO] [stderr] 
[INFO] [stderr] ---- expected: stdout
[INFO] [stderr] ++++ actual:   stdout
[INFO] [stderr]    1    1 | Querying ENA for accession: SRR16298173
[INFO] [stderr]    2      - [
[INFO] [stderr]    3      -   {
[INFO] [stderr]    4      -     "accession": "SRR16298173",
[INFO] [stderr]    5      -     "reads": [
[INFO] [stderr]    6      -       {
[INFO] [stderr]    7      -         "url": "ftp://ftp.sra.ebi.ac.uk/vol1/fastq/SRR162/073/SRR16298173/SRR16298173_1.fastq.gz",
[INFO] [stderr]    8      -         "md5": "76c841d58a4949736555f6fe2adcc86a",
[INFO] [stderr]    9      -         "bytes": 7332259
[INFO] [stderr]   10      -       },
[INFO] [stderr]   11      -       {
[INFO] [stderr]   12      -         "url": "ftp://ftp.sra.ebi.ac.uk/vol1/fastq/SRR162/073/SRR16298173/SRR16298173_2.fastq.gz",
[INFO] [stderr]   13      -         "md5": "861e40962c89d62bf298fde8ca1b7415",
[INFO] [stderr]   14      -         "bytes": 7765784
[INFO] [stderr]   15      -       }
[INFO] [stderr]   16      -     ]
[INFO] [stderr]   17      -   }
[INFO] [stderr]   18      - ]
[INFO] [stderr]         2 + Error querying ENA for accession: SRR16298173
[INFO] [stderr]         3 + Error: error sending request for url (https://www.ebi.ac.uk/ena/portal/api/filereport?accession=SRR16298173&result=read_run&format=json): error trying to connect: dns error: failed to lookup address information: Temporary failure in name resolution
[INFO] [stderr] stderr:
[INFO] [stderr] 
[INFO] [stderr] Testing tests/cmd/file_accessions.trycmd:2 ... failed
[INFO] [stderr] Exit: success
[INFO] [stderr] 
[INFO] [stderr] ---- expected: stdout
[INFO] [stderr] ++++ actual:   stdout
[INFO] [stderr]    1    1 | Querying ENA for accession: SRR16298173
[INFO] [stderr]    2    2 | Querying ENA for accession: SRR16298174
[INFO] [stderr]    3      - [
[INFO] [stderr]    4      -   {
[INFO] [stderr]    5      -     "accession": "SRR16298173",
[INFO] [stderr]    6      -     "reads": [
[INFO] [stderr]    7      -       {
[INFO] [stderr]    8      -         "url": "ftp://ftp.sra.ebi.ac.uk/vol1/fastq/SRR162/073/SRR16298173/SRR16298173_1.fastq.gz",
[INFO] [stderr]    9      -         "md5": "76c841d58a4949736555f6fe2adcc86a",
[INFO] [stderr]   10      -         "bytes": 7332259
[INFO] [stderr]   11      -       },
[INFO] [stderr]   12      -       {
[INFO] [stderr]   13      -         "url": "ftp://ftp.sra.ebi.ac.uk/vol1/fastq/SRR162/073/SRR16298173/SRR16298173_2.fastq.gz",
[INFO] [stderr]   14      -         "md5": "861e40962c89d62bf298fde8ca1b7415",
[INFO] [stderr]   15      -         "bytes": 7765784
[INFO] [stderr]   16      -       }
[INFO] [stderr]   17      -     ]
[INFO] [stderr]   18      -   },
[INFO] [stderr]   19      -   {
[INFO] [stderr]   20      -     "accession": "SRR16298174",
[INFO] [stderr]   21      -     "reads": [
[INFO] [stderr]   22      -       {
[INFO] [stderr]   23      -         "url": "ftp://ftp.sra.ebi.ac.uk/vol1/fastq/SRR162/074/SRR16298174/SRR16298174_1.fastq.gz",
[INFO] [stderr]   24      -         "md5": "ca4365343d144947b5acf6e8ee124e49",
[INFO] [stderr]   25      -         "bytes": 7444532
[INFO] [stderr]   26      -       },
[INFO] [stderr]   27      -       {
[INFO] [stderr]   28      -         "url": "ftp://ftp.sra.ebi.ac.uk/vol1/fastq/SRR162/074/SRR16298174/SRR16298174_2.fastq.gz",
[INFO] [stderr]   29      -         "md5": "39523f0e9757e953cb0a5d707b9e2b58",
[INFO] [stderr]   30      -         "bytes": 10960575
[INFO] [stderr]   31      -       }
[INFO] [stderr]   32      -     ]
[INFO] [stderr]   33      -   }
[INFO] [stderr]   34      - ]
[INFO] [stderr]         3 + Error querying ENA for accession: SRR16298173
[INFO] [stderr]         4 + Error: error sending request for url (https://www.ebi.ac.uk/ena/portal/api/filereport?accession=SRR16298173&result=read_run&format=json): error trying to connect: dns error: failed to lookup address information: Temporary failure in name resolution
[INFO] [stderr]         5 + Error querying ENA for accession: SRR16298174
[INFO] [stderr]         6 + Error: error sending request for url (https://www.ebi.ac.uk/ena/portal/api/filereport?accession=SRR16298174&result=read_run&format=json): error trying to connect: dns error: failed to lookup address information: Temporary failure in name resolution
[INFO] [stderr] stderr:
[INFO] [stderr] 
[INFO] [stderr] Testing tests/cmd/multiple_accessions.trycmd:2 ... failed
[INFO] [stderr] Exit: success
[INFO] [stderr] 
[INFO] [stderr] ---- expected: stdout
[INFO] [stderr] ++++ actual:   stdout
[INFO] [stderr]    1    1 | Querying ENA for accession: SRR16298173
[INFO] [stderr]         2 + Error querying ENA for accession: SRR16298173
[INFO] [stderr]         3 + Error: error sending request for url (https://www.ebi.ac.uk/ena/portal/api/filereport?accession=SRR16298173&result=read_run&format=json): error trying to connect: dns error: failed to lookup address information: Temporary failure in name resolution
[INFO] [stderr]    2    4 | Querying ENA for accession: SRR16298174
[INFO] [stderr]    3      - [
[INFO] [stderr]    4      -   {
[INFO] [stderr]    5      -     "accession": "SRR16298173",
[INFO] [stderr]    6      -     "reads": [
[INFO] [stderr]    7      -       {
[INFO] [stderr]    8      -         "url": "ftp://ftp.sra.ebi.ac.uk/vol1/fastq/SRR162/073/SRR16298173/SRR16298173_1.fastq.gz",
[INFO] [stderr]    9      -         "md5": "76c841d58a4949736555f6fe2adcc86a",
[INFO] [stderr]   10      -         "bytes": 7332259
[INFO] [stderr]   11      -       },
[INFO] [stderr]   12      -       {
[INFO] [stderr]   13      -         "url": "ftp://ftp.sra.ebi.ac.uk/vol1/fastq/SRR162/073/SRR16298173/SRR16298173_2.fastq.gz",
[INFO] [stderr]   14      -         "md5": "861e40962c89d62bf298fde8ca1b7415",
[INFO] [stderr]   15      -         "bytes": 7765784
[INFO] [stderr]   16      -       }
[INFO] [stderr]   17      -     ]
[INFO] [stderr]   18      -   },
[INFO] [stderr]   19      -   {
[INFO] [stderr]   20      -     "accession": "SRR16298174",
[INFO] [stderr]   21      -     "reads": [
[INFO] [stderr]   22      -       {
[INFO] [stderr]   23      -         "url": "ftp://ftp.sra.ebi.ac.uk/vol1/fastq/SRR162/074/SRR16298174/SRR16298174_1.fastq.gz",
[INFO] [stderr]   24      -         "md5": "ca4365343d144947b5acf6e8ee124e49",
[INFO] [stderr]   25      -         "bytes": 7444532
[INFO] [stderr]   26      -       },
[INFO] [stderr]   27      -       {
[INFO] [stderr]   28      -         "url": "ftp://ftp.sra.ebi.ac.uk/vol1/fastq/SRR162/074/SRR16298174/SRR16298174_2.fastq.gz",
[INFO] [stderr]   29      -         "md5": "39523f0e9757e953cb0a5d707b9e2b58",
[INFO] [stderr]   30      -         "bytes": 10960575
[INFO] [stderr]   31      -       }
[INFO] [stderr]   32      -     ]
[INFO] [stderr]   33      -   }
[INFO] [stderr]   34      - ]
[INFO] [stderr]         5 + Error querying ENA for accession: SRR16298174
[INFO] [stderr]         6 + Error: error sending request for url (https://www.ebi.ac.uk/ena/portal/api/filereport?accession=SRR16298174&result=read_run&format=json): error trying to connect: dns error: failed to lookup address information: Temporary failure in name resolution
[INFO] [stderr] stderr:
[INFO] [stderr] 
[INFO] [stderr] Update snapshots with `TRYCMD=overwrite`
[INFO] [stderr] Debug output with `TRYCMD=dump`
[INFO] [stdout] test cli_tests ... FAILED
[INFO] [stdout] 
[INFO] [stdout] failures:
[INFO] [stdout] 
[INFO] [stdout] ---- cli_tests stdout ----
[INFO] [stdout] 
[INFO] [stdout] thread 'cli_tests' panicked at /opt/rustwide/cargo-home/registry/src/index.crates.io-1949cf8c6b5b557f/trycmd-0.13.5/src/runner.rs:92:17:
[INFO] [stdout] 5 of 5 tests failed
[INFO] [stdout] stack backtrace:
[INFO] [stdout]    0:     0x5ba182751d5a - std::backtrace_rs::backtrace::libunwind::trace::hb059275cfc8d6126
[INFO] [stdout]                                at /rustc/6067b36314ab5eb2eb47cecc464545ba58e1ad24/library/std/src/../../backtrace/src/backtrace/libunwind.rs:116:5
[INFO] [stdout]    1:     0x5ba182751d5a - std::backtrace_rs::backtrace::trace_unsynchronized::h2da071e4327ce3ee
[INFO] [stdout]                                at /rustc/6067b36314ab5eb2eb47cecc464545ba58e1ad24/library/std/src/../../backtrace/src/backtrace/mod.rs:66:5
[INFO] [stdout]    2:     0x5ba182751d5a - std::sys::backtrace::_print_fmt::h842a1474e6f8d23f
[INFO] [stdout]                                at /rustc/6067b36314ab5eb2eb47cecc464545ba58e1ad24/library/std/src/sys/backtrace.rs:66:9
[INFO] [stdout]    3:     0x5ba182751d5a - <std::sys::backtrace::BacktraceLock::print::DisplayBacktrace as core::fmt::Display>::fmt::h71a62eb3b9696b12
[INFO] [stdout]                                at /rustc/6067b36314ab5eb2eb47cecc464545ba58e1ad24/library/std/src/sys/backtrace.rs:39:26
[INFO] [stdout]    4:     0x5ba18277d4c3 - core::fmt::rt::Argument::fmt::hdb6b616786b41dc1
[INFO] [stdout]                                at /rustc/6067b36314ab5eb2eb47cecc464545ba58e1ad24/library/core/src/fmt/rt.rs:177:76
[INFO] [stdout]    5:     0x5ba18277d4c3 - core::fmt::write::h2cc1698af7e2d686
[INFO] [stdout]                                at /rustc/6067b36314ab5eb2eb47cecc464545ba58e1ad24/library/core/src/fmt/mod.rs:1440:21
[INFO] [stdout]    6:     0x5ba18274d6d3 - std::io::Write::write_fmt::hab1b4cd059a79022
[INFO] [stdout]                                at /rustc/6067b36314ab5eb2eb47cecc464545ba58e1ad24/library/std/src/io/mod.rs:1887:15
[INFO] [stdout]    7:     0x5ba182751ba2 - std::sys::backtrace::BacktraceLock::print::h147fe35b4ea13b08
[INFO] [stdout]                                at /rustc/6067b36314ab5eb2eb47cecc464545ba58e1ad24/library/std/src/sys/backtrace.rs:42:9
[INFO] [stdout]    8:     0x5ba18275377f - std::panicking::default_hook::{{closure}}::hbd44223dbdc0d208
[INFO] [stdout]                                at /rustc/6067b36314ab5eb2eb47cecc464545ba58e1ad24/library/std/src/panicking.rs:298:22
[INFO] [stdout]    9:     0x5ba182753598 - std::panicking::default_hook::h20f81eb0576efcec
[INFO] [stdout]                                at /rustc/6067b36314ab5eb2eb47cecc464545ba58e1ad24/library/std/src/panicking.rs:322:9
[INFO] [stdout]   10:     0x5ba182718323 - <alloc::boxed::Box<F,A> as core::ops::function::Fn<Args>>::call::hdb53814c496a4d34
[INFO] [stdout]                                at /rustc/6067b36314ab5eb2eb47cecc464545ba58e1ad24/library/alloc/src/boxed.rs:2027:9
[INFO] [stdout]   11:     0x5ba182718323 - test::test_main::{{closure}}::hc0a4963c59427c24
[INFO] [stdout]                                at /rustc/6067b36314ab5eb2eb47cecc464545ba58e1ad24/library/test/src/lib.rs:134:21
[INFO] [stdout]   12:     0x5ba182754273 - <alloc::boxed::Box<F,A> as core::ops::function::Fn<Args>>::call::h591b2225413a77e9
[INFO] [stdout]                                at /rustc/6067b36314ab5eb2eb47cecc464545ba58e1ad24/library/alloc/src/boxed.rs:2027:9
[INFO] [stdout]   13:     0x5ba182754273 - std::panicking::rust_panic_with_hook::h625eea43051b2edc
[INFO] [stdout]                                at /rustc/6067b36314ab5eb2eb47cecc464545ba58e1ad24/library/std/src/panicking.rs:839:13
[INFO] [stdout]   14:     0x5ba182753f2a - std::panicking::begin_panic_handler::{{closure}}::h4f9159cfbc3f6bd3
[INFO] [stdout]                                at /rustc/6067b36314ab5eb2eb47cecc464545ba58e1ad24/library/std/src/panicking.rs:704:13
[INFO] [stdout]   15:     0x5ba182752259 - std::sys::backtrace::__rust_end_short_backtrace::h0390abce48353151
[INFO] [stdout]                                at /rustc/6067b36314ab5eb2eb47cecc464545ba58e1ad24/library/std/src/sys/backtrace.rs:168:18
[INFO] [stdout]   16:     0x5ba182753bbd - rust_begin_unwind
[INFO] [stdout]                                at /rustc/6067b36314ab5eb2eb47cecc464545ba58e1ad24/library/std/src/panicking.rs:695:5
[INFO] [stdout]   17:     0x5ba18277bea0 - core::panicking::panic_fmt::h9e7c637e9e5f29c9
[INFO] [stdout]                                at /rustc/6067b36314ab5eb2eb47cecc464545ba58e1ad24/library/core/src/panicking.rs:75:14
[INFO] [stdout]   18:     0x5ba1821f6d81 - trycmd::runner::Runner::run::h3bd536c12250cd60
[INFO] [stdout]                                at /opt/rustwide/cargo-home/registry/src/index.crates.io-1949cf8c6b5b557f/trycmd-0.13.5/src/runner.rs:92:17
[INFO] [stdout]   19:     0x5ba1821f5886 - trycmd::cases::TestCases::run::h28665c5c2422f1b3
[INFO] [stdout]                                at /opt/rustwide/cargo-home/registry/src/index.crates.io-1949cf8c6b5b557f/trycmd-0.13.5/src/cases.rs:165:9
[INFO] [stdout]   20:     0x5ba1821f592a - <trycmd::cases::TestCases as core::ops::drop::Drop>::drop::h84fc3e924ad78ce5
[INFO] [stdout]                                at /opt/rustwide/cargo-home/registry/src/index.crates.io-1949cf8c6b5b557f/trycmd-0.13.5/src/cases.rs:175:13
[INFO] [stdout]   21:     0x5ba182251747 - core::ptr::drop_in_place<trycmd::cases::TestCases>::hed39e9de6e556c0b
[INFO] [stdout]                                at /rustc/6067b36314ab5eb2eb47cecc464545ba58e1ad24/library/core/src/ptr/mod.rs:523:1
[INFO] [stdout]   22:     0x5ba1821edea3 - cli_tests::cli_tests::h383d4a25e0bf42e2
[INFO] [stdout]                                at /opt/rustwide/workdir/tests/cli_tests.rs:3:56
[INFO] [stdout]   23:     0x5ba1821ede27 - cli_tests::cli_tests::{{closure}}::h959d596c48eceb61
[INFO] [stdout]                                at /opt/rustwide/workdir/tests/cli_tests.rs:2:15
[INFO] [stdout]   24:     0x5ba1821edb66 - core::ops::function::FnOnce::call_once::h1b731666e4133f62
[INFO] [stdout]                                at /rustc/6067b36314ab5eb2eb47cecc464545ba58e1ad24/library/core/src/ops/function.rs:250:5
[INFO] [stdout]   25:     0x5ba18271da7b - core::ops::function::FnOnce::call_once::he27718dfdd183f43
[INFO] [stdout]                                at /rustc/6067b36314ab5eb2eb47cecc464545ba58e1ad24/library/core/src/ops/function.rs:250:5
[INFO] [stdout]   26:     0x5ba18271da7b - test::__rust_begin_short_backtrace::h4e84902998457a5d
[INFO] [stdout]                                at /rustc/6067b36314ab5eb2eb47cecc464545ba58e1ad24/library/test/src/lib.rs:632:18
[INFO] [stdout]   27:     0x5ba18271c9b3 - test::run_test_in_process::{{closure}}::h7176fd18fc1feca0
[INFO] [stdout]                                at /rustc/6067b36314ab5eb2eb47cecc464545ba58e1ad24/library/test/src/lib.rs:655:60
[INFO] [stdout]   28:     0x5ba18271c9b3 - <core::panic::unwind_safe::AssertUnwindSafe<F> as core::ops::function::FnOnce<()>>::call_once::hf79cff2a624d8cf7
[INFO] [stdout]                                at /rustc/6067b36314ab5eb2eb47cecc464545ba58e1ad24/library/core/src/panic/unwind_safe.rs:272:9
[INFO] [stdout]   29:     0x5ba18271c9b3 - std::panicking::try::do_call::h3da0561d9ab99c25
[INFO] [stdout]                                at /rustc/6067b36314ab5eb2eb47cecc464545ba58e1ad24/library/std/src/panicking.rs:587:40
[INFO] [stdout]   30:     0x5ba18271c9b3 - std::panicking::try::h41c9fa508bc61df6
[INFO] [stdout]                                at /rustc/6067b36314ab5eb2eb47cecc464545ba58e1ad24/library/std/src/panicking.rs:550:19
[INFO] [stdout]   31:     0x5ba18271c9b3 - std::panic::catch_unwind::h6b3ff07bb5afad93
[INFO] [stdout]                                at /rustc/6067b36314ab5eb2eb47cecc464545ba58e1ad24/library/std/src/panic.rs:358:14
[INFO] [stdout]   32:     0x5ba18271c9b3 - test::run_test_in_process::hc7253dd11b39b9f4
[INFO] [stdout]                                at /rustc/6067b36314ab5eb2eb47cecc464545ba58e1ad24/library/test/src/lib.rs:655:27
[INFO] [stdout]   33:     0x5ba18271c9b3 - test::run_test::{{closure}}::hfb2007f8649c30bb
[INFO] [stdout]                                at /rustc/6067b36314ab5eb2eb47cecc464545ba58e1ad24/library/test/src/lib.rs:576:43
[INFO] [stdout]   34:     0x5ba1826dfa95 - test::run_test::{{closure}}::h56a17aa7a282a9f4
[INFO] [stdout]                                at /rustc/6067b36314ab5eb2eb47cecc464545ba58e1ad24/library/test/src/lib.rs:606:41
[INFO] [stdout]   35:     0x5ba1826dfa95 - std::sys::backtrace::__rust_begin_short_backtrace::hd2d2d2fb8e8c6aac
[INFO] [stdout]                                at /rustc/6067b36314ab5eb2eb47cecc464545ba58e1ad24/library/std/src/sys/backtrace.rs:152:18
[INFO] [stdout]   36:     0x5ba1826e337a - std::thread::Builder::spawn_unchecked_::{{closure}}::{{closure}}::h4faa3f9db6133423
[INFO] [stdout]                                at /rustc/6067b36314ab5eb2eb47cecc464545ba58e1ad24/library/std/src/thread/mod.rs:559:17
[INFO] [stdout]   37:     0x5ba1826e337a - <core::panic::unwind_safe::AssertUnwindSafe<F> as core::ops::function::FnOnce<()>>::call_once::hf2e855a36a4ea846
[INFO] [stdout]                                at /rustc/6067b36314ab5eb2eb47cecc464545ba58e1ad24/library/core/src/panic/unwind_safe.rs:272:9
[INFO] [stdout]   38:     0x5ba1826e337a - std::panicking::try::do_call::h2f73af3616c35465
[INFO] [stdout]                                at /rustc/6067b36314ab5eb2eb47cecc464545ba58e1ad24/library/std/src/panicking.rs:587:40
[INFO] [stdout]   39:     0x5ba1826e337a - std::panicking::try::hd1660ce9efadef5a
[INFO] [stdout]                                at /rustc/6067b36314ab5eb2eb47cecc464545ba58e1ad24/library/std/src/panicking.rs:550:19
[INFO] [stdout]   40:     0x5ba1826e337a - std::panic::catch_unwind::h5ee8d7823b8ca744
[INFO] [stdout]                                at /rustc/6067b36314ab5eb2eb47cecc464545ba58e1ad24/library/std/src/panic.rs:358:14
[INFO] [stdout]   41:     0x5ba1826e337a - std::thread::Builder::spawn_unchecked_::{{closure}}::h53c3a1894dce8407
[INFO] [stdout]                                at /rustc/6067b36314ab5eb2eb47cecc464545ba58e1ad24/library/std/src/thread/mod.rs:557:30
[INFO] [stdout]   42:     0x5ba1826e337a - core::ops::function::FnOnce::call_once{{vtable.shim}}::h048ce291ad4f62bf
[INFO] [stdout]                                at /rustc/6067b36314ab5eb2eb47cecc464545ba58e1ad24/library/core/src/ops/function.rs:250:5
[INFO] [stdout]   43:     0x5ba18275a1db - <alloc::boxed::Box<F,A> as core::ops::function::FnOnce<Args>>::call_once::ha52bedf99a3b4981
[INFO] [stdout]                                at /rustc/6067b36314ab5eb2eb47cecc464545ba58e1ad24/library/alloc/src/boxed.rs:2013:9
[INFO] [stdout]   44:     0x5ba18275a1db - <alloc::boxed::Box<F,A> as core::ops::function::FnOnce<Args>>::call_once::h567748934d80ccf8
[INFO] [stdout]                                at /rustc/6067b36314ab5eb2eb47cecc464545ba58e1ad24/library/alloc/src/boxed.rs:2013:9
[INFO] [stdout]   45:     0x5ba18275a1db - std::sys::pal::unix::thread::Thread::new::thread_start::h2d970728ae887adc
[INFO] [stdout]                                at /rustc/6067b36314ab5eb2eb47cecc464545ba58e1ad24/library/std/src/sys/pal/unix/thread.rs:106:17
[INFO] [stdout]   46:     0x7fa9ed3ffac3 - <unknown>
[INFO] [stdout]   47:     0x7fa9ed490a04 - clone
[INFO] [stdout]   48:                0x0 - <unknown>
[INFO] [stdout] 
[INFO] [stdout] 
[INFO] [stdout] failures:
[INFO] [stdout]     cli_tests
[INFO] [stdout] 
[INFO] [stdout] test result: FAILED. 0 passed; 1 failed; 0 ignored; 0 measured; 0 filtered out; finished in 0.16s
[INFO] [stdout] 
[INFO] [stderr] error: test failed, to rerun pass `--test cli_tests`
[INFO] running `Command { std: "docker" "inspect" "d32268ce97b8bc43baae2ca9588cf71f777a9fbbd9a31039a45ef38ff15e5827", kill_on_drop: false }`
[INFO] running `Command { std: "docker" "rm" "-f" "d32268ce97b8bc43baae2ca9588cf71f777a9fbbd9a31039a45ef38ff15e5827", kill_on_drop: false }`
[INFO] [stdout] d32268ce97b8bc43baae2ca9588cf71f777a9fbbd9a31039a45ef38ff15e5827
