[INFO] cloning repository https://github.com/lenra-io/dofigen
[INFO] running `Command { std: "git" "-c" "credential.helper=" "-c" "credential.helper=/workspace/cargo-home/bin/git-credential-null" "clone" "--bare" "https://github.com/lenra-io/dofigen" "/workspace/cache/git-repos/https%3A%2F%2Fgithub.com%2Flenra-io%2Fdofigen", kill_on_drop: false }`
[INFO] [stderr] Cloning into bare repository '/workspace/cache/git-repos/https%3A%2F%2Fgithub.com%2Flenra-io%2Fdofigen'...
[INFO] running `Command { std: "git" "rev-parse" "HEAD", kill_on_drop: false }`
[INFO] [stdout] 1bd29b8fccbe794b63133181a1c294fdca156359
[INFO] testing lenra-io/dofigen against nightly-2025-01-18+rustflags=-Zrandomize-layout for randomize-layout-2
[INFO] running `Command { std: "git" "clone" "/workspace/cache/git-repos/https%3A%2F%2Fgithub.com%2Flenra-io%2Fdofigen" "/workspace/builds/worker-6-tc2/source", kill_on_drop: false }`
[INFO] [stderr] Cloning into '/workspace/builds/worker-6-tc2/source'...
[INFO] [stderr] done.
[INFO] validating manifest of git repo https://github.com/lenra-io/dofigen on toolchain nightly-2025-01-18
[INFO] running `Command { std: CARGO_HOME="/workspace/cargo-home" RUSTUP_HOME="/workspace/rustup-home" "/workspace/cargo-home/bin/cargo" "+nightly-2025-01-18" "metadata" "--manifest-path" "Cargo.toml" "--no-deps", kill_on_drop: false }`
[INFO] started tweaking git repo https://github.com/lenra-io/dofigen
[INFO] finished tweaking git repo https://github.com/lenra-io/dofigen
[INFO] tweaked toml for git repo https://github.com/lenra-io/dofigen written to /workspace/builds/worker-6-tc2/source/Cargo.toml
[INFO] crate git repo https://github.com/lenra-io/dofigen already has a lockfile, it will not be regenerated
[INFO] running `Command { std: CARGO_HOME="/workspace/cargo-home" RUSTUP_HOME="/workspace/rustup-home" "/workspace/cargo-home/bin/cargo" "+nightly-2025-01-18" "fetch" "--manifest-path" "Cargo.toml", kill_on_drop: false }`
[INFO] [stderr]     Blocking waiting for file lock on package cache
[INFO] running `Command { std: "docker" "create" "-v" "/var/lib/crater-agent-workspace/builds/worker-6-tc2/target:/opt/rustwide/target:rw,Z" "-v" "/var/lib/crater-agent-workspace/builds/worker-6-tc2/source:/opt/rustwide/workdir:ro,Z" "-v" "/var/lib/crater-agent-workspace/cargo-home:/opt/rustwide/cargo-home:ro,Z" "-v" "/var/lib/crater-agent-workspace/rustup-home:/opt/rustwide/rustup-home:ro,Z" "-e" "SOURCE_DIR=/opt/rustwide/workdir" "-e" "CARGO_TARGET_DIR=/opt/rustwide/target" "-e" "CARGO_HOME=/opt/rustwide/cargo-home" "-e" "RUSTUP_HOME=/opt/rustwide/rustup-home" "-w" "/opt/rustwide/workdir" "-m" "1610612736" "--user" "0:0" "--network" "none" "ghcr.io/rust-lang/crates-build-env/linux@sha256:819108c5571ea2e421544af4d832f968d213c87fbe3707a016657f43d2f853bc" "/opt/rustwide/cargo-home/bin/cargo" "+nightly-2025-01-18" "metadata" "--no-deps" "--format-version=1", kill_on_drop: false }`
[INFO] [stdout] 8c23abd467ec2b2081c2efcff7ef43273d92e18ce3786600845bf5c30d8e6f5d
[INFO] running `Command { std: "docker" "start" "-a" "8c23abd467ec2b2081c2efcff7ef43273d92e18ce3786600845bf5c30d8e6f5d", kill_on_drop: false }`
[INFO] running `Command { std: "docker" "inspect" "8c23abd467ec2b2081c2efcff7ef43273d92e18ce3786600845bf5c30d8e6f5d", kill_on_drop: false }`
[INFO] running `Command { std: "docker" "rm" "-f" "8c23abd467ec2b2081c2efcff7ef43273d92e18ce3786600845bf5c30d8e6f5d", kill_on_drop: false }`
[INFO] [stdout] 8c23abd467ec2b2081c2efcff7ef43273d92e18ce3786600845bf5c30d8e6f5d
[INFO] running `Command { std: "docker" "create" "-v" "/var/lib/crater-agent-workspace/builds/worker-6-tc2/target:/opt/rustwide/target:rw,Z" "-v" "/var/lib/crater-agent-workspace/builds/worker-6-tc2/source:/opt/rustwide/workdir:ro,Z" "-v" "/var/lib/crater-agent-workspace/cargo-home:/opt/rustwide/cargo-home:ro,Z" "-v" "/var/lib/crater-agent-workspace/rustup-home:/opt/rustwide/rustup-home:ro,Z" "-e" "SOURCE_DIR=/opt/rustwide/workdir" "-e" "CARGO_TARGET_DIR=/opt/rustwide/target" "-e" "CARGO_INCREMENTAL=0" "-e" "RUST_BACKTRACE=full" "-e" "RUSTFLAGS=--cap-lints=forbid -Zrandomize-layout" "-e" "RUSTDOCFLAGS=--cap-lints=forbid" "-e" "CARGO_HOME=/opt/rustwide/cargo-home" "-e" "RUSTUP_HOME=/opt/rustwide/rustup-home" "-w" "/opt/rustwide/workdir" "-m" "1610612736" "--user" "0:0" "--network" "none" "ghcr.io/rust-lang/crates-build-env/linux@sha256:819108c5571ea2e421544af4d832f968d213c87fbe3707a016657f43d2f853bc" "/opt/rustwide/cargo-home/bin/cargo" "+nightly-2025-01-18" "build" "--frozen" "--message-format=json", kill_on_drop: false }`
[INFO] [stdout] b971fcdff8c610f4e7515be0eb48eb76b088aac498993eb3859a17897ed2ba3e
[INFO] running `Command { std: "docker" "start" "-a" "b971fcdff8c610f4e7515be0eb48eb76b088aac498993eb3859a17897ed2ba3e", kill_on_drop: false }`
[INFO] [stderr]    Compiling proc-macro2 v1.0.92
[INFO] [stderr]    Compiling unicode-ident v1.0.14
[INFO] [stderr]    Compiling libc v0.2.168
[INFO] [stderr]    Compiling stable_deref_trait v1.2.0
[INFO] [stderr]    Compiling bytes v1.9.0
[INFO] [stderr]    Compiling memchr v2.7.4
[INFO] [stderr]    Compiling itoa v1.0.14
[INFO] [stderr]    Compiling shlex v1.3.0
[INFO] [stderr]    Compiling pin-project-lite v0.2.15
[INFO] [stderr]    Compiling autocfg v1.4.0
[INFO] [stderr]    Compiling writeable v0.5.5
[INFO] [stderr]    Compiling litemap v0.7.4
[INFO] [stderr]    Compiling cc v1.2.4
[INFO] [stderr]    Compiling cfg-if v1.0.0
[INFO] [stderr]    Compiling futures-core v0.3.31
[INFO] [stderr]    Compiling typenum v1.17.0
[INFO] [stderr]    Compiling futures-sink v0.3.31
[INFO] [stderr]    Compiling quote v1.0.37
[INFO] [stderr]    Compiling slab v0.4.9
[INFO] [stderr]    Compiling smallvec v1.13.2
[INFO] [stderr]    Compiling syn v2.0.90
[INFO] [stderr]    Compiling version_check v0.9.5
[INFO] [stderr]    Compiling fnv v1.0.7
[INFO] [stderr]    Compiling rustls-pki-types v1.10.1
[INFO] [stderr]    Compiling futures-task v0.3.31
[INFO] [stderr]    Compiling once_cell v1.20.2
[INFO] [stderr]    Compiling serde v1.0.217
[INFO] [stderr]    Compiling futures-io v0.3.31
[INFO] [stderr]    Compiling icu_locid_transform_data v1.5.0
[INFO] [stderr]    Compiling generic-array v0.14.7
[INFO] [stderr]    Compiling pin-utils v0.1.0
[INFO] [stderr]    Compiling futures-util v0.3.31
[INFO] [stderr]    Compiling http v1.2.0
[INFO] [stderr]    Compiling mio v1.0.3
[INFO] [stderr]    Compiling socket2 v0.5.8
[INFO] [stderr]    Compiling getrandom v0.2.15
[INFO] [stderr]    Compiling tokio v1.42.0
[INFO] [stderr]    Compiling spin v0.9.8
[INFO] [stderr]    Compiling icu_properties_data v1.5.0
[INFO] [stderr]    Compiling httparse v1.9.5
[INFO] [stderr]    Compiling ring v0.17.8
[INFO] [stderr]    Compiling untrusted v0.9.0
[INFO] [stderr]    Compiling utf16_iter v1.0.5
[INFO] [stderr]    Compiling utf8_iter v1.0.4
[INFO] [stderr]    Compiling write16 v1.0.0
[INFO] [stderr]    Compiling http-body v1.0.1
[INFO] [stderr]    Compiling icu_normalizer_data v1.5.0
[INFO] [stderr]    Compiling try-lock v0.2.5
[INFO] [stderr]    Compiling rustls v0.23.20
[INFO] [stderr]    Compiling want v0.3.1
[INFO] [stderr]    Compiling tracing-core v0.1.33
[INFO] [stderr]    Compiling futures-channel v0.3.31
[INFO] [stderr]    Compiling utf8parse v0.2.2
[INFO] [stderr]    Compiling zeroize v1.8.1
[INFO] [stderr]    Compiling ryu v1.0.18
[INFO] [stderr]    Compiling subtle v2.6.1
[INFO] [stderr]    Compiling percent-encoding v2.3.1
[INFO] [stderr]    Compiling tower-service v0.3.3
[INFO] [stderr]    Compiling tracing v0.1.41
[INFO] [stderr]    Compiling form_urlencoded v1.2.1
[INFO] [stderr]    Compiling anstyle-parse v0.2.6
[INFO] [stderr]    Compiling block-buffer v0.10.4
[INFO] [stderr]    Compiling crypto-common v0.1.6
[INFO] [stderr]    Compiling colorchoice v1.0.3
[INFO] [stderr]    Compiling anstyle-query v1.1.2
[INFO] [stderr]    Compiling anstyle v1.0.10
[INFO] [stderr]    Compiling serde_json v1.0.137
[INFO] [stderr]    Compiling is_terminal_polyfill v1.70.1
[INFO] [stderr]    Compiling digest v0.10.7
[INFO] [stderr]    Compiling webpki-roots v0.26.7
[INFO] [stderr]    Compiling aho-corasick v1.1.3
[INFO] [stderr]    Compiling sync_wrapper v1.0.2
[INFO] [stderr]    Compiling anstream v0.6.18
[INFO] [stderr]    Compiling clap_lex v0.7.4
[INFO] [stderr]    Compiling strsim v0.11.1
[INFO] [stderr]    Compiling heck v0.5.0
[INFO] [stderr]    Compiling equivalent v1.0.1
[INFO] [stderr]    Compiling regex-syntax v0.8.5
[INFO] [stderr]    Compiling hashbrown v0.15.2
[INFO] [stderr]    Compiling cpufeatures v0.2.16
[INFO] [stderr]    Compiling tower-layer v0.3.3
[INFO] [stderr]    Compiling thiserror v2.0.11
[INFO] [stderr]    Compiling sha2 v0.10.8
[INFO] [stderr]    Compiling indexmap v2.7.0
[INFO] [stderr]    Compiling http-body-util v0.1.2
[INFO] [stderr]    Compiling clap_builder v4.5.26
[INFO] [stderr]    Compiling rustls-pemfile v2.2.0
[INFO] [stderr]    Compiling log v0.4.22
[INFO] [stderr]    Compiling ipnet v2.10.1
[INFO] [stderr]    Compiling hyper v1.5.1
[INFO] [stderr]    Compiling synstructure v0.13.1
[INFO] [stderr]    Compiling rustls-webpki v0.102.8
[INFO] [stderr]    Compiling hyper-util v0.1.10
[INFO] [stderr]    Compiling regex-automata v0.4.9
[INFO] [stderr]    Compiling tower v0.5.2
[INFO] [stderr]    Compiling hex v0.4.3
[INFO] [stderr]    Compiling base64 v0.22.1
[INFO] [stderr]    Compiling unsafe-libyaml v0.2.11
[INFO] [stderr]    Compiling zerofrom-derive v0.1.5
[INFO] [stderr]    Compiling yoke-derive v0.7.5
[INFO] [stderr]    Compiling zerovec-derive v0.10.3
[INFO] [stderr]    Compiling displaydoc v0.2.5
[INFO] [stderr]    Compiling icu_provider_macros v1.5.0
[INFO] [stderr]    Compiling serde_derive v1.0.217
[INFO] [stderr]    Compiling async-trait v0.1.83
[INFO] [stderr]    Compiling struct-patch-derive v0.8.6
[INFO] [stderr]    Compiling thiserror-impl v2.0.11
[INFO] [stderr]    Compiling zerofrom v0.1.5
[INFO] [stderr]    Compiling yoke v0.7.5
[INFO] [stderr]    Compiling zerovec v0.10.4
[INFO] [stderr]    Compiling clap_derive v4.5.24
[INFO] [stderr]    Compiling mime v0.3.17
[INFO] [stderr]    Compiling regex v1.11.1
[INFO] [stderr]    Compiling sha256 v1.5.0
[INFO] [stderr]    Compiling struct-patch v0.8.6
[INFO] [stderr]    Compiling colored v3.0.0
[INFO] [stderr]    Compiling tinystr v0.7.6
[INFO] [stderr]    Compiling icu_collections v1.5.0
[INFO] [stderr]    Compiling relative-path v1.9.3
[INFO] [stderr]    Compiling icu_locid v1.5.0
[INFO] [stderr]    Compiling tokio-rustls v0.26.1
[INFO] [stderr]    Compiling icu_provider v1.5.0
[INFO] [stderr]    Compiling hyper-rustls v0.27.3
[INFO] [stderr]    Compiling icu_locid_transform v1.5.0
[INFO] [stderr]    Compiling clap v4.5.26
[INFO] [stderr]    Compiling icu_properties v1.5.1
[INFO] [stderr]    Compiling icu_normalizer v1.5.0
[INFO] [stderr]    Compiling idna_adapter v1.2.0
[INFO] [stderr]    Compiling idna v1.0.3
[INFO] [stderr]    Compiling serde_urlencoded v0.7.1
[INFO] [stderr]    Compiling serde_yaml v0.9.34+deprecated
[INFO] [stderr]    Compiling url v2.5.4
[INFO] [stderr]    Compiling reqwest v0.12.12
[INFO] [stderr]    Compiling dofigen v0.0.0 (/opt/rustwide/workdir)
[INFO] [stderr]     Finished `dev` profile [unoptimized + debuginfo] target(s) in 1m 52s
[INFO] running `Command { std: "docker" "inspect" "b971fcdff8c610f4e7515be0eb48eb76b088aac498993eb3859a17897ed2ba3e", kill_on_drop: false }`
[INFO] running `Command { std: "docker" "rm" "-f" "b971fcdff8c610f4e7515be0eb48eb76b088aac498993eb3859a17897ed2ba3e", kill_on_drop: false }`
[INFO] [stdout] b971fcdff8c610f4e7515be0eb48eb76b088aac498993eb3859a17897ed2ba3e
[INFO] running `Command { std: "docker" "create" "-v" "/var/lib/crater-agent-workspace/builds/worker-6-tc2/target:/opt/rustwide/target:rw,Z" "-v" "/var/lib/crater-agent-workspace/builds/worker-6-tc2/source:/opt/rustwide/workdir:ro,Z" "-v" "/var/lib/crater-agent-workspace/cargo-home:/opt/rustwide/cargo-home:ro,Z" "-v" "/var/lib/crater-agent-workspace/rustup-home:/opt/rustwide/rustup-home:ro,Z" "-e" "SOURCE_DIR=/opt/rustwide/workdir" "-e" "CARGO_TARGET_DIR=/opt/rustwide/target" "-e" "CARGO_INCREMENTAL=0" "-e" "RUST_BACKTRACE=full" "-e" "RUSTFLAGS=--cap-lints=forbid -Zrandomize-layout" "-e" "RUSTDOCFLAGS=--cap-lints=forbid" "-e" "CARGO_HOME=/opt/rustwide/cargo-home" "-e" "RUSTUP_HOME=/opt/rustwide/rustup-home" "-w" "/opt/rustwide/workdir" "-m" "1610612736" "--user" "0:0" "--network" "none" "ghcr.io/rust-lang/crates-build-env/linux@sha256:819108c5571ea2e421544af4d832f968d213c87fbe3707a016657f43d2f853bc" "/opt/rustwide/cargo-home/bin/cargo" "+nightly-2025-01-18" "test" "--frozen" "--no-run" "--message-format=json", kill_on_drop: false }`
[INFO] [stdout] 9ad0676404eedad3c5e874df7dc5a1064676ef951393df0347d1866a03a2d269
[INFO] running `Command { std: "docker" "start" "-a" "9ad0676404eedad3c5e874df7dc5a1064676ef951393df0347d1866a03a2d269", kill_on_drop: false }`
[INFO] [stderr]    Compiling futures-sink v0.3.31
[INFO] [stderr]    Compiling aho-corasick v1.1.3
[INFO] [stderr]    Compiling tokio-macros v2.4.0
[INFO] [stderr]    Compiling futures-macro v0.3.31
[INFO] [stderr]    Compiling num-traits v0.2.19
[INFO] [stderr]    Compiling crossbeam-utils v0.8.21
[INFO] [stderr]    Compiling atomic-waker v1.1.2
[INFO] [stderr]    Compiling httpdate v1.0.3
[INFO] [stderr]    Compiling futures-channel v0.3.31
[INFO] [stderr]    Compiling same-file v1.0.6
[INFO] [stderr]    Compiling doc-comment v0.3.3
[INFO] [stderr]    Compiling bitflags v2.6.0
[INFO] [stderr]    Compiling anyhow v1.0.94
[INFO] [stderr]    Compiling rustix v0.38.42
[INFO] [stderr]    Compiling predicates-core v1.0.8
[INFO] [stderr]    Compiling crossbeam-epoch v0.9.18
[INFO] [stderr]    Compiling tokio v1.42.0
[INFO] [stderr]    Compiling crossbeam-deque v0.8.6
[INFO] [stderr]    Compiling walkdir v2.5.0
[INFO] [stderr]    Compiling utf8-width v0.1.7
[INFO] [stderr]    Compiling difflib v0.4.0
[INFO] [stderr]    Compiling minimal-lexical v0.2.1
[INFO] [stderr]    Compiling normalize-line-endings v0.3.0
[INFO] [stderr]    Compiling termtree v0.4.1
[INFO] [stderr]    Compiling futures-util v0.3.31
[INFO] [stderr]    Compiling linux-raw-sys v0.4.14
[INFO] [stderr]    Compiling regex-automata v0.4.9
[INFO] [stderr]    Compiling nom v7.1.3
[INFO] [stderr]    Compiling float-cmp v0.10.0
[INFO] [stderr]    Compiling ordered-float v2.10.1
[INFO] [stderr]    Compiling predicates-tree v1.0.11
[INFO] [stderr]    Compiling html-escape v0.2.13
[INFO] [stderr]    Compiling yansi v1.0.1
[INFO] [stderr]    Compiling fastrand v2.3.0
[INFO] [stderr]    Compiling assert_cmd v2.0.16
[INFO] [stderr]    Compiling escargot v0.5.13
[INFO] [stderr]    Compiling diff v0.1.13
[INFO] [stderr]    Compiling crossbeam-channel v0.5.14
[INFO] [stderr]    Compiling pretty_assertions v1.4.1
[INFO] [stderr]    Compiling wait-timeout v0.2.0
[INFO] [stderr]    Compiling darrentsung_debug_parser v0.3.1
[INFO] [stderr]    Compiling tempfile v3.14.0
[INFO] [stderr]    Compiling lazy_static v1.5.0
[INFO] [stderr]    Compiling pretty_assertions_sorted v1.2.3
[INFO] [stderr]    Compiling bstr v1.11.1
[INFO] [stderr]    Compiling regex v1.11.1
[INFO] [stderr]    Compiling http-body-util v0.1.2
[INFO] [stderr]    Compiling futures v0.3.31
[INFO] [stderr]    Compiling globset v0.4.15
[INFO] [stderr]    Compiling predicates v3.1.3
[INFO] [stderr]    Compiling tokio-util v0.7.13
[INFO] [stderr]    Compiling tokio-rustls v0.26.1
[INFO] [stderr]    Compiling h2 v0.4.7
[INFO] [stderr]    Compiling tower v0.5.2
[INFO] [stderr]    Compiling ignore v0.4.23
[INFO] [stderr]    Compiling globwalk v0.9.1
[INFO] [stderr]    Compiling assert_fs v1.1.2
[INFO] [stderr]    Compiling hyper v1.5.1
[INFO] [stderr]    Compiling hyper-util v0.1.10
[INFO] [stderr]    Compiling hyper-rustls v0.27.3
[INFO] [stderr]    Compiling httptest v0.16.1
[INFO] [stderr]    Compiling reqwest v0.12.12
[INFO] [stderr]    Compiling dofigen v0.0.0 (/opt/rustwide/workdir)
[INFO] [stderr]     Finished `test` profile [unoptimized + debuginfo] target(s) in 1m 23s
[INFO] running `Command { std: "docker" "inspect" "9ad0676404eedad3c5e874df7dc5a1064676ef951393df0347d1866a03a2d269", kill_on_drop: false }`
[INFO] running `Command { std: "docker" "rm" "-f" "9ad0676404eedad3c5e874df7dc5a1064676ef951393df0347d1866a03a2d269", kill_on_drop: false }`
[INFO] [stdout] 9ad0676404eedad3c5e874df7dc5a1064676ef951393df0347d1866a03a2d269
[INFO] running `Command { std: "docker" "create" "-v" "/var/lib/crater-agent-workspace/builds/worker-6-tc2/target:/opt/rustwide/target:rw,Z" "-v" "/var/lib/crater-agent-workspace/builds/worker-6-tc2/source:/opt/rustwide/workdir:ro,Z" "-v" "/var/lib/crater-agent-workspace/cargo-home:/opt/rustwide/cargo-home:ro,Z" "-v" "/var/lib/crater-agent-workspace/rustup-home:/opt/rustwide/rustup-home:ro,Z" "-e" "SOURCE_DIR=/opt/rustwide/workdir" "-e" "CARGO_TARGET_DIR=/opt/rustwide/target" "-e" "CARGO_INCREMENTAL=0" "-e" "RUST_BACKTRACE=full" "-e" "RUSTFLAGS=--cap-lints=forbid -Zrandomize-layout" "-e" "RUSTDOCFLAGS=--cap-lints=forbid" "-e" "CARGO_HOME=/opt/rustwide/cargo-home" "-e" "RUSTUP_HOME=/opt/rustwide/rustup-home" "-w" "/opt/rustwide/workdir" "-m" "1610612736" "--user" "0:0" "--network" "none" "ghcr.io/rust-lang/crates-build-env/linux@sha256:819108c5571ea2e421544af4d832f968d213c87fbe3707a016657f43d2f853bc" "/opt/rustwide/cargo-home/bin/cargo" "+nightly-2025-01-18" "test" "--frozen", kill_on_drop: false }`
[INFO] [stdout] 7e0864cff99ccbd2768346e442ae2330992681c777dd6aee9dec645a6656dba2
[INFO] running `Command { std: "docker" "start" "-a" "7e0864cff99ccbd2768346e442ae2330992681c777dd6aee9dec645a6656dba2", kill_on_drop: false }`
[INFO] [stderr]     Finished `test` profile [unoptimized + debuginfo] target(s) in 0.43s
[INFO] [stderr]      Running unittests src/lib.rs (/opt/rustwide/target/debug/deps/dofigen_lib-8f31e56cb7634a9b)
[INFO] [stdout] 
[INFO] [stdout] running 112 tests
[INFO] [stdout] test deserialize::test::deserialize::optional_one_or_many::absent ... ok
[INFO] [stdout] test deserialize::test::deserialize::one_or_many::many ... ok
[INFO] [stdout] test deserialize::test::deserialize::optional_one_or_many::many ... ok
[INFO] [stdout] test deserialize::test::deserialize::optional_one_or_many::null ... ok
[INFO] [stdout] test deserialize::test::deserialize::from_optional_string_or_number::number ... ok
[INFO] [stdout] test deserialize::test::deserialize::from_optional_string_or_number::string ... ok
[INFO] [stdout] test deserialize::test::deserialize::one_or_many::one ... ok
[INFO] [stdout] test deserialize::test::deserialize::optional_one_or_many::one ... ok
[INFO] [stdout] test deserialize::test::parsable_struct::deserialize_dofigen_with_invalid_user ... ignored, Not managed yet by serde because of multilevel flatten: https://serde.rs/field-attrs.html#flatten
[INFO] [stdout] test deserialize::test::hashmap_deep_patch::test_simple_patch ... ok
[INFO] [stdout] test deserialize::test::hashmap_patch::test_simple_patch ... ok
[INFO] [stdout] test deserialize::test::parsable_struct::deserialize_basic_user ... ok
[INFO] [stdout] test deserialize::test::parsable_struct::deserialize_stage_with_invalid_user ... ok
[INFO] [stdout] test deserialize::test::deserialize::from_optional_string_or_number::absent ... ok
[INFO] [stdout] test deserialize::test::parsable_struct::deserialize_user_error_wrong_username ... ok
[INFO] [stdout] test deserialize::test::vec_deep_patch::test_vec_append_one_patch ... ok
[INFO] [stdout] test deserialize::test::vec_deep_patch::test_vec_append_list_patch ... ok
[INFO] [stdout] test deserialize::test::vec_deep_patch::test_vec_deep_patch ... ok
[INFO] [stdout] test deserialize::test::vec_deep_patch::test_vec_replace_patch ... ok
[INFO] [stdout] test deserialize::test::vec_deep_patch::test_vec_replace ... ok
[INFO] [stdout] test deserialize::test::vec_patch::test_simple_patch ... ok
[INFO] [stdout] test deserialize::test::vec_patch::test_vec_append_list_patch ... ok
[INFO] [stdout] test deserialize::test::vec_patch::test_vec_append_one_patch ... ok
[INFO] [stdout] test deserialize::test::vec_patch::test_vec_replace ... ok
[INFO] [stdout] test deserialize::test::vec_patch::test_vec_replace_patch ... ok
[INFO] [stdout] test dockerfile_struct::test::test_generate_content_comment ... ok
[INFO] [stdout] test dockerfile_struct::test::test_generate_content_instruction_option_option ... ok
[INFO] [stdout] test dockerfile_struct::test::test_generate_content_empty ... ok
[INFO] [stdout] test dockerfile_struct::test::test_generate_content_instruction ... ok
[INFO] [stdout] test dockerfile_struct::test::test_generate_content_with_value_option ... ok
[INFO] [stdout] test dockerfile_struct::test::test_generate_content_with_options_option ... ok
[INFO] [stdout] test deserialize::test::deserialize::from_optional_string_or_number::null ... ok
[INFO] [stdout] test dofigen_struct::test::deserialize::builder::with_bind ... ok
[INFO] [stdout] test dofigen_struct::test::deserialize::copy_resource::copy_chmod_int ... ok
[INFO] [stdout] test dofigen_struct::test::deserialize::copy_resource::add ... ok
[INFO] [stdout] test dofigen_struct::test::deserialize::copy_resource::add_git_repo ... ok
[INFO] [stdout] test dockerfile_struct::test::test_generate_content_name_only_option ... ok
[INFO] [stdout] test dofigen_struct::test::deserialize::copy_resource::copy ... ok
[INFO] [stdout] test dofigen_struct::test::deserialize::dofigen::duplicate_from ... ignored, Not managed yet by serde because of multilevel flatten: https://serde.rs/field-attrs.html#flatten
[INFO] [stdout] test dofigen_struct::test::deserialize::dofigen::duplicate_from_and_alias ... ignored, Not managed yet by serde because of multilevel flatten: https://serde.rs/field-attrs.html#flatten
[INFO] [stdout] test dofigen_struct::test::deserialize::stage::duplicate_from ... ignored, Not managed yet by serde because of multilevel flatten: https://serde.rs/field-attrs.html#flatten
[INFO] [stdout] test dofigen_struct::test::deserialize::stage::duplicate_from_and_alias ... ignored, Not managed yet by serde because of multilevel flatten: https://serde.rs/field-attrs.html#flatten
[INFO] [stdout] test dofigen_struct::test::deserialize::dofigen::from ... ok
[INFO] [stdout] test deserialize::test::vec_deep_patch::test_simple_patch ... ok
[INFO] [stdout] test dofigen_struct::test::deserialize::stage::empty ... ok
[INFO] [stdout] test dofigen_struct::test::deserialize::stage::from ... ok
[INFO] [stdout] test extend::test::deserialize::extend::empty ... ok
[INFO] [stdout] test dofigen_struct::test::deserialize::copy_resource::copy_content ... ok
[INFO] [stdout] test extend::test::deserialize::extend::only_sub ... ok
[INFO] [stdout] test extend::test::deserialize::extend_dofigen::empty ... ok
[INFO] [stdout] test extend::test::deserialize::extend_dofigen::only_from ... ok
[INFO] [stdout] test from_str::test_from_str::add::with_multiple_sources_and_target ... ok
[INFO] [stdout] test dofigen_struct::test::deserialize::dofigen::empty ... ok
[INFO] [stdout] test from_str::test_from_str::add::simple ... ok
[INFO] [stdout] test from_str::test_from_str::add_git_repo::http ... ok
[INFO] [stdout] test from_str::test_from_str::add_git_repo::http_with_target ... ok
[INFO] [stdout] test from_str::test_from_str::add_git_repo::ssh_with_target ... ok
[INFO] [stdout] test from_str::test_from_str::copy::simple ... ok
[INFO] [stdout] test from_str::test_from_str::copy::with_multiple_sources_and_target ... ok
[INFO] [stdout] test from_str::test_from_str::copy::with_target_option ... ok
[INFO] [stdout] test dofigen_struct::test::deserialize::user::name_and_group ... ok
[INFO] [stdout] test from_str::test_from_str::add::with_target_option ... ok
[INFO] [stdout] test extend::test::deserialize::extend::only_name ... ok
[INFO] [stdout] test from_str::test_from_str::add_git_repo::ssh ... ok
[INFO] [stdout] test dofigen_struct::test::deserialize::copy_resource::copy_simple ... ok
[INFO] [stdout] test dofigen_struct::test::deserialize::copy_resource::deserialize_copy_from_str ... ok
[INFO] [stdout] test from_str::test_from_str::copy_resources::add ... ok
[INFO] [stdout] test from_str::test_from_str::copy_resources::add_git_repo_ssh ... ok
[INFO] [stdout] test from_str::test_from_str::copy_resources::add_git_repo_http ... ok
[INFO] [stdout] test from_str::test_from_str::image_name::simple ... ok
[INFO] [stdout] test from_str::test_from_str::image_name::full ... ok
[INFO] [stdout] test from_str::test_from_str::copy_resources::copy ... ok
[INFO] [stdout] test from_str::test_from_str::image_name::with_tag ... ok
[INFO] [stdout] test from_str::test_from_str::port::with_tcp_protocol ... ok
[INFO] [stdout] test from_str::test_from_str::user::invalid_username ... ok
[INFO] [stdout] test from_str::test_from_str::port::with_udp_protocol ... ok
[INFO] [stdout] test from_str::test_from_str::port::simple ... ok
[INFO] [stdout] test from_str::test_from_str::image_name::with_host ... ok
[INFO] [stdout] test from_str::test_from_str::port::invalid ... ok
[INFO] [stdout] test from_str::test_from_str::image_name::with_digest ... ok
[INFO] [stdout] test from_str::test_from_str::user::uid_with_gid ... ok
[INFO] [stdout] test from_str::test_from_str::user::uid ... ok
[INFO] [stdout] test from_str::test_from_str::user::user ... ok
[INFO] [stdout] test generator::test::image_name::user_with_user ... ok
[INFO] [stdout] test generator::test::image_name::user_without_user ... ok
[INFO] [stdout] test from_str::test_from_str::user::invalid_extra ... ok
[INFO] [stdout] test generator::test::copy::from_content ... ok
[INFO] [stdout] test generator::test::copy::with_chmod ... ok
[INFO] [stdout] test generator::test::run::without_run ... ok
[INFO] [stdout] test generator::test::run::with_script_and_caches_with_named_user ... ok
[INFO] [stdout] test generator::test::stage::user_without_user ... ok
[INFO] [stdout] test generator::test::run::with_empty_run ... ok
[INFO] [stdout] test linter::test::builder::unused ... ok
[INFO] [stdout] test generator::test::run::simple ... ok
[INFO] [stdout] test linter::test::from_context::root_bind ... ok
[INFO] [stdout] test linter::test::run::empty_run ... ok
[INFO] [stdout] test generator::test::run::with_script_and_caches_with_uid_user_without_group ... ok
[INFO] [stdout] test generator::test::stage::user_with_user ... ok
[INFO] [stdout] test generator::test::run::with_script_and_caches_with_uid_user ... ok
[INFO] [stdout] test generator::test::stage::stage_args ... ok
[INFO] [stdout] test from_str::test_from_str::user::with_group ... ok
[INFO] [stdout] test linter::test::from_context::stage_and_copy ... ok
[INFO] [stdout] test linter::test::builder::empty ... ok
[INFO] [stdout] test linter::test::stage_dependencies::builder_named_runtime ... ok
[INFO] [stdout] test linter::test::stage_dependencies::runtime_dependencies ... ok
[INFO] [stdout] test linter::test::stage_dependencies::dependency_to_runtime ... ok
[INFO] [stdout] test linter::test::stage_dependencies::builders_dependencies ... ok
[INFO] [stdout] test linter::test::stage_dependencies::dependency_to_cache_path ... ok
[INFO] [stdout] test linter::test::user::uid ... ok
[INFO] [stdout] test linter::test::stage_dependencies::builders_circular_dependencies ... ok
[INFO] [stdout] test linter::test::stage_dependencies::builder_not_found ... ok
[INFO] [stdout] test linter::test::user::username ... ok
[INFO] [stdout] 
[INFO] [stdout] test result: ok. 107 passed; 0 failed; 5 ignored; 0 measured; 0 filtered out; finished in 0.15s
[INFO] [stdout] 
[INFO] [stderr]      Running unittests src/bin/main.rs (/opt/rustwide/target/debug/deps/dofigen-e98357e0ec6a9d89)
[INFO] [stdout] 
[INFO] [stdout] running 1 test
[INFO] [stdout] test tests::verify_cmd ... ok
[INFO] [stdout] 
[INFO] [stdout] test result: ok. 1 passed; 0 failed; 0 ignored; 0 measured; 0 filtered out; finished in 0.00s
[INFO] [stdout] 
[INFO] [stderr]      Running tests/cases.rs (/opt/rustwide/target/debug/deps/cases-4ccd92e0604942f6)
[INFO] [stdout] 
[INFO] [stdout] running 2 tests
[INFO] [stdout] test test_load_url ... ok
[INFO] [stdout] test test_cases ... ok
[INFO] [stdout] 
[INFO] [stdout] test result: ok. 2 passed; 0 failed; 0 ignored; 0 measured; 0 filtered out; finished in 0.13s
[INFO] [stdout] 
[INFO] [stderr]      Running tests/cli_test.rs (/opt/rustwide/target/debug/deps/cli_test-5e629e6f1619b5ee)
[INFO] [stdout] 
[INFO] [stdout] running 7 tests
[INFO] [stdout] test cli::version ... ok
[INFO] [stdout] test cli::generate_file_not_found ... ok
[INFO] [stdout] test cli::help_option ... ok
[INFO] [stdout] test cli::extend_not_existing_url ... ok
[INFO] [stdout] test cli::without_subcommand ... ok
[INFO] [stdout] test cli::help ... ok
[INFO] [stdout] test cli::generate_specified_file_offline ... FAILED
[INFO] [stdout] 
[INFO] [stdout] failures:
[INFO] [stdout] 
[INFO] [stdout] ---- cli::generate_specified_file_offline stdout ----
[INFO] [stdout] 
[INFO] [stdout] thread 'cli::generate_specified_file_offline' panicked at /opt/rustwide/cargo-home/registry/src/index.crates.io-1949cf8c6b5b557f/assert_cmd-2.0.16/src/output.rs:65:25:
[INFO] [stdout] command=cd "/tmp/.tmpWpQusB" && "/opt/rustwide/target/debug/dofigen" "generate" "-f" "simple.permissive.yml"
[INFO] [stdout] code=1
[INFO] [stdout] stdout="        Add resource simple.permissive.yml 037821f86d43ee7c1aa28a8eeff7ee43f46e89c810abe2ae3a1d04bf997303e6\n"
[INFO] [stdout] stderr=```
[INFO] [stdout] error: error sending request for url (https://registry.hub.docker.com/v2/namespaces/library/repositories/alpine/tags/latest)
[INFO] [stdout] \tCaused by: client error (Connect)
[INFO] [stdout] \tCaused by: dns error: failed to lookup address information: Temporary failure in name resolution
[INFO] [stdout] \tCaused by: failed to lookup address information: Temporary failure in name resolution
[INFO] [stdout] ```
[INFO] [stdout] 
[INFO] [stdout] 
[INFO] [stdout] stack backtrace:
[INFO] [stdout]    0:     0x5949a751ccca - std::backtrace_rs::backtrace::libunwind::trace::hb059275cfc8d6126
[INFO] [stdout]                                at /rustc/6067b36314ab5eb2eb47cecc464545ba58e1ad24/library/std/src/../../backtrace/src/backtrace/libunwind.rs:116:5
[INFO] [stdout]    1:     0x5949a751ccca - std::backtrace_rs::backtrace::trace_unsynchronized::h2da071e4327ce3ee
[INFO] [stdout]                                at /rustc/6067b36314ab5eb2eb47cecc464545ba58e1ad24/library/std/src/../../backtrace/src/backtrace/mod.rs:66:5
[INFO] [stdout]    2:     0x5949a751ccca - std::sys::backtrace::_print_fmt::h842a1474e6f8d23f
[INFO] [stdout]                                at /rustc/6067b36314ab5eb2eb47cecc464545ba58e1ad24/library/std/src/sys/backtrace.rs:66:9
[INFO] [stdout]    3:     0x5949a751ccca - <std::sys::backtrace::BacktraceLock::print::DisplayBacktrace as core::fmt::Display>::fmt::h71a62eb3b9696b12
[INFO] [stdout]                                at /rustc/6067b36314ab5eb2eb47cecc464545ba58e1ad24/library/std/src/sys/backtrace.rs:39:26
[INFO] [stdout]    4:     0x5949a75474b3 - core::fmt::rt::Argument::fmt::hdb6b616786b41dc1
[INFO] [stdout]                                at /rustc/6067b36314ab5eb2eb47cecc464545ba58e1ad24/library/core/src/fmt/rt.rs:177:76
[INFO] [stdout]    5:     0x5949a75474b3 - core::fmt::write::h2cc1698af7e2d686
[INFO] [stdout]                                at /rustc/6067b36314ab5eb2eb47cecc464545ba58e1ad24/library/core/src/fmt/mod.rs:1440:21
[INFO] [stdout]    6:     0x5949a7519113 - std::io::Write::write_fmt::hab1b4cd059a79022
[INFO] [stdout]                                at /rustc/6067b36314ab5eb2eb47cecc464545ba58e1ad24/library/std/src/io/mod.rs:1887:15
[INFO] [stdout]    7:     0x5949a751cb12 - std::sys::backtrace::BacktraceLock::print::h147fe35b4ea13b08
[INFO] [stdout]                                at /rustc/6067b36314ab5eb2eb47cecc464545ba58e1ad24/library/std/src/sys/backtrace.rs:42:9
[INFO] [stdout]    8:     0x5949a751e16f - std::panicking::default_hook::{{closure}}::hbd44223dbdc0d208
[INFO] [stdout]                                at /rustc/6067b36314ab5eb2eb47cecc464545ba58e1ad24/library/std/src/panicking.rs:298:22
[INFO] [stdout]    9:     0x5949a751df88 - std::panicking::default_hook::h20f81eb0576efcec
[INFO] [stdout]                                at /rustc/6067b36314ab5eb2eb47cecc464545ba58e1ad24/library/std/src/panicking.rs:322:9
[INFO] [stdout]   10:     0x5949a70f7e53 - <alloc::boxed::Box<F,A> as core::ops::function::Fn<Args>>::call::hdb53814c496a4d34
[INFO] [stdout]                                at /rustc/6067b36314ab5eb2eb47cecc464545ba58e1ad24/library/alloc/src/boxed.rs:2027:9
[INFO] [stdout]   11:     0x5949a70f7e53 - test::test_main::{{closure}}::hc0a4963c59427c24
[INFO] [stdout]                                at /rustc/6067b36314ab5eb2eb47cecc464545ba58e1ad24/library/test/src/lib.rs:134:21
[INFO] [stdout]   12:     0x5949a751ec63 - <alloc::boxed::Box<F,A> as core::ops::function::Fn<Args>>::call::h591b2225413a77e9
[INFO] [stdout]                                at /rustc/6067b36314ab5eb2eb47cecc464545ba58e1ad24/library/alloc/src/boxed.rs:2027:9
[INFO] [stdout]   13:     0x5949a751ec63 - std::panicking::rust_panic_with_hook::h625eea43051b2edc
[INFO] [stdout]                                at /rustc/6067b36314ab5eb2eb47cecc464545ba58e1ad24/library/std/src/panicking.rs:839:13
[INFO] [stdout]   14:     0x5949a751e91a - std::panicking::begin_panic_handler::{{closure}}::h4f9159cfbc3f6bd3
[INFO] [stdout]                                at /rustc/6067b36314ab5eb2eb47cecc464545ba58e1ad24/library/std/src/panicking.rs:704:13
[INFO] [stdout]   15:     0x5949a751d1c9 - std::sys::backtrace::__rust_end_short_backtrace::h0390abce48353151
[INFO] [stdout]                                at /rustc/6067b36314ab5eb2eb47cecc464545ba58e1ad24/library/std/src/sys/backtrace.rs:168:18
[INFO] [stdout]   16:     0x5949a751e5ad - rust_begin_unwind
[INFO] [stdout]                                at /rustc/6067b36314ab5eb2eb47cecc464545ba58e1ad24/library/std/src/panicking.rs:695:5
[INFO] [stdout]   17:     0x5949a7545b40 - core::panicking::panic_fmt::h9e7c637e9e5f29c9
[INFO] [stdout]                                at /rustc/6067b36314ab5eb2eb47cecc464545ba58e1ad24/library/core/src/panicking.rs:75:14
[INFO] [stdout]   18:     0x5949a722ea53 - core::panicking::panic_display::h5f1aeec3bc15e1ae
[INFO] [stdout]                                at /rustc/6067b36314ab5eb2eb47cecc464545ba58e1ad24/library/core/src/panicking.rs:261:5
[INFO] [stdout]   19:     0x5949a722c93e - assert_cmd::output::OutputOkExt::unwrap::panic_cold_display::h834bdc446faeab33
[INFO] [stdout]                                at /rustc/6067b36314ab5eb2eb47cecc464545ba58e1ad24/library/core/src/panic.rs:100:13
[INFO] [stdout]   20:     0x5949a70b79dc - assert_cmd::output::OutputOkExt::unwrap::h177f3b0c7c6d45c3
[INFO] [stdout]                                at /opt/rustwide/cargo-home/registry/src/index.crates.io-1949cf8c6b5b557f/assert_cmd-2.0.16/src/output.rs:65:25
[INFO] [stdout]   21:     0x5949a70bc6ed - cli_test::cli::generate_specified_file_offline::he36c7acd047a806a
[INFO] [stdout]                                at /opt/rustwide/workdir/tests/cli_test.rs:123:22
[INFO] [stdout]   22:     0x5949a70bc397 - cli_test::cli::generate_specified_file_offline::{{closure}}::h2e132769520c2d4c
[INFO] [stdout]                                at /opt/rustwide/workdir/tests/cli_test.rs:103:41
[INFO] [stdout]   23:     0x5949a70afab6 - core::ops::function::FnOnce::call_once::h9a9c5c7ee6af2998
[INFO] [stdout]                                at /rustc/6067b36314ab5eb2eb47cecc464545ba58e1ad24/library/core/src/ops/function.rs:250:5
[INFO] [stdout]   24:     0x5949a70fd5ab - core::ops::function::FnOnce::call_once::he27718dfdd183f43
[INFO] [stdout]                                at /rustc/6067b36314ab5eb2eb47cecc464545ba58e1ad24/library/core/src/ops/function.rs:250:5
[INFO] [stdout]   25:     0x5949a70fd5ab - test::__rust_begin_short_backtrace::h4e84902998457a5d
[INFO] [stdout]                                at /rustc/6067b36314ab5eb2eb47cecc464545ba58e1ad24/library/test/src/lib.rs:632:18
[INFO] [stdout]   26:     0x5949a70fc4e3 - test::run_test_in_process::{{closure}}::h7176fd18fc1feca0
[INFO] [stdout]                                at /rustc/6067b36314ab5eb2eb47cecc464545ba58e1ad24/library/test/src/lib.rs:655:60
[INFO] [stdout]   27:     0x5949a70fc4e3 - <core::panic::unwind_safe::AssertUnwindSafe<F> as core::ops::function::FnOnce<()>>::call_once::hf79cff2a624d8cf7
[INFO] [stdout]                                at /rustc/6067b36314ab5eb2eb47cecc464545ba58e1ad24/library/core/src/panic/unwind_safe.rs:272:9
[INFO] [stdout]   28:     0x5949a70fc4e3 - std::panicking::try::do_call::h3da0561d9ab99c25
[INFO] [stdout]                                at /rustc/6067b36314ab5eb2eb47cecc464545ba58e1ad24/library/std/src/panicking.rs:587:40
[INFO] [stdout]   29:     0x5949a70fc4e3 - std::panicking::try::h41c9fa508bc61df6
[INFO] [stdout]                                at /rustc/6067b36314ab5eb2eb47cecc464545ba58e1ad24/library/std/src/panicking.rs:550:19
[INFO] [stdout]   30:     0x5949a70fc4e3 - std::panic::catch_unwind::h6b3ff07bb5afad93
[INFO] [stdout]                                at /rustc/6067b36314ab5eb2eb47cecc464545ba58e1ad24/library/std/src/panic.rs:358:14
[INFO] [stdout]   31:     0x5949a70fc4e3 - test::run_test_in_process::hc7253dd11b39b9f4
[INFO] [stdout]                                at /rustc/6067b36314ab5eb2eb47cecc464545ba58e1ad24/library/test/src/lib.rs:655:27
[INFO] [stdout]   32:     0x5949a70fc4e3 - test::run_test::{{closure}}::hfb2007f8649c30bb
[INFO] [stdout]                                at /rustc/6067b36314ab5eb2eb47cecc464545ba58e1ad24/library/test/src/lib.rs:576:43
[INFO] [stdout]   33:     0x5949a70bf5c5 - test::run_test::{{closure}}::h56a17aa7a282a9f4
[INFO] [stdout]                                at /rustc/6067b36314ab5eb2eb47cecc464545ba58e1ad24/library/test/src/lib.rs:606:41
[INFO] [stdout]   34:     0x5949a70bf5c5 - std::sys::backtrace::__rust_begin_short_backtrace::hd2d2d2fb8e8c6aac
[INFO] [stdout]                                at /rustc/6067b36314ab5eb2eb47cecc464545ba58e1ad24/library/std/src/sys/backtrace.rs:152:18
[INFO] [stdout]   35:     0x5949a70c2eaa - std::thread::Builder::spawn_unchecked_::{{closure}}::{{closure}}::h4faa3f9db6133423
[INFO] [stdout]                                at /rustc/6067b36314ab5eb2eb47cecc464545ba58e1ad24/library/std/src/thread/mod.rs:559:17
[INFO] [stdout]   36:     0x5949a70c2eaa - <core::panic::unwind_safe::AssertUnwindSafe<F> as core::ops::function::FnOnce<()>>::call_once::hf2e855a36a4ea846
[INFO] [stdout]                                at /rustc/6067b36314ab5eb2eb47cecc464545ba58e1ad24/library/core/src/panic/unwind_safe.rs:272:9
[INFO] [stdout]   37:     0x5949a70c2eaa - std::panicking::try::do_call::h2f73af3616c35465
[INFO] [stdout]                                at /rustc/6067b36314ab5eb2eb47cecc464545ba58e1ad24/library/std/src/panicking.rs:587:40
[INFO] [stdout]   38:     0x5949a70c2eaa - std::panicking::try::hd1660ce9efadef5a
[INFO] [stdout]                                at /rustc/6067b36314ab5eb2eb47cecc464545ba58e1ad24/library/std/src/panicking.rs:550:19
[INFO] [stdout]   39:     0x5949a70c2eaa - std::panic::catch_unwind::h5ee8d7823b8ca744
[INFO] [stdout]                                at /rustc/6067b36314ab5eb2eb47cecc464545ba58e1ad24/library/std/src/panic.rs:358:14
[INFO] [stdout]   40:     0x5949a70c2eaa - std::thread::Builder::spawn_unchecked_::{{closure}}::h53c3a1894dce8407
[INFO] [stdout]                                at /rustc/6067b36314ab5eb2eb47cecc464545ba58e1ad24/library/std/src/thread/mod.rs:557:30
[INFO] [stdout]   41:     0x5949a70c2eaa - core::ops::function::FnOnce::call_once{{vtable.shim}}::h048ce291ad4f62bf
[INFO] [stdout]                                at /rustc/6067b36314ab5eb2eb47cecc464545ba58e1ad24/library/core/src/ops/function.rs:250:5
[INFO] [stdout]   42:     0x5949a7524eab - <alloc::boxed::Box<F,A> as core::ops::function::FnOnce<Args>>::call_once::ha52bedf99a3b4981
[INFO] [stdout]                                at /rustc/6067b36314ab5eb2eb47cecc464545ba58e1ad24/library/alloc/src/boxed.rs:2013:9
[INFO] [stdout]   43:     0x5949a7524eab - <alloc::boxed::Box<F,A> as core::ops::function::FnOnce<Args>>::call_once::h567748934d80ccf8
[INFO] [stdout]                                at /rustc/6067b36314ab5eb2eb47cecc464545ba58e1ad24/library/alloc/src/boxed.rs:2013:9
[INFO] [stdout]   44:     0x5949a7524eab - std::sys::pal::unix::thread::Thread::new::thread_start::h2d970728ae887adc
[INFO] [stdout]                                at /rustc/6067b36314ab5eb2eb47cecc464545ba58e1ad24/library/std/src/sys/pal/unix/thread.rs:106:17
[INFO] [stdout]   45:     0x7b3668ef2ac3 - <unknown>
[INFO] [stdout]   46:     0x7b3668f83a04 - clone
[INFO] [stdout]   47:                0x0 - <unknown>
[INFO] [stdout] 
[INFO] [stdout] 
[INFO] [stdout] failures:
[INFO] [stdout]     cli::generate_specified_file_offline
[INFO] [stdout] 
[INFO] [stdout] test result: FAILED. 6 passed; 1 failed; 0 ignored; 0 measured; 0 filtered out; finished in 10.28s
[INFO] [stdout] 
[INFO] [stderr] error: test failed, to rerun pass `--test cli_test`
[INFO] running `Command { std: "docker" "inspect" "7e0864cff99ccbd2768346e442ae2330992681c777dd6aee9dec645a6656dba2", kill_on_drop: false }`
[INFO] running `Command { std: "docker" "rm" "-f" "7e0864cff99ccbd2768346e442ae2330992681c777dd6aee9dec645a6656dba2", kill_on_drop: false }`
[INFO] [stdout] 7e0864cff99ccbd2768346e442ae2330992681c777dd6aee9dec645a6656dba2
