[INFO] cloning repository https://github.com/leekalan/rustegory
[INFO] running `Command { std: "git" "-c" "credential.helper=" "-c" "credential.helper=/workspace/cargo-home/bin/git-credential-null" "clone" "--bare" "https://github.com/leekalan/rustegory" "/workspace/cache/git-repos/https%3A%2F%2Fgithub.com%2Fleekalan%2Frustegory", kill_on_drop: false }`
[INFO] [stderr] Cloning into bare repository '/workspace/cache/git-repos/https%3A%2F%2Fgithub.com%2Fleekalan%2Frustegory'...
[INFO] running `Command { std: "git" "rev-parse" "HEAD", kill_on_drop: false }`
[INFO] [stdout] a2df5852cdd35ebe68da9820a386ea3026bb0c0e
[INFO] testing leekalan/rustegory against nightly-2025-01-18 for randomize-layout-2
[INFO] running `Command { std: "git" "clone" "/workspace/cache/git-repos/https%3A%2F%2Fgithub.com%2Fleekalan%2Frustegory" "/workspace/builds/worker-1-tc1/source", kill_on_drop: false }`
[INFO] [stderr] Cloning into '/workspace/builds/worker-1-tc1/source'...
[INFO] [stderr] done.
[INFO] validating manifest of git repo https://github.com/leekalan/rustegory on toolchain nightly-2025-01-18
[INFO] running `Command { std: CARGO_HOME="/workspace/cargo-home" RUSTUP_HOME="/workspace/rustup-home" "/workspace/cargo-home/bin/cargo" "+nightly-2025-01-18" "metadata" "--manifest-path" "Cargo.toml" "--no-deps", kill_on_drop: false }`
[INFO] started tweaking git repo https://github.com/leekalan/rustegory
[INFO] finished tweaking git repo https://github.com/leekalan/rustegory
[INFO] tweaked toml for git repo https://github.com/leekalan/rustegory written to /workspace/builds/worker-1-tc1/source/Cargo.toml
[INFO] crate git repo https://github.com/leekalan/rustegory already has a lockfile, it will not be regenerated
[INFO] running `Command { std: CARGO_HOME="/workspace/cargo-home" RUSTUP_HOME="/workspace/rustup-home" "/workspace/cargo-home/bin/cargo" "+nightly-2025-01-18" "fetch" "--manifest-path" "Cargo.toml", kill_on_drop: false }`
[INFO] running `Command { std: "docker" "create" "-v" "/var/lib/crater-agent-workspace/builds/worker-1-tc1/target:/opt/rustwide/target:rw,Z" "-v" "/var/lib/crater-agent-workspace/builds/worker-1-tc1/source:/opt/rustwide/workdir:ro,Z" "-v" "/var/lib/crater-agent-workspace/cargo-home:/opt/rustwide/cargo-home:ro,Z" "-v" "/var/lib/crater-agent-workspace/rustup-home:/opt/rustwide/rustup-home:ro,Z" "-e" "SOURCE_DIR=/opt/rustwide/workdir" "-e" "CARGO_TARGET_DIR=/opt/rustwide/target" "-e" "CARGO_HOME=/opt/rustwide/cargo-home" "-e" "RUSTUP_HOME=/opt/rustwide/rustup-home" "-w" "/opt/rustwide/workdir" "-m" "1610612736" "--user" "0:0" "--network" "none" "ghcr.io/rust-lang/crates-build-env/linux@sha256:819108c5571ea2e421544af4d832f968d213c87fbe3707a016657f43d2f853bc" "/opt/rustwide/cargo-home/bin/cargo" "+nightly-2025-01-18" "metadata" "--no-deps" "--format-version=1", kill_on_drop: false }`
[INFO] [stdout] ab702cf997f35dc33a171b526c0849cc7da07624073ad650033b0166569548b5
[INFO] running `Command { std: "docker" "start" "-a" "ab702cf997f35dc33a171b526c0849cc7da07624073ad650033b0166569548b5", kill_on_drop: false }`
[INFO] running `Command { std: "docker" "inspect" "ab702cf997f35dc33a171b526c0849cc7da07624073ad650033b0166569548b5", kill_on_drop: false }`
[INFO] running `Command { std: "docker" "rm" "-f" "ab702cf997f35dc33a171b526c0849cc7da07624073ad650033b0166569548b5", kill_on_drop: false }`
[INFO] [stdout] ab702cf997f35dc33a171b526c0849cc7da07624073ad650033b0166569548b5
[INFO] running `Command { std: "docker" "create" "-v" "/var/lib/crater-agent-workspace/builds/worker-1-tc1/target:/opt/rustwide/target:rw,Z" "-v" "/var/lib/crater-agent-workspace/builds/worker-1-tc1/source:/opt/rustwide/workdir:ro,Z" "-v" "/var/lib/crater-agent-workspace/cargo-home:/opt/rustwide/cargo-home:ro,Z" "-v" "/var/lib/crater-agent-workspace/rustup-home:/opt/rustwide/rustup-home:ro,Z" "-e" "SOURCE_DIR=/opt/rustwide/workdir" "-e" "CARGO_TARGET_DIR=/opt/rustwide/target" "-e" "CARGO_INCREMENTAL=0" "-e" "RUST_BACKTRACE=full" "-e" "RUSTFLAGS=--cap-lints=forbid" "-e" "RUSTDOCFLAGS=--cap-lints=forbid" "-e" "CARGO_HOME=/opt/rustwide/cargo-home" "-e" "RUSTUP_HOME=/opt/rustwide/rustup-home" "-w" "/opt/rustwide/workdir" "-m" "1610612736" "--user" "0:0" "--network" "none" "ghcr.io/rust-lang/crates-build-env/linux@sha256:819108c5571ea2e421544af4d832f968d213c87fbe3707a016657f43d2f853bc" "/opt/rustwide/cargo-home/bin/cargo" "+nightly-2025-01-18" "build" "--frozen" "--message-format=json", kill_on_drop: false }`
[INFO] [stdout] 90273cd3835a001c21d8b432874a71ffe32d508f66a44cbde81315cd20795c45
[INFO] running `Command { std: "docker" "start" "-a" "90273cd3835a001c21d8b432874a71ffe32d508f66a44cbde81315cd20795c45", kill_on_drop: false }`
[INFO] [stderr]    Compiling wrappr v1.2.0 (/opt/rustwide/workdir)
[INFO] [stderr]     Finished `dev` profile [unoptimized + debuginfo] target(s) in 0.10s
[INFO] running `Command { std: "docker" "inspect" "90273cd3835a001c21d8b432874a71ffe32d508f66a44cbde81315cd20795c45", kill_on_drop: false }`
[INFO] running `Command { std: "docker" "rm" "-f" "90273cd3835a001c21d8b432874a71ffe32d508f66a44cbde81315cd20795c45", kill_on_drop: false }`
[INFO] [stdout] 90273cd3835a001c21d8b432874a71ffe32d508f66a44cbde81315cd20795c45
[INFO] running `Command { std: "docker" "create" "-v" "/var/lib/crater-agent-workspace/builds/worker-1-tc1/target:/opt/rustwide/target:rw,Z" "-v" "/var/lib/crater-agent-workspace/builds/worker-1-tc1/source:/opt/rustwide/workdir:ro,Z" "-v" "/var/lib/crater-agent-workspace/cargo-home:/opt/rustwide/cargo-home:ro,Z" "-v" "/var/lib/crater-agent-workspace/rustup-home:/opt/rustwide/rustup-home:ro,Z" "-e" "SOURCE_DIR=/opt/rustwide/workdir" "-e" "CARGO_TARGET_DIR=/opt/rustwide/target" "-e" "CARGO_INCREMENTAL=0" "-e" "RUST_BACKTRACE=full" "-e" "RUSTFLAGS=--cap-lints=forbid" "-e" "RUSTDOCFLAGS=--cap-lints=forbid" "-e" "CARGO_HOME=/opt/rustwide/cargo-home" "-e" "RUSTUP_HOME=/opt/rustwide/rustup-home" "-w" "/opt/rustwide/workdir" "-m" "1610612736" "--user" "0:0" "--network" "none" "ghcr.io/rust-lang/crates-build-env/linux@sha256:819108c5571ea2e421544af4d832f968d213c87fbe3707a016657f43d2f853bc" "/opt/rustwide/cargo-home/bin/cargo" "+nightly-2025-01-18" "test" "--frozen" "--no-run" "--message-format=json", kill_on_drop: false }`
[INFO] [stdout] b0960883aed52312728fd8490e6858556d630bab7f3d113213c2efd62979bae5
[INFO] running `Command { std: "docker" "start" "-a" "b0960883aed52312728fd8490e6858556d630bab7f3d113213c2efd62979bae5", kill_on_drop: false }`
[INFO] [stderr]    Compiling wrappr v1.2.0 (/opt/rustwide/workdir)
[INFO] [stderr]     Finished `test` profile [unoptimized + debuginfo] target(s) in 0.24s
[INFO] running `Command { std: "docker" "inspect" "b0960883aed52312728fd8490e6858556d630bab7f3d113213c2efd62979bae5", kill_on_drop: false }`
[INFO] running `Command { std: "docker" "rm" "-f" "b0960883aed52312728fd8490e6858556d630bab7f3d113213c2efd62979bae5", kill_on_drop: false }`
[INFO] [stdout] b0960883aed52312728fd8490e6858556d630bab7f3d113213c2efd62979bae5
[INFO] running `Command { std: "docker" "create" "-v" "/var/lib/crater-agent-workspace/builds/worker-1-tc1/target:/opt/rustwide/target:rw,Z" "-v" "/var/lib/crater-agent-workspace/builds/worker-1-tc1/source:/opt/rustwide/workdir:ro,Z" "-v" "/var/lib/crater-agent-workspace/cargo-home:/opt/rustwide/cargo-home:ro,Z" "-v" "/var/lib/crater-agent-workspace/rustup-home:/opt/rustwide/rustup-home:ro,Z" "-e" "SOURCE_DIR=/opt/rustwide/workdir" "-e" "CARGO_TARGET_DIR=/opt/rustwide/target" "-e" "CARGO_INCREMENTAL=0" "-e" "RUST_BACKTRACE=full" "-e" "RUSTFLAGS=--cap-lints=forbid" "-e" "RUSTDOCFLAGS=--cap-lints=forbid" "-e" "CARGO_HOME=/opt/rustwide/cargo-home" "-e" "RUSTUP_HOME=/opt/rustwide/rustup-home" "-w" "/opt/rustwide/workdir" "-m" "1610612736" "--user" "0:0" "--network" "none" "ghcr.io/rust-lang/crates-build-env/linux@sha256:819108c5571ea2e421544af4d832f968d213c87fbe3707a016657f43d2f853bc" "/opt/rustwide/cargo-home/bin/cargo" "+nightly-2025-01-18" "test" "--frozen", kill_on_drop: false }`
[INFO] [stdout] 9110d397ae622b3c5f43898a681e6d11e84cf2c81a104905a89677d74a3cf124
[INFO] running `Command { std: "docker" "start" "-a" "9110d397ae622b3c5f43898a681e6d11e84cf2c81a104905a89677d74a3cf124", kill_on_drop: false }`
[INFO] [stderr]     Finished `test` profile [unoptimized + debuginfo] target(s) in 0.01s
[INFO] [stderr]      Running unittests src/lib.rs (/opt/rustwide/target/debug/deps/wrappr-6a60c4ccce25913a)
[INFO] [stdout] 
[INFO] [stdout] running 0 tests
[INFO] [stdout] 
[INFO] [stdout] test result: ok. 0 passed; 0 failed; 0 ignored; 0 measured; 0 filtered out; finished in 0.00s
[INFO] [stdout] 
[INFO] [stderr]    Doc-tests wrappr
[INFO] [stdout] 
[INFO] [stdout] running 4 tests
[INFO] [stdout] test src/lib.rs - (line 60) ... FAILED
[INFO] [stdout] test src/lib.rs - (line 15) ... ok
[INFO] [stdout] test src/lib.rs - (line 30) ... ok
[INFO] [stdout] test src/lib.rs - (line 45) ... ok
[INFO] [stdout] 
[INFO] [stdout] failures:
[INFO] [stdout] 
[INFO] [stdout] ---- src/lib.rs - (line 60) stdout ----
[INFO] [stdout] error[E0283]: type annotations needed
[INFO] [stdout]   --> src/lib.rs:67:3
[INFO] [stdout]    |
[INFO] [stdout] 10 | y.embed(&mut x);
[INFO] [stdout]    |   ^^^^^ cannot infer type for type parameter `T` declared on the trait `Embedable`
[INFO] [stdout]    |
[INFO] [stdout]    = note: multiple `impl`s satisfying `Vec<u8>: BorrowMut<_>` found in the following crates: `alloc`, `core`:
[INFO] [stdout]            - impl<T, A> BorrowMut<[T]> for Vec<T, A>
[INFO] [stdout]              where A: Allocator;
[INFO] [stdout]            - impl<T> BorrowMut<T> for T
[INFO] [stdout]              where T: ?Sized;
[INFO] [stdout] note: required by a bound in `embed`
[INFO] [stdout]   --> /opt/rustwide/workdir/src/embedable.rs:20:40
[INFO] [stdout]    |
[INFO] [stdout] 20 |     fn embed(self, composer: &mut impl BorrowMut<T>) -> &mut T;
[INFO] [stdout]    |                                        ^^^^^^^^^^^^ required by this bound in `Embedable::embed`
[INFO] [stdout] 
[INFO] [stdout] error[E0283]: type annotations needed
[INFO] [stdout]   --> src/lib.rs:67:3
[INFO] [stdout]    |
[INFO] [stdout] 10 | y.embed(&mut x);
[INFO] [stdout]    |   ^^^^^ cannot infer type for type parameter `T`
[INFO] [stdout]    |
[INFO] [stdout]    = note: multiple `impl`s satisfying `_: Composer<Vec<u8>>` found in the `wrappr` crate:
[INFO] [stdout]            - impl<T> Composer<T> for Vec<T>;
[INFO] [stdout]            - impl<T> Composer<Vec<T>> for Vec<T>;
[INFO] [stdout]    = note: required for `Vec<u8>` to implement `Embedable<_>`
[INFO] [stdout] 
[INFO] [stdout] error[E0283]: type annotations needed
[INFO] [stdout]   --> src/lib.rs:70:3
[INFO] [stdout]    |
[INFO] [stdout] 13 | z.embed(&mut x);
[INFO] [stdout]    |   ^^^^^ cannot infer type for type parameter `T` declared on the trait `Embedable`
[INFO] [stdout]    |
[INFO] [stdout]    = note: multiple `impl`s satisfying `Vec<u8>: BorrowMut<_>` found in the following crates: `alloc`, `core`:
[INFO] [stdout]            - impl<T, A> BorrowMut<[T]> for Vec<T, A>
[INFO] [stdout]              where A: Allocator;
[INFO] [stdout]            - impl<T> BorrowMut<T> for T
[INFO] [stdout]              where T: ?Sized;
[INFO] [stdout] note: required by a bound in `embed`
[INFO] [stdout]   --> /opt/rustwide/workdir/src/embedable.rs:20:40
[INFO] [stdout]    |
[INFO] [stdout] 20 |     fn embed(self, composer: &mut impl BorrowMut<T>) -> &mut T;
[INFO] [stdout]    |                                        ^^^^^^^^^^^^ required by this bound in `Embedable::embed`
[INFO] [stdout] 
[INFO] [stdout] error: aborting due to 3 previous errors
[INFO] [stdout] 
[INFO] [stdout] For more information about this error, try `rustc --explain E0283`.
[INFO] [stdout] Couldn't compile the test.
[INFO] [stdout] 
[INFO] [stdout] failures:
[INFO] [stdout]     src/lib.rs - (line 60)
[INFO] [stdout] 
[INFO] [stdout] test result: FAILED. 3 passed; 1 failed; 0 ignored; 0 measured; 0 filtered out; finished in 0.33s
[INFO] [stdout] 
[INFO] [stderr] error: doctest failed, to rerun pass `--doc`
[INFO] running `Command { std: "docker" "inspect" "9110d397ae622b3c5f43898a681e6d11e84cf2c81a104905a89677d74a3cf124", kill_on_drop: false }`
[INFO] running `Command { std: "docker" "rm" "-f" "9110d397ae622b3c5f43898a681e6d11e84cf2c81a104905a89677d74a3cf124", kill_on_drop: false }`
[INFO] [stdout] 9110d397ae622b3c5f43898a681e6d11e84cf2c81a104905a89677d74a3cf124
