[INFO] cloning repository https://github.com/lcdr/endio_bit
[INFO] running `Command { std: "git" "-c" "credential.helper=" "-c" "credential.helper=/workspace/cargo-home/bin/git-credential-null" "clone" "--bare" "https://github.com/lcdr/endio_bit" "/workspace/cache/git-repos/https%3A%2F%2Fgithub.com%2Flcdr%2Fendio_bit", kill_on_drop: false }`
[INFO] [stderr] Cloning into bare repository '/workspace/cache/git-repos/https%3A%2F%2Fgithub.com%2Flcdr%2Fendio_bit'...
[INFO] running `Command { std: "git" "rev-parse" "HEAD", kill_on_drop: false }`
[INFO] [stdout] 46b1b0eda359dd85b5eabf9714e839c3728c75af
[INFO] testing lcdr/endio_bit against nightly-2025-01-18 for randomize-layout-2
[INFO] running `Command { std: "git" "clone" "/workspace/cache/git-repos/https%3A%2F%2Fgithub.com%2Flcdr%2Fendio_bit" "/workspace/builds/worker-7-tc1/source", kill_on_drop: false }`
[INFO] [stderr] Cloning into '/workspace/builds/worker-7-tc1/source'...
[INFO] [stderr] done.
[INFO] validating manifest of git repo https://github.com/lcdr/endio_bit on toolchain nightly-2025-01-18
[INFO] running `Command { std: CARGO_HOME="/workspace/cargo-home" RUSTUP_HOME="/workspace/rustup-home" "/workspace/cargo-home/bin/cargo" "+nightly-2025-01-18" "metadata" "--manifest-path" "Cargo.toml" "--no-deps", kill_on_drop: false }`
[INFO] started tweaking git repo https://github.com/lcdr/endio_bit
[INFO] finished tweaking git repo https://github.com/lcdr/endio_bit
[INFO] tweaked toml for git repo https://github.com/lcdr/endio_bit written to /workspace/builds/worker-7-tc1/source/Cargo.toml
[INFO] crate git repo https://github.com/lcdr/endio_bit already has a lockfile, it will not be regenerated
[INFO] running `Command { std: CARGO_HOME="/workspace/cargo-home" RUSTUP_HOME="/workspace/rustup-home" "/workspace/cargo-home/bin/cargo" "+nightly-2025-01-18" "fetch" "--manifest-path" "Cargo.toml", kill_on_drop: false }`
[INFO] running `Command { std: "docker" "create" "-v" "/var/lib/crater-agent-workspace/builds/worker-7-tc1/target:/opt/rustwide/target:rw,Z" "-v" "/var/lib/crater-agent-workspace/builds/worker-7-tc1/source:/opt/rustwide/workdir:ro,Z" "-v" "/var/lib/crater-agent-workspace/cargo-home:/opt/rustwide/cargo-home:ro,Z" "-v" "/var/lib/crater-agent-workspace/rustup-home:/opt/rustwide/rustup-home:ro,Z" "-e" "SOURCE_DIR=/opt/rustwide/workdir" "-e" "CARGO_TARGET_DIR=/opt/rustwide/target" "-e" "CARGO_HOME=/opt/rustwide/cargo-home" "-e" "RUSTUP_HOME=/opt/rustwide/rustup-home" "-w" "/opt/rustwide/workdir" "-m" "1610612736" "--user" "0:0" "--network" "none" "ghcr.io/rust-lang/crates-build-env/linux@sha256:819108c5571ea2e421544af4d832f968d213c87fbe3707a016657f43d2f853bc" "/opt/rustwide/cargo-home/bin/cargo" "+nightly-2025-01-18" "metadata" "--no-deps" "--format-version=1", kill_on_drop: false }`
[INFO] [stdout] db81435ebb5e9afbfb5b460bcc2b34aa2599f9136f0bdc69701f01ddad2885ae
[INFO] running `Command { std: "docker" "start" "-a" "db81435ebb5e9afbfb5b460bcc2b34aa2599f9136f0bdc69701f01ddad2885ae", kill_on_drop: false }`
[INFO] running `Command { std: "docker" "inspect" "db81435ebb5e9afbfb5b460bcc2b34aa2599f9136f0bdc69701f01ddad2885ae", kill_on_drop: false }`
[INFO] running `Command { std: "docker" "rm" "-f" "db81435ebb5e9afbfb5b460bcc2b34aa2599f9136f0bdc69701f01ddad2885ae", kill_on_drop: false }`
[INFO] [stdout] db81435ebb5e9afbfb5b460bcc2b34aa2599f9136f0bdc69701f01ddad2885ae
[INFO] running `Command { std: "docker" "create" "-v" "/var/lib/crater-agent-workspace/builds/worker-7-tc1/target:/opt/rustwide/target:rw,Z" "-v" "/var/lib/crater-agent-workspace/builds/worker-7-tc1/source:/opt/rustwide/workdir:ro,Z" "-v" "/var/lib/crater-agent-workspace/cargo-home:/opt/rustwide/cargo-home:ro,Z" "-v" "/var/lib/crater-agent-workspace/rustup-home:/opt/rustwide/rustup-home:ro,Z" "-e" "SOURCE_DIR=/opt/rustwide/workdir" "-e" "CARGO_TARGET_DIR=/opt/rustwide/target" "-e" "CARGO_INCREMENTAL=0" "-e" "RUST_BACKTRACE=full" "-e" "RUSTFLAGS=--cap-lints=forbid" "-e" "RUSTDOCFLAGS=--cap-lints=forbid" "-e" "CARGO_HOME=/opt/rustwide/cargo-home" "-e" "RUSTUP_HOME=/opt/rustwide/rustup-home" "-w" "/opt/rustwide/workdir" "-m" "1610612736" "--user" "0:0" "--network" "none" "ghcr.io/rust-lang/crates-build-env/linux@sha256:819108c5571ea2e421544af4d832f968d213c87fbe3707a016657f43d2f853bc" "/opt/rustwide/cargo-home/bin/cargo" "+nightly-2025-01-18" "build" "--frozen" "--message-format=json", kill_on_drop: false }`
[INFO] [stdout] a33077d42a14016ab37c6b1ef4d9aeb470bf5f51f68fe1e698bae607beb8e9d8
[INFO] running `Command { std: "docker" "start" "-a" "a33077d42a14016ab37c6b1ef4d9aeb470bf5f51f68fe1e698bae607beb8e9d8", kill_on_drop: false }`
[INFO] [stderr]    Compiling endio_bit v0.1.0 (/opt/rustwide/workdir)
[INFO] [stderr]     Finished `dev` profile [unoptimized + debuginfo] target(s) in 0.18s
[INFO] running `Command { std: "docker" "inspect" "a33077d42a14016ab37c6b1ef4d9aeb470bf5f51f68fe1e698bae607beb8e9d8", kill_on_drop: false }`
[INFO] running `Command { std: "docker" "rm" "-f" "a33077d42a14016ab37c6b1ef4d9aeb470bf5f51f68fe1e698bae607beb8e9d8", kill_on_drop: false }`
[INFO] [stdout] a33077d42a14016ab37c6b1ef4d9aeb470bf5f51f68fe1e698bae607beb8e9d8
[INFO] running `Command { std: "docker" "create" "-v" "/var/lib/crater-agent-workspace/builds/worker-7-tc1/target:/opt/rustwide/target:rw,Z" "-v" "/var/lib/crater-agent-workspace/builds/worker-7-tc1/source:/opt/rustwide/workdir:ro,Z" "-v" "/var/lib/crater-agent-workspace/cargo-home:/opt/rustwide/cargo-home:ro,Z" "-v" "/var/lib/crater-agent-workspace/rustup-home:/opt/rustwide/rustup-home:ro,Z" "-e" "SOURCE_DIR=/opt/rustwide/workdir" "-e" "CARGO_TARGET_DIR=/opt/rustwide/target" "-e" "CARGO_INCREMENTAL=0" "-e" "RUST_BACKTRACE=full" "-e" "RUSTFLAGS=--cap-lints=forbid" "-e" "RUSTDOCFLAGS=--cap-lints=forbid" "-e" "CARGO_HOME=/opt/rustwide/cargo-home" "-e" "RUSTUP_HOME=/opt/rustwide/rustup-home" "-w" "/opt/rustwide/workdir" "-m" "1610612736" "--user" "0:0" "--network" "none" "ghcr.io/rust-lang/crates-build-env/linux@sha256:819108c5571ea2e421544af4d832f968d213c87fbe3707a016657f43d2f853bc" "/opt/rustwide/cargo-home/bin/cargo" "+nightly-2025-01-18" "test" "--frozen" "--no-run" "--message-format=json", kill_on_drop: false }`
[INFO] [stdout] f351dc4241d3ef6aba323d070eb7f6af8bdd66f6b14df849f62ce8c34854df2f
[INFO] running `Command { std: "docker" "start" "-a" "f351dc4241d3ef6aba323d070eb7f6af8bdd66f6b14df849f62ce8c34854df2f", kill_on_drop: false }`
[INFO] [stderr]    Compiling endio_bit v0.1.0 (/opt/rustwide/workdir)
[INFO] [stderr]     Finished `test` profile [unoptimized + debuginfo] target(s) in 0.72s
[INFO] running `Command { std: "docker" "inspect" "f351dc4241d3ef6aba323d070eb7f6af8bdd66f6b14df849f62ce8c34854df2f", kill_on_drop: false }`
[INFO] running `Command { std: "docker" "rm" "-f" "f351dc4241d3ef6aba323d070eb7f6af8bdd66f6b14df849f62ce8c34854df2f", kill_on_drop: false }`
[INFO] [stdout] f351dc4241d3ef6aba323d070eb7f6af8bdd66f6b14df849f62ce8c34854df2f
[INFO] running `Command { std: "docker" "create" "-v" "/var/lib/crater-agent-workspace/builds/worker-7-tc1/target:/opt/rustwide/target:rw,Z" "-v" "/var/lib/crater-agent-workspace/builds/worker-7-tc1/source:/opt/rustwide/workdir:ro,Z" "-v" "/var/lib/crater-agent-workspace/cargo-home:/opt/rustwide/cargo-home:ro,Z" "-v" "/var/lib/crater-agent-workspace/rustup-home:/opt/rustwide/rustup-home:ro,Z" "-e" "SOURCE_DIR=/opt/rustwide/workdir" "-e" "CARGO_TARGET_DIR=/opt/rustwide/target" "-e" "CARGO_INCREMENTAL=0" "-e" "RUST_BACKTRACE=full" "-e" "RUSTFLAGS=--cap-lints=forbid" "-e" "RUSTDOCFLAGS=--cap-lints=forbid" "-e" "CARGO_HOME=/opt/rustwide/cargo-home" "-e" "RUSTUP_HOME=/opt/rustwide/rustup-home" "-w" "/opt/rustwide/workdir" "-m" "1610612736" "--user" "0:0" "--network" "none" "ghcr.io/rust-lang/crates-build-env/linux@sha256:819108c5571ea2e421544af4d832f968d213c87fbe3707a016657f43d2f853bc" "/opt/rustwide/cargo-home/bin/cargo" "+nightly-2025-01-18" "test" "--frozen", kill_on_drop: false }`
[INFO] [stdout] 13fe3884ec9421a276ef6aa37e251adca1f2597899427bccf8c11850cf83b67e
[INFO] running `Command { std: "docker" "start" "-a" "13fe3884ec9421a276ef6aa37e251adca1f2597899427bccf8c11850cf83b67e", kill_on_drop: false }`
[INFO] [stderr]     Finished `test` profile [unoptimized + debuginfo] target(s) in 0.01s
[INFO] [stderr]      Running unittests src/lib.rs (/opt/rustwide/target/debug/deps/endio_bit-4aa9fa067246082c)
[INFO] [stdout] 
[INFO] [stdout] running 33 tests
[INFO] [stdout] test read::tests_be::read_aligned ... ok
[INFO] [stdout] test read::tests_be::read_bits ... ok
[INFO] [stdout] test read::tests_be::read_shifted ... ok
[INFO] [stdout] test read::tests_common::align ... ok
[INFO] [stdout] test read::tests_common::get_mut_aligned ... ok
[INFO] [stdout] test read::tests_be::read_bit ... ok
[INFO] [stdout] test read::tests_common::get_mut_unchecked ... ok
[INFO] [stdout] test read::tests_common::get_ref ... ok
[INFO] [stdout] test read::tests_common::into_inner ... ok
[INFO] [stdout] test read::tests_le::read_aligned ... ok
[INFO] [stdout] test read::tests_le::read_bit ... ok
[INFO] [stdout] test read::tests_le::read_bits ... ok
[INFO] [stdout] test read::tests_le::read_shifted ... ok
[INFO] [stdout] test write::tests_be::flush ... ok
[INFO] [stdout] test write::tests_be::write_aligned ... ok
[INFO] [stdout] test write::tests_be::write_bit ... ok
[INFO] [stdout] test write::tests_be::write_bits ... ok
[INFO] [stdout] test write::tests_be::write_shifted ... ok
[INFO] [stdout] test write::tests_common::align ... ok
[INFO] [stdout] test write::tests_common::get_mut ... ok
[INFO] [stdout] test write::tests_common::into_inner ... ok
[INFO] [stdout] test write::tests_common::get_ref ... ok
[INFO] [stdout] test write::tests_le::write_aligned ... ok
[INFO] [stdout] test write::tests_le::write_bit ... ok
[INFO] [stdout] test write::tests_le::write_bits ... ok
[INFO] [stdout] test write::tests_le::write_shifted ... ok
[INFO] [stdout] test write::tests_le::flush ... ok
[INFO] [stdout] test read::tests_be::read_too_many_bits - should panic ... ok
[INFO] [stdout] test read::tests_common::get_mut_unaligned - should panic ... ok
[INFO] [stdout] test read::tests_le::read_too_many_bits - should panic ... ok
[INFO] [stdout] test write::tests_common::get_mut_unaligned - should panic ... ok
[INFO] [stdout] test write::tests_le::write_too_many_bits - should panic ... ok
[INFO] [stdout] test write::tests_be::write_too_many_bits - should panic ... ok
[INFO] [stdout] 
[INFO] [stdout] test result: ok. 33 passed; 0 failed; 0 ignored; 0 measured; 0 filtered out; finished in 0.07s
[INFO] [stdout] 
[INFO] [stderr]    Doc-tests endio_bit
[INFO] [stdout] 
[INFO] [stdout] running 10 tests
[INFO] [stdout] test src/read.rs - read::BitReader<E,R>::read_bit (line 126) ... FAILED
[INFO] [stdout] test src/write.rs - write::BitWriter<E,W>::write_bit (line 160) ... FAILED
[INFO] [stdout] test src/write.rs - write::BitWriter<E,W>::get_ref (line 103) ... FAILED
[INFO] [stdout] test src/read.rs - read::BitReader<E,R>::get_ref (line 71) ... FAILED
[INFO] [stdout] test src/read.rs - read::BitReader<E,R>::new (line 40) ... ok
[INFO] [stdout] test src/write.rs - write::BitWriter<E,W>::new (line 63) ... ok
[INFO] [stdout] test src/read.rs - read::BitReader<E,R>::read_bits (line 173) ... ok
[INFO] [stdout] test src/read.rs - read::BitReader<E,R>::read_bits (line 166) ... ok
[INFO] [stdout] test src/write.rs - write::BitWriter<E,W>::write_bits (line 204) ... ok
[INFO] [stdout] test src/write.rs - write::BitWriter<E,W>::write_bits (line 212) ... ok
[INFO] [stdout] 
[INFO] [stdout] failures:
[INFO] [stdout] 
[INFO] [stdout] ---- src/read.rs - read::BitReader<E,R>::read_bit (line 126) stdout ----
[INFO] [stdout] error: unknown start of token: `
[INFO] [stdout]  --> src/read.rs:132:1
[INFO] [stdout]   |
[INFO] [stdout] 9 | ```
[INFO] [stdout]   | ^^^
[INFO] [stdout]   |
[INFO] [stdout]   = note: character appears 2 more times
[INFO] [stdout] help: Unicode character '`' (Grave Accent) looks like ''' (Single Quote), but it is not
[INFO] [stdout]   |
[INFO] [stdout] 9 | '''
[INFO] [stdout]   |
[INFO] [stdout] 
[INFO] [stdout] error: unknown start of token: `
[INFO] [stdout]   --> src/read.rs:137:1
[INFO] [stdout]    |
[INFO] [stdout] 14 | ```
[INFO] [stdout]    | ^^^
[INFO] [stdout]    |
[INFO] [stdout]    = note: character appears 2 more times
[INFO] [stdout] help: Unicode character '`' (Grave Accent) looks like ''' (Single Quote), but it is not
[INFO] [stdout]    |
[INFO] [stdout] 14 | '''
[INFO] [stdout]    |
[INFO] [stdout] 
[INFO] [stdout] error: unknown start of token: `
[INFO] [stdout]   --> src/read.rs:139:1
[INFO] [stdout]    |
[INFO] [stdout] 16 | ```
[INFO] [stdout]    | ^^^
[INFO] [stdout]    |
[INFO] [stdout]    = note: character appears 2 more times
[INFO] [stdout] help: Unicode character '`' (Grave Accent) looks like ''' (Single Quote), but it is not
[INFO] [stdout]    |
[INFO] [stdout] 16 | '''
[INFO] [stdout]    |
[INFO] [stdout] 
[INFO] [stdout] error: unknown start of token: `
[INFO] [stdout]   --> src/read.rs:144:1
[INFO] [stdout]    |
[INFO] [stdout] 21 | ```
[INFO] [stdout]    | ^^^
[INFO] [stdout]    |
[INFO] [stdout]    = note: character appears 2 more times
[INFO] [stdout] help: Unicode character '`' (Grave Accent) looks like ''' (Single Quote), but it is not
[INFO] [stdout]    |
[INFO] [stdout] 21 | '''
[INFO] [stdout]    |
[INFO] [stdout] 
[INFO] [stdout] error: expected one of `!`, `.`, `::`, `;`, `?`, `{`, `}`, or an operator, found `a`
[INFO] [stdout]  --> src/read.rs:128:7
[INFO] [stdout]   |
[INFO] [stdout] 5 | Reads a single bit, returning true for 1, false for 0.
[INFO] [stdout]   |       ^ expected one of 8 possible tokens
[INFO] [stdout] 
[INFO] [stdout] error: aborting due to 5 previous errors
[INFO] [stdout] 
[INFO] [stdout] Couldn't compile the test.
[INFO] [stdout] ---- src/write.rs - write::BitWriter<E,W>::write_bit (line 160) stdout ----
[INFO] [stdout] error: unknown start of token: `
[INFO] [stdout]  --> src/write.rs:166:1
[INFO] [stdout]   |
[INFO] [stdout] 9 | ```
[INFO] [stdout]   | ^^^
[INFO] [stdout]   |
[INFO] [stdout]   = note: character appears 2 more times
[INFO] [stdout] help: Unicode character '`' (Grave Accent) looks like ''' (Single Quote), but it is not
[INFO] [stdout]   |
[INFO] [stdout] 9 | '''
[INFO] [stdout]   |
[INFO] [stdout] 
[INFO] [stdout] error: unknown start of token: `
[INFO] [stdout]   --> src/write.rs:172:1
[INFO] [stdout]    |
[INFO] [stdout] 15 | ```
[INFO] [stdout]    | ^^^
[INFO] [stdout]    |
[INFO] [stdout]    = note: character appears 2 more times
[INFO] [stdout] help: Unicode character '`' (Grave Accent) looks like ''' (Single Quote), but it is not
[INFO] [stdout]    |
[INFO] [stdout] 15 | '''
[INFO] [stdout]    |
[INFO] [stdout] 
[INFO] [stdout] error: unknown start of token: `
[INFO] [stdout]   --> src/write.rs:174:1
[INFO] [stdout]    |
[INFO] [stdout] 17 | ```
[INFO] [stdout]    | ^^^
[INFO] [stdout]    |
[INFO] [stdout]    = note: character appears 2 more times
[INFO] [stdout] help: Unicode character '`' (Grave Accent) looks like ''' (Single Quote), but it is not
[INFO] [stdout]    |
[INFO] [stdout] 17 | '''
[INFO] [stdout]    |
[INFO] [stdout] 
[INFO] [stdout] error: unknown start of token: `
[INFO] [stdout]   --> src/write.rs:180:1
[INFO] [stdout]    |
[INFO] [stdout] 23 | ```
[INFO] [stdout]    | ^^^
[INFO] [stdout]    |
[INFO] [stdout]    = note: character appears 2 more times
[INFO] [stdout] help: Unicode character '`' (Grave Accent) looks like ''' (Single Quote), but it is not
[INFO] [stdout]    |
[INFO] [stdout] 23 | '''
[INFO] [stdout]    |
[INFO] [stdout] 
[INFO] [stdout] error: expected one of `!`, `.`, `::`, `;`, `?`, `{`, `}`, or an operator, found `a`
[INFO] [stdout]  --> src/write.rs:162:8
[INFO] [stdout]   |
[INFO] [stdout] 5 | Writes a single bit, writing 1 for true, 0 for false.
[INFO] [stdout]   |        ^ expected one of 8 possible tokens
[INFO] [stdout] 
[INFO] [stdout] error: aborting due to 5 previous errors
[INFO] [stdout] 
[INFO] [stdout] Couldn't compile the test.
[INFO] [stdout] ---- src/write.rs - write::BitWriter<E,W>::get_ref (line 103) stdout ----
[INFO] [stdout] error: unknown start of token: `
[INFO] [stdout]  --> src/write.rs:107:1
[INFO] [stdout]   |
[INFO] [stdout] 7 | ```compile_fail
[INFO] [stdout]   | ^^^
[INFO] [stdout]   |
[INFO] [stdout]   = note: character appears 2 more times
[INFO] [stdout] help: Unicode character '`' (Grave Accent) looks like ''' (Single Quote), but it is not
[INFO] [stdout]   |
[INFO] [stdout] 7 | '''compile_fail
[INFO] [stdout]   | ~~~
[INFO] [stdout] 
[INFO] [stdout] error: unknown start of token: `
[INFO] [stdout]   --> src/write.rs:112:1
[INFO] [stdout]    |
[INFO] [stdout] 12 | ```
[INFO] [stdout]    | ^^^
[INFO] [stdout]    |
[INFO] [stdout]    = note: character appears 2 more times
[INFO] [stdout] help: Unicode character '`' (Grave Accent) looks like ''' (Single Quote), but it is not
[INFO] [stdout]    |
[INFO] [stdout] 12 | '''
[INFO] [stdout]    |
[INFO] [stdout] 
[INFO] [stdout] error: expected one of `!`, `.`, `::`, `;`, `?`, `{`, `}`, or an operator, found `a`
[INFO] [stdout]  --> src/write.rs:105:6
[INFO] [stdout]   |
[INFO] [stdout] 5 | Gets a reference to the underlying writer.
[INFO] [stdout]   |      ^ expected one of 8 possible tokens
[INFO] [stdout] 
[INFO] [stdout] error: aborting due to 3 previous errors
[INFO] [stdout] 
[INFO] [stdout] Couldn't compile the test.
[INFO] [stdout] ---- src/read.rs - read::BitReader<E,R>::get_ref (line 71) stdout ----
[INFO] [stdout] error: unknown start of token: `
[INFO] [stdout]  --> src/read.rs:75:1
[INFO] [stdout]   |
[INFO] [stdout] 7 | ```compile_fail
[INFO] [stdout]   | ^^^
[INFO] [stdout]   |
[INFO] [stdout]   = note: character appears 2 more times
[INFO] [stdout] help: Unicode character '`' (Grave Accent) looks like ''' (Single Quote), but it is not
[INFO] [stdout]   |
[INFO] [stdout] 7 | '''compile_fail
[INFO] [stdout]   | ~~~
[INFO] [stdout] 
[INFO] [stdout] error: unknown start of token: `
[INFO] [stdout]   --> src/read.rs:82:1
[INFO] [stdout]    |
[INFO] [stdout] 14 | ```
[INFO] [stdout]    | ^^^
[INFO] [stdout]    |
[INFO] [stdout]    = note: character appears 2 more times
[INFO] [stdout] help: Unicode character '`' (Grave Accent) looks like ''' (Single Quote), but it is not
[INFO] [stdout]    |
[INFO] [stdout] 14 | '''
[INFO] [stdout]    |
[INFO] [stdout] 
[INFO] [stdout] error: expected one of `!`, `.`, `::`, `;`, `?`, `{`, `}`, or an operator, found `a`
[INFO] [stdout]  --> src/read.rs:73:6
[INFO] [stdout]   |
[INFO] [stdout] 5 | Gets a reference to the underlying reader.
[INFO] [stdout]   |      ^ expected one of 8 possible tokens
[INFO] [stdout] 
[INFO] [stdout] error: aborting due to 3 previous errors
[INFO] [stdout] 
[INFO] [stdout] Couldn't compile the test.
[INFO] [stdout] 
[INFO] [stdout] failures:
[INFO] [stdout]     src/read.rs - read::BitReader<E,R>::get_ref (line 71)
[INFO] [stdout]     src/read.rs - read::BitReader<E,R>::read_bit (line 126)
[INFO] [stdout]     src/write.rs - write::BitWriter<E,W>::get_ref (line 103)
[INFO] [stdout]     src/write.rs - write::BitWriter<E,W>::write_bit (line 160)
[INFO] [stdout] 
[INFO] [stdout] test result: FAILED. 6 passed; 4 failed; 0 ignored; 0 measured; 0 filtered out; finished in 0.78s
[INFO] [stdout] 
[INFO] [stderr] error: doctest failed, to rerun pass `--doc`
[INFO] running `Command { std: "docker" "inspect" "13fe3884ec9421a276ef6aa37e251adca1f2597899427bccf8c11850cf83b67e", kill_on_drop: false }`
[INFO] running `Command { std: "docker" "rm" "-f" "13fe3884ec9421a276ef6aa37e251adca1f2597899427bccf8c11850cf83b67e", kill_on_drop: false }`
[INFO] [stdout] 13fe3884ec9421a276ef6aa37e251adca1f2597899427bccf8c11850cf83b67e
