[INFO] cloning repository https://github.com/lasthyphen/dijets-devtools
[INFO] running `Command { std: "git" "-c" "credential.helper=" "-c" "credential.helper=/workspace/cargo-home/bin/git-credential-null" "clone" "--bare" "https://github.com/lasthyphen/dijets-devtools" "/workspace/cache/git-repos/https%3A%2F%2Fgithub.com%2Flasthyphen%2Fdijets-devtools", kill_on_drop: false }`
[INFO] [stderr] Cloning into bare repository '/workspace/cache/git-repos/https%3A%2F%2Fgithub.com%2Flasthyphen%2Fdijets-devtools'...
[INFO] running `Command { std: "git" "rev-parse" "HEAD", kill_on_drop: false }`
[INFO] [stdout] 76fdc4fab460e4622f504f4ba37b02e7616d89da
[INFO] testing lasthyphen/dijets-devtools against nightly-2025-01-18+rustflags=-Zrandomize-layout for randomize-layout-2
[INFO] running `Command { std: "git" "clone" "/workspace/cache/git-repos/https%3A%2F%2Fgithub.com%2Flasthyphen%2Fdijets-devtools" "/workspace/builds/worker-6-tc2/source", kill_on_drop: false }`
[INFO] [stderr] Cloning into '/workspace/builds/worker-6-tc2/source'...
[INFO] [stderr] done.
[INFO] validating manifest of git repo https://github.com/lasthyphen/dijets-devtools on toolchain nightly-2025-01-18
[INFO] running `Command { std: CARGO_HOME="/workspace/cargo-home" RUSTUP_HOME="/workspace/rustup-home" "/workspace/cargo-home/bin/cargo" "+nightly-2025-01-18" "metadata" "--manifest-path" "Cargo.toml" "--no-deps", kill_on_drop: false }`
[INFO] started tweaking git repo https://github.com/lasthyphen/dijets-devtools
[INFO] finished tweaking git repo https://github.com/lasthyphen/dijets-devtools
[INFO] tweaked toml for git repo https://github.com/lasthyphen/dijets-devtools written to /workspace/builds/worker-6-tc2/source/Cargo.toml
[INFO] crate git repo https://github.com/lasthyphen/dijets-devtools already has a lockfile, it will not be regenerated
[INFO] running `Command { std: CARGO_HOME="/workspace/cargo-home" RUSTUP_HOME="/workspace/rustup-home" "/workspace/cargo-home/bin/cargo" "+nightly-2025-01-18" "fetch" "--manifest-path" "Cargo.toml", kill_on_drop: false }`
[INFO] running `Command { std: "docker" "create" "-v" "/var/lib/crater-agent-workspace/builds/worker-6-tc2/target:/opt/rustwide/target:rw,Z" "-v" "/var/lib/crater-agent-workspace/builds/worker-6-tc2/source:/opt/rustwide/workdir:ro,Z" "-v" "/var/lib/crater-agent-workspace/cargo-home:/opt/rustwide/cargo-home:ro,Z" "-v" "/var/lib/crater-agent-workspace/rustup-home:/opt/rustwide/rustup-home:ro,Z" "-e" "SOURCE_DIR=/opt/rustwide/workdir" "-e" "CARGO_TARGET_DIR=/opt/rustwide/target" "-e" "CARGO_HOME=/opt/rustwide/cargo-home" "-e" "RUSTUP_HOME=/opt/rustwide/rustup-home" "-w" "/opt/rustwide/workdir" "-m" "1610612736" "--user" "0:0" "--network" "none" "ghcr.io/rust-lang/crates-build-env/linux@sha256:819108c5571ea2e421544af4d832f968d213c87fbe3707a016657f43d2f853bc" "/opt/rustwide/cargo-home/bin/cargo" "+nightly-2025-01-18" "metadata" "--no-deps" "--format-version=1", kill_on_drop: false }`
[INFO] [stdout] 83c8f21805b8f0344b7d3364d348b1b8b875197344042a69a5f95664b818d356
[INFO] running `Command { std: "docker" "start" "-a" "83c8f21805b8f0344b7d3364d348b1b8b875197344042a69a5f95664b818d356", kill_on_drop: false }`
[INFO] running `Command { std: "docker" "inspect" "83c8f21805b8f0344b7d3364d348b1b8b875197344042a69a5f95664b818d356", kill_on_drop: false }`
[INFO] running `Command { std: "docker" "rm" "-f" "83c8f21805b8f0344b7d3364d348b1b8b875197344042a69a5f95664b818d356", kill_on_drop: false }`
[INFO] [stdout] 83c8f21805b8f0344b7d3364d348b1b8b875197344042a69a5f95664b818d356
[INFO] running `Command { std: "docker" "create" "-v" "/var/lib/crater-agent-workspace/builds/worker-6-tc2/target:/opt/rustwide/target:rw,Z" "-v" "/var/lib/crater-agent-workspace/builds/worker-6-tc2/source:/opt/rustwide/workdir:ro,Z" "-v" "/var/lib/crater-agent-workspace/cargo-home:/opt/rustwide/cargo-home:ro,Z" "-v" "/var/lib/crater-agent-workspace/rustup-home:/opt/rustwide/rustup-home:ro,Z" "-e" "SOURCE_DIR=/opt/rustwide/workdir" "-e" "CARGO_TARGET_DIR=/opt/rustwide/target" "-e" "CARGO_INCREMENTAL=0" "-e" "RUST_BACKTRACE=full" "-e" "RUSTFLAGS=--cap-lints=forbid -Zrandomize-layout" "-e" "RUSTDOCFLAGS=--cap-lints=forbid" "-e" "CARGO_HOME=/opt/rustwide/cargo-home" "-e" "RUSTUP_HOME=/opt/rustwide/rustup-home" "-w" "/opt/rustwide/workdir" "-m" "1610612736" "--user" "0:0" "--network" "none" "ghcr.io/rust-lang/crates-build-env/linux@sha256:819108c5571ea2e421544af4d832f968d213c87fbe3707a016657f43d2f853bc" "/opt/rustwide/cargo-home/bin/cargo" "+nightly-2025-01-18" "build" "--frozen" "--message-format=json", kill_on_drop: false }`
[INFO] [stdout] f2d3875947713e118b34dc81d43356209c783129e604da2084f382449c8e69f9
[INFO] running `Command { std: "docker" "start" "-a" "f2d3875947713e118b34dc81d43356209c783129e604da2084f382449c8e69f9", kill_on_drop: false }`
[INFO] [stderr]    Compiling autocfg v1.0.1
[INFO] [stderr]    Compiling libc v0.2.97
[INFO] [stderr]    Compiling proc-macro2 v1.0.24
[INFO] [stderr]    Compiling unicode-xid v0.2.1
[INFO] [stderr]    Compiling syn v1.0.67
[INFO] [stderr]    Compiling version_check v0.9.3
[INFO] [stderr]    Compiling lazy_static v1.4.0
[INFO] [stderr]    Compiling serde_derive v1.0.126
[INFO] [stderr]    Compiling crossbeam-utils v0.8.5
[INFO] [stderr]    Compiling memchr v2.4.0
[INFO] [stderr]    Compiling serde v1.0.126
[INFO] [stderr]    Compiling cfg-if v1.0.0
[INFO] [stderr]    Compiling proc-macro-error-attr v1.0.4
[INFO] [stderr]    Compiling proc-macro-error v1.0.4
[INFO] [stderr]    Compiling crossbeam-epoch v0.9.5
[INFO] [stderr]    Compiling bitflags v1.2.1
[INFO] [stderr]    Compiling scopeguard v1.1.0
[INFO] [stderr]    Compiling memoffset v0.6.4
[INFO] [stderr]    Compiling num-traits v0.2.14
[INFO] [stderr]    Compiling num-integer v0.1.44
[INFO] [stderr]    Compiling unicode-width v0.1.8
[INFO] [stderr]    Compiling rayon-core v1.9.1
[INFO] [stderr]    Compiling unicode-segmentation v1.7.1
[INFO] [stderr]    Compiling textwrap v0.11.0
[INFO] [stderr]    Compiling heck v0.3.3
[INFO] [stderr]    Compiling indexmap v1.7.0
[INFO] [stderr]    Compiling vec_map v0.8.2
[INFO] [stderr]    Compiling quote v1.0.9
[INFO] [stderr]    Compiling atty v0.2.14
[INFO] [stderr]    Compiling camino v1.0.4
[INFO] [stderr]    Compiling ansi_term v0.11.0
[INFO] [stderr]    Compiling anyhow v1.0.41
[INFO] [stderr]    Compiling ryu v1.0.5
[INFO] [stderr]    Compiling strsim v0.8.0
[INFO] [stderr]    Compiling crossbeam-deque v0.8.0
[INFO] [stderr]    Compiling time v0.1.44
[INFO] [stderr]    Compiling clap v2.33.3
[INFO] [stderr]    Compiling num_cpus v1.13.0
[INFO] [stderr]    Compiling rayon v1.5.1
[INFO] [stderr]    Compiling aho-corasick v0.7.18
[INFO] [stderr]    Compiling crossbeam-channel v0.5.1
[INFO] [stderr]    Compiling signal-hook v0.3.9
[INFO] [stderr]    Compiling hashbrown v0.11.2
[INFO] [stderr]    Compiling serde_json v1.0.64
[INFO] [stderr]    Compiling chrono v0.4.19
[INFO] [stderr]    Compiling os_pipe v0.9.2
[INFO] [stderr]    Compiling shared_child v0.3.5
[INFO] [stderr]    Compiling signal-hook-registry v1.4.0
[INFO] [stderr]    Compiling quick-xml v0.22.0
[INFO] [stderr]    Compiling cfg-if v0.1.10
[INFO] [stderr]    Compiling either v1.6.1
[INFO] [stderr]    Compiling once_cell v1.8.0
[INFO] [stderr]    Compiling static_assertions v1.1.0
[INFO] [stderr]    Compiling itoa v0.4.7
[INFO] [stderr]    Compiling termcolor v1.1.2
[INFO] [stderr]    Compiling twox-hash v1.6.0
[INFO] [stderr]    Compiling quick-junit v0.1.0 (/opt/rustwide/workdir/quick-junit)
[INFO] [stderr]    Compiling duct v0.13.5
[INFO] [stdout] warning: use of deprecated associated function `std::array::IntoIter::<T, N>::new`: use `IntoIterator::into_iter` instead
[INFO] [stdout]   --> quick-junit/src/serialize.rs:60:55
[INFO] [stdout]    |
[INFO] [stdout] 60 |     testsuites_tag.extend_attributes(array::IntoIter::new([
[INFO] [stdout]    |                                                       ^^^
[INFO] [stdout]    |
[INFO] [stdout]    = note: `#[warn(deprecated)]` on by default
[INFO] [stdout] 
[INFO] [stdout] 
[INFO] [stdout] warning: use of deprecated associated function `std::array::IntoIter::<T, N>::new`: use `IntoIterator::into_iter` instead
[INFO] [stdout]    --> quick-junit/src/serialize.rs:105:54
[INFO] [stdout]     |
[INFO] [stdout] 105 |     testsuite_tag.extend_attributes(array::IntoIter::new([
[INFO] [stdout]     |                                                      ^^^
[INFO] [stdout] 
[INFO] [stdout] 
[INFO] [stdout] warning: use of deprecated associated function `std::array::IntoIter::<T, N>::new`: use `IntoIterator::into_iter` instead
[INFO] [stdout]    --> quick-junit/src/serialize.rs:154:53
[INFO] [stdout]     |
[INFO] [stdout] 154 |     property_tag.extend_attributes(array::IntoIter::new([
[INFO] [stdout]     |                                                     ^^^
[INFO] [stdout] 
[INFO] [stdout] 
[INFO] [stdout] warning: use of deprecated associated function `std::array::IntoIter::<T, N>::new`: use `IntoIterator::into_iter` instead
[INFO] [stdout]    --> quick-junit/src/serialize.rs:179:53
[INFO] [stdout]     |
[INFO] [stdout] 179 |     testcase_tag.extend_attributes(array::IntoIter::new([("name", name.as_str())]));
[INFO] [stdout]     |                                                     ^^^
[INFO] [stdout] 
[INFO] [stdout] 
[INFO] [stderr]    Compiling regex-syntax v0.6.25
[INFO] [stderr]    Compiling same-file v1.0.6
[INFO] [stderr]    Compiling walkdir v2.3.2
[INFO] [stderr]    Compiling structopt-derive v0.4.14
[INFO] [stderr]    Compiling regex v1.5.4
[INFO] [stderr]    Compiling structopt v0.3.21
[INFO] [stderr]    Compiling datatest-stable v0.1.1 (/opt/rustwide/workdir/datatest-stable)
[INFO] [stdout] warning: multiple fields are never read
[INFO] [stdout]   --> datatest-stable/src/runner.rs:36:5
[INFO] [stdout]    |
[INFO] [stdout] 21 | struct TestOpts {
[INFO] [stdout]    |        -------- fields in this struct
[INFO] [stdout] ...
[INFO] [stdout] 36 |     nocapture: bool,
[INFO] [stdout]    |     ^^^^^^^^^
[INFO] [stdout] ...
[INFO] [stdout] 46 |     include_ignored: bool,
[INFO] [stdout]    |     ^^^^^^^^^^^^^^^
[INFO] [stdout] ...
[INFO] [stdout] 49 |     force_run_in_process: bool,
[INFO] [stdout]    |     ^^^^^^^^^^^^^^^^^^^^
[INFO] [stdout] ...
[INFO] [stdout] 52 |     exclude_should_panic: bool,
[INFO] [stdout]    |     ^^^^^^^^^^^^^^^^^^^^
[INFO] [stdout] ...
[INFO] [stdout] 55 |     test: bool,
[INFO] [stdout]    |     ^^^^
[INFO] [stdout] ...
[INFO] [stdout] 58 |     bench: bool,
[INFO] [stdout]    |     ^^^^^
[INFO] [stdout] ...
[INFO] [stdout] 61 |     logfile: Option<String>,
[INFO] [stdout]    |     ^^^^^^^
[INFO] [stdout] ...
[INFO] [stdout] 64 |     skip: Vec<String>,
[INFO] [stdout]    |     ^^^^
[INFO] [stdout] ...
[INFO] [stdout] 67 |     show_output: bool,
[INFO] [stdout]    |     ^^^^^^^^^^^
[INFO] [stdout] ...
[INFO] [stdout] 70 |     color: Option<String>,
[INFO] [stdout]    |     ^^^^^
[INFO] [stdout] ...
[INFO] [stdout] 80 |     report_time: Option<String>,
[INFO] [stdout]    |     ^^^^^^^^^^^
[INFO] [stdout] ...
[INFO] [stdout] 83 |     ensure_time: bool,
[INFO] [stdout]    |     ^^^^^^^^^^^
[INFO] [stdout]    |
[INFO] [stdout]    = note: `TestOpts` has a derived impl for the trait `Debug`, but this is intentionally ignored during dead code analysis
[INFO] [stdout]    = note: `#[warn(dead_code)]` on by default
[INFO] [stdout] 
[INFO] [stdout] 
[INFO] [stderr]    Compiling toml v0.5.8
[INFO] [stderr]    Compiling nextest-config v0.1.0 (/opt/rustwide/workdir/nextest/config)
[INFO] [stderr]    Compiling nextest-runner v0.1.0 (/opt/rustwide/workdir/nextest/runner)
[INFO] [stderr]     Finished `dev` profile [unoptimized + debuginfo] target(s) in 54.15s
[INFO] [stderr] warning: the following packages contain code that will be rejected by a future version of Rust: quick-xml v0.22.0
[INFO] [stderr] note: to see what the problems were, use the option `--future-incompat-report`, or run `cargo report future-incompatibilities --id 1`
[INFO] running `Command { std: "docker" "inspect" "f2d3875947713e118b34dc81d43356209c783129e604da2084f382449c8e69f9", kill_on_drop: false }`
[INFO] running `Command { std: "docker" "rm" "-f" "f2d3875947713e118b34dc81d43356209c783129e604da2084f382449c8e69f9", kill_on_drop: false }`
[INFO] [stdout] f2d3875947713e118b34dc81d43356209c783129e604da2084f382449c8e69f9
[INFO] running `Command { std: "docker" "create" "-v" "/var/lib/crater-agent-workspace/builds/worker-6-tc2/target:/opt/rustwide/target:rw,Z" "-v" "/var/lib/crater-agent-workspace/builds/worker-6-tc2/source:/opt/rustwide/workdir:ro,Z" "-v" "/var/lib/crater-agent-workspace/cargo-home:/opt/rustwide/cargo-home:ro,Z" "-v" "/var/lib/crater-agent-workspace/rustup-home:/opt/rustwide/rustup-home:ro,Z" "-e" "SOURCE_DIR=/opt/rustwide/workdir" "-e" "CARGO_TARGET_DIR=/opt/rustwide/target" "-e" "CARGO_INCREMENTAL=0" "-e" "RUST_BACKTRACE=full" "-e" "RUSTFLAGS=--cap-lints=forbid -Zrandomize-layout" "-e" "RUSTDOCFLAGS=--cap-lints=forbid" "-e" "CARGO_HOME=/opt/rustwide/cargo-home" "-e" "RUSTUP_HOME=/opt/rustwide/rustup-home" "-w" "/opt/rustwide/workdir" "-m" "1610612736" "--user" "0:0" "--network" "none" "ghcr.io/rust-lang/crates-build-env/linux@sha256:819108c5571ea2e421544af4d832f968d213c87fbe3707a016657f43d2f853bc" "/opt/rustwide/cargo-home/bin/cargo" "+nightly-2025-01-18" "test" "--frozen" "--no-run" "--message-format=json", kill_on_drop: false }`
[INFO] [stdout] 3e5ae22301357b9d85d412e332e734830a78c6eaf73035aa69824f0b6e066d9b
[INFO] running `Command { std: "docker" "start" "-a" "3e5ae22301357b9d85d412e332e734830a78c6eaf73035aa69824f0b6e066d9b", kill_on_drop: false }`
[INFO] [stderr]    Compiling getrandom v0.2.3
[INFO] [stderr]    Compiling num-traits v0.2.14
[INFO] [stderr]    Compiling ppv-lite86 v0.2.10
[INFO] [stderr]    Compiling remove_dir_all v0.5.3
[INFO] [stderr]    Compiling proc-macro2 v0.4.30
[INFO] [stderr]    Compiling serde_json v1.0.64
[INFO] [stderr]    Compiling ucd-trie v0.1.3
[INFO] [stderr]    Compiling unicode-xid v0.1.0
[INFO] [stderr]    Compiling syn v0.15.44
[INFO] [stderr]    Compiling wait-timeout v0.2.0
[INFO] [stderr]    Compiling rand_core v0.6.3
[INFO] [stderr]    Compiling pest v2.1.3
[INFO] [stderr]    Compiling fnv v1.0.7
[INFO] [stderr]    Compiling quick-error v1.2.3
[INFO] [stderr]    Compiling bit-vec v0.6.3
[INFO] [stderr]    Compiling cargo-platform v0.1.1
[INFO] [stderr]    Compiling rand_chacha v0.3.1
[INFO] [stderr]    Compiling bit-set v0.5.2
[INFO] [stderr]    Compiling rand_xorshift v0.3.0
[INFO] [stderr]    Compiling quick-error v2.0.0
[INFO] [stderr]    Compiling diff v0.1.12
[INFO] [stderr]    Compiling ansi_term v0.12.1
[INFO] [stderr]    Compiling byteorder v1.4.3
[INFO] [stderr]    Compiling rand v0.8.4
[INFO] [stderr]    Compiling quote v0.6.13
[INFO] [stderr]    Compiling unindent v0.1.7
[INFO] [stderr]    Compiling pretty_assertions v0.7.2
[INFO] [stderr]    Compiling maplit v1.0.2
[INFO] [stderr]    Compiling indoc v1.0.3
[INFO] [stderr]    Compiling difference v2.0.0
[INFO] [stderr]    Compiling num-integer v0.1.44
[INFO] [stderr]    Compiling semver-parser v0.10.2
[INFO] [stderr]    Compiling datatest-stable v0.1.1 (/opt/rustwide/workdir/datatest-stable)
[INFO] [stdout] warning: multiple fields are never read
[INFO] [stdout]   --> datatest-stable/src/runner.rs:36:5
[INFO] [stdout]    |
[INFO] [stdout] 21 | struct TestOpts {
[INFO] [stdout]    |        -------- fields in this struct
[INFO] [stdout] ...
[INFO] [stdout] 36 |     nocapture: bool,
[INFO] [stdout]    |     ^^^^^^^^^
[INFO] [stdout] ...
[INFO] [stdout] 46 |     include_ignored: bool,
[INFO] [stdout]    |     ^^^^^^^^^^^^^^^
[INFO] [stdout] ...
[INFO] [stdout] 49 |     force_run_in_process: bool,
[INFO] [stdout]    |     ^^^^^^^^^^^^^^^^^^^^
[INFO] [stdout] ...
[INFO] [stdout] 52 |     exclude_should_panic: bool,
[INFO] [stdout]    |     ^^^^^^^^^^^^^^^^^^^^
[INFO] [stdout] ...
[INFO] [stdout] 55 |     test: bool,
[INFO] [stdout]    |     ^^^^
[INFO] [stdout] ...
[INFO] [stdout] 58 |     bench: bool,
[INFO] [stdout]    |     ^^^^^
[INFO] [stdout] ...
[INFO] [stdout] 61 |     logfile: Option<String>,
[INFO] [stdout]    |     ^^^^^^^
[INFO] [stdout] ...
[INFO] [stdout] 64 |     skip: Vec<String>,
[INFO] [stdout]    |     ^^^^
[INFO] [stdout] ...
[INFO] [stdout] 67 |     show_output: bool,
[INFO] [stdout]    |     ^^^^^^^^^^^
[INFO] [stdout] ...
[INFO] [stdout] 70 |     color: Option<String>,
[INFO] [stdout]    |     ^^^^^
[INFO] [stdout] ...
[INFO] [stdout] 80 |     report_time: Option<String>,
[INFO] [stdout]    |     ^^^^^^^^^^^
[INFO] [stdout] ...
[INFO] [stdout] 83 |     ensure_time: bool,
[INFO] [stdout]    |     ^^^^^^^^^^^
[INFO] [stdout]    |
[INFO] [stdout]    = note: `TestOpts` has a derived impl for the trait `Debug`, but this is intentionally ignored during dead code analysis
[INFO] [stdout]    = note: `#[warn(dead_code)]` on by default
[INFO] [stdout] 
[INFO] [stdout] 
[INFO] [stderr]    Compiling nextest-config v0.1.0 (/opt/rustwide/workdir/nextest/config)
[INFO] [stderr]    Compiling chrono v0.4.19
[INFO] [stdout] warning: multiple fields are never read
[INFO] [stdout]   --> datatest-stable/src/runner.rs:36:5
[INFO] [stdout]    |
[INFO] [stdout] 21 | struct TestOpts {
[INFO] [stdout]    |        -------- fields in this struct
[INFO] [stdout] ...
[INFO] [stdout] 36 |     nocapture: bool,
[INFO] [stdout]    |     ^^^^^^^^^
[INFO] [stdout] ...
[INFO] [stdout] 46 |     include_ignored: bool,
[INFO] [stdout]    |     ^^^^^^^^^^^^^^^
[INFO] [stdout] ...
[INFO] [stdout] 49 |     force_run_in_process: bool,
[INFO] [stdout]    |     ^^^^^^^^^^^^^^^^^^^^
[INFO] [stdout] ...
[INFO] [stdout] 52 |     exclude_should_panic: bool,
[INFO] [stdout]    |     ^^^^^^^^^^^^^^^^^^^^
[INFO] [stdout] ...
[INFO] [stdout] 55 |     test: bool,
[INFO] [stdout]    |     ^^^^
[INFO] [stdout] ...
[INFO] [stdout] 58 |     bench: bool,
[INFO] [stdout]    |     ^^^^^
[INFO] [stdout] ...
[INFO] [stdout] 61 |     logfile: Option<String>,
[INFO] [stdout]    |     ^^^^^^^
[INFO] [stdout] ...
[INFO] [stdout] 64 |     skip: Vec<String>,
[INFO] [stdout]    |     ^^^^
[INFO] [stdout] ...
[INFO] [stdout] 67 |     show_output: bool,
[INFO] [stdout]    |     ^^^^^^^^^^^
[INFO] [stdout] ...
[INFO] [stdout] 70 |     color: Option<String>,
[INFO] [stdout]    |     ^^^^^
[INFO] [stdout] ...
[INFO] [stdout] 80 |     report_time: Option<String>,
[INFO] [stdout]    |     ^^^^^^^^^^^
[INFO] [stdout] ...
[INFO] [stdout] 83 |     ensure_time: bool,
[INFO] [stdout]    |     ^^^^^^^^^^^
[INFO] [stdout]    |
[INFO] [stdout]    = note: `TestOpts` has a derived impl for the trait `Debug`, but this is intentionally ignored during dead code analysis
[INFO] [stdout]    = note: `#[warn(dead_code)]` on by default
[INFO] [stdout] 
[INFO] [stdout] 
[INFO] [stderr]    Compiling tempfile v3.2.0
[INFO] [stderr]    Compiling semver v0.11.0
[INFO] [stderr]    Compiling rusty-fork v0.3.0
[INFO] [stderr]    Compiling cargo_metadata v0.13.1
[INFO] [stderr]    Compiling proptest v1.0.0
[INFO] [stderr]    Compiling goldenfile v1.1.0
[INFO] [stderr]    Compiling quick-junit v0.1.0 (/opt/rustwide/workdir/quick-junit)
[INFO] [stdout] warning: use of deprecated associated function `std::array::IntoIter::<T, N>::new`: use `IntoIterator::into_iter` instead
[INFO] [stdout]   --> quick-junit/src/serialize.rs:60:55
[INFO] [stdout]    |
[INFO] [stdout] 60 |     testsuites_tag.extend_attributes(array::IntoIter::new([
[INFO] [stdout]    |                                                       ^^^
[INFO] [stdout]    |
[INFO] [stdout]    = note: `#[warn(deprecated)]` on by default
[INFO] [stdout] 
[INFO] [stdout] 
[INFO] [stdout] warning: use of deprecated associated function `std::array::IntoIter::<T, N>::new`: use `IntoIterator::into_iter` instead
[INFO] [stdout]    --> quick-junit/src/serialize.rs:105:54
[INFO] [stdout]     |
[INFO] [stdout] 105 |     testsuite_tag.extend_attributes(array::IntoIter::new([
[INFO] [stdout]     |                                                      ^^^
[INFO] [stdout] 
[INFO] [stdout] 
[INFO] [stdout] warning: use of deprecated associated function `std::array::IntoIter::<T, N>::new`: use `IntoIterator::into_iter` instead
[INFO] [stdout]    --> quick-junit/src/serialize.rs:154:53
[INFO] [stdout]     |
[INFO] [stdout] 154 |     property_tag.extend_attributes(array::IntoIter::new([
[INFO] [stdout]     |                                                     ^^^
[INFO] [stdout] 
[INFO] [stdout] 
[INFO] [stdout] warning: use of deprecated associated function `std::array::IntoIter::<T, N>::new`: use `IntoIterator::into_iter` instead
[INFO] [stdout]    --> quick-junit/src/serialize.rs:179:53
[INFO] [stdout]     |
[INFO] [stdout] 179 |     testcase_tag.extend_attributes(array::IntoIter::new([("name", name.as_str())]));
[INFO] [stdout]     |                                                     ^^^
[INFO] [stdout] 
[INFO] [stdout] 
[INFO] [stderr]    Compiling nextest-runner v0.1.0 (/opt/rustwide/workdir/nextest/runner)
[INFO] [stdout] warning: use of deprecated associated function `std::array::IntoIter::<T, N>::new`: use `IntoIterator::into_iter` instead
[INFO] [stdout]   --> quick-junit/src/serialize.rs:60:55
[INFO] [stdout]    |
[INFO] [stdout] 60 |     testsuites_tag.extend_attributes(array::IntoIter::new([
[INFO] [stdout]    |                                                       ^^^
[INFO] [stdout]    |
[INFO] [stdout]    = note: `#[warn(deprecated)]` on by default
[INFO] [stdout] 
[INFO] [stdout] 
[INFO] [stdout] warning: use of deprecated associated function `std::array::IntoIter::<T, N>::new`: use `IntoIterator::into_iter` instead
[INFO] [stdout]    --> quick-junit/src/serialize.rs:105:54
[INFO] [stdout]     |
[INFO] [stdout] 105 |     testsuite_tag.extend_attributes(array::IntoIter::new([
[INFO] [stdout]     |                                                      ^^^
[INFO] [stdout] 
[INFO] [stdout] 
[INFO] [stdout] warning: use of deprecated associated function `std::array::IntoIter::<T, N>::new`: use `IntoIterator::into_iter` instead
[INFO] [stdout]    --> quick-junit/src/serialize.rs:154:53
[INFO] [stdout]     |
[INFO] [stdout] 154 |     property_tag.extend_attributes(array::IntoIter::new([
[INFO] [stdout]     |                                                     ^^^
[INFO] [stdout] 
[INFO] [stdout] 
[INFO] [stdout] warning: use of deprecated associated function `std::array::IntoIter::<T, N>::new`: use `IntoIterator::into_iter` instead
[INFO] [stdout]    --> quick-junit/src/serialize.rs:179:53
[INFO] [stdout]     |
[INFO] [stdout] 179 |     testcase_tag.extend_attributes(array::IntoIter::new([("name", name.as_str())]));
[INFO] [stdout]     |                                                     ^^^
[INFO] [stdout] 
[INFO] [stdout] 
[INFO] [stderr]    Compiling proptest-derive v0.3.0
[INFO] [stdout] warning: fields `binary_id` and `cwd` are never read
[INFO] [stdout]    --> nextest/runner/tests/basic.rs:167:5
[INFO] [stdout]     |
[INFO] [stdout] 166 | struct InstanceValue<'a> {
[INFO] [stdout]     |        ------------- fields in this struct
[INFO] [stdout] 167 |     binary_id: &'a str,
[INFO] [stdout]     |     ^^^^^^^^^
[INFO] [stdout] 168 |     cwd: Option<&'a Utf8Path>,
[INFO] [stdout]     |     ^^^
[INFO] [stdout]     |
[INFO] [stdout]     = note: `InstanceValue` has derived impls for the traits `Debug` and `Clone`, but these are intentionally ignored during dead code analysis
[INFO] [stdout]     = note: `#[warn(dead_code)]` on by default
[INFO] [stdout] 
[INFO] [stdout] 
[INFO] [stdout] warning: non-local `impl` definition, `impl` blocks should be written at the same level as their item
[INFO] [stdout]   --> nextest/runner/src/output.rs:12:25
[INFO] [stdout]    |
[INFO] [stdout] 12 | #[cfg_attr(test, derive(proptest_derive::Arbitrary))]
[INFO] [stdout]    |                         ^-------------------------
[INFO] [stdout]    |                         |
[INFO] [stdout]    |                         `Arbitrary` is not local
[INFO] [stdout]    |                         move the `impl` block outside of this constant `_IMPL_ARBITRARY_FOR_OutputFormat`
[INFO] [stdout] 13 | pub enum OutputFormat {
[INFO] [stdout]    |          ------------ `OutputFormat` is not local
[INFO] [stdout]    |
[INFO] [stdout]    = note: the derive macro `proptest_derive::Arbitrary` defines the non-local `impl`, and may need to be changed
[INFO] [stdout]    = note: the derive macro `proptest_derive::Arbitrary` may come from an old version of the `proptest_derive` crate, try updating your dependency with `cargo update -p proptest_derive`
[INFO] [stdout]    = note: an `impl` is never scoped, even when it is nested inside an item, as it may impact type checking outside of that item, which can be the case if neither the trait or the self type are at the same nesting level as the `impl`
[INFO] [stdout]    = note: items in an anonymous const item (`const _: () = { ... }`) are treated as in the same scope as the anonymous const's declaration for the purpose of this lint
[INFO] [stdout]    = note: `#[warn(non_local_definitions)]` on by default
[INFO] [stdout]    = note: this warning originates in the derive macro `proptest_derive::Arbitrary` (in Nightly builds, run with -Z macro-backtrace for more info)
[INFO] [stdout] 
[INFO] [stdout] 
[INFO] [stdout] warning: non-local `impl` definition, `impl` blocks should be written at the same level as their item
[INFO] [stdout]   --> nextest/runner/src/output.rs:55:25
[INFO] [stdout]    |
[INFO] [stdout] 55 | #[cfg_attr(test, derive(proptest_derive::Arbitrary))]
[INFO] [stdout]    |                         ^-------------------------
[INFO] [stdout]    |                         |
[INFO] [stdout]    |                         `Arbitrary` is not local
[INFO] [stdout]    |                         move the `impl` block outside of this constant `_IMPL_ARBITRARY_FOR_SerializableFormat`
[INFO] [stdout] 56 | pub enum SerializableFormat {
[INFO] [stdout]    |          ------------------ `SerializableFormat` is not local
[INFO] [stdout]    |
[INFO] [stdout]    = note: the derive macro `proptest_derive::Arbitrary` defines the non-local `impl`, and may need to be changed
[INFO] [stdout]    = note: the derive macro `proptest_derive::Arbitrary` may come from an old version of the `proptest_derive` crate, try updating your dependency with `cargo update -p proptest_derive`
[INFO] [stdout]    = note: an `impl` is never scoped, even when it is nested inside an item, as it may impact type checking outside of that item, which can be the case if neither the trait or the self type are at the same nesting level as the `impl`
[INFO] [stdout]    = note: items in an anonymous const item (`const _: () = { ... }`) are treated as in the same scope as the anonymous const's declaration for the purpose of this lint
[INFO] [stdout]    = note: this warning originates in the derive macro `proptest_derive::Arbitrary` (in Nightly builds, run with -Z macro-backtrace for more info)
[INFO] [stdout] 
[INFO] [stdout] 
[INFO] [stderr]     Finished `test` profile [unoptimized + debuginfo] target(s) in 39.35s
[INFO] [stderr] warning: the following packages contain code that will be rejected by a future version of Rust: quick-xml v0.22.0
[INFO] [stderr] note: to see what the problems were, use the option `--future-incompat-report`, or run `cargo report future-incompatibilities --id 1`
[INFO] running `Command { std: "docker" "inspect" "3e5ae22301357b9d85d412e332e734830a78c6eaf73035aa69824f0b6e066d9b", kill_on_drop: false }`
[INFO] running `Command { std: "docker" "rm" "-f" "3e5ae22301357b9d85d412e332e734830a78c6eaf73035aa69824f0b6e066d9b", kill_on_drop: false }`
[INFO] [stdout] 3e5ae22301357b9d85d412e332e734830a78c6eaf73035aa69824f0b6e066d9b
[INFO] running `Command { std: "docker" "create" "-v" "/var/lib/crater-agent-workspace/builds/worker-6-tc2/target:/opt/rustwide/target:rw,Z" "-v" "/var/lib/crater-agent-workspace/builds/worker-6-tc2/source:/opt/rustwide/workdir:ro,Z" "-v" "/var/lib/crater-agent-workspace/cargo-home:/opt/rustwide/cargo-home:ro,Z" "-v" "/var/lib/crater-agent-workspace/rustup-home:/opt/rustwide/rustup-home:ro,Z" "-e" "SOURCE_DIR=/opt/rustwide/workdir" "-e" "CARGO_TARGET_DIR=/opt/rustwide/target" "-e" "CARGO_INCREMENTAL=0" "-e" "RUST_BACKTRACE=full" "-e" "RUSTFLAGS=--cap-lints=forbid -Zrandomize-layout" "-e" "RUSTDOCFLAGS=--cap-lints=forbid" "-e" "CARGO_HOME=/opt/rustwide/cargo-home" "-e" "RUSTUP_HOME=/opt/rustwide/rustup-home" "-w" "/opt/rustwide/workdir" "-m" "1610612736" "--user" "0:0" "--network" "none" "ghcr.io/rust-lang/crates-build-env/linux@sha256:819108c5571ea2e421544af4d832f968d213c87fbe3707a016657f43d2f853bc" "/opt/rustwide/cargo-home/bin/cargo" "+nightly-2025-01-18" "test" "--frozen", kill_on_drop: false }`
[INFO] [stdout] 1b776596613211491ed682f7a9d10b05dbb1f6659bbd9d9070c2d835ee04a8ac
[INFO] running `Command { std: "docker" "start" "-a" "1b776596613211491ed682f7a9d10b05dbb1f6659bbd9d9070c2d835ee04a8ac", kill_on_drop: false }`
[INFO] [stderr] warning: use of deprecated associated function `std::array::IntoIter::<T, N>::new`: use `IntoIterator::into_iter` instead
[INFO] [stderr]   --> quick-junit/src/serialize.rs:60:55
[INFO] [stderr]    |
[INFO] [stderr] 60 |     testsuites_tag.extend_attributes(array::IntoIter::new([
[INFO] [stderr]    |                                                       ^^^
[INFO] [stderr]    |
[INFO] [stderr]    = note: `#[warn(deprecated)]` on by default
[INFO] [stderr] 
[INFO] [stderr] warning: use of deprecated associated function `std::array::IntoIter::<T, N>::new`: use `IntoIterator::into_iter` instead
[INFO] [stderr]    --> quick-junit/src/serialize.rs:105:54
[INFO] [stderr]     |
[INFO] [stderr] 105 |     testsuite_tag.extend_attributes(array::IntoIter::new([
[INFO] [stderr]     |                                                      ^^^
[INFO] [stderr] 
[INFO] [stderr] warning: use of deprecated associated function `std::array::IntoIter::<T, N>::new`: use `IntoIterator::into_iter` instead
[INFO] [stderr]    --> quick-junit/src/serialize.rs:154:53
[INFO] [stderr]     |
[INFO] [stderr] 154 |     property_tag.extend_attributes(array::IntoIter::new([
[INFO] [stderr]     |                                                     ^^^
[INFO] [stderr] 
[INFO] [stderr] warning: use of deprecated associated function `std::array::IntoIter::<T, N>::new`: use `IntoIterator::into_iter` instead
[INFO] [stderr]    --> quick-junit/src/serialize.rs:179:53
[INFO] [stderr]     |
[INFO] [stderr] 179 |     testcase_tag.extend_attributes(array::IntoIter::new([("name", name.as_str())]));
[INFO] [stderr]     |                                                     ^^^
[INFO] [stderr] 
[INFO] [stderr] warning: `quick-junit` (lib) generated 4 warnings
[INFO] [stderr] warning: multiple fields are never read
[INFO] [stderr]   --> datatest-stable/src/runner.rs:36:5
[INFO] [stderr]    |
[INFO] [stderr] 21 | struct TestOpts {
[INFO] [stderr]    |        -------- fields in this struct
[INFO] [stderr] ...
[INFO] [stderr] 36 |     nocapture: bool,
[INFO] [stderr]    |     ^^^^^^^^^
[INFO] [stderr] ...
[INFO] [stderr] 46 |     include_ignored: bool,
[INFO] [stderr]    |     ^^^^^^^^^^^^^^^
[INFO] [stderr] ...
[INFO] [stderr] 49 |     force_run_in_process: bool,
[INFO] [stderr]    |     ^^^^^^^^^^^^^^^^^^^^
[INFO] [stderr] ...
[INFO] [stderr] 52 |     exclude_should_panic: bool,
[INFO] [stderr]    |     ^^^^^^^^^^^^^^^^^^^^
[INFO] [stderr] ...
[INFO] [stderr] 55 |     test: bool,
[INFO] [stderr]    |     ^^^^
[INFO] [stderr] ...
[INFO] [stderr] 58 |     bench: bool,
[INFO] [stderr]    |     ^^^^^
[INFO] [stderr] ...
[INFO] [stderr] 61 |     logfile: Option<String>,
[INFO] [stderr]    |     ^^^^^^^
[INFO] [stderr] ...
[INFO] [stderr] 64 |     skip: Vec<String>,
[INFO] [stderr]    |     ^^^^
[INFO] [stderr] ...
[INFO] [stderr] 67 |     show_output: bool,
[INFO] [stderr]    |     ^^^^^^^^^^^
[INFO] [stderr] ...
[INFO] [stderr] 70 |     color: Option<String>,
[INFO] [stderr]    |     ^^^^^
[INFO] [stderr] ...
[INFO] [stderr] 80 |     report_time: Option<String>,
[INFO] [stderr]    |     ^^^^^^^^^^^
[INFO] [stderr] ...
[INFO] [stderr] 83 |     ensure_time: bool,
[INFO] [stderr]    |     ^^^^^^^^^^^
[INFO] [stderr]    |
[INFO] [stderr]    = note: `TestOpts` has a derived impl for the trait `Debug`, but this is intentionally ignored during dead code analysis
[INFO] [stderr]    = note: `#[warn(dead_code)]` on by default
[INFO] [stderr] 
[INFO] [stderr] warning: fields `binary_id` and `cwd` are never read
[INFO] [stderr]    --> nextest/runner/tests/basic.rs:167:5
[INFO] [stderr]     |
[INFO] [stderr] 166 | struct InstanceValue<'a> {
[INFO] [stderr]     |        ------------- fields in this struct
[INFO] [stderr] 167 |     binary_id: &'a str,
[INFO] [stderr]     |     ^^^^^^^^^
[INFO] [stderr] 168 |     cwd: Option<&'a Utf8Path>,
[INFO] [stderr]     |     ^^^
[INFO] [stderr]     |
[INFO] [stderr]     = note: `InstanceValue` has derived impls for the traits `Debug` and `Clone`, but these are intentionally ignored during dead code analysis
[INFO] [stderr]     = note: `#[warn(dead_code)]` on by default
[INFO] [stderr] 
[INFO] [stderr] warning: non-local `impl` definition, `impl` blocks should be written at the same level as their item
[INFO] [stderr]   --> nextest/runner/src/output.rs:12:25
[INFO] [stderr]    |
[INFO] [stderr] 12 | #[cfg_attr(test, derive(proptest_derive::Arbitrary))]
[INFO] [stderr]    |                         ^-------------------------
[INFO] [stderr]    |                         |
[INFO] [stderr]    |                         `Arbitrary` is not local
[INFO] [stderr]    |                         move the `impl` block outside of this constant `_IMPL_ARBITRARY_FOR_OutputFormat`
[INFO] [stderr] 13 | pub enum OutputFormat {
[INFO] [stderr]    |          ------------ `OutputFormat` is not local
[INFO] [stderr]    |
[INFO] [stderr]    = note: the derive macro `proptest_derive::Arbitrary` defines the non-local `impl`, and may need to be changed
[INFO] [stderr]    = note: the derive macro `proptest_derive::Arbitrary` may come from an old version of the `proptest_derive` crate, try updating your dependency with `cargo update -p proptest_derive`
[INFO] [stderr]    = note: an `impl` is never scoped, even when it is nested inside an item, as it may impact type checking outside of that item, which can be the case if neither the trait or the self type are at the same nesting level as the `impl`
[INFO] [stderr]    = note: items in an anonymous const item (`const _: () = { ... }`) are treated as in the same scope as the anonymous const's declaration for the purpose of this lint
[INFO] [stderr]    = note: `#[warn(non_local_definitions)]` on by default
[INFO] [stderr]    = note: this warning originates in the derive macro `proptest_derive::Arbitrary` (in Nightly builds, run with -Z macro-backtrace for more info)
[INFO] [stderr] 
[INFO] [stderr] warning: non-local `impl` definition, `impl` blocks should be written at the same level as their item
[INFO] [stderr]   --> nextest/runner/src/output.rs:55:25
[INFO] [stderr]    |
[INFO] [stderr] 55 | #[cfg_attr(test, derive(proptest_derive::Arbitrary))]
[INFO] [stderr]    |                         ^-------------------------
[INFO] [stderr]    |                         |
[INFO] [stderr]    |                         `Arbitrary` is not local
[INFO] [stderr]    |                         move the `impl` block outside of this constant `_IMPL_ARBITRARY_FOR_SerializableFormat`
[INFO] [stderr] 56 | pub enum SerializableFormat {
[INFO] [stderr]    |          ------------------ `SerializableFormat` is not local
[INFO] [stderr]    |
[INFO] [stderr]    = note: the derive macro `proptest_derive::Arbitrary` defines the non-local `impl`, and may need to be changed
[INFO] [stderr]    = note: the derive macro `proptest_derive::Arbitrary` may come from an old version of the `proptest_derive` crate, try updating your dependency with `cargo update -p proptest_derive`
[INFO] [stderr]    = note: an `impl` is never scoped, even when it is nested inside an item, as it may impact type checking outside of that item, which can be the case if neither the trait or the self type are at the same nesting level as the `impl`
[INFO] [stderr]    = note: items in an anonymous const item (`const _: () = { ... }`) are treated as in the same scope as the anonymous const's declaration for the purpose of this lint
[INFO] [stderr]    = note: this warning originates in the derive macro `proptest_derive::Arbitrary` (in Nightly builds, run with -Z macro-backtrace for more info)
[INFO] [stderr] 
[INFO] [stderr] warning: `datatest-stable` (lib) generated 1 warning
[INFO] [stderr] warning: `nextest-runner` (test "basic") generated 1 warning
[INFO] [stderr] warning: `nextest-runner` (lib test) generated 2 warnings
[INFO] [stderr] warning: `datatest-stable` (lib test) generated 1 warning (1 duplicate)
[INFO] [stderr] warning: `quick-junit` (lib test) generated 4 warnings (4 duplicates)
[INFO] [stderr]     Finished `test` profile [unoptimized + debuginfo] target(s) in 0.14s
[INFO] [stderr] warning: the following packages contain code that will be rejected by a future version of Rust: quick-xml v0.22.0
[INFO] [stderr] note: to see what the problems were, use the option `--future-incompat-report`, or run `cargo report future-incompatibilities --id 1`
[INFO] [stderr]      Running unittests src/lib.rs (/opt/rustwide/target/debug/deps/datatest_stable-83497f1338da875c)
[INFO] [stdout] 
[INFO] [stdout] running 0 tests
[INFO] [stdout] 
[INFO] [stdout] test result: ok. 0 passed; 0 failed; 0 ignored; 0 measured; 0 filtered out; finished in 0.00s
[INFO] [stdout] 
[INFO] [stderr]      Running tests/example.rs (/opt/rustwide/target/debug/deps/example-0ca35b76fb0563b1)
[INFO] [stdout] 
[INFO] [stdout] running 2 tests
[INFO] [stderr]      Running unittests src/lib.rs (/opt/rustwide/target/debug/deps/nextest_config-029f043df22a6d7d)
[INFO] [stdout] test test_artifact::b ... ok
[INFO] [stdout] test test_artifact::a ... ok
[INFO] [stdout] 
[INFO] [stdout] test result: ok. 2 passed; 0 failed; 0 filtered out
[INFO] [stdout] 
[INFO] [stdout] 
[INFO] [stdout] running 1 test
[INFO] [stdout] test config::tests::default_config_is_valid ... ok
[INFO] [stdout] 
[INFO] [stdout] test result: ok. 1 passed; 0 failed; 0 ignored; 0 measured; 0 filtered out; finished in 0.00s
[INFO] [stdout] 
[INFO] [stderr]      Running unittests src/lib.rs (/opt/rustwide/target/debug/deps/nextest_runner-cc33783e4de21a80)
[INFO] [stdout] 
[INFO] [stdout] running 9 tests
[INFO] [stdout] test partition::tests::partitioner_builder_from_str ... ok
[INFO] [stdout] test output::test::output_format_variants ... ok
[INFO] [stdout] test runner::tests::test_is_success ... ok
[INFO] [stdout] test test_list::tests::test_parse ... ok
[INFO] [stdout] test output::test::output_format_from_str_display_roundtrip ... ok
[INFO] [stdout] test test_filter::tests::proptest_empty ... ok
[INFO] [stdout] test test_filter::tests::proptest_no_match ... ok
[INFO] [stdout] test test_filter::tests::proptest_exact ... ok
[INFO] [stdout] test test_filter::tests::proptest_substring ... ok
[INFO] [stdout] 
[INFO] [stdout] test result: ok. 9 passed; 0 failed; 0 ignored; 0 measured; 0 filtered out; finished in 8.00s
[INFO] [stdout] 
[INFO] [stderr]      Running unittests src/main.rs (/opt/rustwide/target/debug/deps/nextest_runner-37b2b4f47836812b)
[INFO] [stdout] 
[INFO] [stdout] running 0 tests
[INFO] [stdout] 
[INFO] [stdout] test result: ok. 0 passed; 0 failed; 0 ignored; 0 measured; 0 filtered out; finished in 0.01s
[INFO] [stdout] 
[INFO] [stderr]      Running tests/basic.rs (/opt/rustwide/target/debug/deps/basic-508c5edb40f15915)
[INFO] [stdout] 
[INFO] [stdout] running 4 tests
[INFO] [stderr] error: failed to write /opt/rustwide/workdir/nextest/fixtures/nextest-tests/Cargo.lock
[INFO] [stderr] 
[INFO] [stderr] Caused by:
[INFO] [stderr]   failed to open: /opt/rustwide/workdir/nextest/fixtures/nextest-tests/Cargo.lock
[INFO] [stderr] 
[INFO] [stderr] Caused by:
[INFO] [stderr]   Read-only file system (os error 30)
[INFO] [stdout] test test_run_ignored ... FAILED
[INFO] [stdout] test test_list_tests ... FAILED
[INFO] [stderr] error: test failed, to rerun pass `-p nextest-runner --test basic`
[INFO] [stdout] test test_retries ... FAILED
[INFO] [stdout] test test_run ... FAILED
[INFO] [stdout] 
[INFO] [stdout] failures:
[INFO] [stdout] 
[INFO] [stdout] ---- test_run_ignored stdout ----
[INFO] [stdout] 
[INFO] [stdout] thread 'test_run_ignored' panicked at nextest/runner/tests/basic.rs:108:29:
[INFO] [stdout] cargo test --no-run failed: Custom { kind: Other, error: "command [\"/opt/rustwide/rustup-home/toolchains/nightly-2025-01-18-x86_64-unknown-linux-gnu/bin/cargo\", \"test\", \"--no-run\", \"--message-format\", \"json\"] exited with code 101" }
[INFO] [stdout] stack backtrace:
[INFO] [stdout]    0:     0x5a2f6fbf331a - std::backtrace_rs::backtrace::libunwind::trace::hb059275cfc8d6126
[INFO] [stdout]                                at /rustc/6067b36314ab5eb2eb47cecc464545ba58e1ad24/library/std/src/../../backtrace/src/backtrace/libunwind.rs:116:5
[INFO] [stdout]    1:     0x5a2f6fbf331a - std::backtrace_rs::backtrace::trace_unsynchronized::h2da071e4327ce3ee
[INFO] [stdout]                                at /rustc/6067b36314ab5eb2eb47cecc464545ba58e1ad24/library/std/src/../../backtrace/src/backtrace/mod.rs:66:5
[INFO] [stdout]    2:     0x5a2f6fbf331a - std::sys::backtrace::_print_fmt::h842a1474e6f8d23f
[INFO] [stdout]                                at /rustc/6067b36314ab5eb2eb47cecc464545ba58e1ad24/library/std/src/sys/backtrace.rs:66:9
[INFO] [stdout]    3:     0x5a2f6fbf331a - <std::sys::backtrace::BacktraceLock::print::DisplayBacktrace as core::fmt::Display>::fmt::h71a62eb3b9696b12
[INFO] [stdout]                                at /rustc/6067b36314ab5eb2eb47cecc464545ba58e1ad24/library/std/src/sys/backtrace.rs:39:26
[INFO] [stdout]    4:     0x5a2f6fc1c083 - core::fmt::rt::Argument::fmt::hdb6b616786b41dc1
[INFO] [stdout]                                at /rustc/6067b36314ab5eb2eb47cecc464545ba58e1ad24/library/core/src/fmt/rt.rs:177:76
[INFO] [stdout]    5:     0x5a2f6fc1c083 - core::fmt::write::h2cc1698af7e2d686
[INFO] [stdout]                                at /rustc/6067b36314ab5eb2eb47cecc464545ba58e1ad24/library/core/src/fmt/mod.rs:1440:21
[INFO] [stdout]    6:     0x5a2f6fbef313 - std::io::Write::write_fmt::hab1b4cd059a79022
[INFO] [stdout]                                at /rustc/6067b36314ab5eb2eb47cecc464545ba58e1ad24/library/std/src/io/mod.rs:1887:15
[INFO] [stdout]    7:     0x5a2f6fbf3162 - std::sys::backtrace::BacktraceLock::print::h147fe35b4ea13b08
[INFO] [stdout]                                at /rustc/6067b36314ab5eb2eb47cecc464545ba58e1ad24/library/std/src/sys/backtrace.rs:42:9
[INFO] [stdout]    8:     0x5a2f6fbf473f - std::panicking::default_hook::{{closure}}::hbd44223dbdc0d208
[INFO] [stdout]                                at /rustc/6067b36314ab5eb2eb47cecc464545ba58e1ad24/library/std/src/panicking.rs:298:22
[INFO] [stdout]    9:     0x5a2f6fbf4558 - std::panicking::default_hook::h20f81eb0576efcec
[INFO] [stdout]                                at /rustc/6067b36314ab5eb2eb47cecc464545ba58e1ad24/library/std/src/panicking.rs:322:9
[INFO] [stdout]   10:     0x5a2f6f9f82a3 - <alloc::boxed::Box<F,A> as core::ops::function::Fn<Args>>::call::hdb53814c496a4d34
[INFO] [stdout]                                at /rustc/6067b36314ab5eb2eb47cecc464545ba58e1ad24/library/alloc/src/boxed.rs:2027:9
[INFO] [stdout]   11:     0x5a2f6f9f82a3 - test::test_main::{{closure}}::hc0a4963c59427c24
[INFO] [stdout]                                at /rustc/6067b36314ab5eb2eb47cecc464545ba58e1ad24/library/test/src/lib.rs:134:21
[INFO] [stdout]   12:     0x5a2f6fbf5233 - <alloc::boxed::Box<F,A> as core::ops::function::Fn<Args>>::call::h591b2225413a77e9
[INFO] [stdout]                                at /rustc/6067b36314ab5eb2eb47cecc464545ba58e1ad24/library/alloc/src/boxed.rs:2027:9
[INFO] [stdout]   13:     0x5a2f6fbf5233 - std::panicking::rust_panic_with_hook::h625eea43051b2edc
[INFO] [stdout]                                at /rustc/6067b36314ab5eb2eb47cecc464545ba58e1ad24/library/std/src/panicking.rs:839:13
[INFO] [stdout]   14:     0x5a2f6fbf4eea - std::panicking::begin_panic_handler::{{closure}}::h4f9159cfbc3f6bd3
[INFO] [stdout]                                at /rustc/6067b36314ab5eb2eb47cecc464545ba58e1ad24/library/std/src/panicking.rs:704:13
[INFO] [stdout]   15:     0x5a2f6fbf3819 - std::sys::backtrace::__rust_end_short_backtrace::h0390abce48353151
[INFO] [stdout]                                at /rustc/6067b36314ab5eb2eb47cecc464545ba58e1ad24/library/std/src/sys/backtrace.rs:168:18
[INFO] [stdout]   16:     0x5a2f6fbf4b7d - rust_begin_unwind
[INFO] [stdout]                                at /rustc/6067b36314ab5eb2eb47cecc464545ba58e1ad24/library/std/src/panicking.rs:695:5
[INFO] [stdout]   17:     0x5a2f6fc1aa20 - core::panicking::panic_fmt::h9e7c637e9e5f29c9
[INFO] [stdout]                                at /rustc/6067b36314ab5eb2eb47cecc464545ba58e1ad24/library/core/src/panicking.rs:75:14
[INFO] [stdout]   18:     0x5a2f6fc1ae96 - core::result::unwrap_failed::h7979f09313fe1849
[INFO] [stdout]                                at /rustc/6067b36314ab5eb2eb47cecc464545ba58e1ad24/library/core/src/result.rs:1704:5
[INFO] [stdout]   19:     0x5a2f6f9a2f28 - core::result::Result<T,E>::expect::h2d3bc8cdf071b3c3
[INFO] [stdout]                                at /rustc/6067b36314ab5eb2eb47cecc464545ba58e1ad24/library/core/src/result.rs:1061:23
[INFO] [stdout]   20:     0x5a2f6f97d3c7 - basic::init_fixture_targets::hcbbe6ad6a2e14d4c
[INFO] [stdout]                                at /opt/rustwide/workdir/nextest/runner/tests/basic.rs:108:18
[INFO] [stdout]   21:     0x5a2f6f9b98d2 - core::ops::function::FnOnce::call_once::h09690769fb44f566
[INFO] [stdout]                                at /rustc/6067b36314ab5eb2eb47cecc464545ba58e1ad24/library/core/src/ops/function.rs:250:5
[INFO] [stdout]   22:     0x5a2f6f98e901 - once_cell::sync::Lazy<T,F>::force::{{closure}}::h276f58a9f4f04f99
[INFO] [stdout]                                at /opt/rustwide/cargo-home/registry/src/index.crates.io-1949cf8c6b5b557f/once_cell-1.8.0/src/lib.rs:1115:28
[INFO] [stdout]   23:     0x5a2f6f98ea5d - once_cell::sync::OnceCell<T>::get_or_init::{{closure}}::hde8cbe990df3e2a3
[INFO] [stdout]                                at /opt/rustwide/cargo-home/registry/src/index.crates.io-1949cf8c6b5b557f/once_cell-1.8.0/src/lib.rs:938:57
[INFO] [stdout]   24:     0x5a2f6f9b55d1 - once_cell::imp::OnceCell<T>::initialize::{{closure}}::h268963803ad062f2
[INFO] [stdout]                                at /opt/rustwide/cargo-home/registry/src/index.crates.io-1949cf8c6b5b557f/once_cell-1.8.0/src/imp_std.rs:95:19
[INFO] [stdout]   25:     0x5a2f6fbace50 - once_cell::imp::initialize_inner::hd3f66da1ccc609cf
[INFO] [stdout]                                at /opt/rustwide/cargo-home/registry/src/index.crates.io-1949cf8c6b5b557f/once_cell-1.8.0/src/imp_std.rs:171:31
[INFO] [stdout]   26:     0x5a2f6f9b558a - once_cell::imp::OnceCell<T>::initialize::h9df2c6b8b1bc4554
[INFO] [stdout]                                at /opt/rustwide/cargo-home/registry/src/index.crates.io-1949cf8c6b5b557f/once_cell-1.8.0/src/imp_std.rs:93:9
[INFO] [stdout]   27:     0x5a2f6f98eb47 - once_cell::sync::OnceCell<T>::get_or_try_init::hbbb52d29e2a3e68a
[INFO] [stdout]                                at /opt/rustwide/cargo-home/registry/src/index.crates.io-1949cf8c6b5b557f/once_cell-1.8.0/src/lib.rs:978:13
[INFO] [stdout]   28:     0x5a2f6f98e9d3 - once_cell::sync::OnceCell<T>::get_or_init::hcd47820b2977f84c
[INFO] [stdout]                                at /opt/rustwide/cargo-home/registry/src/index.crates.io-1949cf8c6b5b557f/once_cell-1.8.0/src/lib.rs:938:19
[INFO] [stdout]   29:     0x5a2f6f98e881 - once_cell::sync::Lazy<T,F>::force::ha750a33cf3e74c16
[INFO] [stdout]                                at /opt/rustwide/cargo-home/registry/src/index.crates.io-1949cf8c6b5b557f/once_cell-1.8.0/src/lib.rs:1114:13
[INFO] [stdout]   30:     0x5a2f6f98be0a - <once_cell::sync::Lazy<T,F> as core::ops::deref::Deref>::deref::hdf4a5a9f373adfe9
[INFO] [stdout]                                at /opt/rustwide/cargo-home/registry/src/index.crates.io-1949cf8c6b5b557f/once_cell-1.8.0/src/lib.rs:1124:13
[INFO] [stdout]   31:     0x5a2f6f97fd04 - basic::test_run_ignored::h4710e70a7ecfc1a0
[INFO] [stdout]                                at /opt/rustwide/workdir/nextest/runner/tests/basic.rs:248:29
[INFO] [stdout]   32:     0x5a2f6f97fcb7 - basic::test_run_ignored::{{closure}}::hd1a924748e29fac8
[INFO] [stdout]                                at /opt/rustwide/workdir/nextest/runner/tests/basic.rs:246:26
[INFO] [stdout]   33:     0x5a2f6f9b9c96 - core::ops::function::FnOnce::call_once::h413462563aaf5e6b
[INFO] [stdout]                                at /rustc/6067b36314ab5eb2eb47cecc464545ba58e1ad24/library/core/src/ops/function.rs:250:5
[INFO] [stdout]   34:     0x5a2f6f9fd9fb - core::ops::function::FnOnce::call_once::he27718dfdd183f43
[INFO] [stdout]                                at /rustc/6067b36314ab5eb2eb47cecc464545ba58e1ad24/library/core/src/ops/function.rs:250:5
[INFO] [stdout]   35:     0x5a2f6f9fd9fb - test::__rust_begin_short_backtrace::h4e84902998457a5d
[INFO] [stdout]                                at /rustc/6067b36314ab5eb2eb47cecc464545ba58e1ad24/library/test/src/lib.rs:632:18
[INFO] [stdout]   36:     0x5a2f6f9fc933 - test::run_test_in_process::{{closure}}::h7176fd18fc1feca0
[INFO] [stdout]                                at /rustc/6067b36314ab5eb2eb47cecc464545ba58e1ad24/library/test/src/lib.rs:655:60
[INFO] [stdout]   37:     0x5a2f6f9fc933 - <core::panic::unwind_safe::AssertUnwindSafe<F> as core::ops::function::FnOnce<()>>::call_once::hf79cff2a624d8cf7
[INFO] [stdout]                                at /rustc/6067b36314ab5eb2eb47cecc464545ba58e1ad24/library/core/src/panic/unwind_safe.rs:272:9
[INFO] [stdout]   38:     0x5a2f6f9fc933 - std::panicking::try::do_call::h3da0561d9ab99c25
[INFO] [stdout]                                at /rustc/6067b36314ab5eb2eb47cecc464545ba58e1ad24/library/std/src/panicking.rs:587:40
[INFO] [stdout]   39:     0x5a2f6f9fc933 - std::panicking::try::h41c9fa508bc61df6
[INFO] [stdout]                                at /rustc/6067b36314ab5eb2eb47cecc464545ba58e1ad24/library/std/src/panicking.rs:550:19
[INFO] [stdout]   40:     0x5a2f6f9fc933 - std::panic::catch_unwind::h6b3ff07bb5afad93
[INFO] [stdout]                                at /rustc/6067b36314ab5eb2eb47cecc464545ba58e1ad24/library/std/src/panic.rs:358:14
[INFO] [stdout]   41:     0x5a2f6f9fc933 - test::run_test_in_process::hc7253dd11b39b9f4
[INFO] [stdout]                                at /rustc/6067b36314ab5eb2eb47cecc464545ba58e1ad24/library/test/src/lib.rs:655:27
[INFO] [stdout]   42:     0x5a2f6f9fc933 - test::run_test::{{closure}}::hfb2007f8649c30bb
[INFO] [stdout]                                at /rustc/6067b36314ab5eb2eb47cecc464545ba58e1ad24/library/test/src/lib.rs:576:43
[INFO] [stdout]   43:     0x5a2f6f9bfa15 - test::run_test::{{closure}}::h56a17aa7a282a9f4
[INFO] [stdout]                                at /rustc/6067b36314ab5eb2eb47cecc464545ba58e1ad24/library/test/src/lib.rs:606:41
[INFO] [stdout]   44:     0x5a2f6f9bfa15 - std::sys::backtrace::__rust_begin_short_backtrace::hd2d2d2fb8e8c6aac
[INFO] [stdout]                                at /rustc/6067b36314ab5eb2eb47cecc464545ba58e1ad24/library/std/src/sys/backtrace.rs:152:18
[INFO] [stdout]   45:     0x5a2f6f9c32fa - std::thread::Builder::spawn_unchecked_::{{closure}}::{{closure}}::h4faa3f9db6133423
[INFO] [stdout]                                at /rustc/6067b36314ab5eb2eb47cecc464545ba58e1ad24/library/std/src/thread/mod.rs:559:17
[INFO] [stdout]   46:     0x5a2f6f9c32fa - <core::panic::unwind_safe::AssertUnwindSafe<F> as core::ops::function::FnOnce<()>>::call_once::hf2e855a36a4ea846
[INFO] [stdout]                                at /rustc/6067b36314ab5eb2eb47cecc464545ba58e1ad24/library/core/src/panic/unwind_safe.rs:272:9
[INFO] [stdout]   47:     0x5a2f6f9c32fa - std::panicking::try::do_call::h2f73af3616c35465
[INFO] [stdout]                                at /rustc/6067b36314ab5eb2eb47cecc464545ba58e1ad24/library/std/src/panicking.rs:587:40
[INFO] [stdout]   48:     0x5a2f6f9c32fa - std::panicking::try::hd1660ce9efadef5a
[INFO] [stdout]                                at /rustc/6067b36314ab5eb2eb47cecc464545ba58e1ad24/library/std/src/panicking.rs:550:19
[INFO] [stdout]   49:     0x5a2f6f9c32fa - std::panic::catch_unwind::h5ee8d7823b8ca744
[INFO] [stdout]                                at /rustc/6067b36314ab5eb2eb47cecc464545ba58e1ad24/library/std/src/panic.rs:358:14
[INFO] [stdout]   50:     0x5a2f6f9c32fa - std::thread::Builder::spawn_unchecked_::{{closure}}::h53c3a1894dce8407
[INFO] [stdout]                                at /rustc/6067b36314ab5eb2eb47cecc464545ba58e1ad24/library/std/src/thread/mod.rs:557:30
[INFO] [stdout]   51:     0x5a2f6f9c32fa - core::ops::function::FnOnce::call_once{{vtable.shim}}::h048ce291ad4f62bf
[INFO] [stdout]                                at /rustc/6067b36314ab5eb2eb47cecc464545ba58e1ad24/library/core/src/ops/function.rs:250:5
[INFO] [stdout]   52:     0x5a2f6fbf952b - <alloc::boxed::Box<F,A> as core::ops::function::FnOnce<Args>>::call_once::ha52bedf99a3b4981
[INFO] [stdout]                                at /rustc/6067b36314ab5eb2eb47cecc464545ba58e1ad24/library/alloc/src/boxed.rs:2013:9
[INFO] [stdout]   53:     0x5a2f6fbf952b - <alloc::boxed::Box<F,A> as core::ops::function::FnOnce<Args>>::call_once::h567748934d80ccf8
[INFO] [stdout]                                at /rustc/6067b36314ab5eb2eb47cecc464545ba58e1ad24/library/alloc/src/boxed.rs:2013:9
[INFO] [stdout]   54:     0x5a2f6fbf952b - std::sys::pal::unix::thread::Thread::new::thread_start::h2d970728ae887adc
[INFO] [stdout]                                at /rustc/6067b36314ab5eb2eb47cecc464545ba58e1ad24/library/std/src/sys/pal/unix/thread.rs:106:17
[INFO] [stdout]   55:     0x7cfdbba12ac3 - <unknown>
[INFO] [stdout]   56:     0x7cfdbbaa3a04 - clone
[INFO] [stdout]   57:                0x0 - <unknown>
[INFO] [stdout] 
[INFO] [stdout] ---- test_list_tests stdout ----
[INFO] [stdout] 
[INFO] [stdout] thread 'test_list_tests' panicked at /opt/rustwide/cargo-home/registry/src/index.crates.io-1949cf8c6b5b557f/once_cell-1.8.0/src/lib.rs:1116:25:
[INFO] [stdout] Lazy instance has previously been poisoned
[INFO] [stdout] stack backtrace:
[INFO] [stdout]    0:     0x5a2f6fbf331a - std::backtrace_rs::backtrace::libunwind::trace::hb059275cfc8d6126
[INFO] [stdout]                                at /rustc/6067b36314ab5eb2eb47cecc464545ba58e1ad24/library/std/src/../../backtrace/src/backtrace/libunwind.rs:116:5
[INFO] [stdout]    1:     0x5a2f6fbf331a - std::backtrace_rs::backtrace::trace_unsynchronized::h2da071e4327ce3ee
[INFO] [stdout]                                at /rustc/6067b36314ab5eb2eb47cecc464545ba58e1ad24/library/std/src/../../backtrace/src/backtrace/mod.rs:66:5
[INFO] [stdout]    2:     0x5a2f6fbf331a - std::sys::backtrace::_print_fmt::h842a1474e6f8d23f
[INFO] [stdout]                                at /rustc/6067b36314ab5eb2eb47cecc464545ba58e1ad24/library/std/src/sys/backtrace.rs:66:9
[INFO] [stdout]    3:     0x5a2f6fbf331a - <std::sys::backtrace::BacktraceLock::print::DisplayBacktrace as core::fmt::Display>::fmt::h71a62eb3b9696b12
[INFO] [stdout]                                at /rustc/6067b36314ab5eb2eb47cecc464545ba58e1ad24/library/std/src/sys/backtrace.rs:39:26
[INFO] [stdout]    4:     0x5a2f6fc1c083 - core::fmt::rt::Argument::fmt::hdb6b616786b41dc1
[INFO] [stdout]                                at /rustc/6067b36314ab5eb2eb47cecc464545ba58e1ad24/library/core/src/fmt/rt.rs:177:76
[INFO] [stdout]    5:     0x5a2f6fc1c083 - core::fmt::write::h2cc1698af7e2d686
[INFO] [stdout]                                at /rustc/6067b36314ab5eb2eb47cecc464545ba58e1ad24/library/core/src/fmt/mod.rs:1440:21
[INFO] [stdout]    6:     0x5a2f6fbef313 - std::io::Write::write_fmt::hab1b4cd059a79022
[INFO] [stdout]                                at /rustc/6067b36314ab5eb2eb47cecc464545ba58e1ad24/library/std/src/io/mod.rs:1887:15
[INFO] [stdout]    7:     0x5a2f6fbf3162 - std::sys::backtrace::BacktraceLock::print::h147fe35b4ea13b08
[INFO] [stdout]                                at /rustc/6067b36314ab5eb2eb47cecc464545ba58e1ad24/library/std/src/sys/backtrace.rs:42:9
[INFO] [stdout]    8:     0x5a2f6fbf473f - std::panicking::default_hook::{{closure}}::hbd44223dbdc0d208
[INFO] [stdout]                                at /rustc/6067b36314ab5eb2eb47cecc464545ba58e1ad24/library/std/src/panicking.rs:298:22
[INFO] [stdout]    9:     0x5a2f6fbf4558 - std::panicking::default_hook::h20f81eb0576efcec
[INFO] [stdout]                                at /rustc/6067b36314ab5eb2eb47cecc464545ba58e1ad24/library/std/src/panicking.rs:322:9
[INFO] [stdout]   10:     0x5a2f6f9f82a3 - <alloc::boxed::Box<F,A> as core::ops::function::Fn<Args>>::call::hdb53814c496a4d34
[INFO] [stdout]                                at /rustc/6067b36314ab5eb2eb47cecc464545ba58e1ad24/library/alloc/src/boxed.rs:2027:9
[INFO] [stdout]   11:     0x5a2f6f9f82a3 - test::test_main::{{closure}}::hc0a4963c59427c24
[INFO] [stdout]                                at /rustc/6067b36314ab5eb2eb47cecc464545ba58e1ad24/library/test/src/lib.rs:134:21
[INFO] [stdout]   12:     0x5a2f6fbf5233 - <alloc::boxed::Box<F,A> as core::ops::function::Fn<Args>>::call::h591b2225413a77e9
[INFO] [stdout]                                at /rustc/6067b36314ab5eb2eb47cecc464545ba58e1ad24/library/alloc/src/boxed.rs:2027:9
[INFO] [stdout]   13:     0x5a2f6fbf5233 - std::panicking::rust_panic_with_hook::h625eea43051b2edc
[INFO] [stdout]                                at /rustc/6067b36314ab5eb2eb47cecc464545ba58e1ad24/library/std/src/panicking.rs:839:13
[INFO] [stdout]   14:     0x5a2f6fbf503c - std::panicking::begin_panic::{{closure}}::hb6f83f64bbc6469c
[INFO] [stdout]                                at /rustc/6067b36314ab5eb2eb47cecc464545ba58e1ad24/library/std/src/panicking.rs:768:9
[INFO] [stdout]   15:     0x5a2f6fbf3829 - std::sys::backtrace::__rust_end_short_backtrace::h892ae3ae8be3daf3
[INFO] [stdout]                                at /rustc/6067b36314ab5eb2eb47cecc464545ba58e1ad24/library/std/src/sys/backtrace.rs:168:18
[INFO] [stdout]   16:     0x5a2f6fbf4f42 - std::panicking::begin_panic::h855074417e0a5787
[INFO] [stdout]                                at /rustc/6067b36314ab5eb2eb47cecc464545ba58e1ad24/library/std/src/panicking.rs:767:5
[INFO] [stdout]   17:     0x5a2f6f98e8ee - once_cell::sync::Lazy<T,F>::force::{{closure}}::h276f58a9f4f04f99
[INFO] [stdout]                                at /opt/rustwide/cargo-home/registry/src/index.crates.io-1949cf8c6b5b557f/once_cell-1.8.0/src/lib.rs:1116:25
[INFO] [stdout]   18:     0x5a2f6f98ea5d - once_cell::sync::OnceCell<T>::get_or_init::{{closure}}::hde8cbe990df3e2a3
[INFO] [stdout]                                at /opt/rustwide/cargo-home/registry/src/index.crates.io-1949cf8c6b5b557f/once_cell-1.8.0/src/lib.rs:938:57
[INFO] [stdout]   19:     0x5a2f6f9b55d1 - once_cell::imp::OnceCell<T>::initialize::{{closure}}::h268963803ad062f2
[INFO] [stdout]                                at /opt/rustwide/cargo-home/registry/src/index.crates.io-1949cf8c6b5b557f/once_cell-1.8.0/src/imp_std.rs:95:19
[INFO] [stdout]   20:     0x5a2f6fbace50 - once_cell::imp::initialize_inner::hd3f66da1ccc609cf
[INFO] [stdout]                                at /opt/rustwide/cargo-home/registry/src/index.crates.io-1949cf8c6b5b557f/once_cell-1.8.0/src/imp_std.rs:171:31
[INFO] [stdout]   21:     0x5a2f6f9b558a - once_cell::imp::OnceCell<T>::initialize::h9df2c6b8b1bc4554
[INFO] [stdout]                                at /opt/rustwide/cargo-home/registry/src/index.crates.io-1949cf8c6b5b557f/once_cell-1.8.0/src/imp_std.rs:93:9
[INFO] [stdout]   22:     0x5a2f6f98eb47 - once_cell::sync::OnceCell<T>::get_or_try_init::hbbb52d29e2a3e68a
[INFO] [stdout]                                at /opt/rustwide/cargo-home/registry/src/index.crates.io-1949cf8c6b5b557f/once_cell-1.8.0/src/lib.rs:978:13
[INFO] [stdout]   23:     0x5a2f6f98e9d3 - once_cell::sync::OnceCell<T>::get_or_init::hcd47820b2977f84c
[INFO] [stdout]                                at /opt/rustwide/cargo-home/registry/src/index.crates.io-1949cf8c6b5b557f/once_cell-1.8.0/src/lib.rs:938:19
[INFO] [stdout]   24:     0x5a2f6f98e881 - once_cell::sync::Lazy<T,F>::force::ha750a33cf3e74c16
[INFO] [stdout]                                at /opt/rustwide/cargo-home/registry/src/index.crates.io-1949cf8c6b5b557f/once_cell-1.8.0/src/lib.rs:1114:13
[INFO] [stdout]   25:     0x5a2f6f98be0a - <once_cell::sync::Lazy<T,F> as core::ops::deref::Deref>::deref::hdf4a5a9f373adfe9
[INFO] [stdout]                                at /opt/rustwide/cargo-home/registry/src/index.crates.io-1949cf8c6b5b557f/once_cell-1.8.0/src/lib.rs:1124:13
[INFO] [stdout]   26:     0x5a2f6f97ec71 - basic::test_list_tests::h1c1d72ffc2d41276
[INFO] [stdout]                                at /opt/rustwide/workdir/nextest/runner/tests/basic.rs:144:29
[INFO] [stdout]   27:     0x5a2f6f97ec27 - basic::test_list_tests::{{closure}}::h09249064da826ba1
[INFO] [stdout]                                at /opt/rustwide/workdir/nextest/runner/tests/basic.rs:142:25
[INFO] [stdout]   28:     0x5a2f6f9b99a6 - core::ops::function::FnOnce::call_once::h131e52a11237d734
[INFO] [stdout]                                at /rustc/6067b36314ab5eb2eb47cecc464545ba58e1ad24/library/core/src/ops/function.rs:250:5
[INFO] [stdout]   29:     0x5a2f6f9fd9fb - core::ops::function::FnOnce::call_once::he27718dfdd183f43
[INFO] [stdout]                                at /rustc/6067b36314ab5eb2eb47cecc464545ba58e1ad24/library/core/src/ops/function.rs:250:5
[INFO] [stdout]   30:     0x5a2f6f9fd9fb - test::__rust_begin_short_backtrace::h4e84902998457a5d
[INFO] [stdout]                                at /rustc/6067b36314ab5eb2eb47cecc464545ba58e1ad24/library/test/src/lib.rs:632:18
[INFO] [stdout]   31:     0x5a2f6f9fc933 - test::run_test_in_process::{{closure}}::h7176fd18fc1feca0
[INFO] [stdout]                                at /rustc/6067b36314ab5eb2eb47cecc464545ba58e1ad24/library/test/src/lib.rs:655:60
[INFO] [stdout]   32:     0x5a2f6f9fc933 - <core::panic::unwind_safe::AssertUnwindSafe<F> as core::ops::function::FnOnce<()>>::call_once::hf79cff2a624d8cf7
[INFO] [stdout]                                at /rustc/6067b36314ab5eb2eb47cecc464545ba58e1ad24/library/core/src/panic/unwind_safe.rs:272:9
[INFO] [stdout]   33:     0x5a2f6f9fc933 - std::panicking::try::do_call::h3da0561d9ab99c25
[INFO] [stdout]                                at /rustc/6067b36314ab5eb2eb47cecc464545ba58e1ad24/library/std/src/panicking.rs:587:40
[INFO] [stdout]   34:     0x5a2f6f9fc933 - std::panicking::try::h41c9fa508bc61df6
[INFO] [stdout]                                at /rustc/6067b36314ab5eb2eb47cecc464545ba58e1ad24/library/std/src/panicking.rs:550:19
[INFO] [stdout]   35:     0x5a2f6f9fc933 - std::panic::catch_unwind::h6b3ff07bb5afad93
[INFO] [stdout]                                at /rustc/6067b36314ab5eb2eb47cecc464545ba58e1ad24/library/std/src/panic.rs:358:14
[INFO] [stdout]   36:     0x5a2f6f9fc933 - test::run_test_in_process::hc7253dd11b39b9f4
[INFO] [stdout]                                at /rustc/6067b36314ab5eb2eb47cecc464545ba58e1ad24/library/test/src/lib.rs:655:27
[INFO] [stdout]   37:     0x5a2f6f9fc933 - test::run_test::{{closure}}::hfb2007f8649c30bb
[INFO] [stdout]                                at /rustc/6067b36314ab5eb2eb47cecc464545ba58e1ad24/library/test/src/lib.rs:576:43
[INFO] [stdout]   38:     0x5a2f6f9bfa15 - test::run_test::{{closure}}::h56a17aa7a282a9f4
[INFO] [stdout]                                at /rustc/6067b36314ab5eb2eb47cecc464545ba58e1ad24/library/test/src/lib.rs:606:41
[INFO] [stdout]   39:     0x5a2f6f9bfa15 - std::sys::backtrace::__rust_begin_short_backtrace::hd2d2d2fb8e8c6aac
[INFO] [stdout]                                at /rustc/6067b36314ab5eb2eb47cecc464545ba58e1ad24/library/std/src/sys/backtrace.rs:152:18
[INFO] [stdout]   40:     0x5a2f6f9c32fa - std::thread::Builder::spawn_unchecked_::{{closure}}::{{closure}}::h4faa3f9db6133423
[INFO] [stdout]                                at /rustc/6067b36314ab5eb2eb47cecc464545ba58e1ad24/library/std/src/thread/mod.rs:559:17
[INFO] [stdout]   41:     0x5a2f6f9c32fa - <core::panic::unwind_safe::AssertUnwindSafe<F> as core::ops::function::FnOnce<()>>::call_once::hf2e855a36a4ea846
[INFO] [stdout]                                at /rustc/6067b36314ab5eb2eb47cecc464545ba58e1ad24/library/core/src/panic/unwind_safe.rs:272:9
[INFO] [stdout]   42:     0x5a2f6f9c32fa - std::panicking::try::do_call::h2f73af3616c35465
[INFO] [stdout]                                at /rustc/6067b36314ab5eb2eb47cecc464545ba58e1ad24/library/std/src/panicking.rs:587:40
[INFO] [stdout]   43:     0x5a2f6f9c32fa - std::panicking::try::hd1660ce9efadef5a
[INFO] [stdout]                                at /rustc/6067b36314ab5eb2eb47cecc464545ba58e1ad24/library/std/src/panicking.rs:550:19
[INFO] [stdout]   44:     0x5a2f6f9c32fa - std::panic::catch_unwind::h5ee8d7823b8ca744
[INFO] [stdout]                                at /rustc/6067b36314ab5eb2eb47cecc464545ba58e1ad24/library/std/src/panic.rs:358:14
[INFO] [stdout]   45:     0x5a2f6f9c32fa - std::thread::Builder::spawn_unchecked_::{{closure}}::h53c3a1894dce8407
[INFO] [stdout]                                at /rustc/6067b36314ab5eb2eb47cecc464545ba58e1ad24/library/std/src/thread/mod.rs:557:30
[INFO] [stdout]   46:     0x5a2f6f9c32fa - core::ops::function::FnOnce::call_once{{vtable.shim}}::h048ce291ad4f62bf
[INFO] [stdout]                                at /rustc/6067b36314ab5eb2eb47cecc464545ba58e1ad24/library/core/src/ops/function.rs:250:5
[INFO] [stdout]   47:     0x5a2f6fbf952b - <alloc::boxed::Box<F,A> as core::ops::function::FnOnce<Args>>::call_once::ha52bedf99a3b4981
[INFO] [stdout]                                at /rustc/6067b36314ab5eb2eb47cecc464545ba58e1ad24/library/alloc/src/boxed.rs:2013:9
[INFO] [stdout]   48:     0x5a2f6fbf952b - <alloc::boxed::Box<F,A> as core::ops::function::FnOnce<Args>>::call_once::h567748934d80ccf8
[INFO] [stdout]                                at /rustc/6067b36314ab5eb2eb47cecc464545ba58e1ad24/library/alloc/src/boxed.rs:2013:9
[INFO] [stdout]   49:     0x5a2f6fbf952b - std::sys::pal::unix::thread::Thread::new::thread_start::h2d970728ae887adc
[INFO] [stdout]                                at /rustc/6067b36314ab5eb2eb47cecc464545ba58e1ad24/library/std/src/sys/pal/unix/thread.rs:106:17
[INFO] [stdout]   50:     0x7cfdbba12ac3 - <unknown>
[INFO] [stdout]   51:     0x7cfdbbaa3a04 - clone
[INFO] [stdout]   52:                0x0 - <unknown>
[INFO] [stdout] 
[INFO] [stdout] ---- test_retries stdout ----
[INFO] [stdout] 
[INFO] [stdout] thread 'test_retries' panicked at /opt/rustwide/cargo-home/registry/src/index.crates.io-1949cf8c6b5b557f/once_cell-1.8.0/src/lib.rs:1116:25:
[INFO] [stdout] Lazy instance has previously been poisoned
[INFO] [stdout] stack backtrace:
[INFO] [stdout]    0:     0x5a2f6fbf331a - std::backtrace_rs::backtrace::libunwind::trace::hb059275cfc8d6126
[INFO] [stdout]                                at /rustc/6067b36314ab5eb2eb47cecc464545ba58e1ad24/library/std/src/../../backtrace/src/backtrace/libunwind.rs:116:5
[INFO] [stdout]    1:     0x5a2f6fbf331a - std::backtrace_rs::backtrace::trace_unsynchronized::h2da071e4327ce3ee
[INFO] [stdout]                                at /rustc/6067b36314ab5eb2eb47cecc464545ba58e1ad24/library/std/src/../../backtrace/src/backtrace/mod.rs:66:5
[INFO] [stdout]    2:     0x5a2f6fbf331a - std::sys::backtrace::_print_fmt::h842a1474e6f8d23f
[INFO] [stdout]                                at /rustc/6067b36314ab5eb2eb47cecc464545ba58e1ad24/library/std/src/sys/backtrace.rs:66:9
[INFO] [stdout]    3:     0x5a2f6fbf331a - <std::sys::backtrace::BacktraceLock::print::DisplayBacktrace as core::fmt::Display>::fmt::h71a62eb3b9696b12
[INFO] [stdout]                                at /rustc/6067b36314ab5eb2eb47cecc464545ba58e1ad24/library/std/src/sys/backtrace.rs:39:26
[INFO] [stdout]    4:     0x5a2f6fc1c083 - core::fmt::rt::Argument::fmt::hdb6b616786b41dc1
[INFO] [stdout]                                at /rustc/6067b36314ab5eb2eb47cecc464545ba58e1ad24/library/core/src/fmt/rt.rs:177:76
[INFO] [stdout]    5:     0x5a2f6fc1c083 - core::fmt::write::h2cc1698af7e2d686
[INFO] [stdout]                                at /rustc/6067b36314ab5eb2eb47cecc464545ba58e1ad24/library/core/src/fmt/mod.rs:1440:21
[INFO] [stdout]    6:     0x5a2f6fbef313 - std::io::Write::write_fmt::hab1b4cd059a79022
[INFO] [stdout]                                at /rustc/6067b36314ab5eb2eb47cecc464545ba58e1ad24/library/std/src/io/mod.rs:1887:15
[INFO] [stdout]    7:     0x5a2f6fbf3162 - std::sys::backtrace::BacktraceLock::print::h147fe35b4ea13b08
[INFO] [stdout]                                at /rustc/6067b36314ab5eb2eb47cecc464545ba58e1ad24/library/std/src/sys/backtrace.rs:42:9
[INFO] [stdout]    8:     0x5a2f6fbf473f - std::panicking::default_hook::{{closure}}::hbd44223dbdc0d208
[INFO] [stdout]                                at /rustc/6067b36314ab5eb2eb47cecc464545ba58e1ad24/library/std/src/panicking.rs:298:22
[INFO] [stdout]    9:     0x5a2f6fbf4558 - std::panicking::default_hook::h20f81eb0576efcec
[INFO] [stdout]                                at /rustc/6067b36314ab5eb2eb47cecc464545ba58e1ad24/library/std/src/panicking.rs:322:9
[INFO] [stdout]   10:     0x5a2f6f9f82a3 - <alloc::boxed::Box<F,A> as core::ops::function::Fn<Args>>::call::hdb53814c496a4d34
[INFO] [stdout]                                at /rustc/6067b36314ab5eb2eb47cecc464545ba58e1ad24/library/alloc/src/boxed.rs:2027:9
[INFO] [stdout]   11:     0x5a2f6f9f82a3 - test::test_main::{{closure}}::hc0a4963c59427c24
[INFO] [stdout]                                at /rustc/6067b36314ab5eb2eb47cecc464545ba58e1ad24/library/test/src/lib.rs:134:21
[INFO] [stdout]   12:     0x5a2f6fbf5233 - <alloc::boxed::Box<F,A> as core::ops::function::Fn<Args>>::call::h591b2225413a77e9
[INFO] [stdout]                                at /rustc/6067b36314ab5eb2eb47cecc464545ba58e1ad24/library/alloc/src/boxed.rs:2027:9
[INFO] [stdout]   13:     0x5a2f6fbf5233 - std::panicking::rust_panic_with_hook::h625eea43051b2edc
[INFO] [stdout]                                at /rustc/6067b36314ab5eb2eb47cecc464545ba58e1ad24/library/std/src/panicking.rs:839:13
[INFO] [stdout]   14:     0x5a2f6fbf503c - std::panicking::begin_panic::{{closure}}::hb6f83f64bbc6469c
[INFO] [stdout]                                at /rustc/6067b36314ab5eb2eb47cecc464545ba58e1ad24/library/std/src/panicking.rs:768:9
[INFO] [stdout]   15:     0x5a2f6fbf3829 - std::sys::backtrace::__rust_end_short_backtrace::h892ae3ae8be3daf3
[INFO] [stdout]                                at /rustc/6067b36314ab5eb2eb47cecc464545ba58e1ad24/library/std/src/sys/backtrace.rs:168:18
[INFO] [stdout]   16:     0x5a2f6fbf4f42 - std::panicking::begin_panic::h855074417e0a5787
[INFO] [stdout]                                at /rustc/6067b36314ab5eb2eb47cecc464545ba58e1ad24/library/std/src/panicking.rs:767:5
[INFO] [stdout]   17:     0x5a2f6f98e8ee - once_cell::sync::Lazy<T,F>::force::{{closure}}::h276f58a9f4f04f99
[INFO] [stdout]                                at /opt/rustwide/cargo-home/registry/src/index.crates.io-1949cf8c6b5b557f/once_cell-1.8.0/src/lib.rs:1116:25
[INFO] [stdout]   18:     0x5a2f6f98ea5d - once_cell::sync::OnceCell<T>::get_or_init::{{closure}}::hde8cbe990df3e2a3
[INFO] [stdout]                                at /opt/rustwide/cargo-home/registry/src/index.crates.io-1949cf8c6b5b557f/once_cell-1.8.0/src/lib.rs:938:57
[INFO] [stdout]   19:     0x5a2f6f9b55d1 - once_cell::imp::OnceCell<T>::initialize::{{closure}}::h268963803ad062f2
[INFO] [stdout]                                at /opt/rustwide/cargo-home/registry/src/index.crates.io-1949cf8c6b5b557f/once_cell-1.8.0/src/imp_std.rs:95:19
[INFO] [stdout]   20:     0x5a2f6fbace50 - once_cell::imp::initialize_inner::hd3f66da1ccc609cf
[INFO] [stdout]                                at /opt/rustwide/cargo-home/registry/src/index.crates.io-1949cf8c6b5b557f/once_cell-1.8.0/src/imp_std.rs:171:31
[INFO] [stdout]   21:     0x5a2f6f9b558a - once_cell::imp::OnceCell<T>::initialize::h9df2c6b8b1bc4554
[INFO] [stdout]                                at /opt/rustwide/cargo-home/registry/src/index.crates.io-1949cf8c6b5b557f/once_cell-1.8.0/src/imp_std.rs:93:9
[INFO] [stdout]   22:     0x5a2f6f98eb47 - once_cell::sync::OnceCell<T>::get_or_try_init::hbbb52d29e2a3e68a
[INFO] [stdout]                                at /opt/rustwide/cargo-home/registry/src/index.crates.io-1949cf8c6b5b557f/once_cell-1.8.0/src/lib.rs:978:13
[INFO] [stdout]   23:     0x5a2f6f98e9d3 - once_cell::sync::OnceCell<T>::get_or_init::hcd47820b2977f84c
[INFO] [stdout]                                at /opt/rustwide/cargo-home/registry/src/index.crates.io-1949cf8c6b5b557f/once_cell-1.8.0/src/lib.rs:938:19
[INFO] [stdout]   24:     0x5a2f6f98e881 - once_cell::sync::Lazy<T,F>::force::ha750a33cf3e74c16
[INFO] [stdout]                                at /opt/rustwide/cargo-home/registry/src/index.crates.io-1949cf8c6b5b557f/once_cell-1.8.0/src/lib.rs:1114:13
[INFO] [stdout]   25:     0x5a2f6f98be0a - <once_cell::sync::Lazy<T,F> as core::ops::deref::Deref>::deref::hdf4a5a9f373adfe9
[INFO] [stdout]                                at /opt/rustwide/cargo-home/registry/src/index.crates.io-1949cf8c6b5b557f/once_cell-1.8.0/src/lib.rs:1124:13
[INFO] [stdout]   26:     0x5a2f6f980754 - basic::test_retries::hc729077cd3d11d1f
[INFO] [stdout]                                at /opt/rustwide/workdir/nextest/runner/tests/basic.rs:293:29
[INFO] [stdout]   27:     0x5a2f6f980707 - basic::test_retries::{{closure}}::h39df6a3432b6ec01
[INFO] [stdout]                                at /opt/rustwide/workdir/nextest/runner/tests/basic.rs:291:22
[INFO] [stdout]   28:     0x5a2f6f9b9856 - core::ops::function::FnOnce::call_once::h037055346771ff94
[INFO] [stdout]                                at /rustc/6067b36314ab5eb2eb47cecc464545ba58e1ad24/library/core/src/ops/function.rs:250:5
[INFO] [stdout]   29:     0x5a2f6f9fd9fb - core::ops::function::FnOnce::call_once::he27718dfdd183f43
[INFO] [stdout]                                at /rustc/6067b36314ab5eb2eb47cecc464545ba58e1ad24/library/core/src/ops/function.rs:250:5
[INFO] [stdout]   30:     0x5a2f6f9fd9fb - test::__rust_begin_short_backtrace::h4e84902998457a5d
[INFO] [stdout]                                at /rustc/6067b36314ab5eb2eb47cecc464545ba58e1ad24/library/test/src/lib.rs:632:18
[INFO] [stdout]   31:     0x5a2f6f9fc933 - test::run_test_in_process::{{closure}}::h7176fd18fc1feca0
[INFO] [stdout]                                at /rustc/6067b36314ab5eb2eb47cecc464545ba58e1ad24/library/test/src/lib.rs:655:60
[INFO] [stdout]   32:     0x5a2f6f9fc933 - <core::panic::unwind_safe::AssertUnwindSafe<F> as core::ops::function::FnOnce<()>>::call_once::hf79cff2a624d8cf7
[INFO] [stdout]                                at /rustc/6067b36314ab5eb2eb47cecc464545ba58e1ad24/library/core/src/panic/unwind_safe.rs:272:9
[INFO] [stdout]   33:     0x5a2f6f9fc933 - std::panicking::try::do_call::h3da0561d9ab99c25
[INFO] [stdout]                                at /rustc/6067b36314ab5eb2eb47cecc464545ba58e1ad24/library/std/src/panicking.rs:587:40
[INFO] [stdout]   34:     0x5a2f6f9fc933 - std::panicking::try::h41c9fa508bc61df6
[INFO] [stdout]                                at /rustc/6067b36314ab5eb2eb47cecc464545ba58e1ad24/library/std/src/panicking.rs:550:19
[INFO] [stdout]   35:     0x5a2f6f9fc933 - std::panic::catch_unwind::h6b3ff07bb5afad93
[INFO] [stdout]                                at /rustc/6067b36314ab5eb2eb47cecc464545ba58e1ad24/library/std/src/panic.rs:358:14
[INFO] [stdout]   36:     0x5a2f6f9fc933 - test::run_test_in_process::hc7253dd11b39b9f4
[INFO] [stdout]                                at /rustc/6067b36314ab5eb2eb47cecc464545ba58e1ad24/library/test/src/lib.rs:655:27
[INFO] [stdout]   37:     0x5a2f6f9fc933 - test::run_test::{{closure}}::hfb2007f8649c30bb
[INFO] [stdout]                                at /rustc/6067b36314ab5eb2eb47cecc464545ba58e1ad24/library/test/src/lib.rs:576:43
[INFO] [stdout]   38:     0x5a2f6f9bfa15 - test::run_test::{{closure}}::h56a17aa7a282a9f4
[INFO] [stdout]                                at /rustc/6067b36314ab5eb2eb47cecc464545ba58e1ad24/library/test/src/lib.rs:606:41
[INFO] [stdout]   39:     0x5a2f6f9bfa15 - std::sys::backtrace::__rust_begin_short_backtrace::hd2d2d2fb8e8c6aac
[INFO] [stdout]                                at /rustc/6067b36314ab5eb2eb47cecc464545ba58e1ad24/library/std/src/sys/backtrace.rs:152:18
[INFO] [stdout]   40:     0x5a2f6f9c32fa - std::thread::Builder::spawn_unchecked_::{{closure}}::{{closure}}::h4faa3f9db6133423
[INFO] [stdout]                                at /rustc/6067b36314ab5eb2eb47cecc464545ba58e1ad24/library/std/src/thread/mod.rs:559:17
[INFO] [stdout]   41:     0x5a2f6f9c32fa - <core::panic::unwind_safe::AssertUnwindSafe<F> as core::ops::function::FnOnce<()>>::call_once::hf2e855a36a4ea846
[INFO] [stdout]                                at /rustc/6067b36314ab5eb2eb47cecc464545ba58e1ad24/library/core/src/panic/unwind_safe.rs:272:9
[INFO] [stdout]   42:     0x5a2f6f9c32fa - std::panicking::try::do_call::h2f73af3616c35465
[INFO] [stdout]                                at /rustc/6067b36314ab5eb2eb47cecc464545ba58e1ad24/library/std/src/panicking.rs:587:40
[INFO] [stdout]   43:     0x5a2f6f9c32fa - std::panicking::try::hd1660ce9efadef5a
[INFO] [stdout]                                at /rustc/6067b36314ab5eb2eb47cecc464545ba58e1ad24/library/std/src/panicking.rs:550:19
[INFO] [stdout]   44:     0x5a2f6f9c32fa - std::panic::catch_unwind::h5ee8d7823b8ca744
[INFO] [stdout]                                at /rustc/6067b36314ab5eb2eb47cecc464545ba58e1ad24/library/std/src/panic.rs:358:14
[INFO] [stdout]   45:     0x5a2f6f9c32fa - std::thread::Builder::spawn_unchecked_::{{closure}}::h53c3a1894dce8407
[INFO] [stdout]                                at /rustc/6067b36314ab5eb2eb47cecc464545ba58e1ad24/library/std/src/thread/mod.rs:557:30
[INFO] [stdout]   46:     0x5a2f6f9c32fa - core::ops::function::FnOnce::call_once{{vtable.shim}}::h048ce291ad4f62bf
[INFO] [stdout]                                at /rustc/6067b36314ab5eb2eb47cecc464545ba58e1ad24/library/core/src/ops/function.rs:250:5
[INFO] [stdout]   47:     0x5a2f6fbf952b - <alloc::boxed::Box<F,A> as core::ops::function::FnOnce<Args>>::call_once::ha52bedf99a3b4981
[INFO] [stdout]                                at /rustc/6067b36314ab5eb2eb47cecc464545ba58e1ad24/library/alloc/src/boxed.rs:2013:9
[INFO] [stdout]   48:     0x5a2f6fbf952b - <alloc::boxed::Box<F,A> as core::ops::function::FnOnce<Args>>::call_once::h567748934d80ccf8
[INFO] [stdout]                                at /rustc/6067b36314ab5eb2eb47cecc464545ba58e1ad24/library/alloc/src/boxed.rs:2013:9
[INFO] [stdout]   49:     0x5a2f6fbf952b - std::sys::pal::unix::thread::Thread::new::thread_start::h2d970728ae887adc
[INFO] [stdout]                                at /rustc/6067b36314ab5eb2eb47cecc464545ba58e1ad24/library/std/src/sys/pal/unix/thread.rs:106:17
[INFO] [stdout]   50:     0x7cfdbba12ac3 - <unknown>
[INFO] [stdout]   51:     0x7cfdbbaa3a04 - clone
[INFO] [stdout]   52:                0x0 - <unknown>
[INFO] [stdout] 
[INFO] [stdout] ---- test_run stdout ----
[INFO] [stdout] 
[INFO] [stdout] thread 'test_run' panicked at /opt/rustwide/cargo-home/registry/src/index.crates.io-1949cf8c6b5b557f/once_cell-1.8.0/src/lib.rs:1116:25:
[INFO] [stdout] Lazy instance has previously been poisoned
[INFO] [stdout] stack backtrace:
[INFO] [stdout]    0:     0x5a2f6fbf331a - std::backtrace_rs::backtrace::libunwind::trace::hb059275cfc8d6126
[INFO] [stdout]                                at /rustc/6067b36314ab5eb2eb47cecc464545ba58e1ad24/library/std/src/../../backtrace/src/backtrace/libunwind.rs:116:5
[INFO] [stdout]    1:     0x5a2f6fbf331a - std::backtrace_rs::backtrace::trace_unsynchronized::h2da071e4327ce3ee
[INFO] [stdout]                                at /rustc/6067b36314ab5eb2eb47cecc464545ba58e1ad24/library/std/src/../../backtrace/src/backtrace/mod.rs:66:5
[INFO] [stdout]    2:     0x5a2f6fbf331a - std::sys::backtrace::_print_fmt::h842a1474e6f8d23f
[INFO] [stdout]                                at /rustc/6067b36314ab5eb2eb47cecc464545ba58e1ad24/library/std/src/sys/backtrace.rs:66:9
[INFO] [stdout]    3:     0x5a2f6fbf331a - <std::sys::backtrace::BacktraceLock::print::DisplayBacktrace as core::fmt::Display>::fmt::h71a62eb3b9696b12
[INFO] [stdout]                                at /rustc/6067b36314ab5eb2eb47cecc464545ba58e1ad24/library/std/src/sys/backtrace.rs:39:26
[INFO] [stdout]    4:     0x5a2f6fc1c083 - core::fmt::rt::Argument::fmt::hdb6b616786b41dc1
[INFO] [stdout]                                at /rustc/6067b36314ab5eb2eb47cecc464545ba58e1ad24/library/core/src/fmt/rt.rs:177:76
[INFO] [stdout]    5:     0x5a2f6fc1c083 - core::fmt::write::h2cc1698af7e2d686
[INFO] [stdout]                                at /rustc/6067b36314ab5eb2eb47cecc464545ba58e1ad24/library/core/src/fmt/mod.rs:1440:21
[INFO] [stdout]    6:     0x5a2f6fbef313 - std::io::Write::write_fmt::hab1b4cd059a79022
[INFO] [stdout]                                at /rustc/6067b36314ab5eb2eb47cecc464545ba58e1ad24/library/std/src/io/mod.rs:1887:15
[INFO] [stdout]    7:     0x5a2f6fbf3162 - std::sys::backtrace::BacktraceLock::print::h147fe35b4ea13b08
[INFO] [stdout]                                at /rustc/6067b36314ab5eb2eb47cecc464545ba58e1ad24/library/std/src/sys/backtrace.rs:42:9
[INFO] [stdout]    8:     0x5a2f6fbf473f - std::panicking::default_hook::{{closure}}::hbd44223dbdc0d208
[INFO] [stdout]                                at /rustc/6067b36314ab5eb2eb47cecc464545ba58e1ad24/library/std/src/panicking.rs:298:22
[INFO] [stdout]    9:     0x5a2f6fbf4558 - std::panicking::default_hook::h20f81eb0576efcec
[INFO] [stdout]                                at /rustc/6067b36314ab5eb2eb47cecc464545ba58e1ad24/library/std/src/panicking.rs:322:9
[INFO] [stdout]   10:     0x5a2f6f9f82a3 - <alloc::boxed::Box<F,A> as core::ops::function::Fn<Args>>::call::hdb53814c496a4d34
[INFO] [stdout]                                at /rustc/6067b36314ab5eb2eb47cecc464545ba58e1ad24/library/alloc/src/boxed.rs:2027:9
[INFO] [stdout]   11:     0x5a2f6f9f82a3 - test::test_main::{{closure}}::hc0a4963c59427c24
[INFO] [stdout]                                at /rustc/6067b36314ab5eb2eb47cecc464545ba58e1ad24/library/test/src/lib.rs:134:21
[INFO] [stdout]   12:     0x5a2f6fbf5233 - <alloc::boxed::Box<F,A> as core::ops::function::Fn<Args>>::call::h591b2225413a77e9
[INFO] [stdout]                                at /rustc/6067b36314ab5eb2eb47cecc464545ba58e1ad24/library/alloc/src/boxed.rs:2027:9
[INFO] [stdout]   13:     0x5a2f6fbf5233 - std::panicking::rust_panic_with_hook::h625eea43051b2edc
[INFO] [stdout]                                at /rustc/6067b36314ab5eb2eb47cecc464545ba58e1ad24/library/std/src/panicking.rs:839:13
[INFO] [stdout]   14:     0x5a2f6fbf503c - std::panicking::begin_panic::{{closure}}::hb6f83f64bbc6469c
[INFO] [stdout]                                at /rustc/6067b36314ab5eb2eb47cecc464545ba58e1ad24/library/std/src/panicking.rs:768:9
[INFO] [stdout]   15:     0x5a2f6fbf3829 - std::sys::backtrace::__rust_end_short_backtrace::h892ae3ae8be3daf3
[INFO] [stdout]                                at /rustc/6067b36314ab5eb2eb47cecc464545ba58e1ad24/library/std/src/sys/backtrace.rs:168:18
[INFO] [stdout]   16:     0x5a2f6fbf4f42 - std::panicking::begin_panic::h855074417e0a5787
[INFO] [stdout]                                at /rustc/6067b36314ab5eb2eb47cecc464545ba58e1ad24/library/std/src/panicking.rs:767:5
[INFO] [stdout]   17:     0x5a2f6f98e8ee - once_cell::sync::Lazy<T,F>::force::{{closure}}::h276f58a9f4f04f99
[INFO] [stdout]                                at /opt/rustwide/cargo-home/registry/src/index.crates.io-1949cf8c6b5b557f/once_cell-1.8.0/src/lib.rs:1116:25
[INFO] [stdout]   18:     0x5a2f6f98ea5d - once_cell::sync::OnceCell<T>::get_or_init::{{closure}}::hde8cbe990df3e2a3
[INFO] [stdout]                                at /opt/rustwide/cargo-home/registry/src/index.crates.io-1949cf8c6b5b557f/once_cell-1.8.0/src/lib.rs:938:57
[INFO] [stdout]   19:     0x5a2f6f9b55d1 - once_cell::imp::OnceCell<T>::initialize::{{closure}}::h268963803ad062f2
[INFO] [stdout]                                at /opt/rustwide/cargo-home/registry/src/index.crates.io-1949cf8c6b5b557f/once_cell-1.8.0/src/imp_std.rs:95:19
[INFO] [stdout]   20:     0x5a2f6fbace50 - once_cell::imp::initialize_inner::hd3f66da1ccc609cf
[INFO] [stdout]                                at /opt/rustwide/cargo-home/registry/src/index.crates.io-1949cf8c6b5b557f/once_cell-1.8.0/src/imp_std.rs:171:31
[INFO] [stdout]   21:     0x5a2f6f9b558a - once_cell::imp::OnceCell<T>::initialize::h9df2c6b8b1bc4554
[INFO] [stdout]                                at /opt/rustwide/cargo-home/registry/src/index.crates.io-1949cf8c6b5b557f/once_cell-1.8.0/src/imp_std.rs:93:9
[INFO] [stdout]   22:     0x5a2f6f98eb47 - once_cell::sync::OnceCell<T>::get_or_try_init::hbbb52d29e2a3e68a
[INFO] [stdout]                                at /opt/rustwide/cargo-home/registry/src/index.crates.io-1949cf8c6b5b557f/once_cell-1.8.0/src/lib.rs:978:13
[INFO] [stdout]   23:     0x5a2f6f98e9d3 - once_cell::sync::OnceCell<T>::get_or_init::hcd47820b2977f84c
[INFO] [stdout]                                at /opt/rustwide/cargo-home/registry/src/index.crates.io-1949cf8c6b5b557f/once_cell-1.8.0/src/lib.rs:938:19
[INFO] [stdout]   24:     0x5a2f6f98e881 - once_cell::sync::Lazy<T,F>::force::ha750a33cf3e74c16
[INFO] [stdout]                                at /opt/rustwide/cargo-home/registry/src/index.crates.io-1949cf8c6b5b557f/once_cell-1.8.0/src/lib.rs:1114:13
[INFO] [stdout]   25:     0x5a2f6f98be0a - <once_cell::sync::Lazy<T,F> as core::ops::deref::Deref>::deref::hdf4a5a9f373adfe9
[INFO] [stdout]                                at /opt/rustwide/cargo-home/registry/src/index.crates.io-1949cf8c6b5b557f/once_cell-1.8.0/src/lib.rs:1124:13
[INFO] [stdout]   26:     0x5a2f6f97f2b4 - basic::test_run::h023b5387bebcb3bf
[INFO] [stdout]                                at /opt/rustwide/workdir/nextest/runner/tests/basic.rs:203:29
[INFO] [stdout]   27:     0x5a2f6f97f267 - basic::test_run::{{closure}}::hd2734d50ff5f729a
[INFO] [stdout]                                at /opt/rustwide/workdir/nextest/runner/tests/basic.rs:201:18
[INFO] [stdout]   28:     0x5a2f6f9b9f76 - core::ops::function::FnOnce::call_once::h66d545dacd8a5a3b
[INFO] [stdout]                                at /rustc/6067b36314ab5eb2eb47cecc464545ba58e1ad24/library/core/src/ops/function.rs:250:5
[INFO] [stdout]   29:     0x5a2f6f9fd9fb - core::ops::function::FnOnce::call_once::he27718dfdd183f43
[INFO] [stdout]                                at /rustc/6067b36314ab5eb2eb47cecc464545ba58e1ad24/library/core/src/ops/function.rs:250:5
[INFO] [stdout]   30:     0x5a2f6f9fd9fb - test::__rust_begin_short_backtrace::h4e84902998457a5d
[INFO] [stdout]                                at /rustc/6067b36314ab5eb2eb47cecc464545ba58e1ad24/library/test/src/lib.rs:632:18
[INFO] [stdout]   31:     0x5a2f6f9fc933 - test::run_test_in_process::{{closure}}::h7176fd18fc1feca0
[INFO] [stdout]                                at /rustc/6067b36314ab5eb2eb47cecc464545ba58e1ad24/library/test/src/lib.rs:655:60
[INFO] [stdout]   32:     0x5a2f6f9fc933 - <core::panic::unwind_safe::AssertUnwindSafe<F> as core::ops::function::FnOnce<()>>::call_once::hf79cff2a624d8cf7
[INFO] [stdout]                                at /rustc/6067b36314ab5eb2eb47cecc464545ba58e1ad24/library/core/src/panic/unwind_safe.rs:272:9
[INFO] [stdout]   33:     0x5a2f6f9fc933 - std::panicking::try::do_call::h3da0561d9ab99c25
[INFO] [stdout]                                at /rustc/6067b36314ab5eb2eb47cecc464545ba58e1ad24/library/std/src/panicking.rs:587:40
[INFO] [stdout]   34:     0x5a2f6f9fc933 - std::panicking::try::h41c9fa508bc61df6
[INFO] [stdout]                                at /rustc/6067b36314ab5eb2eb47cecc464545ba58e1ad24/library/std/src/panicking.rs:550:19
[INFO] [stdout]   35:     0x5a2f6f9fc933 - std::panic::catch_unwind::h6b3ff07bb5afad93
[INFO] [stdout]                                at /rustc/6067b36314ab5eb2eb47cecc464545ba58e1ad24/library/std/src/panic.rs:358:14
[INFO] [stdout]   36:     0x5a2f6f9fc933 - test::run_test_in_process::hc7253dd11b39b9f4
[INFO] [stdout]                                at /rustc/6067b36314ab5eb2eb47cecc464545ba58e1ad24/library/test/src/lib.rs:655:27
[INFO] [stdout]   37:     0x5a2f6f9fc933 - test::run_test::{{closure}}::hfb2007f8649c30bb
[INFO] [stdout]                                at /rustc/6067b36314ab5eb2eb47cecc464545ba58e1ad24/library/test/src/lib.rs:576:43
[INFO] [stdout]   38:     0x5a2f6f9bfa15 - test::run_test::{{closure}}::h56a17aa7a282a9f4
[INFO] [stdout]                                at /rustc/6067b36314ab5eb2eb47cecc464545ba58e1ad24/library/test/src/lib.rs:606:41
[INFO] [stdout]   39:     0x5a2f6f9bfa15 - std::sys::backtrace::__rust_begin_short_backtrace::hd2d2d2fb8e8c6aac
[INFO] [stdout]                                at /rustc/6067b36314ab5eb2eb47cecc464545ba58e1ad24/library/std/src/sys/backtrace.rs:152:18
[INFO] [stdout]   40:     0x5a2f6f9c32fa - std::thread::Builder::spawn_unchecked_::{{closure}}::{{closure}}::h4faa3f9db6133423
[INFO] [stdout]                                at /rustc/6067b36314ab5eb2eb47cecc464545ba58e1ad24/library/std/src/thread/mod.rs:559:17
[INFO] [stdout]   41:     0x5a2f6f9c32fa - <core::panic::unwind_safe::AssertUnwindSafe<F> as core::ops::function::FnOnce<()>>::call_once::hf2e855a36a4ea846
[INFO] [stdout]                                at /rustc/6067b36314ab5eb2eb47cecc464545ba58e1ad24/library/core/src/panic/unwind_safe.rs:272:9
[INFO] [stdout]   42:     0x5a2f6f9c32fa - std::panicking::try::do_call::h2f73af3616c35465
[INFO] [stdout]                                at /rustc/6067b36314ab5eb2eb47cecc464545ba58e1ad24/library/std/src/panicking.rs:587:40
[INFO] [stdout]   43:     0x5a2f6f9c32fa - std::panicking::try::hd1660ce9efadef5a
[INFO] [stdout]                                at /rustc/6067b36314ab5eb2eb47cecc464545ba58e1ad24/library/std/src/panicking.rs:550:19
[INFO] [stdout]   44:     0x5a2f6f9c32fa - std::panic::catch_unwind::h5ee8d7823b8ca744
[INFO] [stdout]                                at /rustc/6067b36314ab5eb2eb47cecc464545ba58e1ad24/library/std/src/panic.rs:358:14
[INFO] [stdout]   45:     0x5a2f6f9c32fa - std::thread::Builder::spawn_unchecked_::{{closure}}::h53c3a1894dce8407
[INFO] [stdout]                                at /rustc/6067b36314ab5eb2eb47cecc464545ba58e1ad24/library/std/src/thread/mod.rs:557:30
[INFO] [stdout]   46:     0x5a2f6f9c32fa - core::ops::function::FnOnce::call_once{{vtable.shim}}::h048ce291ad4f62bf
[INFO] [stdout]                                at /rustc/6067b36314ab5eb2eb47cecc464545ba58e1ad24/library/core/src/ops/function.rs:250:5
[INFO] [stdout]   47:     0x5a2f6fbf952b - <alloc::boxed::Box<F,A> as core::ops::function::FnOnce<Args>>::call_once::ha52bedf99a3b4981
[INFO] [stdout]                                at /rustc/6067b36314ab5eb2eb47cecc464545ba58e1ad24/library/alloc/src/boxed.rs:2013:9
[INFO] [stdout]   48:     0x5a2f6fbf952b - <alloc::boxed::Box<F,A> as core::ops::function::FnOnce<Args>>::call_once::h567748934d80ccf8
[INFO] [stdout]                                at /rustc/6067b36314ab5eb2eb47cecc464545ba58e1ad24/library/alloc/src/boxed.rs:2013:9
[INFO] [stdout]   49:     0x5a2f6fbf952b - std::sys::pal::unix::thread::Thread::new::thread_start::h2d970728ae887adc
[INFO] [stdout]                                at /rustc/6067b36314ab5eb2eb47cecc464545ba58e1ad24/library/std/src/sys/pal/unix/thread.rs:106:17
[INFO] [stdout]   50:     0x7cfdbba12ac3 - <unknown>
[INFO] [stdout]   51:     0x7cfdbbaa3a04 - clone
[INFO] [stdout]   52:                0x0 - <unknown>
[INFO] [stdout] 
[INFO] [stdout] 
[INFO] [stdout] failures:
[INFO] [stdout]     test_list_tests
[INFO] [stdout]     test_retries
[INFO] [stdout]     test_run
[INFO] [stdout]     test_run_ignored
[INFO] [stdout] 
[INFO] [stdout] test result: FAILED. 0 passed; 4 failed; 0 ignored; 0 measured; 0 filtered out; finished in 0.18s
[INFO] [stdout] 
[INFO] running `Command { std: "docker" "inspect" "1b776596613211491ed682f7a9d10b05dbb1f6659bbd9d9070c2d835ee04a8ac", kill_on_drop: false }`
[INFO] running `Command { std: "docker" "rm" "-f" "1b776596613211491ed682f7a9d10b05dbb1f6659bbd9d9070c2d835ee04a8ac", kill_on_drop: false }`
[INFO] [stdout] 1b776596613211491ed682f7a9d10b05dbb1f6659bbd9d9070c2d835ee04a8ac
