[INFO] cloning repository https://github.com/labormedia/redis-tungstenite-example
[INFO] running `Command { std: "git" "-c" "credential.helper=" "-c" "credential.helper=/workspace/cargo-home/bin/git-credential-null" "clone" "--bare" "https://github.com/labormedia/redis-tungstenite-example" "/workspace/cache/git-repos/https%3A%2F%2Fgithub.com%2Flabormedia%2Fredis-tungstenite-example", kill_on_drop: false }`
[INFO] [stderr] Cloning into bare repository '/workspace/cache/git-repos/https%3A%2F%2Fgithub.com%2Flabormedia%2Fredis-tungstenite-example'...
[INFO] running `Command { std: "git" "rev-parse" "HEAD", kill_on_drop: false }`
[INFO] [stdout] a473a6a0fc170b4925091b1848b32c30c461f23a
[INFO] testing labormedia/redis-tungstenite-example against nightly-2025-01-18+rustflags=-Zrandomize-layout for randomize-layout-2
[INFO] running `Command { std: "git" "clone" "/workspace/cache/git-repos/https%3A%2F%2Fgithub.com%2Flabormedia%2Fredis-tungstenite-example" "/workspace/builds/worker-0-tc2/source", kill_on_drop: false }`
[INFO] [stderr] Cloning into '/workspace/builds/worker-0-tc2/source'...
[INFO] [stderr] done.
[INFO] validating manifest of git repo https://github.com/labormedia/redis-tungstenite-example on toolchain nightly-2025-01-18
[INFO] running `Command { std: CARGO_HOME="/workspace/cargo-home" RUSTUP_HOME="/workspace/rustup-home" "/workspace/cargo-home/bin/cargo" "+nightly-2025-01-18" "metadata" "--manifest-path" "Cargo.toml" "--no-deps", kill_on_drop: false }`
[INFO] started tweaking git repo https://github.com/labormedia/redis-tungstenite-example
[INFO] finished tweaking git repo https://github.com/labormedia/redis-tungstenite-example
[INFO] tweaked toml for git repo https://github.com/labormedia/redis-tungstenite-example written to /workspace/builds/worker-0-tc2/source/Cargo.toml
[INFO] crate git repo https://github.com/labormedia/redis-tungstenite-example already has a lockfile, it will not be regenerated
[INFO] running `Command { std: CARGO_HOME="/workspace/cargo-home" RUSTUP_HOME="/workspace/rustup-home" "/workspace/cargo-home/bin/cargo" "+nightly-2025-01-18" "fetch" "--manifest-path" "Cargo.toml", kill_on_drop: false }`
[INFO] running `Command { std: "docker" "create" "-v" "/var/lib/crater-agent-workspace/builds/worker-0-tc2/target:/opt/rustwide/target:rw,Z" "-v" "/var/lib/crater-agent-workspace/builds/worker-0-tc2/source:/opt/rustwide/workdir:ro,Z" "-v" "/var/lib/crater-agent-workspace/cargo-home:/opt/rustwide/cargo-home:ro,Z" "-v" "/var/lib/crater-agent-workspace/rustup-home:/opt/rustwide/rustup-home:ro,Z" "-e" "SOURCE_DIR=/opt/rustwide/workdir" "-e" "CARGO_TARGET_DIR=/opt/rustwide/target" "-e" "CARGO_HOME=/opt/rustwide/cargo-home" "-e" "RUSTUP_HOME=/opt/rustwide/rustup-home" "-w" "/opt/rustwide/workdir" "-m" "1610612736" "--user" "0:0" "--network" "none" "ghcr.io/rust-lang/crates-build-env/linux@sha256:819108c5571ea2e421544af4d832f968d213c87fbe3707a016657f43d2f853bc" "/opt/rustwide/cargo-home/bin/cargo" "+nightly-2025-01-18" "metadata" "--no-deps" "--format-version=1", kill_on_drop: false }`
[INFO] [stdout] 6b53fda52f1788d8fa51d0fe04c87007ebcd42d8f69c6d0084ceecaad29e5700
[INFO] running `Command { std: "docker" "start" "-a" "6b53fda52f1788d8fa51d0fe04c87007ebcd42d8f69c6d0084ceecaad29e5700", kill_on_drop: false }`
[INFO] running `Command { std: "docker" "inspect" "6b53fda52f1788d8fa51d0fe04c87007ebcd42d8f69c6d0084ceecaad29e5700", kill_on_drop: false }`
[INFO] running `Command { std: "docker" "rm" "-f" "6b53fda52f1788d8fa51d0fe04c87007ebcd42d8f69c6d0084ceecaad29e5700", kill_on_drop: false }`
[INFO] [stdout] 6b53fda52f1788d8fa51d0fe04c87007ebcd42d8f69c6d0084ceecaad29e5700
[INFO] running `Command { std: "docker" "create" "-v" "/var/lib/crater-agent-workspace/builds/worker-0-tc2/target:/opt/rustwide/target:rw,Z" "-v" "/var/lib/crater-agent-workspace/builds/worker-0-tc2/source:/opt/rustwide/workdir:ro,Z" "-v" "/var/lib/crater-agent-workspace/cargo-home:/opt/rustwide/cargo-home:ro,Z" "-v" "/var/lib/crater-agent-workspace/rustup-home:/opt/rustwide/rustup-home:ro,Z" "-e" "SOURCE_DIR=/opt/rustwide/workdir" "-e" "CARGO_TARGET_DIR=/opt/rustwide/target" "-e" "CARGO_INCREMENTAL=0" "-e" "RUST_BACKTRACE=full" "-e" "RUSTFLAGS=--cap-lints=forbid -Zrandomize-layout" "-e" "RUSTDOCFLAGS=--cap-lints=forbid" "-e" "CARGO_HOME=/opt/rustwide/cargo-home" "-e" "RUSTUP_HOME=/opt/rustwide/rustup-home" "-w" "/opt/rustwide/workdir" "-m" "1610612736" "--user" "0:0" "--network" "none" "ghcr.io/rust-lang/crates-build-env/linux@sha256:819108c5571ea2e421544af4d832f968d213c87fbe3707a016657f43d2f853bc" "/opt/rustwide/cargo-home/bin/cargo" "+nightly-2025-01-18" "build" "--frozen" "--message-format=json", kill_on_drop: false }`
[INFO] [stdout] 36c02eb0f25d5961f38d4861c5f524ced2dfbfee82e400a719b9814c81113668
[INFO] running `Command { std: "docker" "start" "-a" "36c02eb0f25d5961f38d4861c5f524ced2dfbfee82e400a719b9814c81113668", kill_on_drop: false }`
[INFO] [stderr]    Compiling libc v0.2.98
[INFO] [stderr]    Compiling autocfg v1.0.1
[INFO] [stderr]    Compiling proc-macro2 v1.0.28
[INFO] [stderr]    Compiling unicode-xid v0.2.2
[INFO] [stderr]    Compiling syn v1.0.74
[INFO] [stderr]    Compiling cc v1.0.69
[INFO] [stderr]    Compiling once_cell v1.8.0
[INFO] [stderr]    Compiling log v0.4.14
[INFO] [stderr]    Compiling memchr v2.4.0
[INFO] [stderr]    Compiling futures-core v0.3.16
[INFO] [stderr]    Compiling pin-project-lite v0.2.7
[INFO] [stderr]    Compiling instant v0.1.10
[INFO] [stderr]    Compiling bytes v1.0.1
[INFO] [stderr]    Compiling pkg-config v0.3.19
[INFO] [stderr]    Compiling untrusted v0.7.1
[INFO] [stderr]    Compiling proc-macro-hack v0.5.19
[INFO] [stderr]    Compiling smallvec v1.6.1
[INFO] [stderr]    Compiling spin v0.5.2
[INFO] [stderr]    Compiling lock_api v0.4.4
[INFO] [stderr]    Compiling futures-macro v0.3.16
[INFO] [stderr]    Compiling quote v1.0.9
[INFO] [stderr]    Compiling parking_lot_core v0.8.3
[INFO] [stderr]    Compiling tokio v1.9.0
[INFO] [stderr]    Compiling version_check v0.9.3
[INFO] [stderr]    Compiling proc-macro-nested v0.1.7
[INFO] [stderr]    Compiling futures-sink v0.3.16
[INFO] [stderr]    Compiling futures-task v0.3.16
[INFO] [stderr]    Compiling ring v0.16.20
[INFO] [stderr]    Compiling openssl-sys v0.9.65
[INFO] [stderr]    Compiling futures-channel v0.3.16
[INFO] [stderr]    Compiling typenum v1.13.0
[INFO] [stderr]    Compiling parking_lot v0.11.1
[INFO] [stderr]    Compiling generic-array v0.14.4
[INFO] [stderr]    Compiling mio v0.7.13
[INFO] [stderr]    Compiling num_cpus v1.13.0
[INFO] [stderr]    Compiling signal-hook-registry v1.4.0
[INFO] [stderr]    Compiling futures-util v0.3.16
[INFO] [stderr]    Compiling matches v0.1.8
[INFO] [stderr]    Compiling tinyvec_macros v0.1.0
[INFO] [stderr]    Compiling tinyvec v1.3.1
[INFO] [stderr]    Compiling slab v0.4.3
[INFO] [stderr]    Compiling openssl-probe v0.1.4
[INFO] [stderr]    Compiling bitflags v1.2.1
[INFO] [stderr]    Compiling pin-utils v0.1.0
[INFO] [stderr]    Compiling futures-io v0.3.16
[INFO] [stderr]    Compiling unicode-bidi v0.3.5
[INFO] [stderr]    Compiling getrandom v0.2.3
[INFO] [stderr]    Compiling percent-encoding v2.1.0
[INFO] [stderr]    Compiling foreign-types-shared v0.1.1
[INFO] [stderr]    Compiling openssl v0.10.35
[INFO] [stderr]    Compiling base64 v0.13.0
[INFO] [stderr]    Compiling form_urlencoded v1.0.1
[INFO] [stderr]    Compiling foreign-types v0.3.2
[INFO] [stderr]    Compiling rand_core v0.6.3
[INFO] [stderr]    Compiling itoa v0.4.7
[INFO] [stderr]    Compiling httparse v1.4.1
[INFO] [stderr]    Compiling native-tls v0.2.7
[INFO] [stderr]    Compiling ppv-lite86 v0.2.10
[INFO] [stderr]    Compiling block-buffer v0.9.0
[INFO] [stderr]    Compiling unicode-normalization v0.1.19
[INFO] [stderr]    Compiling digest v0.9.0
[INFO] [stderr]    Compiling opaque-debug v0.3.0
[INFO] [stderr]    Compiling async-trait v0.1.51
[INFO] [stderr]    Compiling cpufeatures v0.1.5
[INFO] [stderr]    Compiling http v0.2.4
[INFO] [stderr]    Compiling rand_chacha v0.3.1
[INFO] [stderr]    Compiling sha-1 v0.9.7
[INFO] [stderr]    Compiling byteorder v1.4.3
[INFO] [stderr]    Compiling rand v0.8.4
[INFO] [stderr]    Compiling utf-8 v0.7.6
[INFO] [stderr]    Compiling idna v0.2.3
[INFO] [stderr]    Compiling sha1 v0.6.0
[INFO] [stderr]    Compiling dtoa v0.4.8
[INFO] [stderr]    Compiling url v2.2.2
[INFO] [stderr]    Compiling tokio-macros v1.3.0
[INFO] [stderr]    Compiling thiserror-impl v1.0.26
[INFO] [stderr]    Compiling pin-project-internal v1.0.8
[INFO] [stderr]    Compiling webpki v0.21.4
[INFO] [stderr]    Compiling sct v0.6.1
[INFO] [stderr]    Compiling rustls v0.19.1
[INFO] [stderr]    Compiling thiserror v1.0.26
[INFO] [stderr]    Compiling webpki-roots v0.21.1
[INFO] [stderr]    Compiling pin-project v1.0.8
[INFO] [stderr]    Compiling rustls-native-certs v0.5.0
[INFO] [stderr]    Compiling tungstenite v0.14.0
[INFO] [stderr]    Compiling futures-executor v0.3.16
[INFO] [stderr]    Compiling futures v0.3.16
[INFO] [stderr]    Compiling tokio-native-tls v0.3.0
[INFO] [stderr]    Compiling combine v4.6.0
[INFO] [stderr]    Compiling tokio-rustls v0.22.0
[INFO] [stderr]    Compiling tokio-util v0.6.7
[INFO] [stderr]    Compiling tokio-tungstenite v0.15.0
[INFO] [stderr]    Compiling redis v0.19.0
[INFO] [stderr]    Compiling redis-tungstenite-example v0.1.0 (/opt/rustwide/workdir)
[INFO] [stdout] warning: this function depends on never type fallback being `()`
[INFO] [stdout]   --> src/main.rs:44:1
[INFO] [stdout]    |
[INFO] [stdout] 44 | / async fn send_to_redis_stream(
[INFO] [stdout] 45 | |     message: Message,
[INFO] [stdout] 46 | |     con: &MultiplexedConnection,
[INFO] [stdout] 47 | | ) -> Result<(), Box<(dyn std::error::Error + 'static)>> {
[INFO] [stdout]    | |_______________________________________________________^
[INFO] [stdout]    |
[INFO] [stdout]    = warning: this was previously accepted by the compiler but is being phased out; it will become a hard error in Rust 2024 and in a future release in all editions!
[INFO] [stdout]    = note: for more information, see <https://doc.rust-lang.org/nightly/edition-guide/rust-2024/never-type-fallback.html>
[INFO] [stdout]    = help: specify the types explicitly
[INFO] [stdout] note: in edition 2024, the requirement `!: FromRedisValue` will fail
[INFO] [stdout]   --> src/main.rs:50:91
[INFO] [stdout]    |
[INFO] [stdout] 50 |     redis::cmd("XADD").arg("mystream").arg("*").arg(&["data", &message.to_string()[..] ]).query_async(&mut con).await?;
[INFO] [stdout]    |                                                                                           ^^^^^^^^^^^
[INFO] [stdout]    = note: `#[warn(dependency_on_unit_never_type_fallback)]` on by default
[INFO] [stdout] 
[INFO] [stdout] 
[INFO] [stderr]     Finished `dev` profile [unoptimized + debuginfo] target(s) in 1m 08s
[INFO] [stderr] warning: the following packages contain code that will be rejected by a future version of Rust: redis v0.19.0
[INFO] [stderr] note: to see what the problems were, use the option `--future-incompat-report`, or run `cargo report future-incompatibilities --id 1`
[INFO] running `Command { std: "docker" "inspect" "36c02eb0f25d5961f38d4861c5f524ced2dfbfee82e400a719b9814c81113668", kill_on_drop: false }`
[INFO] running `Command { std: "docker" "rm" "-f" "36c02eb0f25d5961f38d4861c5f524ced2dfbfee82e400a719b9814c81113668", kill_on_drop: false }`
[INFO] [stdout] 36c02eb0f25d5961f38d4861c5f524ced2dfbfee82e400a719b9814c81113668
[INFO] running `Command { std: "docker" "create" "-v" "/var/lib/crater-agent-workspace/builds/worker-0-tc2/target:/opt/rustwide/target:rw,Z" "-v" "/var/lib/crater-agent-workspace/builds/worker-0-tc2/source:/opt/rustwide/workdir:ro,Z" "-v" "/var/lib/crater-agent-workspace/cargo-home:/opt/rustwide/cargo-home:ro,Z" "-v" "/var/lib/crater-agent-workspace/rustup-home:/opt/rustwide/rustup-home:ro,Z" "-e" "SOURCE_DIR=/opt/rustwide/workdir" "-e" "CARGO_TARGET_DIR=/opt/rustwide/target" "-e" "CARGO_INCREMENTAL=0" "-e" "RUST_BACKTRACE=full" "-e" "RUSTFLAGS=--cap-lints=forbid -Zrandomize-layout" "-e" "RUSTDOCFLAGS=--cap-lints=forbid" "-e" "CARGO_HOME=/opt/rustwide/cargo-home" "-e" "RUSTUP_HOME=/opt/rustwide/rustup-home" "-w" "/opt/rustwide/workdir" "-m" "1610612736" "--user" "0:0" "--network" "none" "ghcr.io/rust-lang/crates-build-env/linux@sha256:819108c5571ea2e421544af4d832f968d213c87fbe3707a016657f43d2f853bc" "/opt/rustwide/cargo-home/bin/cargo" "+nightly-2025-01-18" "test" "--frozen" "--no-run" "--message-format=json", kill_on_drop: false }`
[INFO] [stdout] 9afe090a7832fe90911aff9a9cca73620247214df0c708e06961f7e618cf96a5
[INFO] running `Command { std: "docker" "start" "-a" "9afe090a7832fe90911aff9a9cca73620247214df0c708e06961f7e618cf96a5", kill_on_drop: false }`
[INFO] [stderr]    Compiling redis-tungstenite-example v0.1.0 (/opt/rustwide/workdir)
[INFO] [stdout] warning: unused import: `std::env`
[INFO] [stdout]   --> src/main.rs:71:9
[INFO] [stdout]    |
[INFO] [stdout] 71 |     use std::env;
[INFO] [stdout]    |         ^^^^^^^^
[INFO] [stdout]    |
[INFO] [stdout]    = note: `#[warn(unused_imports)]` on by default
[INFO] [stdout] 
[INFO] [stdout] 
[INFO] [stdout] warning: unused import: `connect_async`
[INFO] [stdout]   --> src/main.rs:75:29
[INFO] [stdout]    |
[INFO] [stdout] 75 |     use tokio_tungstenite::{connect_async, tungstenite::protocol::Message};
[INFO] [stdout]    |                             ^^^^^^^^^^^^^
[INFO] [stdout] 
[INFO] [stdout] 
[INFO] [stdout] warning: this function depends on never type fallback being `()`
[INFO] [stdout]   --> src/main.rs:44:1
[INFO] [stdout]    |
[INFO] [stdout] 44 | / async fn send_to_redis_stream(
[INFO] [stdout] 45 | |     message: Message,
[INFO] [stdout] 46 | |     con: &MultiplexedConnection,
[INFO] [stdout] 47 | | ) -> Result<(), Box<(dyn std::error::Error + 'static)>> {
[INFO] [stdout]    | |_______________________________________________________^
[INFO] [stdout]    |
[INFO] [stdout]    = warning: this was previously accepted by the compiler but is being phased out; it will become a hard error in Rust 2024 and in a future release in all editions!
[INFO] [stdout]    = note: for more information, see <https://doc.rust-lang.org/nightly/edition-guide/rust-2024/never-type-fallback.html>
[INFO] [stdout]    = help: specify the types explicitly
[INFO] [stdout] note: in edition 2024, the requirement `!: FromRedisValue` will fail
[INFO] [stdout]   --> src/main.rs:50:91
[INFO] [stdout]    |
[INFO] [stdout] 50 |     redis::cmd("XADD").arg("mystream").arg("*").arg(&["data", &message.to_string()[..] ]).query_async(&mut con).await?;
[INFO] [stdout]    |                                                                                           ^^^^^^^^^^^
[INFO] [stdout]    = note: `#[warn(dependency_on_unit_never_type_fallback)]` on by default
[INFO] [stdout] 
[INFO] [stdout] 
[INFO] [stdout] warning: unused variable: `message`
[INFO] [stdout]    --> src/main.rs:101:13
[INFO] [stdout]     |
[INFO] [stdout] 101 |         let message = "assert message";
[INFO] [stdout]     |             ^^^^^^^ help: if this is intentional, prefix it with an underscore: `_message`
[INFO] [stdout]     |
[INFO] [stdout]     = note: `#[warn(unused_variables)]` on by default
[INFO] [stdout] 
[INFO] [stdout] 
[INFO] [stdout] warning: unused variable: `connect_addr`
[INFO] [stdout]    --> src/main.rs:114:13
[INFO] [stdout]     |
[INFO] [stdout] 114 |         let connect_addr =
[INFO] [stdout]     |             ^^^^^^^^^^^^ help: if this is intentional, prefix it with an underscore: `_connect_addr`
[INFO] [stdout] 
[INFO] [stdout] 
[INFO] [stdout] warning: function `read_stdin` is never used
[INFO] [stdout]    --> src/main.rs:141:14
[INFO] [stdout]     |
[INFO] [stdout] 141 |     async fn read_stdin(tx: futures_channel::mpsc::UnboundedSender<Message>) {
[INFO] [stdout]     |              ^^^^^^^^^^
[INFO] [stdout]     |
[INFO] [stdout]     = note: `#[warn(dead_code)]` on by default
[INFO] [stdout] 
[INFO] [stdout] 
[INFO] [stdout] warning: variable `WS_ADDRESS` should have a snake case name
[INFO] [stdout]    --> src/main.rs:100:13
[INFO] [stdout]     |
[INFO] [stdout] 100 |         let WS_ADDRESS= WS_PREFIX.to_owned() + ADDRESS;
[INFO] [stdout]     |             ^^^^^^^^^^ help: convert the identifier to snake case: `ws_address`
[INFO] [stdout]     |
[INFO] [stdout]     = note: `#[warn(non_snake_case)]` on by default
[INFO] [stdout] 
[INFO] [stdout] 
[INFO] [stderr]     Finished `test` profile [unoptimized + debuginfo] target(s) in 2.13s
[INFO] [stderr] warning: the following packages contain code that will be rejected by a future version of Rust: redis v0.19.0
[INFO] [stderr] note: to see what the problems were, use the option `--future-incompat-report`, or run `cargo report future-incompatibilities --id 1`
[INFO] running `Command { std: "docker" "inspect" "9afe090a7832fe90911aff9a9cca73620247214df0c708e06961f7e618cf96a5", kill_on_drop: false }`
[INFO] running `Command { std: "docker" "rm" "-f" "9afe090a7832fe90911aff9a9cca73620247214df0c708e06961f7e618cf96a5", kill_on_drop: false }`
[INFO] [stdout] 9afe090a7832fe90911aff9a9cca73620247214df0c708e06961f7e618cf96a5
[INFO] running `Command { std: "docker" "create" "-v" "/var/lib/crater-agent-workspace/builds/worker-0-tc2/target:/opt/rustwide/target:rw,Z" "-v" "/var/lib/crater-agent-workspace/builds/worker-0-tc2/source:/opt/rustwide/workdir:ro,Z" "-v" "/var/lib/crater-agent-workspace/cargo-home:/opt/rustwide/cargo-home:ro,Z" "-v" "/var/lib/crater-agent-workspace/rustup-home:/opt/rustwide/rustup-home:ro,Z" "-e" "SOURCE_DIR=/opt/rustwide/workdir" "-e" "CARGO_TARGET_DIR=/opt/rustwide/target" "-e" "CARGO_INCREMENTAL=0" "-e" "RUST_BACKTRACE=full" "-e" "RUSTFLAGS=--cap-lints=forbid -Zrandomize-layout" "-e" "RUSTDOCFLAGS=--cap-lints=forbid" "-e" "CARGO_HOME=/opt/rustwide/cargo-home" "-e" "RUSTUP_HOME=/opt/rustwide/rustup-home" "-w" "/opt/rustwide/workdir" "-m" "1610612736" "--user" "0:0" "--network" "none" "ghcr.io/rust-lang/crates-build-env/linux@sha256:819108c5571ea2e421544af4d832f968d213c87fbe3707a016657f43d2f853bc" "/opt/rustwide/cargo-home/bin/cargo" "+nightly-2025-01-18" "test" "--frozen", kill_on_drop: false }`
[INFO] [stdout] d3d994b464477b8a1c5ec54a48b8683388ababc93d4f3ac1938a25c155d5c6f6
[INFO] running `Command { std: "docker" "start" "-a" "d3d994b464477b8a1c5ec54a48b8683388ababc93d4f3ac1938a25c155d5c6f6", kill_on_drop: false }`
[INFO] [stderr] warning: unused import: `std::env`
[INFO] [stderr]   --> src/main.rs:71:9
[INFO] [stderr]    |
[INFO] [stderr] 71 |     use std::env;
[INFO] [stderr]    |         ^^^^^^^^
[INFO] [stderr]    |
[INFO] [stderr]    = note: `#[warn(unused_imports)]` on by default
[INFO] [stderr] 
[INFO] [stderr] warning: unused import: `connect_async`
[INFO] [stderr]   --> src/main.rs:75:29
[INFO] [stderr]    |
[INFO] [stderr] 75 |     use tokio_tungstenite::{connect_async, tungstenite::protocol::Message};
[INFO] [stderr]    |                             ^^^^^^^^^^^^^
[INFO] [stderr] 
[INFO] [stderr] warning: this function depends on never type fallback being `()`
[INFO] [stderr]   --> src/main.rs:44:1
[INFO] [stderr]    |
[INFO] [stderr] 44 | / async fn send_to_redis_stream(
[INFO] [stderr] 45 | |     message: Message,
[INFO] [stderr] 46 | |     con: &MultiplexedConnection,
[INFO] [stderr] 47 | | ) -> Result<(), Box<(dyn std::error::Error + 'static)>> {
[INFO] [stderr]    | |_______________________________________________________^
[INFO] [stderr]    |
[INFO] [stderr]    = warning: this was previously accepted by the compiler but is being phased out; it will become a hard error in Rust 2024 and in a future release in all editions!
[INFO] [stderr]    = note: for more information, see <https://doc.rust-lang.org/nightly/edition-guide/rust-2024/never-type-fallback.html>
[INFO] [stderr]    = help: specify the types explicitly
[INFO] [stderr] note: in edition 2024, the requirement `!: FromRedisValue` will fail
[INFO] [stderr]   --> src/main.rs:50:91
[INFO] [stderr]    |
[INFO] [stderr] 50 |     redis::cmd("XADD").arg("mystream").arg("*").arg(&["data", &message.to_string()[..] ]).query_async(&mut con).await?;
[INFO] [stderr]    |                                                                                           ^^^^^^^^^^^
[INFO] [stderr]    = note: `#[warn(dependency_on_unit_never_type_fallback)]` on by default
[INFO] [stderr] 
[INFO] [stderr] warning: unused variable: `message`
[INFO] [stderr]    --> src/main.rs:101:13
[INFO] [stderr]     |
[INFO] [stderr] 101 |         let message = "assert message";
[INFO] [stderr]     |             ^^^^^^^ help: if this is intentional, prefix it with an underscore: `_message`
[INFO] [stderr]     |
[INFO] [stderr]     = note: `#[warn(unused_variables)]` on by default
[INFO] [stderr] 
[INFO] [stderr] warning: unused variable: `connect_addr`
[INFO] [stderr]    --> src/main.rs:114:13
[INFO] [stderr]     |
[INFO] [stderr] 114 |         let connect_addr =
[INFO] [stderr]     |             ^^^^^^^^^^^^ help: if this is intentional, prefix it with an underscore: `_connect_addr`
[INFO] [stderr] 
[INFO] [stderr] warning: function `read_stdin` is never used
[INFO] [stderr]    --> src/main.rs:141:14
[INFO] [stderr]     |
[INFO] [stderr] 141 |     async fn read_stdin(tx: futures_channel::mpsc::UnboundedSender<Message>) {
[INFO] [stderr]     |              ^^^^^^^^^^
[INFO] [stderr]     |
[INFO] [stderr]     = note: `#[warn(dead_code)]` on by default
[INFO] [stderr] 
[INFO] [stderr] warning: variable `WS_ADDRESS` should have a snake case name
[INFO] [stderr]    --> src/main.rs:100:13
[INFO] [stderr]     |
[INFO] [stderr] 100 |         let WS_ADDRESS= WS_PREFIX.to_owned() + ADDRESS;
[INFO] [stderr]     |             ^^^^^^^^^^ help: convert the identifier to snake case: `ws_address`
[INFO] [stderr]     |
[INFO] [stderr]     = note: `#[warn(non_snake_case)]` on by default
[INFO] [stderr] 
[INFO] [stderr] warning: `redis-tungstenite-example` (bin "redis-tungstenite-example" test) generated 7 warnings (run `cargo fix --bin "redis-tungstenite-example" --tests` to apply 2 suggestions)
[INFO] [stderr]     Finished `test` profile [unoptimized + debuginfo] target(s) in 0.11s
[INFO] [stderr] warning: the following packages contain code that will be rejected by a future version of Rust: redis v0.19.0
[INFO] [stderr] note: to see what the problems were, use the option `--future-incompat-report`, or run `cargo report future-incompatibilities --id 1`
[INFO] [stderr]      Running unittests src/main.rs (/opt/rustwide/target/debug/deps/redis_tungstenite_example-88babea509ffdea7)
[INFO] [stdout] 
[INFO] [stdout] running 1 test
[INFO] [stdout] test tests::all ... FAILED
[INFO] [stdout] 
[INFO] [stdout] failures:
[INFO] [stdout] 
[INFO] [stdout] ---- tests::all stdout ----
[INFO] [stdout] Starting server
[INFO] [stdout] Starting client
[INFO] [stdout] client
[INFO] [stdout] 
[INFO] [stdout] thread 'tests::all' panicked at src/main.rs:115:50:
[INFO] [stdout] this program requires at least one argument
[INFO] [stdout] stack backtrace:
[INFO] [stdout]    0:     0x644f3f76912a - std::backtrace_rs::backtrace::libunwind::trace::hb059275cfc8d6126
[INFO] [stdout]                                at /rustc/6067b36314ab5eb2eb47cecc464545ba58e1ad24/library/std/src/../../backtrace/src/backtrace/libunwind.rs:116:5
[INFO] [stdout]    1:     0x644f3f76912a - std::backtrace_rs::backtrace::trace_unsynchronized::h2da071e4327ce3ee
[INFO] [stdout]                                at /rustc/6067b36314ab5eb2eb47cecc464545ba58e1ad24/library/std/src/../../backtrace/src/backtrace/mod.rs:66:5
[INFO] [stdout]    2:     0x644f3f76912a - std::sys::backtrace::_print_fmt::h842a1474e6f8d23f
[INFO] [stdout]                                at /rustc/6067b36314ab5eb2eb47cecc464545ba58e1ad24/library/std/src/sys/backtrace.rs:66:9
[INFO] [stdout]    3:     0x644f3f76912a - <std::sys::backtrace::BacktraceLock::print::DisplayBacktrace as core::fmt::Display>::fmt::h71a62eb3b9696b12
[INFO] [stdout]                                at /rustc/6067b36314ab5eb2eb47cecc464545ba58e1ad24/library/std/src/sys/backtrace.rs:39:26
[INFO] [stdout]    4:     0x644f3f793d43 - core::fmt::rt::Argument::fmt::hdb6b616786b41dc1
[INFO] [stdout]                                at /rustc/6067b36314ab5eb2eb47cecc464545ba58e1ad24/library/core/src/fmt/rt.rs:177:76
[INFO] [stdout]    5:     0x644f3f793d43 - core::fmt::write::h2cc1698af7e2d686
[INFO] [stdout]                                at /rustc/6067b36314ab5eb2eb47cecc464545ba58e1ad24/library/core/src/fmt/mod.rs:1440:21
[INFO] [stdout]    6:     0x644f3f765283 - std::io::Write::write_fmt::hab1b4cd059a79022
[INFO] [stdout]                                at /rustc/6067b36314ab5eb2eb47cecc464545ba58e1ad24/library/std/src/io/mod.rs:1887:15
[INFO] [stdout]    7:     0x644f3f768f72 - std::sys::backtrace::BacktraceLock::print::h147fe35b4ea13b08
[INFO] [stdout]                                at /rustc/6067b36314ab5eb2eb47cecc464545ba58e1ad24/library/std/src/sys/backtrace.rs:42:9
[INFO] [stdout]    8:     0x644f3f76a54f - std::panicking::default_hook::{{closure}}::hbd44223dbdc0d208
[INFO] [stdout]                                at /rustc/6067b36314ab5eb2eb47cecc464545ba58e1ad24/library/std/src/panicking.rs:298:22
[INFO] [stdout]    9:     0x644f3f76a368 - std::panicking::default_hook::h20f81eb0576efcec
[INFO] [stdout]                                at /rustc/6067b36314ab5eb2eb47cecc464545ba58e1ad24/library/std/src/panicking.rs:322:9
[INFO] [stdout]   10:     0x644f3f43ab03 - <alloc::boxed::Box<F,A> as core::ops::function::Fn<Args>>::call::hdb53814c496a4d34
[INFO] [stdout]                                at /rustc/6067b36314ab5eb2eb47cecc464545ba58e1ad24/library/alloc/src/boxed.rs:2027:9
[INFO] [stdout]   11:     0x644f3f43ab03 - test::test_main::{{closure}}::hc0a4963c59427c24
[INFO] [stdout]                                at /rustc/6067b36314ab5eb2eb47cecc464545ba58e1ad24/library/test/src/lib.rs:134:21
[INFO] [stdout]   12:     0x644f3f76b043 - <alloc::boxed::Box<F,A> as core::ops::function::Fn<Args>>::call::h591b2225413a77e9
[INFO] [stdout]                                at /rustc/6067b36314ab5eb2eb47cecc464545ba58e1ad24/library/alloc/src/boxed.rs:2027:9
[INFO] [stdout]   13:     0x644f3f76b043 - std::panicking::rust_panic_with_hook::h625eea43051b2edc
[INFO] [stdout]                                at /rustc/6067b36314ab5eb2eb47cecc464545ba58e1ad24/library/std/src/panicking.rs:839:13
[INFO] [stdout]   14:     0x644f3f76ae4c - std::panicking::begin_panic::{{closure}}::hb6f83f64bbc6469c
[INFO] [stdout]                                at /rustc/6067b36314ab5eb2eb47cecc464545ba58e1ad24/library/std/src/panicking.rs:768:9
[INFO] [stdout]   15:     0x644f3f769639 - std::sys::backtrace::__rust_end_short_backtrace::h892ae3ae8be3daf3
[INFO] [stdout]                                at /rustc/6067b36314ab5eb2eb47cecc464545ba58e1ad24/library/std/src/sys/backtrace.rs:168:18
[INFO] [stdout]   16:     0x644f3f76ad52 - std::panicking::begin_panic::h855074417e0a5787
[INFO] [stdout]                                at /rustc/6067b36314ab5eb2eb47cecc464545ba58e1ad24/library/std/src/panicking.rs:767:5
[INFO] [stdout]   17:     0x644f3f3bfd8d - redis_tungstenite_example::tests::start_client::{{closure}}::{{closure}}::h122dc9c94c227042
[INFO] [stdout]                                at /opt/rustwide/workdir/src/main.rs:115:50
[INFO] [stdout]   18:     0x644f3f3d320a - core::option::Option<T>::unwrap_or_else::hf9bf27b1d22f62ab
[INFO] [stdout]                                at /rustc/6067b36314ab5eb2eb47cecc464545ba58e1ad24/library/core/src/option.rs:1023:21
[INFO] [stdout]   19:     0x644f3f3bf2c7 - redis_tungstenite_example::tests::start_client::{{closure}}::h3b5ae5ac5870a237
[INFO] [stdout]                                at /opt/rustwide/workdir/src/main.rs:115:13
[INFO] [stdout]   20:     0x644f3f3cea0f - tokio::park::thread::CachedParkThread::block_on::{{closure}}::hcb0f5148facac460
[INFO] [stdout]                                at /opt/rustwide/cargo-home/registry/src/index.crates.io-1949cf8c6b5b557f/tokio-1.9.0/src/park/thread.rs:263:54
[INFO] [stdout]   21:     0x644f3f3b6c63 - tokio::coop::with_budget::{{closure}}::h7cb428753211c0c9
[INFO] [stdout]                                at /opt/rustwide/cargo-home/registry/src/index.crates.io-1949cf8c6b5b557f/tokio-1.9.0/src/coop.rs:106:9
[INFO] [stdout]   22:     0x644f3f3eb925 - std::thread::local::LocalKey<T>::try_with::hf3bd877f23cc9cfd
[INFO] [stdout]                                at /rustc/6067b36314ab5eb2eb47cecc464545ba58e1ad24/library/std/src/thread/local.rs:308:12
[INFO] [stdout]   23:     0x644f3f3eaeca - std::thread::local::LocalKey<T>::with::hfcb643c803c7bbf5
[INFO] [stdout]                                at /rustc/6067b36314ab5eb2eb47cecc464545ba58e1ad24/library/std/src/thread/local.rs:272:9
[INFO] [stdout]   24:     0x644f3f3ce422 - tokio::coop::with_budget::h6da87d12213e6618
[INFO] [stdout]                                at /opt/rustwide/cargo-home/registry/src/index.crates.io-1949cf8c6b5b557f/tokio-1.9.0/src/coop.rs:99:5
[INFO] [stdout]   25:     0x644f3f3ce422 - tokio::coop::budget::h3ed29b080e81335a
[INFO] [stdout]                                at /opt/rustwide/cargo-home/registry/src/index.crates.io-1949cf8c6b5b557f/tokio-1.9.0/src/coop.rs:76:5
[INFO] [stdout]   26:     0x644f3f3ce422 - tokio::park::thread::CachedParkThread::block_on::ha28ac1703864857e
[INFO] [stdout]                                at /opt/rustwide/cargo-home/registry/src/index.crates.io-1949cf8c6b5b557f/tokio-1.9.0/src/park/thread.rs:263:31
[INFO] [stdout]   27:     0x644f3f3eca41 - tokio::runtime::enter::Enter::block_on::h44fa94d58b9cb31b
[INFO] [stdout]                                at /opt/rustwide/cargo-home/registry/src/index.crates.io-1949cf8c6b5b557f/tokio-1.9.0/src/runtime/enter.rs:151:13
[INFO] [stdout]   28:     0x644f3f3bc4ed - tokio::runtime::thread_pool::ThreadPool::block_on::h17d3f6adf18710b1
[INFO] [stdout]                                at /opt/rustwide/cargo-home/registry/src/index.crates.io-1949cf8c6b5b557f/tokio-1.9.0/src/runtime/thread_pool/mod.rs:71:9
[INFO] [stdout]   29:     0x644f3f3ffaa3 - tokio::runtime::Runtime::block_on::h60f54b2c6bebd133
[INFO] [stdout]                                at /opt/rustwide/cargo-home/registry/src/index.crates.io-1949cf8c6b5b557f/tokio-1.9.0/src/runtime/mod.rs:452:43
[INFO] [stdout]   30:     0x644f3f3bf06a - redis_tungstenite_example::tests::start_client::h262c9eea1e918905
[INFO] [stdout]                                at /opt/rustwide/workdir/src/main.rs:136:9
[INFO] [stdout]   31:     0x644f3f3beedc - redis_tungstenite_example::tests::all::h2780fc6937b7a694
[INFO] [stdout]                                at /opt/rustwide/workdir/src/main.rs:105:9
[INFO] [stdout]   32:     0x644f3f3beda7 - redis_tungstenite_example::tests::all::{{closure}}::h4ba5207b66673fe1
[INFO] [stdout]                                at /opt/rustwide/workdir/src/main.rs:99:13
[INFO] [stdout]   33:     0x644f3f3addd6 - core::ops::function::FnOnce::call_once::hd69ee6c3f84faf98
[INFO] [stdout]                                at /rustc/6067b36314ab5eb2eb47cecc464545ba58e1ad24/library/core/src/ops/function.rs:250:5
[INFO] [stdout]   34:     0x644f3f44025b - core::ops::function::FnOnce::call_once::he27718dfdd183f43
[INFO] [stdout]                                at /rustc/6067b36314ab5eb2eb47cecc464545ba58e1ad24/library/core/src/ops/function.rs:250:5
[INFO] [stdout]   35:     0x644f3f44025b - test::__rust_begin_short_backtrace::h4e84902998457a5d
[INFO] [stdout]                                at /rustc/6067b36314ab5eb2eb47cecc464545ba58e1ad24/library/test/src/lib.rs:632:18
[INFO] [stdout]   36:     0x644f3f43f193 - test::run_test_in_process::{{closure}}::h7176fd18fc1feca0
[INFO] [stdout]                                at /rustc/6067b36314ab5eb2eb47cecc464545ba58e1ad24/library/test/src/lib.rs:655:60
[INFO] [stdout]   37:     0x644f3f43f193 - <core::panic::unwind_safe::AssertUnwindSafe<F> as core::ops::function::FnOnce<()>>::call_once::hf79cff2a624d8cf7
[INFO] [stdout]                                at /rustc/6067b36314ab5eb2eb47cecc464545ba58e1ad24/library/core/src/panic/unwind_safe.rs:272:9
[INFO] [stdout]   38:     0x644f3f43f193 - std::panicking::try::do_call::h3da0561d9ab99c25
[INFO] [stdout]                                at /rustc/6067b36314ab5eb2eb47cecc464545ba58e1ad24/library/std/src/panicking.rs:587:40
[INFO] [stdout]   39:     0x644f3f43f193 - std::panicking::try::h41c9fa508bc61df6
[INFO] [stdout]                                at /rustc/6067b36314ab5eb2eb47cecc464545ba58e1ad24/library/std/src/panicking.rs:550:19
[INFO] [stdout]   40:     0x644f3f43f193 - std::panic::catch_unwind::h6b3ff07bb5afad93
[INFO] [stdout]                                at /rustc/6067b36314ab5eb2eb47cecc464545ba58e1ad24/library/std/src/panic.rs:358:14
[INFO] [stdout]   41:     0x644f3f43f193 - test::run_test_in_process::hc7253dd11b39b9f4
[INFO] [stdout]                                at /rustc/6067b36314ab5eb2eb47cecc464545ba58e1ad24/library/test/src/lib.rs:655:27
[INFO] [stdout]   42:     0x644f3f43f193 - test::run_test::{{closure}}::hfb2007f8649c30bb
[INFO] [stdout]                                at /rustc/6067b36314ab5eb2eb47cecc464545ba58e1ad24/library/test/src/lib.rs:576:43
[INFO] [stdout]   43:     0x644f3f402275 - test::run_test::{{closure}}::h56a17aa7a282a9f4
[INFO] [stdout]                                at /rustc/6067b36314ab5eb2eb47cecc464545ba58e1ad24/library/test/src/lib.rs:606:41
[INFO] [stdout]   44:     0x644f3f402275 - std::sys::backtrace::__rust_begin_short_backtrace::hd2d2d2fb8e8c6aac
[INFO] [stdout]                                at /rustc/6067b36314ab5eb2eb47cecc464545ba58e1ad24/library/std/src/sys/backtrace.rs:152:18
[INFO] [stdout]   45:     0x644f3f405b5a - std::thread::Builder::spawn_unchecked_::{{closure}}::{{closure}}::h4faa3f9db6133423
[INFO] [stdout]                                at /rustc/6067b36314ab5eb2eb47cecc464545ba58e1ad24/library/std/src/thread/mod.rs:559:17
[INFO] [stdout]   46:     0x644f3f405b5a - <core::panic::unwind_safe::AssertUnwindSafe<F> as core::ops::function::FnOnce<()>>::call_once::hf2e855a36a4ea846
[INFO] [stdout]                                at /rustc/6067b36314ab5eb2eb47cecc464545ba58e1ad24/library/core/src/panic/unwind_safe.rs:272:9
[INFO] [stdout]   47:     0x644f3f405b5a - std::panicking::try::do_call::h2f73af3616c35465
[INFO] [stdout]                                at /rustc/6067b36314ab5eb2eb47cecc464545ba58e1ad24/library/std/src/panicking.rs:587:40
[INFO] [stdout]   48:     0x644f3f405b5a - std::panicking::try::hd1660ce9efadef5a
[INFO] [stdout]                                at /rustc/6067b36314ab5eb2eb47cecc464545ba58e1ad24/library/std/src/panicking.rs:550:19
[INFO] [stdout]   49:     0x644f3f405b5a - std::panic::catch_unwind::h5ee8d7823b8ca744
[INFO] [stdout]                                at /rustc/6067b36314ab5eb2eb47cecc464545ba58e1ad24/library/std/src/panic.rs:358:14
[INFO] [stdout]   50:     0x644f3f405b5a - std::thread::Builder::spawn_unchecked_::{{closure}}::h53c3a1894dce8407
[INFO] [stdout]                                at /rustc/6067b36314ab5eb2eb47cecc464545ba58e1ad24/library/std/src/thread/mod.rs:557:30
[INFO] [stdout]   51:     0x644f3f405b5a - core::ops::function::FnOnce::call_once{{vtable.shim}}::h048ce291ad4f62bf
[INFO] [stdout]                                at /rustc/6067b36314ab5eb2eb47cecc464545ba58e1ad24/library/core/src/ops/function.rs:250:5
[INFO] [stdout]   52:     0x644f3f76f20b - <alloc::boxed::Box<F,A> as core::ops::function::FnOnce<Args>>::call_once::ha52bedf99a3b4981
[INFO] [stdout]                                at /rustc/6067b36314ab5eb2eb47cecc464545ba58e1ad24/library/alloc/src/boxed.rs:2013:9
[INFO] [stdout]   53:     0x644f3f76f20b - <alloc::boxed::Box<F,A> as core::ops::function::FnOnce<Args>>::call_once::h567748934d80ccf8
[INFO] [stdout]                                at /rustc/6067b36314ab5eb2eb47cecc464545ba58e1ad24/library/alloc/src/boxed.rs:2013:9
[INFO] [stdout]   54:     0x644f3f76f20b - std::sys::pal::unix::thread::Thread::new::thread_start::h2d970728ae887adc
[INFO] [stdout]                                at /rustc/6067b36314ab5eb2eb47cecc464545ba58e1ad24/library/std/src/sys/pal/unix/thread.rs:106:17
[INFO] [stdout]   55:     0x7534611ffac3 - <unknown>
[INFO] [stdout]   56:     0x753461290a04 - clone
[INFO] [stdout]   57:                0x0 - <unknown>
[INFO] [stdout] Listening on: 127.0.0.1:12345
[INFO] [stdout] 
[INFO] [stdout] 
[INFO] [stdout] failures:
[INFO] [stdout]     tests::all
[INFO] [stdout] 
[INFO] [stdout] test result: FAILED. 0 passed; 1 failed; 0 ignored; 0 measured; 0 filtered out; finished in 0.06s
[INFO] [stdout] 
[INFO] [stderr] error: test failed, to rerun pass `--bin redis-tungstenite-example`
[INFO] running `Command { std: "docker" "inspect" "d3d994b464477b8a1c5ec54a48b8683388ababc93d4f3ac1938a25c155d5c6f6", kill_on_drop: false }`
[INFO] running `Command { std: "docker" "rm" "-f" "d3d994b464477b8a1c5ec54a48b8683388ababc93d4f3ac1938a25c155d5c6f6", kill_on_drop: false }`
[INFO] [stdout] d3d994b464477b8a1c5ec54a48b8683388ababc93d4f3ac1938a25c155d5c6f6
