[INFO] cloning repository https://github.com/kzbt/kzdb
[INFO] running `Command { std: "git" "-c" "credential.helper=" "-c" "credential.helper=/workspace/cargo-home/bin/git-credential-null" "clone" "--bare" "https://github.com/kzbt/kzdb" "/workspace/cache/git-repos/https%3A%2F%2Fgithub.com%2Fkzbt%2Fkzdb", kill_on_drop: false }`
[INFO] [stderr] Cloning into bare repository '/workspace/cache/git-repos/https%3A%2F%2Fgithub.com%2Fkzbt%2Fkzdb'...
[INFO] running `Command { std: "git" "rev-parse" "HEAD", kill_on_drop: false }`
[INFO] [stdout] db621549346591ad9974938dc517ec913d4350ec
[INFO] testing kzbt/kzdb against nightly-2025-01-18 for randomize-layout-2
[INFO] running `Command { std: "git" "clone" "/workspace/cache/git-repos/https%3A%2F%2Fgithub.com%2Fkzbt%2Fkzdb" "/workspace/builds/worker-4-tc1/source", kill_on_drop: false }`
[INFO] [stderr] Cloning into '/workspace/builds/worker-4-tc1/source'...
[INFO] [stderr] done.
[INFO] validating manifest of git repo https://github.com/kzbt/kzdb on toolchain nightly-2025-01-18
[INFO] running `Command { std: CARGO_HOME="/workspace/cargo-home" RUSTUP_HOME="/workspace/rustup-home" "/workspace/cargo-home/bin/cargo" "+nightly-2025-01-18" "metadata" "--manifest-path" "Cargo.toml" "--no-deps", kill_on_drop: false }`
[INFO] started tweaking git repo https://github.com/kzbt/kzdb
[INFO] finished tweaking git repo https://github.com/kzbt/kzdb
[INFO] tweaked toml for git repo https://github.com/kzbt/kzdb written to /workspace/builds/worker-4-tc1/source/Cargo.toml
[INFO] crate git repo https://github.com/kzbt/kzdb already has a lockfile, it will not be regenerated
[INFO] running `Command { std: CARGO_HOME="/workspace/cargo-home" RUSTUP_HOME="/workspace/rustup-home" "/workspace/cargo-home/bin/cargo" "+nightly-2025-01-18" "fetch" "--manifest-path" "Cargo.toml", kill_on_drop: false }`
[INFO] running `Command { std: "docker" "create" "-v" "/var/lib/crater-agent-workspace/builds/worker-4-tc1/target:/opt/rustwide/target:rw,Z" "-v" "/var/lib/crater-agent-workspace/builds/worker-4-tc1/source:/opt/rustwide/workdir:ro,Z" "-v" "/var/lib/crater-agent-workspace/cargo-home:/opt/rustwide/cargo-home:ro,Z" "-v" "/var/lib/crater-agent-workspace/rustup-home:/opt/rustwide/rustup-home:ro,Z" "-e" "SOURCE_DIR=/opt/rustwide/workdir" "-e" "CARGO_TARGET_DIR=/opt/rustwide/target" "-e" "CARGO_HOME=/opt/rustwide/cargo-home" "-e" "RUSTUP_HOME=/opt/rustwide/rustup-home" "-w" "/opt/rustwide/workdir" "-m" "1610612736" "--user" "0:0" "--network" "none" "ghcr.io/rust-lang/crates-build-env/linux@sha256:819108c5571ea2e421544af4d832f968d213c87fbe3707a016657f43d2f853bc" "/opt/rustwide/cargo-home/bin/cargo" "+nightly-2025-01-18" "metadata" "--no-deps" "--format-version=1", kill_on_drop: false }`
[INFO] [stdout] 79618003a8095ce17ec1eee776bacf64959216c93bec0707146d46f7e3697d91
[INFO] running `Command { std: "docker" "start" "-a" "79618003a8095ce17ec1eee776bacf64959216c93bec0707146d46f7e3697d91", kill_on_drop: false }`
[INFO] running `Command { std: "docker" "inspect" "79618003a8095ce17ec1eee776bacf64959216c93bec0707146d46f7e3697d91", kill_on_drop: false }`
[INFO] running `Command { std: "docker" "rm" "-f" "79618003a8095ce17ec1eee776bacf64959216c93bec0707146d46f7e3697d91", kill_on_drop: false }`
[INFO] [stdout] 79618003a8095ce17ec1eee776bacf64959216c93bec0707146d46f7e3697d91
[INFO] running `Command { std: "docker" "create" "-v" "/var/lib/crater-agent-workspace/builds/worker-4-tc1/target:/opt/rustwide/target:rw,Z" "-v" "/var/lib/crater-agent-workspace/builds/worker-4-tc1/source:/opt/rustwide/workdir:ro,Z" "-v" "/var/lib/crater-agent-workspace/cargo-home:/opt/rustwide/cargo-home:ro,Z" "-v" "/var/lib/crater-agent-workspace/rustup-home:/opt/rustwide/rustup-home:ro,Z" "-e" "SOURCE_DIR=/opt/rustwide/workdir" "-e" "CARGO_TARGET_DIR=/opt/rustwide/target" "-e" "CARGO_INCREMENTAL=0" "-e" "RUST_BACKTRACE=full" "-e" "RUSTFLAGS=--cap-lints=forbid" "-e" "RUSTDOCFLAGS=--cap-lints=forbid" "-e" "CARGO_HOME=/opt/rustwide/cargo-home" "-e" "RUSTUP_HOME=/opt/rustwide/rustup-home" "-w" "/opt/rustwide/workdir" "-m" "1610612736" "--user" "0:0" "--network" "none" "ghcr.io/rust-lang/crates-build-env/linux@sha256:819108c5571ea2e421544af4d832f968d213c87fbe3707a016657f43d2f853bc" "/opt/rustwide/cargo-home/bin/cargo" "+nightly-2025-01-18" "build" "--frozen" "--message-format=json", kill_on_drop: false }`
[INFO] [stdout] 19748c38e4b18a3d6f5bf26f0dc77825e21ee5ffb7d66a891caa586b85db53bf
[INFO] running `Command { std: "docker" "start" "-a" "19748c38e4b18a3d6f5bf26f0dc77825e21ee5ffb7d66a891caa586b85db53bf", kill_on_drop: false }`
[INFO] [stderr]    Compiling anyhow v1.0.56
[INFO] [stderr]    Compiling kzdb v0.1.0 (/opt/rustwide/workdir)
[INFO] [stdout] warning: unused variable: `keys`
[INFO] [stdout]   --> src/btree/btree.rs:49:25
[INFO] [stdout]    |
[INFO] [stdout] 49 |     fn split(&mut self, keys: &Vec<K>, values: &Vec<V>) {}
[INFO] [stdout]    |                         ^^^^ help: if this is intentional, prefix it with an underscore: `_keys`
[INFO] [stdout]    |
[INFO] [stdout]    = note: `#[warn(unused_variables)]` on by default
[INFO] [stdout] 
[INFO] [stdout] 
[INFO] [stdout] warning: unused variable: `values`
[INFO] [stdout]   --> src/btree/btree.rs:49:40
[INFO] [stdout]    |
[INFO] [stdout] 49 |     fn split(&mut self, keys: &Vec<K>, values: &Vec<V>) {}
[INFO] [stdout]    |                                        ^^^^^^ help: if this is intentional, prefix it with an underscore: `_values`
[INFO] [stdout] 
[INFO] [stdout] 
[INFO] [stdout] warning: unused variable: `keys`
[INFO] [stdout]    --> src/btree/node.rs:120:27
[INFO] [stdout]     |
[INFO] [stdout] 120 |             Node::Inner { keys, nodes } => (key, Node::leaf(), Node::leaf()),
[INFO] [stdout]     |                           ^^^^ help: try ignoring the field: `keys: _`
[INFO] [stdout] 
[INFO] [stdout] 
[INFO] [stdout] warning: unused variable: `nodes`
[INFO] [stdout]    --> src/btree/node.rs:120:33
[INFO] [stdout]     |
[INFO] [stdout] 120 |             Node::Inner { keys, nodes } => (key, Node::leaf(), Node::leaf()),
[INFO] [stdout]     |                                 ^^^^^ help: try ignoring the field: `nodes: _`
[INFO] [stdout] 
[INFO] [stdout] 
[INFO] [stdout] warning: unused variable: `dm`
[INFO] [stdout]   --> src/main.rs:13:9
[INFO] [stdout]    |
[INFO] [stdout] 13 |     let dm = DiskManager::new(db_path);
[INFO] [stdout]    |         ^^ help: if this is intentional, prefix it with an underscore: `_dm`
[INFO] [stdout] 
[INFO] [stdout] 
[INFO] [stdout] warning: trait `Searchable` is never used
[INFO] [stdout]  --> src/btree/mod.rs:6:7
[INFO] [stdout]   |
[INFO] [stdout] 6 | trait Searchable<T> {
[INFO] [stdout]   |       ^^^^^^^^^^
[INFO] [stdout]   |
[INFO] [stdout]   = note: `#[warn(dead_code)]` on by default
[INFO] [stdout] 
[INFO] [stdout] 
[INFO] [stdout] warning: constant `TREE_ORDER` is never used
[INFO] [stdout]  --> src/btree/btree.rs:3:11
[INFO] [stdout]   |
[INFO] [stdout] 3 | pub const TREE_ORDER: usize = 16;
[INFO] [stdout]   |           ^^^^^^^^^^
[INFO] [stdout] 
[INFO] [stdout] 
[INFO] [stdout] warning: struct `Btree` is never constructed
[INFO] [stdout]  --> src/btree/btree.rs:6:12
[INFO] [stdout]   |
[INFO] [stdout] 6 | pub struct Btree<K, V> {
[INFO] [stdout]   |            ^^^^^
[INFO] [stdout]   |
[INFO] [stdout]   = note: `Btree` has a derived impl for the trait `Debug`, but this is intentionally ignored during dead code analysis
[INFO] [stdout] 
[INFO] [stdout] 
[INFO] [stdout] warning: associated items `new`, `with_capacity`, `is_empty`, `insert`, and `split` are never used
[INFO] [stdout]   --> src/btree/btree.rs:16:12
[INFO] [stdout]    |
[INFO] [stdout] 11 | / impl<K, V> Btree<K, V>
[INFO] [stdout] 12 | | where
[INFO] [stdout] 13 | |     K: Copy + PartialEq + PartialOrd + std::fmt::Debug,
[INFO] [stdout] 14 | |     V: Clone + std::fmt::Debug,
[INFO] [stdout]    | |_______________________________- associated items in this implementation
[INFO] [stdout] 15 |   {
[INFO] [stdout] 16 |       pub fn new() -> Self {
[INFO] [stdout]    |              ^^^
[INFO] [stdout] ...
[INFO] [stdout] 23 |       pub fn with_capacity(capacity: usize) -> Self {
[INFO] [stdout]    |              ^^^^^^^^^^^^^
[INFO] [stdout] ...
[INFO] [stdout] 30 |       fn is_empty(&self) -> bool {
[INFO] [stdout]    |          ^^^^^^^^
[INFO] [stdout] ...
[INFO] [stdout] 34 |       fn insert(&mut self, key: K, value: V) {
[INFO] [stdout]    |          ^^^^^^
[INFO] [stdout] ...
[INFO] [stdout] 49 |       fn split(&mut self, keys: &Vec<K>, values: &Vec<V>) {}
[INFO] [stdout]    |          ^^^^^
[INFO] [stdout] 
[INFO] [stdout] 
[INFO] [stdout] warning: constant `NODE_CAPACITY` is never used
[INFO] [stdout]  --> src/btree/node.rs:3:7
[INFO] [stdout]   |
[INFO] [stdout] 3 | const NODE_CAPACITY: usize = TREE_ORDER - 1;
[INFO] [stdout]   |       ^^^^^^^^^^^^^
[INFO] [stdout] 
[INFO] [stdout] 
[INFO] [stdout] warning: struct `Kv` is never constructed
[INFO] [stdout]  --> src/btree/node.rs:5:12
[INFO] [stdout]   |
[INFO] [stdout] 5 | pub struct Kv<K, V> {
[INFO] [stdout]   |            ^^
[INFO] [stdout] 
[INFO] [stdout] 
[INFO] [stdout] warning: associated function `new` is never used
[INFO] [stdout]   --> src/btree/node.rs:11:12
[INFO] [stdout]    |
[INFO] [stdout] 10 | impl<K, V> Kv<K, V> {
[INFO] [stdout]    | ------------------- associated function in this implementation
[INFO] [stdout] 11 |     pub fn new(key: K, value: V) -> Self {
[INFO] [stdout]    |            ^^^
[INFO] [stdout] 
[INFO] [stdout] 
[INFO] [stdout] warning: enum `Node` is never used
[INFO] [stdout]   --> src/btree/node.rs:17:10
[INFO] [stdout]    |
[INFO] [stdout] 17 | pub enum Node<K, V> {
[INFO] [stdout]    |          ^^^^
[INFO] [stdout]    |
[INFO] [stdout]    = note: `Node` has a derived impl for the trait `Debug`, but this is intentionally ignored during dead code analysis
[INFO] [stdout] 
[INFO] [stdout] 
[INFO] [stdout] warning: type alias `SplitNodes` is never used
[INFO] [stdout]   --> src/btree/node.rs:28:6
[INFO] [stdout]    |
[INFO] [stdout] 28 | type SplitNodes<K, V> = (K, Node<K, V>, Node<K, V>);
[INFO] [stdout]    |      ^^^^^^^^^^
[INFO] [stdout] 
[INFO] [stdout] 
[INFO] [stdout] warning: associated items `inner`, `leaf`, `leaf_with_cap`, `insert`, `insert_empty_inner`, and `split` are never used
[INFO] [stdout]   --> src/btree/node.rs:35:12
[INFO] [stdout]    |
[INFO] [stdout] 30 | / impl<K, V> Node<K, V>
[INFO] [stdout] 31 | | where
[INFO] [stdout] 32 | |     K: Copy + PartialOrd + PartialEq + std::fmt::Debug,
[INFO] [stdout] 33 | |     V: Clone,
[INFO] [stdout]    | |_____________- associated items in this implementation
[INFO] [stdout] 34 |   {
[INFO] [stdout] 35 |       pub fn inner() -> Self {
[INFO] [stdout]    |              ^^^^^
[INFO] [stdout] ...
[INFO] [stdout] 42 |       pub fn leaf() -> Self {
[INFO] [stdout]    |              ^^^^
[INFO] [stdout] ...
[INFO] [stdout] 49 |       pub fn leaf_with_cap(capacity: usize) -> Self {
[INFO] [stdout]    |              ^^^^^^^^^^^^^
[INFO] [stdout] ...
[INFO] [stdout] 56 |       pub fn insert(&mut self, key: K, value: V) -> Result<(), SplitNodes<K, V>> {
[INFO] [stdout]    |              ^^^^^^
[INFO] [stdout] ...
[INFO] [stdout] 86 |       pub fn insert_empty_inner(&mut self, key: K, mut ns: Vec<Node<K, V>>) {
[INFO] [stdout]    |              ^^^^^^^^^^^^^^^^^^
[INFO] [stdout] ...
[INFO] [stdout] 93 |       fn split(&mut self, idx: usize, key: K, value: V) -> SplitNodes<K, V> {
[INFO] [stdout]    |          ^^^^^
[INFO] [stdout] 
[INFO] [stdout] 
[INFO] [stdout] warning: constant `PAGE_SIZE` is never used
[INFO] [stdout]  --> src/storage/mod.rs:9:7
[INFO] [stdout]   |
[INFO] [stdout] 9 | const PAGE_SIZE: u32 = 8192;
[INFO] [stdout]   |       ^^^^^^^^^
[INFO] [stdout] 
[INFO] [stdout] 
[INFO] [stdout] warning: trait `Storage` is never used
[INFO] [stdout]   --> src/storage/mod.rs:23:11
[INFO] [stdout]    |
[INFO] [stdout] 23 | pub trait Storage {
[INFO] [stdout]    |           ^^^^^^^
[INFO] [stdout] 
[INFO] [stdout] 
[INFO] [stdout] warning: constant `BUFFER_POOL_SIZE` is never used
[INFO] [stdout]  --> src/storage/bufferpool.rs:5:7
[INFO] [stdout]   |
[INFO] [stdout] 5 | const BUFFER_POOL_SIZE: usize = 2000;
[INFO] [stdout]   |       ^^^^^^^^^^^^^^^^
[INFO] [stdout] 
[INFO] [stdout] 
[INFO] [stdout] warning: struct `BufferPool` is never constructed
[INFO] [stdout]  --> src/storage/bufferpool.rs:7:12
[INFO] [stdout]   |
[INFO] [stdout] 7 | pub struct BufferPool {
[INFO] [stdout]   |            ^^^^^^^^^^
[INFO] [stdout] 
[INFO] [stdout] 
[INFO] [stdout] warning: associated function `new` is never used
[INFO] [stdout]   --> src/storage/bufferpool.rs:14:12
[INFO] [stdout]    |
[INFO] [stdout] 13 | impl BufferPool {
[INFO] [stdout]    | --------------- associated function in this implementation
[INFO] [stdout] 14 |     pub fn new() -> Self {
[INFO] [stdout]    |            ^^^
[INFO] [stdout] 
[INFO] [stdout] 
[INFO] [stdout] warning: field `file` is never read
[INFO] [stdout]   --> src/storage/disk.rs:15:5
[INFO] [stdout]    |
[INFO] [stdout] 14 | pub struct DiskManager {
[INFO] [stdout]    |            ----------- field in this struct
[INFO] [stdout] 15 |     file: File,
[INFO] [stdout]    |     ^^^^
[INFO] [stdout] 
[INFO] [stdout] 
[INFO] [stdout] warning: methods `read_page` and `write_page` are never used
[INFO] [stdout]   --> src/storage/disk.rs:31:12
[INFO] [stdout]    |
[INFO] [stdout] 18 | impl DiskManager {
[INFO] [stdout]    | ---------------- methods in this implementation
[INFO] [stdout] ...
[INFO] [stdout] 31 |     pub fn read_page(&mut self, pgid: PageId, buf: &mut [u8]) -> Result<()> {
[INFO] [stdout]    |            ^^^^^^^^^
[INFO] [stdout] ...
[INFO] [stdout] 38 |     pub fn write_page(&mut self, pgid: PageId, buf: &[u8]) -> Result<()> {
[INFO] [stdout]    |            ^^^^^^^^^^
[INFO] [stdout] 
[INFO] [stdout] 
[INFO] [stdout] warning: constant `ZERO_U32` is never used
[INFO] [stdout]  --> src/storage/page.rs:5:7
[INFO] [stdout]   |
[INFO] [stdout] 5 | const ZERO_U32: [u8; 4] = 0u32.to_be_bytes();
[INFO] [stdout]   |       ^^^^^^^^
[INFO] [stdout] 
[INFO] [stdout] 
[INFO] [stdout] warning: constant `HEADER_SIZE` is never used
[INFO] [stdout]  --> src/storage/page.rs:6:7
[INFO] [stdout]   |
[INFO] [stdout] 6 | const HEADER_SIZE: usize = size_of::<PageHeader>();
[INFO] [stdout]   |       ^^^^^^^^^^^
[INFO] [stdout] 
[INFO] [stdout] 
[INFO] [stdout] warning: struct `PageHeader` is never constructed
[INFO] [stdout]  --> src/storage/page.rs:8:12
[INFO] [stdout]   |
[INFO] [stdout] 8 | pub struct PageHeader {
[INFO] [stdout]   |            ^^^^^^^^^^
[INFO] [stdout] 
[INFO] [stdout] 
[INFO] [stdout] warning: method `write_to` is never used
[INFO] [stdout]   --> src/storage/page.rs:17:8
[INFO] [stdout]    |
[INFO] [stdout] 16 | impl PageHeader {
[INFO] [stdout]    | --------------- method in this implementation
[INFO] [stdout] 17 |     fn write_to(&self, buffer: &mut [u8]) {
[INFO] [stdout]    |        ^^^^^^^^
[INFO] [stdout] 
[INFO] [stdout] 
[INFO] [stdout] warning: struct `Tuple` is never constructed
[INFO] [stdout]   --> src/storage/page.rs:37:12
[INFO] [stdout]    |
[INFO] [stdout] 37 | pub struct Tuple {
[INFO] [stdout]    |            ^^^^^
[INFO] [stdout] 
[INFO] [stdout] 
[INFO] [stdout] warning: struct `Page` is never constructed
[INFO] [stdout]   --> src/storage/page.rs:42:12
[INFO] [stdout]    |
[INFO] [stdout] 42 | pub struct Page {
[INFO] [stdout]    |            ^^^^
[INFO] [stdout] 
[INFO] [stdout] 
[INFO] [stdout] warning: associated items `new`, `insert_tuple`, and `update_header` are never used
[INFO] [stdout]   --> src/storage/page.rs:50:8
[INFO] [stdout]    |
[INFO] [stdout] 49 | impl Page {
[INFO] [stdout]    | --------- associated items in this implementation
[INFO] [stdout] 50 |     fn new(pgid: PageId, prev_page: Option<PageId>) -> Self {
[INFO] [stdout]    |        ^^^
[INFO] [stdout] ...
[INFO] [stdout] 67 |     fn insert_tuple(&mut self, tuple: &Tuple) {
[INFO] [stdout]    |        ^^^^^^^^^^^^
[INFO] [stdout] ...
[INFO] [stdout] 78 |     fn update_header(&mut self) {
[INFO] [stdout]    |        ^^^^^^^^^^^^^
[INFO] [stdout] 
[INFO] [stdout] 
[INFO] [stderr]     Finished `dev` profile [unoptimized + debuginfo] target(s) in 1.41s
[INFO] running `Command { std: "docker" "inspect" "19748c38e4b18a3d6f5bf26f0dc77825e21ee5ffb7d66a891caa586b85db53bf", kill_on_drop: false }`
[INFO] running `Command { std: "docker" "rm" "-f" "19748c38e4b18a3d6f5bf26f0dc77825e21ee5ffb7d66a891caa586b85db53bf", kill_on_drop: false }`
[INFO] [stdout] 19748c38e4b18a3d6f5bf26f0dc77825e21ee5ffb7d66a891caa586b85db53bf
[INFO] running `Command { std: "docker" "create" "-v" "/var/lib/crater-agent-workspace/builds/worker-4-tc1/target:/opt/rustwide/target:rw,Z" "-v" "/var/lib/crater-agent-workspace/builds/worker-4-tc1/source:/opt/rustwide/workdir:ro,Z" "-v" "/var/lib/crater-agent-workspace/cargo-home:/opt/rustwide/cargo-home:ro,Z" "-v" "/var/lib/crater-agent-workspace/rustup-home:/opt/rustwide/rustup-home:ro,Z" "-e" "SOURCE_DIR=/opt/rustwide/workdir" "-e" "CARGO_TARGET_DIR=/opt/rustwide/target" "-e" "CARGO_INCREMENTAL=0" "-e" "RUST_BACKTRACE=full" "-e" "RUSTFLAGS=--cap-lints=forbid" "-e" "RUSTDOCFLAGS=--cap-lints=forbid" "-e" "CARGO_HOME=/opt/rustwide/cargo-home" "-e" "RUSTUP_HOME=/opt/rustwide/rustup-home" "-w" "/opt/rustwide/workdir" "-m" "1610612736" "--user" "0:0" "--network" "none" "ghcr.io/rust-lang/crates-build-env/linux@sha256:819108c5571ea2e421544af4d832f968d213c87fbe3707a016657f43d2f853bc" "/opt/rustwide/cargo-home/bin/cargo" "+nightly-2025-01-18" "test" "--frozen" "--no-run" "--message-format=json", kill_on_drop: false }`
[INFO] [stdout] c38dc0d9fda6549cc4468252acabc055cb9570cc138ce7d68b6eafc187e44014
[INFO] running `Command { std: "docker" "start" "-a" "c38dc0d9fda6549cc4468252acabc055cb9570cc138ce7d68b6eafc187e44014", kill_on_drop: false }`
[INFO] [stderr]    Compiling memchr v2.4.1
[INFO] [stderr]    Compiling log v0.4.14
[INFO] [stderr]    Compiling regex-syntax v0.6.25
[INFO] [stderr]    Compiling once_cell v1.10.0
[INFO] [stderr]    Compiling same-file v1.0.6
[INFO] [stderr]    Compiling predicates-core v1.0.3
[INFO] [stderr]    Compiling doc-comment v0.3.3
[INFO] [stderr]    Compiling termtree v0.2.4
[INFO] [stderr]    Compiling remove_dir_all v0.5.3
[INFO] [stderr]    Compiling fastrand v1.7.0
[INFO] [stderr]    Compiling difflib v0.4.0
[INFO] [stderr]    Compiling thread_local v1.1.4
[INFO] [stderr]    Compiling predicates-tree v1.0.5
[INFO] [stderr]    Compiling walkdir v2.3.2
[INFO] [stderr]    Compiling tempfile v3.3.0
[INFO] [stderr]    Compiling predicates v2.1.1
[INFO] [stderr]    Compiling aho-corasick v0.7.18
[INFO] [stderr]    Compiling bstr v0.2.17
[INFO] [stderr]    Compiling regex v1.5.5
[INFO] [stderr]    Compiling globset v0.4.8
[INFO] [stderr]    Compiling ignore v0.4.18
[INFO] [stderr]    Compiling globwalk v0.8.1
[INFO] [stderr]    Compiling assert_fs v1.0.7
[INFO] [stderr]    Compiling kzdb v0.1.0 (/opt/rustwide/workdir)
[INFO] [stdout] warning: unused variable: `keys`
[INFO] [stdout]   --> src/btree/btree.rs:49:25
[INFO] [stdout]    |
[INFO] [stdout] 49 |     fn split(&mut self, keys: &Vec<K>, values: &Vec<V>) {}
[INFO] [stdout]    |                         ^^^^ help: if this is intentional, prefix it with an underscore: `_keys`
[INFO] [stdout]    |
[INFO] [stdout]    = note: `#[warn(unused_variables)]` on by default
[INFO] [stdout] 
[INFO] [stdout] 
[INFO] [stdout] warning: unused variable: `values`
[INFO] [stdout]   --> src/btree/btree.rs:49:40
[INFO] [stdout]    |
[INFO] [stdout] 49 |     fn split(&mut self, keys: &Vec<K>, values: &Vec<V>) {}
[INFO] [stdout]    |                                        ^^^^^^ help: if this is intentional, prefix it with an underscore: `_values`
[INFO] [stdout] 
[INFO] [stdout] 
[INFO] [stdout] warning: unused variable: `keys`
[INFO] [stdout]    --> src/btree/node.rs:120:27
[INFO] [stdout]     |
[INFO] [stdout] 120 |             Node::Inner { keys, nodes } => (key, Node::leaf(), Node::leaf()),
[INFO] [stdout]     |                           ^^^^ help: try ignoring the field: `keys: _`
[INFO] [stdout] 
[INFO] [stdout] 
[INFO] [stdout] warning: unused variable: `nodes`
[INFO] [stdout]    --> src/btree/node.rs:120:33
[INFO] [stdout]     |
[INFO] [stdout] 120 |             Node::Inner { keys, nodes } => (key, Node::leaf(), Node::leaf()),
[INFO] [stdout]     |                                 ^^^^^ help: try ignoring the field: `nodes: _`
[INFO] [stdout] 
[INFO] [stdout] 
[INFO] [stdout] warning: unused variable: `dm`
[INFO] [stdout]   --> src/main.rs:13:9
[INFO] [stdout]    |
[INFO] [stdout] 13 |     let dm = DiskManager::new(db_path);
[INFO] [stdout]    |         ^^ help: if this is intentional, prefix it with an underscore: `_dm`
[INFO] [stdout] 
[INFO] [stdout] 
[INFO] [stdout] warning: associated items `new`, `is_empty`, and `split` are never used
[INFO] [stdout]   --> src/btree/btree.rs:16:12
[INFO] [stdout]    |
[INFO] [stdout] 11 | / impl<K, V> Btree<K, V>
[INFO] [stdout] 12 | | where
[INFO] [stdout] 13 | |     K: Copy + PartialEq + PartialOrd + std::fmt::Debug,
[INFO] [stdout] 14 | |     V: Clone + std::fmt::Debug,
[INFO] [stdout]    | |_______________________________- associated items in this implementation
[INFO] [stdout] 15 |   {
[INFO] [stdout] 16 |       pub fn new() -> Self {
[INFO] [stdout]    |              ^^^
[INFO] [stdout] ...
[INFO] [stdout] 30 |       fn is_empty(&self) -> bool {
[INFO] [stdout]    |          ^^^^^^^^
[INFO] [stdout] ...
[INFO] [stdout] 49 |       fn split(&mut self, keys: &Vec<K>, values: &Vec<V>) {}
[INFO] [stdout]    |          ^^^^^
[INFO] [stdout]    |
[INFO] [stdout]    = note: `#[warn(dead_code)]` on by default
[INFO] [stdout] 
[INFO] [stdout] 
[INFO] [stdout] warning: struct `Kv` is never constructed
[INFO] [stdout]  --> src/btree/node.rs:5:12
[INFO] [stdout]   |
[INFO] [stdout] 5 | pub struct Kv<K, V> {
[INFO] [stdout]   |            ^^
[INFO] [stdout] 
[INFO] [stdout] 
[INFO] [stdout] warning: associated function `new` is never used
[INFO] [stdout]   --> src/btree/node.rs:11:12
[INFO] [stdout]    |
[INFO] [stdout] 10 | impl<K, V> Kv<K, V> {
[INFO] [stdout]    | ------------------- associated function in this implementation
[INFO] [stdout] 11 |     pub fn new(key: K, value: V) -> Self {
[INFO] [stdout]    |            ^^^
[INFO] [stdout] 
[INFO] [stdout] 
[INFO] [stdout] warning: trait `Storage` is never used
[INFO] [stdout]   --> src/storage/mod.rs:23:11
[INFO] [stdout]    |
[INFO] [stdout] 23 | pub trait Storage {
[INFO] [stdout]    |           ^^^^^^^
[INFO] [stdout] 
[INFO] [stdout] 
[INFO] [stdout] warning: constant `BUFFER_POOL_SIZE` is never used
[INFO] [stdout]  --> src/storage/bufferpool.rs:5:7
[INFO] [stdout]   |
[INFO] [stdout] 5 | const BUFFER_POOL_SIZE: usize = 2000;
[INFO] [stdout]   |       ^^^^^^^^^^^^^^^^
[INFO] [stdout] 
[INFO] [stdout] 
[INFO] [stdout] warning: struct `BufferPool` is never constructed
[INFO] [stdout]  --> src/storage/bufferpool.rs:7:12
[INFO] [stdout]   |
[INFO] [stdout] 7 | pub struct BufferPool {
[INFO] [stdout]   |            ^^^^^^^^^^
[INFO] [stdout] 
[INFO] [stdout] 
[INFO] [stdout] warning: associated function `new` is never used
[INFO] [stdout]   --> src/storage/bufferpool.rs:14:12
[INFO] [stdout]    |
[INFO] [stdout] 13 | impl BufferPool {
[INFO] [stdout]    | --------------- associated function in this implementation
[INFO] [stdout] 14 |     pub fn new() -> Self {
[INFO] [stdout]    |            ^^^
[INFO] [stdout] 
[INFO] [stdout] 
[INFO] [stdout] warning: field `rid` is never read
[INFO] [stdout]   --> src/storage/page.rs:38:5
[INFO] [stdout]    |
[INFO] [stdout] 37 | pub struct Tuple {
[INFO] [stdout]    |            ----- field in this struct
[INFO] [stdout] 38 |     rid: RecordId,
[INFO] [stdout]    |     ^^^
[INFO] [stdout] 
[INFO] [stdout] 
[INFO] [stdout] warning: fields `slots` and `dirty` are never read
[INFO] [stdout]   --> src/storage/page.rs:44:9
[INFO] [stdout]    |
[INFO] [stdout] 42 | pub struct Page {
[INFO] [stdout]    |            ---- fields in this struct
[INFO] [stdout] 43 |     pub header: PageHeader,
[INFO] [stdout] 44 |     pub slots: Vec<u32>,
[INFO] [stdout]    |         ^^^^^
[INFO] [stdout] 45 |     pub data: Vec<u8>,
[INFO] [stdout] 46 |     pub dirty: bool,
[INFO] [stdout]    |         ^^^^^
[INFO] [stdout] 
[INFO] [stdout] 
[INFO] [stderr]     Finished `test` profile [unoptimized + debuginfo] target(s) in 14.32s
[INFO] running `Command { std: "docker" "inspect" "c38dc0d9fda6549cc4468252acabc055cb9570cc138ce7d68b6eafc187e44014", kill_on_drop: false }`
[INFO] running `Command { std: "docker" "rm" "-f" "c38dc0d9fda6549cc4468252acabc055cb9570cc138ce7d68b6eafc187e44014", kill_on_drop: false }`
[INFO] [stdout] c38dc0d9fda6549cc4468252acabc055cb9570cc138ce7d68b6eafc187e44014
[INFO] running `Command { std: "docker" "create" "-v" "/var/lib/crater-agent-workspace/builds/worker-4-tc1/target:/opt/rustwide/target:rw,Z" "-v" "/var/lib/crater-agent-workspace/builds/worker-4-tc1/source:/opt/rustwide/workdir:ro,Z" "-v" "/var/lib/crater-agent-workspace/cargo-home:/opt/rustwide/cargo-home:ro,Z" "-v" "/var/lib/crater-agent-workspace/rustup-home:/opt/rustwide/rustup-home:ro,Z" "-e" "SOURCE_DIR=/opt/rustwide/workdir" "-e" "CARGO_TARGET_DIR=/opt/rustwide/target" "-e" "CARGO_INCREMENTAL=0" "-e" "RUST_BACKTRACE=full" "-e" "RUSTFLAGS=--cap-lints=forbid" "-e" "RUSTDOCFLAGS=--cap-lints=forbid" "-e" "CARGO_HOME=/opt/rustwide/cargo-home" "-e" "RUSTUP_HOME=/opt/rustwide/rustup-home" "-w" "/opt/rustwide/workdir" "-m" "1610612736" "--user" "0:0" "--network" "none" "ghcr.io/rust-lang/crates-build-env/linux@sha256:819108c5571ea2e421544af4d832f968d213c87fbe3707a016657f43d2f853bc" "/opt/rustwide/cargo-home/bin/cargo" "+nightly-2025-01-18" "test" "--frozen", kill_on_drop: false }`
[INFO] [stdout] 7fe3110abd454bb57af038739a8a021bb8fc5525f63e849add42551ed8c44c58
[INFO] running `Command { std: "docker" "start" "-a" "7fe3110abd454bb57af038739a8a021bb8fc5525f63e849add42551ed8c44c58", kill_on_drop: false }`
[INFO] [stderr] warning: unused variable: `keys`
[INFO] [stderr]   --> src/btree/btree.rs:49:25
[INFO] [stderr]    |
[INFO] [stderr] 49 |     fn split(&mut self, keys: &Vec<K>, values: &Vec<V>) {}
[INFO] [stderr]    |                         ^^^^ help: if this is intentional, prefix it with an underscore: `_keys`
[INFO] [stderr]    |
[INFO] [stderr]    = note: `#[warn(unused_variables)]` on by default
[INFO] [stderr] 
[INFO] [stderr] warning: unused variable: `values`
[INFO] [stderr]   --> src/btree/btree.rs:49:40
[INFO] [stderr]    |
[INFO] [stderr] 49 |     fn split(&mut self, keys: &Vec<K>, values: &Vec<V>) {}
[INFO] [stderr]    |                                        ^^^^^^ help: if this is intentional, prefix it with an underscore: `_values`
[INFO] [stderr] 
[INFO] [stderr] warning: unused variable: `keys`
[INFO] [stderr]    --> src/btree/node.rs:120:27
[INFO] [stderr]     |
[INFO] [stderr] 120 |             Node::Inner { keys, nodes } => (key, Node::leaf(), Node::leaf()),
[INFO] [stderr]     |                           ^^^^ help: try ignoring the field: `keys: _`
[INFO] [stderr] 
[INFO] [stderr] warning: unused variable: `nodes`
[INFO] [stderr]    --> src/btree/node.rs:120:33
[INFO] [stderr]     |
[INFO] [stderr] 120 |             Node::Inner { keys, nodes } => (key, Node::leaf(), Node::leaf()),
[INFO] [stderr]     |                                 ^^^^^ help: try ignoring the field: `nodes: _`
[INFO] [stderr] 
[INFO] [stderr] warning: unused variable: `dm`
[INFO] [stderr]   --> src/main.rs:13:9
[INFO] [stderr]    |
[INFO] [stderr] 13 |     let dm = DiskManager::new(db_path);
[INFO] [stderr]    |         ^^ help: if this is intentional, prefix it with an underscore: `_dm`
[INFO] [stderr] 
[INFO] [stderr] warning: associated items `new`, `is_empty`, and `split` are never used
[INFO] [stderr]   --> src/btree/btree.rs:16:12
[INFO] [stderr]    |
[INFO] [stderr] 11 | / impl<K, V> Btree<K, V>
[INFO] [stderr] 12 | | where
[INFO] [stderr] 13 | |     K: Copy + PartialEq + PartialOrd + std::fmt::Debug,
[INFO] [stderr] 14 | |     V: Clone + std::fmt::Debug,
[INFO] [stderr]    | |_______________________________- associated items in this implementation
[INFO] [stderr] 15 |   {
[INFO] [stderr] 16 |       pub fn new() -> Self {
[INFO] [stderr]    |              ^^^
[INFO] [stderr] ...
[INFO] [stderr] 30 |       fn is_empty(&self) -> bool {
[INFO] [stderr]    |          ^^^^^^^^
[INFO] [stderr] ...
[INFO] [stderr] 49 |       fn split(&mut self, keys: &Vec<K>, values: &Vec<V>) {}
[INFO] [stderr]    |          ^^^^^
[INFO] [stderr]    |
[INFO] [stderr]    = note: `#[warn(dead_code)]` on by default
[INFO] [stderr] 
[INFO] [stderr] warning: struct `Kv` is never constructed
[INFO] [stderr]  --> src/btree/node.rs:5:12
[INFO] [stderr]   |
[INFO] [stderr] 5 | pub struct Kv<K, V> {
[INFO] [stderr]   |            ^^
[INFO] [stderr] 
[INFO] [stderr] warning: associated function `new` is never used
[INFO] [stderr]   --> src/btree/node.rs:11:12
[INFO] [stderr]    |
[INFO] [stderr] 10 | impl<K, V> Kv<K, V> {
[INFO] [stderr]    | ------------------- associated function in this implementation
[INFO] [stderr] 11 |     pub fn new(key: K, value: V) -> Self {
[INFO] [stderr]    |            ^^^
[INFO] [stderr] 
[INFO] [stderr] warning: trait `Storage` is never used
[INFO] [stderr]   --> src/storage/mod.rs:23:11
[INFO] [stderr]    |
[INFO] [stderr] 23 | pub trait Storage {
[INFO] [stderr]    |           ^^^^^^^
[INFO] [stderr] 
[INFO] [stderr] warning: constant `BUFFER_POOL_SIZE` is never used
[INFO] [stderr]  --> src/storage/bufferpool.rs:5:7
[INFO] [stderr]   |
[INFO] [stderr] 5 | const BUFFER_POOL_SIZE: usize = 2000;
[INFO] [stderr]   |       ^^^^^^^^^^^^^^^^
[INFO] [stderr] 
[INFO] [stderr] warning: struct `BufferPool` is never constructed
[INFO] [stderr]  --> src/storage/bufferpool.rs:7:12
[INFO] [stderr]   |
[INFO] [stderr] 7 | pub struct BufferPool {
[INFO] [stderr]   |            ^^^^^^^^^^
[INFO] [stderr] 
[INFO] [stderr] warning: associated function `new` is never used
[INFO] [stderr]   --> src/storage/bufferpool.rs:14:12
[INFO] [stderr]    |
[INFO] [stderr] 13 | impl BufferPool {
[INFO] [stderr]    | --------------- associated function in this implementation
[INFO] [stderr] 14 |     pub fn new() -> Self {
[INFO] [stderr]    |            ^^^
[INFO] [stderr] 
[INFO] [stderr] warning: field `rid` is never read
[INFO] [stderr]   --> src/storage/page.rs:38:5
[INFO] [stderr]    |
[INFO] [stderr] 37 | pub struct Tuple {
[INFO] [stderr]    |            ----- field in this struct
[INFO] [stderr] 38 |     rid: RecordId,
[INFO] [stderr]    |     ^^^
[INFO] [stderr] 
[INFO] [stderr] warning: fields `slots` and `dirty` are never read
[INFO] [stderr]   --> src/storage/page.rs:44:9
[INFO] [stderr]    |
[INFO] [stderr] 42 | pub struct Page {
[INFO] [stderr]    |            ---- fields in this struct
[INFO] [stderr] 43 |     pub header: PageHeader,
[INFO] [stderr] 44 |     pub slots: Vec<u32>,
[INFO] [stderr]    |         ^^^^^
[INFO] [stderr] 45 |     pub data: Vec<u8>,
[INFO] [stderr] 46 |     pub dirty: bool,
[INFO] [stderr]    |         ^^^^^
[INFO] [stderr] 
[INFO] [stderr] warning: `kzdb` (bin "kzdb" test) generated 14 warnings
[INFO] [stderr]     Finished `test` profile [unoptimized + debuginfo] target(s) in 0.06s
[INFO] [stderr]      Running unittests src/main.rs (/opt/rustwide/target/debug/deps/kzdb-d8cc9040438ec552)
[INFO] [stdout] 
[INFO] [stdout] running 6 tests
[INFO] [stdout] test btree::node::tests::leaf_inserts_in_order ... ok
[INFO] [stdout] test btree::btree::tests::btree_splits_root_leaf_node ... ok
[INFO] [stdout] test btree::tests::search ... ok
[INFO] [stdout] test storage::page::tests::insert_tuple ... ok
[INFO] [stdout] test storage::page::tests::update_header ... ok
[INFO] [stdout] test storage::disk::tests::read_and_write_page ... FAILED
[INFO] [stdout] 
[INFO] [stdout] failures:
[INFO] [stdout] 
[INFO] [stdout] ---- storage::disk::tests::read_and_write_page stdout ----
[INFO] [stdout] 
[INFO] [stdout] thread 'storage::disk::tests::read_and_write_page' panicked at src/storage/disk.rs:72:45:
[INFO] [stdout] called `Result::unwrap()` on an `Err` value: Invalid argument (os error 22)
[INFO] [stdout] stack backtrace:
[INFO] [stdout]    0:     0x60cb849d36ea - std::backtrace_rs::backtrace::libunwind::trace::hb059275cfc8d6126
[INFO] [stdout]                                at /rustc/6067b36314ab5eb2eb47cecc464545ba58e1ad24/library/std/src/../../backtrace/src/backtrace/libunwind.rs:116:5
[INFO] [stdout]    1:     0x60cb849d36ea - std::backtrace_rs::backtrace::trace_unsynchronized::h2da071e4327ce3ee
[INFO] [stdout]                                at /rustc/6067b36314ab5eb2eb47cecc464545ba58e1ad24/library/std/src/../../backtrace/src/backtrace/mod.rs:66:5
[INFO] [stdout]    2:     0x60cb849d36ea - std::sys::backtrace::_print_fmt::h842a1474e6f8d23f
[INFO] [stdout]                                at /rustc/6067b36314ab5eb2eb47cecc464545ba58e1ad24/library/std/src/sys/backtrace.rs:66:9
[INFO] [stdout]    3:     0x60cb849d36ea - <std::sys::backtrace::BacktraceLock::print::DisplayBacktrace as core::fmt::Display>::fmt::h71a62eb3b9696b12
[INFO] [stdout]                                at /rustc/6067b36314ab5eb2eb47cecc464545ba58e1ad24/library/std/src/sys/backtrace.rs:39:26
[INFO] [stdout]    4:     0x60cb849fb963 - core::fmt::rt::Argument::fmt::hdb6b616786b41dc1
[INFO] [stdout]                                at /rustc/6067b36314ab5eb2eb47cecc464545ba58e1ad24/library/core/src/fmt/rt.rs:177:76
[INFO] [stdout]    5:     0x60cb849fb963 - core::fmt::write::h2cc1698af7e2d686
[INFO] [stdout]                                at /rustc/6067b36314ab5eb2eb47cecc464545ba58e1ad24/library/core/src/fmt/mod.rs:1440:21
[INFO] [stdout]    6:     0x60cb849cff33 - std::io::Write::write_fmt::hab1b4cd059a79022
[INFO] [stdout]                                at /rustc/6067b36314ab5eb2eb47cecc464545ba58e1ad24/library/std/src/io/mod.rs:1887:15
[INFO] [stdout]    7:     0x60cb849d3532 - std::sys::backtrace::BacktraceLock::print::h147fe35b4ea13b08
[INFO] [stdout]                                at /rustc/6067b36314ab5eb2eb47cecc464545ba58e1ad24/library/std/src/sys/backtrace.rs:42:9
[INFO] [stdout]    8:     0x60cb849d4b0f - std::panicking::default_hook::{{closure}}::hbd44223dbdc0d208
[INFO] [stdout]                                at /rustc/6067b36314ab5eb2eb47cecc464545ba58e1ad24/library/std/src/panicking.rs:298:22
[INFO] [stdout]    9:     0x60cb849d4928 - std::panicking::default_hook::h20f81eb0576efcec
[INFO] [stdout]                                at /rustc/6067b36314ab5eb2eb47cecc464545ba58e1ad24/library/std/src/panicking.rs:322:9
[INFO] [stdout]   10:     0x60cb8498e053 - <alloc::boxed::Box<F,A> as core::ops::function::Fn<Args>>::call::hdb53814c496a4d34
[INFO] [stdout]                                at /rustc/6067b36314ab5eb2eb47cecc464545ba58e1ad24/library/alloc/src/boxed.rs:2027:9
[INFO] [stdout]   11:     0x60cb8498e053 - test::test_main::{{closure}}::hc0a4963c59427c24
[INFO] [stdout]                                at /rustc/6067b36314ab5eb2eb47cecc464545ba58e1ad24/library/test/src/lib.rs:134:21
[INFO] [stdout]   12:     0x60cb849d5603 - <alloc::boxed::Box<F,A> as core::ops::function::Fn<Args>>::call::h591b2225413a77e9
[INFO] [stdout]                                at /rustc/6067b36314ab5eb2eb47cecc464545ba58e1ad24/library/alloc/src/boxed.rs:2027:9
[INFO] [stdout]   13:     0x60cb849d5603 - std::panicking::rust_panic_with_hook::h625eea43051b2edc
[INFO] [stdout]                                at /rustc/6067b36314ab5eb2eb47cecc464545ba58e1ad24/library/std/src/panicking.rs:839:13
[INFO] [stdout]   14:     0x60cb849d52ba - std::panicking::begin_panic_handler::{{closure}}::h4f9159cfbc3f6bd3
[INFO] [stdout]                                at /rustc/6067b36314ab5eb2eb47cecc464545ba58e1ad24/library/std/src/panicking.rs:704:13
[INFO] [stdout]   15:     0x60cb849d3be9 - std::sys::backtrace::__rust_end_short_backtrace::h0390abce48353151
[INFO] [stdout]                                at /rustc/6067b36314ab5eb2eb47cecc464545ba58e1ad24/library/std/src/sys/backtrace.rs:168:18
[INFO] [stdout]   16:     0x60cb849d4f4d - rust_begin_unwind
[INFO] [stdout]                                at /rustc/6067b36314ab5eb2eb47cecc464545ba58e1ad24/library/std/src/panicking.rs:695:5
[INFO] [stdout]   17:     0x60cb849fa340 - core::panicking::panic_fmt::h9e7c637e9e5f29c9
[INFO] [stdout]                                at /rustc/6067b36314ab5eb2eb47cecc464545ba58e1ad24/library/core/src/panicking.rs:75:14
[INFO] [stdout]   18:     0x60cb849fa7b6 - core::result::unwrap_failed::h7979f09313fe1849
[INFO] [stdout]                                at /rustc/6067b36314ab5eb2eb47cecc464545ba58e1ad24/library/core/src/result.rs:1704:5
[INFO] [stdout]   19:     0x60cb8494d3bc - core::result::Result<T,E>::unwrap::h35377e613faea657
[INFO] [stdout]                                at /rustc/6067b36314ab5eb2eb47cecc464545ba58e1ad24/library/core/src/result.rs:1109:23
[INFO] [stdout]   20:     0x60cb8494d3bc - kzdb::storage::disk::tests::read_and_write_page::{{closure}}::hfc93b2d96385cc00
[INFO] [stdout]                                at /opt/rustwide/workdir/src/storage/disk.rs:72:13
[INFO] [stdout]   21:     0x60cb8494c485 - kzdb::storage::disk::tests::with_disk_manager::h45d0bd4adfb8bfff
[INFO] [stdout]                                at /opt/rustwide/workdir/src/storage/disk.rs:63:9
[INFO] [stdout]   22:     0x60cb8494d226 - kzdb::storage::disk::tests::read_and_write_page::h48b0be072e27bf78
[INFO] [stdout]                                at /opt/rustwide/workdir/src/storage/disk.rs:69:9
[INFO] [stdout]   23:     0x60cb8494d207 - kzdb::storage::disk::tests::read_and_write_page::{{closure}}::hb269ffbc200764ae
[INFO] [stdout]                                at /opt/rustwide/workdir/src/storage/disk.rs:68:29
[INFO] [stdout]   24:     0x60cb8494e286 - core::ops::function::FnOnce::call_once::h8ab8cc8036214d2f
[INFO] [stdout]                                at /rustc/6067b36314ab5eb2eb47cecc464545ba58e1ad24/library/core/src/ops/function.rs:250:5
[INFO] [stdout]   25:     0x60cb849937ab - core::ops::function::FnOnce::call_once::he27718dfdd183f43
[INFO] [stdout]                                at /rustc/6067b36314ab5eb2eb47cecc464545ba58e1ad24/library/core/src/ops/function.rs:250:5
[INFO] [stdout]   26:     0x60cb849937ab - test::__rust_begin_short_backtrace::h4e84902998457a5d
[INFO] [stdout]                                at /rustc/6067b36314ab5eb2eb47cecc464545ba58e1ad24/library/test/src/lib.rs:632:18
[INFO] [stdout]   27:     0x60cb849926e3 - test::run_test_in_process::{{closure}}::h7176fd18fc1feca0
[INFO] [stdout]                                at /rustc/6067b36314ab5eb2eb47cecc464545ba58e1ad24/library/test/src/lib.rs:655:60
[INFO] [stdout]   28:     0x60cb849926e3 - <core::panic::unwind_safe::AssertUnwindSafe<F> as core::ops::function::FnOnce<()>>::call_once::hf79cff2a624d8cf7
[INFO] [stdout]                                at /rustc/6067b36314ab5eb2eb47cecc464545ba58e1ad24/library/core/src/panic/unwind_safe.rs:272:9
[INFO] [stdout]   29:     0x60cb849926e3 - std::panicking::try::do_call::h3da0561d9ab99c25
[INFO] [stdout]                                at /rustc/6067b36314ab5eb2eb47cecc464545ba58e1ad24/library/std/src/panicking.rs:587:40
[INFO] [stdout]   30:     0x60cb849926e3 - std::panicking::try::h41c9fa508bc61df6
[INFO] [stdout]                                at /rustc/6067b36314ab5eb2eb47cecc464545ba58e1ad24/library/std/src/panicking.rs:550:19
[INFO] [stdout]   31:     0x60cb849926e3 - std::panic::catch_unwind::h6b3ff07bb5afad93
[INFO] [stdout]                                at /rustc/6067b36314ab5eb2eb47cecc464545ba58e1ad24/library/std/src/panic.rs:358:14
[INFO] [stdout]   32:     0x60cb849926e3 - test::run_test_in_process::hc7253dd11b39b9f4
[INFO] [stdout]                                at /rustc/6067b36314ab5eb2eb47cecc464545ba58e1ad24/library/test/src/lib.rs:655:27
[INFO] [stdout]   33:     0x60cb849926e3 - test::run_test::{{closure}}::hfb2007f8649c30bb
[INFO] [stdout]                                at /rustc/6067b36314ab5eb2eb47cecc464545ba58e1ad24/library/test/src/lib.rs:576:43
[INFO] [stdout]   34:     0x60cb849557c5 - test::run_test::{{closure}}::h56a17aa7a282a9f4
[INFO] [stdout]                                at /rustc/6067b36314ab5eb2eb47cecc464545ba58e1ad24/library/test/src/lib.rs:606:41
[INFO] [stdout]   35:     0x60cb849557c5 - std::sys::backtrace::__rust_begin_short_backtrace::hd2d2d2fb8e8c6aac
[INFO] [stdout]                                at /rustc/6067b36314ab5eb2eb47cecc464545ba58e1ad24/library/std/src/sys/backtrace.rs:152:18
[INFO] [stdout]   36:     0x60cb849590aa - std::thread::Builder::spawn_unchecked_::{{closure}}::{{closure}}::h4faa3f9db6133423
[INFO] [stdout]                                at /rustc/6067b36314ab5eb2eb47cecc464545ba58e1ad24/library/std/src/thread/mod.rs:559:17
[INFO] [stdout]   37:     0x60cb849590aa - <core::panic::unwind_safe::AssertUnwindSafe<F> as core::ops::function::FnOnce<()>>::call_once::hf2e855a36a4ea846
[INFO] [stdout]                                at /rustc/6067b36314ab5eb2eb47cecc464545ba58e1ad24/library/core/src/panic/unwind_safe.rs:272:9
[INFO] [stdout]   38:     0x60cb849590aa - std::panicking::try::do_call::h2f73af3616c35465
[INFO] [stdout]                                at /rustc/6067b36314ab5eb2eb47cecc464545ba58e1ad24/library/std/src/panicking.rs:587:40
[INFO] [stdout]   39:     0x60cb849590aa - std::panicking::try::hd1660ce9efadef5a
[INFO] [stdout]                                at /rustc/6067b36314ab5eb2eb47cecc464545ba58e1ad24/library/std/src/panicking.rs:550:19
[INFO] [stdout]   40:     0x60cb849590aa - std::panic::catch_unwind::h5ee8d7823b8ca744
[INFO] [stdout]                                at /rustc/6067b36314ab5eb2eb47cecc464545ba58e1ad24/library/std/src/panic.rs:358:14
[INFO] [stdout]   41:     0x60cb849590aa - std::thread::Builder::spawn_unchecked_::{{closure}}::h53c3a1894dce8407
[INFO] [stdout]                                at /rustc/6067b36314ab5eb2eb47cecc464545ba58e1ad24/library/std/src/thread/mod.rs:557:30
[INFO] [stdout]   42:     0x60cb849590aa - core::ops::function::FnOnce::call_once{{vtable.shim}}::h048ce291ad4f62bf
[INFO] [stdout]                                at /rustc/6067b36314ab5eb2eb47cecc464545ba58e1ad24/library/core/src/ops/function.rs:250:5
[INFO] [stdout]   43:     0x60cb849d9feb - <alloc::boxed::Box<F,A> as core::ops::function::FnOnce<Args>>::call_once::ha52bedf99a3b4981
[INFO] [stdout]                                at /rustc/6067b36314ab5eb2eb47cecc464545ba58e1ad24/library/alloc/src/boxed.rs:2013:9
[INFO] [stdout]   44:     0x60cb849d9feb - <alloc::boxed::Box<F,A> as core::ops::function::FnOnce<Args>>::call_once::h567748934d80ccf8
[INFO] [stdout]                                at /rustc/6067b36314ab5eb2eb47cecc464545ba58e1ad24/library/alloc/src/boxed.rs:2013:9
[INFO] [stdout]   45:     0x60cb849d9feb - std::sys::pal::unix::thread::Thread::new::thread_start::h2d970728ae887adc
[INFO] [stdout]                                at /rustc/6067b36314ab5eb2eb47cecc464545ba58e1ad24/library/std/src/sys/pal/unix/thread.rs:106:17
[INFO] [stdout]   46:     0x72520d156ac3 - <unknown>
[INFO] [stdout]   47:     0x72520d1e7a04 - clone
[INFO] [stdout]   48:                0x0 - <unknown>
[INFO] [stdout] 
[INFO] [stdout] 
[INFO] [stdout] failures:
[INFO] [stdout]     storage::disk::tests::read_and_write_page
[INFO] [stdout] 
[INFO] [stdout] test result: FAILED. 5 passed; 1 failed; 0 ignored; 0 measured; 0 filtered out; finished in 0.09s
[INFO] [stdout] 
[INFO] [stderr] error: test failed, to rerun pass `--bin kzdb`
[INFO] running `Command { std: "docker" "inspect" "7fe3110abd454bb57af038739a8a021bb8fc5525f63e849add42551ed8c44c58", kill_on_drop: false }`
[INFO] running `Command { std: "docker" "rm" "-f" "7fe3110abd454bb57af038739a8a021bb8fc5525f63e849add42551ed8c44c58", kill_on_drop: false }`
[INFO] [stdout] 7fe3110abd454bb57af038739a8a021bb8fc5525f63e849add42551ed8c44c58
