[INFO] cloning repository https://github.com/kyrkjedelen/wpkg
[INFO] running `Command { std: "git" "-c" "credential.helper=" "-c" "credential.helper=/workspace/cargo-home/bin/git-credential-null" "clone" "--bare" "https://github.com/kyrkjedelen/wpkg" "/workspace/cache/git-repos/https%3A%2F%2Fgithub.com%2Fkyrkjedelen%2Fwpkg", kill_on_drop: false }`
[INFO] [stderr] Cloning into bare repository '/workspace/cache/git-repos/https%3A%2F%2Fgithub.com%2Fkyrkjedelen%2Fwpkg'...
[INFO] running `Command { std: "git" "rev-parse" "HEAD", kill_on_drop: false }`
[INFO] [stdout] a1f6119e7877676e3dd7ffd6da0f1bf660a380a3
[INFO] testing kyrkjedelen/wpkg against nightly-2025-01-18 for randomize-layout-2
[INFO] running `Command { std: "git" "clone" "/workspace/cache/git-repos/https%3A%2F%2Fgithub.com%2Fkyrkjedelen%2Fwpkg" "/workspace/builds/worker-4-tc1/source", kill_on_drop: false }`
[INFO] [stderr] Cloning into '/workspace/builds/worker-4-tc1/source'...
[INFO] [stderr] done.
[INFO] validating manifest of git repo https://github.com/kyrkjedelen/wpkg on toolchain nightly-2025-01-18
[INFO] running `Command { std: CARGO_HOME="/workspace/cargo-home" RUSTUP_HOME="/workspace/rustup-home" "/workspace/cargo-home/bin/cargo" "+nightly-2025-01-18" "metadata" "--manifest-path" "Cargo.toml" "--no-deps", kill_on_drop: false }`
[INFO] started tweaking git repo https://github.com/kyrkjedelen/wpkg
[INFO] finished tweaking git repo https://github.com/kyrkjedelen/wpkg
[INFO] tweaked toml for git repo https://github.com/kyrkjedelen/wpkg written to /workspace/builds/worker-4-tc1/source/Cargo.toml
[INFO] crate git repo https://github.com/kyrkjedelen/wpkg already has a lockfile, it will not be regenerated
[INFO] running `Command { std: CARGO_HOME="/workspace/cargo-home" RUSTUP_HOME="/workspace/rustup-home" "/workspace/cargo-home/bin/cargo" "+nightly-2025-01-18" "fetch" "--manifest-path" "Cargo.toml", kill_on_drop: false }`
[INFO] [stderr]     Updating crates.io index
[INFO] [stderr]  Downloading crates ...
[INFO] [stderr]   Downloaded fastrand v1.7.0
[INFO] [stderr]   Downloaded winreg v0.10.1
[INFO] [stderr]   Downloaded remove_dir_all v0.5.3
[INFO] [stderr]   Downloaded tempfile v3.3.0
[INFO] [stderr]   Downloaded want v0.3.0
[INFO] [stderr]   Downloaded openssl-macros v0.1.0
[INFO] [stderr]   Downloaded reqwest v0.11.11
[INFO] [stderr]   Downloaded futures-io v0.3.21
[INFO] [stderr]   Downloaded futures-core v0.3.21
[INFO] [stderr]   Downloaded http-body v0.4.5
[INFO] [stderr]   Downloaded futures-channel v0.3.21
[INFO] [stderr]   Downloaded base64 v0.13.0
[INFO] [stderr]   Downloaded tracing-core v0.1.28
[INFO] [stderr]   Downloaded hashbrown v0.12.1
[INFO] [stderr]   Downloaded http v0.2.8
[INFO] [stderr]   Downloaded futures-util v0.3.21
[INFO] [stderr]   Downloaded serde_json v1.0.82
[INFO] [stderr]   Downloaded h2 v0.3.13
[INFO] [stderr]   Downloaded wasm-bindgen v0.2.81
[INFO] [stderr]   Downloaded hyper v0.14.19
[INFO] [stderr]   Downloaded openssl v0.10.40
[INFO] [stderr]   Downloaded syn v1.0.98
[INFO] [stderr]   Downloaded idna v0.2.3
[INFO] [stderr]   Downloaded mio v0.8.4
[INFO] [stderr]   Downloaded unicode-normalization v0.1.21
[INFO] [stderr]   Downloaded tokio-util v0.7.3
[INFO] [stderr]   Downloaded url v2.2.2
[INFO] [stderr]   Downloaded js-sys v0.3.58
[INFO] [stderr]   Downloaded bumpalo v3.10.0
[INFO] [stderr]   Downloaded tracing v0.1.35
[INFO] [stderr]   Downloaded ryu v1.0.10
[INFO] [stderr]   Downloaded cc v1.0.73
[INFO] [stderr]   Downloaded openssl-sys v0.9.74
[INFO] [stderr]   Downloaded security-framework v2.6.1
[INFO] [stderr]   Downloaded indexmap v1.9.1
[INFO] [stderr]   Downloaded libc v0.2.126
[INFO] [stderr]   Downloaded schannel v0.1.20
[INFO] [stderr]   Downloaded tokio v1.19.2
[INFO] [stderr]   Downloaded bytes v1.1.0
[INFO] [stderr]   Downloaded socket2 v0.4.4
[INFO] [stderr]   Downloaded proc-macro2 v1.0.40
[INFO] [stderr]   Downloaded windows_aarch64_msvc v0.36.1
[INFO] [stderr]   Downloaded web-sys v0.3.58
[INFO] [stderr]   Downloaded windows_x86_64_msvc v0.36.1
[INFO] [stderr]   Downloaded windows_i686_msvc v0.36.1
[INFO] [stderr]   Downloaded quote v1.0.20
[INFO] [stderr]   Downloaded unicode-ident v1.0.1
[INFO] [stderr]   Downloaded windows_x86_64_gnu v0.36.1
[INFO] [stderr]   Downloaded windows_i686_gnu v0.36.1
[INFO] [stderr]   Downloaded wasm-bindgen-backend v0.2.81
[INFO] [stderr]   Downloaded redox_syscall v0.2.13
[INFO] [stderr]   Downloaded httparse v1.7.1
[INFO] [stderr]   Downloaded ipnet v2.5.0
[INFO] [stderr]   Downloaded core-foundation v0.9.3
[INFO] [stderr]   Downloaded native-tls v0.2.10
[INFO] [stderr]   Downloaded itoa v1.0.2
[INFO] [stderr]   Downloaded hermit-abi v0.1.19
[INFO] [stderr]   Downloaded num_cpus v1.13.1
[INFO] [stderr]   Downloaded once_cell v1.12.0
[INFO] [stderr]   Downloaded tokio-native-tls v0.3.0
[INFO] [stderr]   Downloaded unicode-bidi v0.3.8
[INFO] [stderr]   Downloaded matches v0.1.9
[INFO] [stderr]   Downloaded wasm-bindgen-futures v0.4.31
[INFO] [stderr]   Downloaded log v0.4.17
[INFO] [stderr]   Downloaded wasm-bindgen-macro-support v0.2.81
[INFO] [stderr]   Downloaded wasm-bindgen-macro v0.2.81
[INFO] [stderr]   Downloaded futures-task v0.3.21
[INFO] [stderr]   Downloaded encoding_rs v0.8.31
[INFO] [stderr]   Downloaded slab v0.4.6
[INFO] [stderr]   Downloaded futures-sink v0.3.21
[INFO] [stderr]   Downloaded httpdate v1.0.2
[INFO] [stderr]   Downloaded try-lock v0.2.3
[INFO] [stderr]   Downloaded hyper-tls v0.5.0
[INFO] [stderr]   Downloaded mime v0.3.16
[INFO] [stderr]   Downloaded pkg-config v0.3.25
[INFO] [stderr]   Downloaded core-foundation-sys v0.8.3
[INFO] [stderr]   Downloaded security-framework-sys v2.6.1
[INFO] [stderr]   Downloaded wasm-bindgen-shared v0.2.81
[INFO] [stderr]   Downloaded windows-sys v0.36.1
[INFO] [stderr]   Downloaded serde v1.0.138
[INFO] running `Command { std: "docker" "create" "-v" "/var/lib/crater-agent-workspace/builds/worker-4-tc1/target:/opt/rustwide/target:rw,Z" "-v" "/var/lib/crater-agent-workspace/builds/worker-4-tc1/source:/opt/rustwide/workdir:ro,Z" "-v" "/var/lib/crater-agent-workspace/cargo-home:/opt/rustwide/cargo-home:ro,Z" "-v" "/var/lib/crater-agent-workspace/rustup-home:/opt/rustwide/rustup-home:ro,Z" "-e" "SOURCE_DIR=/opt/rustwide/workdir" "-e" "CARGO_TARGET_DIR=/opt/rustwide/target" "-e" "CARGO_HOME=/opt/rustwide/cargo-home" "-e" "RUSTUP_HOME=/opt/rustwide/rustup-home" "-w" "/opt/rustwide/workdir" "-m" "1610612736" "--user" "0:0" "--network" "none" "ghcr.io/rust-lang/crates-build-env/linux@sha256:819108c5571ea2e421544af4d832f968d213c87fbe3707a016657f43d2f853bc" "/opt/rustwide/cargo-home/bin/cargo" "+nightly-2025-01-18" "metadata" "--no-deps" "--format-version=1", kill_on_drop: false }`
[INFO] [stdout] 5533d56a354c8f2855ebd95f8eaa369d41fc5efb9d3795238e95e7271b6fc288
[INFO] running `Command { std: "docker" "start" "-a" "5533d56a354c8f2855ebd95f8eaa369d41fc5efb9d3795238e95e7271b6fc288", kill_on_drop: false }`
[INFO] running `Command { std: "docker" "inspect" "5533d56a354c8f2855ebd95f8eaa369d41fc5efb9d3795238e95e7271b6fc288", kill_on_drop: false }`
[INFO] running `Command { std: "docker" "rm" "-f" "5533d56a354c8f2855ebd95f8eaa369d41fc5efb9d3795238e95e7271b6fc288", kill_on_drop: false }`
[INFO] [stdout] 5533d56a354c8f2855ebd95f8eaa369d41fc5efb9d3795238e95e7271b6fc288
[INFO] running `Command { std: "docker" "create" "-v" "/var/lib/crater-agent-workspace/builds/worker-4-tc1/target:/opt/rustwide/target:rw,Z" "-v" "/var/lib/crater-agent-workspace/builds/worker-4-tc1/source:/opt/rustwide/workdir:ro,Z" "-v" "/var/lib/crater-agent-workspace/cargo-home:/opt/rustwide/cargo-home:ro,Z" "-v" "/var/lib/crater-agent-workspace/rustup-home:/opt/rustwide/rustup-home:ro,Z" "-e" "SOURCE_DIR=/opt/rustwide/workdir" "-e" "CARGO_TARGET_DIR=/opt/rustwide/target" "-e" "CARGO_INCREMENTAL=0" "-e" "RUST_BACKTRACE=full" "-e" "RUSTFLAGS=--cap-lints=forbid" "-e" "RUSTDOCFLAGS=--cap-lints=forbid" "-e" "CARGO_HOME=/opt/rustwide/cargo-home" "-e" "RUSTUP_HOME=/opt/rustwide/rustup-home" "-w" "/opt/rustwide/workdir" "-m" "1610612736" "--user" "0:0" "--network" "none" "ghcr.io/rust-lang/crates-build-env/linux@sha256:819108c5571ea2e421544af4d832f968d213c87fbe3707a016657f43d2f853bc" "/opt/rustwide/cargo-home/bin/cargo" "+nightly-2025-01-18" "build" "--frozen" "--message-format=json", kill_on_drop: false }`
[INFO] [stdout] 1088914750d8efa8b253f354c0a74098f0ad08270c3ab70e960ae0b0bf136317
[INFO] running `Command { std: "docker" "start" "-a" "1088914750d8efa8b253f354c0a74098f0ad08270c3ab70e960ae0b0bf136317", kill_on_drop: false }`
[INFO] [stderr]    Compiling libc v0.2.126
[INFO] [stderr]    Compiling log v0.4.17
[INFO] [stderr]    Compiling once_cell v1.12.0
[INFO] [stderr]    Compiling proc-macro2 v1.0.40
[INFO] [stderr]    Compiling cc v1.0.73
[INFO] [stderr]    Compiling pkg-config v0.3.25
[INFO] [stderr]    Compiling quote v1.0.20
[INFO] [stderr]    Compiling bytes v1.1.0
[INFO] [stderr]    Compiling unicode-ident v1.0.1
[INFO] [stderr]    Compiling futures-core v0.3.21
[INFO] [stderr]    Compiling syn v1.0.98
[INFO] [stderr]    Compiling itoa v1.0.2
[INFO] [stderr]    Compiling futures-task v0.3.21
[INFO] [stderr]    Compiling indexmap v1.9.1
[INFO] [stderr]    Compiling fnv v1.0.7
[INFO] [stderr]    Compiling foreign-types-shared v0.1.1
[INFO] [stderr]    Compiling futures-util v0.3.21
[INFO] [stderr]    Compiling openssl v0.10.40
[INFO] [stderr]    Compiling tracing-core v0.1.28
[INFO] [stderr]    Compiling foreign-types v0.3.2
[INFO] [stderr]    Compiling httparse v1.7.1
[INFO] [stderr]    Compiling tinyvec_macros v0.1.0
[INFO] [stderr]    Compiling pin-utils v0.1.0
[INFO] [stderr]    Compiling slab v0.4.6
[INFO] [stderr]    Compiling futures-sink v0.3.21
[INFO] [stderr]    Compiling futures-channel v0.3.21
[INFO] [stderr]    Compiling hashbrown v0.12.1
[INFO] [stderr]    Compiling native-tls v0.2.10
[INFO] [stderr]    Compiling bitflags v1.3.2
[INFO] [stderr]    Compiling matches v0.1.9
[INFO] [stderr]    Compiling futures-io v0.3.21
[INFO] [stderr]    Compiling tinyvec v1.6.0
[INFO] [stderr]    Compiling percent-encoding v2.1.0
[INFO] [stderr]    Compiling openssl-probe v0.1.5
[INFO] [stderr]    Compiling serde v1.0.138
[INFO] [stderr]    Compiling try-lock v0.2.3
[INFO] [stderr]    Compiling http v0.2.8
[INFO] [stderr]    Compiling want v0.3.0
[INFO] [stderr]    Compiling form_urlencoded v1.0.1
[INFO] [stderr]    Compiling tower-service v0.3.2
[INFO] [stderr]    Compiling tracing v0.1.35
[INFO] [stderr]    Compiling encoding_rs v0.8.31
[INFO] [stderr]    Compiling unicode-bidi v0.3.8
[INFO] [stderr]    Compiling httpdate v1.0.2
[INFO] [stderr]    Compiling ryu v1.0.10
[INFO] [stderr]    Compiling base64 v0.13.0
[INFO] [stderr]    Compiling remove_dir_all v0.5.3
[INFO] [stderr]    Compiling openssl-sys v0.9.74
[INFO] [stderr]    Compiling fastrand v1.7.0
[INFO] [stderr]    Compiling mime v0.3.16
[INFO] [stderr]    Compiling ipnet v2.5.0
[INFO] [stderr]    Compiling http-body v0.4.5
[INFO] [stderr]    Compiling num_cpus v1.13.1
[INFO] [stderr]    Compiling socket2 v0.4.4
[INFO] [stderr]    Compiling mio v0.8.4
[INFO] [stderr]    Compiling tempfile v3.3.0
[INFO] [stderr]    Compiling unicode-normalization v0.1.21
[INFO] [stderr]    Compiling tokio v1.19.2
[INFO] [stderr]    Compiling idna v0.2.3
[INFO] [stderr]    Compiling url v2.2.2
[INFO] [stderr]    Compiling serde_urlencoded v0.7.1
[INFO] [stderr]    Compiling tokio-util v0.7.3
[INFO] [stderr]    Compiling openssl-macros v0.1.0
[INFO] [stderr]    Compiling h2 v0.3.13
[INFO] [stderr]    Compiling hyper v0.14.19
[INFO] [stderr]    Compiling tokio-native-tls v0.3.0
[INFO] [stderr]    Compiling hyper-tls v0.5.0
[INFO] [stderr]    Compiling reqwest v0.11.11
[INFO] [stderr]    Compiling vpkg v0.1.0 (/opt/rustwide/workdir)
[INFO] [stdout] warning: unused import: `io`
[INFO] [stdout]  --> src/lib.rs:1:12
[INFO] [stdout]   |
[INFO] [stdout] 1 | use std::{ io, env };
[INFO] [stdout]   |            ^^
[INFO] [stdout]   |
[INFO] [stdout]   = note: `#[warn(unused_imports)]` on by default
[INFO] [stdout] 
[INFO] [stdout] 
[INFO] [stdout] warning: unused variable: `url`
[INFO] [stdout]   --> src/lib.rs:24:25
[INFO] [stdout]    |
[INFO] [stdout] 24 |         Action::Install(url) => {
[INFO] [stdout]    |                         ^^^ help: if this is intentional, prefix it with an underscore: `_url`
[INFO] [stdout]    |
[INFO] [stdout]    = note: `#[warn(unused_variables)]` on by default
[INFO] [stdout] 
[INFO] [stdout] 
[INFO] [stdout] warning: constant `PROGRAM_NAME` is never used
[INFO] [stdout]  --> src/lib.rs:9:7
[INFO] [stdout]   |
[INFO] [stdout] 9 | const PROGRAM_NAME: &str = "wpkg";
[INFO] [stdout]   |       ^^^^^^^^^^^^
[INFO] [stdout]   |
[INFO] [stdout]   = note: `#[warn(dead_code)]` on by default
[INFO] [stdout] 
[INFO] [stdout] 
[INFO] [stdout] warning: constant `DEPENDENCIES` is never used
[INFO] [stdout]   --> src/lib.rs:11:7
[INFO] [stdout]    |
[INFO] [stdout] 11 | const DEPENDENCIES: [&str; 2] = [ "dpkg", "apt" ];
[INFO] [stdout]    |       ^^^^^^^^^^^^
[INFO] [stdout] 
[INFO] [stdout] 
[INFO] [stdout] warning: constant `NEEDED_PATHS` is never used
[INFO] [stdout]   --> src/lib.rs:13:7
[INFO] [stdout]    |
[INFO] [stdout] 13 | const NEEDED_PATHS: [&str; 2] = [ 
[INFO] [stdout]    |       ^^^^^^^^^^^^
[INFO] [stdout] 
[INFO] [stdout] 
[INFO] [stdout] warning: constant `FOLDER_PATH` is never used
[INFO] [stdout]   --> src/lib.rs:18:7
[INFO] [stdout]    |
[INFO] [stdout] 18 | const FOLDER_PATH: &str = NEEDED_PATHS[0];
[INFO] [stdout]    |       ^^^^^^^^^^^
[INFO] [stdout] 
[INFO] [stdout] 
[INFO] [stdout] warning: constant `CONFIG_PATH` is never used
[INFO] [stdout]   --> src/lib.rs:19:7
[INFO] [stdout]    |
[INFO] [stdout] 19 | const CONFIG_PATH: &str = NEEDED_PATHS[1];
[INFO] [stdout]    |       ^^^^^^^^^^^
[INFO] [stdout] 
[INFO] [stdout] 
[INFO] [stdout] warning: struct `Package` is never constructed
[INFO] [stdout]   --> src/configmanip.rs:11:12
[INFO] [stdout]    |
[INFO] [stdout] 11 | pub struct Package {
[INFO] [stdout]    |            ^^^^^^^
[INFO] [stdout] 
[INFO] [stdout] 
[INFO] [stdout] warning: associated items `as_string` and `new` are never used
[INFO] [stdout]   --> src/configmanip.rs:18:8
[INFO] [stdout]    |
[INFO] [stdout] 17 | impl Package {
[INFO] [stdout]    | ------------ associated items in this implementation
[INFO] [stdout] 18 |     fn as_string(&self) -> String {
[INFO] [stdout]    |        ^^^^^^^^^
[INFO] [stdout] ...
[INFO] [stdout] 21 |     fn new(name: String, url: String, is_active: bool) -> Self {
[INFO] [stdout]    |        ^^^
[INFO] [stdout] 
[INFO] [stdout] 
[INFO] [stdout] warning: function `add_package_to_config_file` is never used
[INFO] [stdout]   --> src/configmanip.rs:26:8
[INFO] [stdout]    |
[INFO] [stdout] 26 | pub fn add_package_to_config_file(new_package: Package) -> Result<(), Box<dyn Error>> {
[INFO] [stdout]    |        ^^^^^^^^^^^^^^^^^^^^^^^^^^
[INFO] [stdout] 
[INFO] [stdout] 
[INFO] [stdout] warning: function `make_package_from_string` is never used
[INFO] [stdout]   --> src/configmanip.rs:67:4
[INFO] [stdout]    |
[INFO] [stdout] 67 | fn make_package_from_string(string: &str) -> Option<Package> {
[INFO] [stdout]    |    ^^^^^^^^^^^^^^^^^^^^^^^^
[INFO] [stdout] 
[INFO] [stdout] 
[INFO] [stdout] warning: trait `ErrorKind` is never used
[INFO] [stdout]  --> src/error/mod.rs:4:7
[INFO] [stdout]   |
[INFO] [stdout] 4 | trait ErrorKind {
[INFO] [stdout]   |       ^^^^^^^^^
[INFO] [stdout] 
[INFO] [stdout] 
[INFO] [stdout] warning: trait `Error` is never used
[INFO] [stdout]  --> src/error/mod.rs:9:7
[INFO] [stdout]   |
[INFO] [stdout] 9 | trait Error: StdError {
[INFO] [stdout]   |       ^^^^^
[INFO] [stdout] 
[INFO] [stdout] 
[INFO] [stdout] warning: variants `NotDeb` and `NoName` are never constructed
[INFO] [stdout]  --> src/error/deberror.rs:5:5
[INFO] [stdout]   |
[INFO] [stdout] 4 | pub enum ErrorKind {
[INFO] [stdout]   |          --------- variants in this enum
[INFO] [stdout] 5 |     NotDeb,
[INFO] [stdout]   |     ^^^^^^
[INFO] [stdout] 6 |     NoName,
[INFO] [stdout]   |     ^^^^^^
[INFO] [stdout] 
[INFO] [stdout] 
[INFO] [stdout] warning: associated function `new` is never used
[INFO] [stdout]   --> src/error/deberror.rs:23:12
[INFO] [stdout]    |
[INFO] [stdout] 22 | impl<T> Error<T> {
[INFO] [stdout]    | ---------------- associated function in this implementation
[INFO] [stdout] 23 |     pub fn new(kind: ErrorKind, error: T) -> Self {
[INFO] [stdout]    |            ^^^
[INFO] [stdout] 
[INFO] [stdout] 
[INFO] [stdout] warning: variant `BadPackage` is never constructed
[INFO] [stdout]  --> src/error/configerror.rs:5:5
[INFO] [stdout]   |
[INFO] [stdout] 4 | pub enum ErrorKind {
[INFO] [stdout]   |          --------- variant in this enum
[INFO] [stdout] 5 |     BadPackage,
[INFO] [stdout]   |     ^^^^^^^^^^
[INFO] [stdout] 
[INFO] [stdout] 
[INFO] [stdout] warning: associated function `new` is never used
[INFO] [stdout]   --> src/error/configerror.rs:21:12
[INFO] [stdout]    |
[INFO] [stdout] 20 | impl<T> Error<T> {
[INFO] [stdout]    | ---------------- associated function in this implementation
[INFO] [stdout] 21 |     pub fn new(kind: ErrorKind, error: T) -> Self {
[INFO] [stdout]    |            ^^^
[INFO] [stdout] 
[INFO] [stdout] 
[INFO] [stdout] warning: function `find_deb_name` is never used
[INFO] [stdout]   --> src/debmanip.rs:15:4
[INFO] [stdout]    |
[INFO] [stdout] 15 | fn find_deb_name(path: &Path) -> Result<String, Box<dyn StdError>> {
[INFO] [stdout]    |    ^^^^^^^^^^^^^
[INFO] [stdout] 
[INFO] [stdout] 
[INFO] [stdout] warning: function `download_deb` is never used
[INFO] [stdout]   --> src/debmanip.rs:75:4
[INFO] [stdout]    |
[INFO] [stdout] 75 | fn download_deb(url: &str) -> Result<(), Box<dyn StdError>> {
[INFO] [stdout]    |    ^^^^^^^^^^^^
[INFO] [stdout] 
[INFO] [stdout] 
[INFO] [stdout] warning: unused import: `Path`
[INFO] [stdout]  --> src/main.rs:3:18
[INFO] [stdout]   |
[INFO] [stdout] 3 | use std::path::{ Path };
[INFO] [stdout]   |                  ^^^^
[INFO] [stdout]   |
[INFO] [stdout]   = note: `#[warn(unused_imports)]` on by default
[INFO] [stdout] 
[INFO] [stdout] 
[INFO] [stderr]     Finished `dev` profile [unoptimized + debuginfo] target(s) in 31.45s
[INFO] running `Command { std: "docker" "inspect" "1088914750d8efa8b253f354c0a74098f0ad08270c3ab70e960ae0b0bf136317", kill_on_drop: false }`
[INFO] running `Command { std: "docker" "rm" "-f" "1088914750d8efa8b253f354c0a74098f0ad08270c3ab70e960ae0b0bf136317", kill_on_drop: false }`
[INFO] [stdout] 1088914750d8efa8b253f354c0a74098f0ad08270c3ab70e960ae0b0bf136317
[INFO] running `Command { std: "docker" "create" "-v" "/var/lib/crater-agent-workspace/builds/worker-4-tc1/target:/opt/rustwide/target:rw,Z" "-v" "/var/lib/crater-agent-workspace/builds/worker-4-tc1/source:/opt/rustwide/workdir:ro,Z" "-v" "/var/lib/crater-agent-workspace/cargo-home:/opt/rustwide/cargo-home:ro,Z" "-v" "/var/lib/crater-agent-workspace/rustup-home:/opt/rustwide/rustup-home:ro,Z" "-e" "SOURCE_DIR=/opt/rustwide/workdir" "-e" "CARGO_TARGET_DIR=/opt/rustwide/target" "-e" "CARGO_INCREMENTAL=0" "-e" "RUST_BACKTRACE=full" "-e" "RUSTFLAGS=--cap-lints=forbid" "-e" "RUSTDOCFLAGS=--cap-lints=forbid" "-e" "CARGO_HOME=/opt/rustwide/cargo-home" "-e" "RUSTUP_HOME=/opt/rustwide/rustup-home" "-w" "/opt/rustwide/workdir" "-m" "1610612736" "--user" "0:0" "--network" "none" "ghcr.io/rust-lang/crates-build-env/linux@sha256:819108c5571ea2e421544af4d832f968d213c87fbe3707a016657f43d2f853bc" "/opt/rustwide/cargo-home/bin/cargo" "+nightly-2025-01-18" "test" "--frozen" "--no-run" "--message-format=json", kill_on_drop: false }`
[INFO] [stdout] 468979b2f4caba174b472eccc3bff20c57d5a7b2b00b0918be04cd6c47c1b259
[INFO] running `Command { std: "docker" "start" "-a" "468979b2f4caba174b472eccc3bff20c57d5a7b2b00b0918be04cd6c47c1b259", kill_on_drop: false }`
[INFO] [stderr]    Compiling vpkg v0.1.0 (/opt/rustwide/workdir)
[INFO] [stdout] warning: unused import: `io`
[INFO] [stdout]  --> src/lib.rs:1:12
[INFO] [stdout]   |
[INFO] [stdout] 1 | use std::{ io, env };
[INFO] [stdout]   |            ^^
[INFO] [stdout]   |
[INFO] [stdout]   = note: `#[warn(unused_imports)]` on by default
[INFO] [stdout] 
[INFO] [stdout] 
[INFO] [stdout] warning: unused variable: `url`
[INFO] [stdout]   --> src/lib.rs:24:25
[INFO] [stdout]    |
[INFO] [stdout] 24 |         Action::Install(url) => {
[INFO] [stdout]    |                         ^^^ help: if this is intentional, prefix it with an underscore: `_url`
[INFO] [stdout]    |
[INFO] [stdout]    = note: `#[warn(unused_variables)]` on by default
[INFO] [stdout] 
[INFO] [stdout] 
[INFO] [stdout] warning: constant `PROGRAM_NAME` is never used
[INFO] [stdout]  --> src/lib.rs:9:7
[INFO] [stdout]   |
[INFO] [stdout] 9 | const PROGRAM_NAME: &str = "wpkg";
[INFO] [stdout]   |       ^^^^^^^^^^^^
[INFO] [stdout]   |
[INFO] [stdout]   = note: `#[warn(dead_code)]` on by default
[INFO] [stdout] 
[INFO] [stdout] 
[INFO] [stdout] warning: constant `DEPENDENCIES` is never used
[INFO] [stdout]   --> src/lib.rs:11:7
[INFO] [stdout]    |
[INFO] [stdout] 11 | const DEPENDENCIES: [&str; 2] = [ "dpkg", "apt" ];
[INFO] [stdout]    |       ^^^^^^^^^^^^
[INFO] [stdout] 
[INFO] [stdout] 
[INFO] [stdout] warning: constant `NEEDED_PATHS` is never used
[INFO] [stdout]   --> src/lib.rs:13:7
[INFO] [stdout]    |
[INFO] [stdout] 13 | const NEEDED_PATHS: [&str; 2] = [ 
[INFO] [stdout]    |       ^^^^^^^^^^^^
[INFO] [stdout] 
[INFO] [stdout] 
[INFO] [stdout] warning: constant `FOLDER_PATH` is never used
[INFO] [stdout]   --> src/lib.rs:18:7
[INFO] [stdout]    |
[INFO] [stdout] 18 | const FOLDER_PATH: &str = NEEDED_PATHS[0];
[INFO] [stdout]    |       ^^^^^^^^^^^
[INFO] [stdout] 
[INFO] [stdout] 
[INFO] [stdout] warning: constant `CONFIG_PATH` is never used
[INFO] [stdout]   --> src/lib.rs:19:7
[INFO] [stdout]    |
[INFO] [stdout] 19 | const CONFIG_PATH: &str = NEEDED_PATHS[1];
[INFO] [stdout]    |       ^^^^^^^^^^^
[INFO] [stdout] 
[INFO] [stdout] 
[INFO] [stdout] warning: struct `Package` is never constructed
[INFO] [stdout]   --> src/configmanip.rs:11:12
[INFO] [stdout]    |
[INFO] [stdout] 11 | pub struct Package {
[INFO] [stdout]    |            ^^^^^^^
[INFO] [stdout] 
[INFO] [stdout] 
[INFO] [stdout] warning: associated items `as_string` and `new` are never used
[INFO] [stdout]   --> src/configmanip.rs:18:8
[INFO] [stdout]    |
[INFO] [stdout] 17 | impl Package {
[INFO] [stdout]    | ------------ associated items in this implementation
[INFO] [stdout] 18 |     fn as_string(&self) -> String {
[INFO] [stdout]    |        ^^^^^^^^^
[INFO] [stdout] ...
[INFO] [stdout] 21 |     fn new(name: String, url: String, is_active: bool) -> Self {
[INFO] [stdout]    |        ^^^
[INFO] [stdout] 
[INFO] [stdout] 
[INFO] [stdout] warning: function `add_package_to_config_file` is never used
[INFO] [stdout]   --> src/configmanip.rs:26:8
[INFO] [stdout]    |
[INFO] [stdout] 26 | pub fn add_package_to_config_file(new_package: Package) -> Result<(), Box<dyn Error>> {
[INFO] [stdout]    |        ^^^^^^^^^^^^^^^^^^^^^^^^^^
[INFO] [stdout] 
[INFO] [stdout] 
[INFO] [stdout] warning: function `make_package_from_string` is never used
[INFO] [stdout]   --> src/configmanip.rs:67:4
[INFO] [stdout]    |
[INFO] [stdout] 67 | fn make_package_from_string(string: &str) -> Option<Package> {
[INFO] [stdout]    |    ^^^^^^^^^^^^^^^^^^^^^^^^
[INFO] [stdout] 
[INFO] [stdout] 
[INFO] [stdout] warning: trait `ErrorKind` is never used
[INFO] [stdout]  --> src/error/mod.rs:4:7
[INFO] [stdout]   |
[INFO] [stdout] 4 | trait ErrorKind {
[INFO] [stdout]   |       ^^^^^^^^^
[INFO] [stdout] 
[INFO] [stdout] 
[INFO] [stdout] warning: trait `Error` is never used
[INFO] [stdout]  --> src/error/mod.rs:9:7
[INFO] [stdout]   |
[INFO] [stdout] 9 | trait Error: StdError {
[INFO] [stdout]   |       ^^^^^
[INFO] [stdout] 
[INFO] [stdout] 
[INFO] [stdout] warning: variants `NotDeb` and `NoName` are never constructed
[INFO] [stdout]  --> src/error/deberror.rs:5:5
[INFO] [stdout]   |
[INFO] [stdout] 4 | pub enum ErrorKind {
[INFO] [stdout]   |          --------- variants in this enum
[INFO] [stdout] 5 |     NotDeb,
[INFO] [stdout]   |     ^^^^^^
[INFO] [stdout] 6 |     NoName,
[INFO] [stdout]   |     ^^^^^^
[INFO] [stdout] 
[INFO] [stdout] 
[INFO] [stdout] warning: associated function `new` is never used
[INFO] [stdout]   --> src/error/deberror.rs:23:12
[INFO] [stdout]    |
[INFO] [stdout] 22 | impl<T> Error<T> {
[INFO] [stdout]    | ---------------- associated function in this implementation
[INFO] [stdout] 23 |     pub fn new(kind: ErrorKind, error: T) -> Self {
[INFO] [stdout]    |            ^^^
[INFO] [stdout] 
[INFO] [stdout] 
[INFO] [stdout] warning: variant `BadPackage` is never constructed
[INFO] [stdout]  --> src/error/configerror.rs:5:5
[INFO] [stdout]   |
[INFO] [stdout] 4 | pub enum ErrorKind {
[INFO] [stdout]   |          --------- variant in this enum
[INFO] [stdout] 5 |     BadPackage,
[INFO] [stdout]   |     ^^^^^^^^^^
[INFO] [stdout] 
[INFO] [stdout] 
[INFO] [stdout] warning: associated function `new` is never used
[INFO] [stdout]   --> src/error/configerror.rs:21:12
[INFO] [stdout]    |
[INFO] [stdout] 20 | impl<T> Error<T> {
[INFO] [stdout]    | ---------------- associated function in this implementation
[INFO] [stdout] 21 |     pub fn new(kind: ErrorKind, error: T) -> Self {
[INFO] [stdout]    |            ^^^
[INFO] [stdout] 
[INFO] [stdout] 
[INFO] [stdout] warning: function `find_deb_name` is never used
[INFO] [stdout]   --> src/debmanip.rs:15:4
[INFO] [stdout]    |
[INFO] [stdout] 15 | fn find_deb_name(path: &Path) -> Result<String, Box<dyn StdError>> {
[INFO] [stdout]    |    ^^^^^^^^^^^^^
[INFO] [stdout] 
[INFO] [stdout] 
[INFO] [stdout] warning: function `download_deb` is never used
[INFO] [stdout]   --> src/debmanip.rs:75:4
[INFO] [stdout]    |
[INFO] [stdout] 75 | fn download_deb(url: &str) -> Result<(), Box<dyn StdError>> {
[INFO] [stdout]    |    ^^^^^^^^^^^^
[INFO] [stdout] 
[INFO] [stdout] 
[INFO] [stdout] warning: unused import: `io`
[INFO] [stdout]  --> src/lib.rs:1:12
[INFO] [stdout]   |
[INFO] [stdout] 1 | use std::{ io, env };
[INFO] [stdout]   |            ^^
[INFO] [stdout]   |
[INFO] [stdout]   = note: `#[warn(unused_imports)]` on by default
[INFO] [stdout] 
[INFO] [stdout] 
[INFO] [stdout] warning: unused import: `Path`
[INFO] [stdout]  --> src/main.rs:3:18
[INFO] [stdout]   |
[INFO] [stdout] 3 | use std::path::{ Path };
[INFO] [stdout]   |                  ^^^^
[INFO] [stdout]   |
[INFO] [stdout]   = note: `#[warn(unused_imports)]` on by default
[INFO] [stdout] 
[INFO] [stdout] 
[INFO] [stdout] warning: unused variable: `url`
[INFO] [stdout]   --> src/lib.rs:24:25
[INFO] [stdout]    |
[INFO] [stdout] 24 |         Action::Install(url) => {
[INFO] [stdout]    |                         ^^^ help: if this is intentional, prefix it with an underscore: `_url`
[INFO] [stdout]    |
[INFO] [stdout]    = note: `#[warn(unused_variables)]` on by default
[INFO] [stdout] 
[INFO] [stdout] 
[INFO] [stdout] warning: constant `PROGRAM_NAME` is never used
[INFO] [stdout]  --> src/lib.rs:9:7
[INFO] [stdout]   |
[INFO] [stdout] 9 | const PROGRAM_NAME: &str = "wpkg";
[INFO] [stdout]   |       ^^^^^^^^^^^^
[INFO] [stdout]   |
[INFO] [stdout]   = note: `#[warn(dead_code)]` on by default
[INFO] [stdout] 
[INFO] [stdout] 
[INFO] [stdout] warning: constant `DEPENDENCIES` is never used
[INFO] [stdout]   --> src/lib.rs:11:7
[INFO] [stdout]    |
[INFO] [stdout] 11 | const DEPENDENCIES: [&str; 2] = [ "dpkg", "apt" ];
[INFO] [stdout]    |       ^^^^^^^^^^^^
[INFO] [stdout] 
[INFO] [stdout] 
[INFO] [stdout] warning: constant `NEEDED_PATHS` is never used
[INFO] [stdout]   --> src/lib.rs:13:7
[INFO] [stdout]    |
[INFO] [stdout] 13 | const NEEDED_PATHS: [&str; 2] = [ 
[INFO] [stdout]    |       ^^^^^^^^^^^^
[INFO] [stdout] 
[INFO] [stdout] 
[INFO] [stdout] warning: constant `FOLDER_PATH` is never used
[INFO] [stdout]   --> src/lib.rs:18:7
[INFO] [stdout]    |
[INFO] [stdout] 18 | const FOLDER_PATH: &str = NEEDED_PATHS[0];
[INFO] [stdout]    |       ^^^^^^^^^^^
[INFO] [stdout] 
[INFO] [stdout] 
[INFO] [stdout] warning: constant `CONFIG_PATH` is never used
[INFO] [stdout]   --> src/lib.rs:19:7
[INFO] [stdout]    |
[INFO] [stdout] 19 | const CONFIG_PATH: &str = NEEDED_PATHS[1];
[INFO] [stdout]    |       ^^^^^^^^^^^
[INFO] [stdout] 
[INFO] [stdout] 
[INFO] [stdout] warning: method `as_string` is never used
[INFO] [stdout]   --> src/configmanip.rs:18:8
[INFO] [stdout]    |
[INFO] [stdout] 17 | impl Package {
[INFO] [stdout]    | ------------ method in this implementation
[INFO] [stdout] 18 |     fn as_string(&self) -> String {
[INFO] [stdout]    |        ^^^^^^^^^
[INFO] [stdout] 
[INFO] [stdout] 
[INFO] [stdout] warning: function `add_package_to_config_file` is never used
[INFO] [stdout]   --> src/configmanip.rs:26:8
[INFO] [stdout]    |
[INFO] [stdout] 26 | pub fn add_package_to_config_file(new_package: Package) -> Result<(), Box<dyn Error>> {
[INFO] [stdout]    |        ^^^^^^^^^^^^^^^^^^^^^^^^^^
[INFO] [stdout] 
[INFO] [stdout] 
[INFO] [stdout] warning: trait `ErrorKind` is never used
[INFO] [stdout]  --> src/error/mod.rs:4:7
[INFO] [stdout]   |
[INFO] [stdout] 4 | trait ErrorKind {
[INFO] [stdout]   |       ^^^^^^^^^
[INFO] [stdout] 
[INFO] [stdout] 
[INFO] [stdout] warning: trait `Error` is never used
[INFO] [stdout]  --> src/error/mod.rs:9:7
[INFO] [stdout]   |
[INFO] [stdout] 9 | trait Error: StdError {
[INFO] [stdout]   |       ^^^^^
[INFO] [stdout] 
[INFO] [stdout] 
[INFO] [stdout] warning: variant `BadPackage` is never constructed
[INFO] [stdout]  --> src/error/configerror.rs:5:5
[INFO] [stdout]   |
[INFO] [stdout] 4 | pub enum ErrorKind {
[INFO] [stdout]   |          --------- variant in this enum
[INFO] [stdout] 5 |     BadPackage,
[INFO] [stdout]   |     ^^^^^^^^^^
[INFO] [stdout] 
[INFO] [stdout] 
[INFO] [stdout] warning: associated function `new` is never used
[INFO] [stdout]   --> src/error/configerror.rs:21:12
[INFO] [stdout]    |
[INFO] [stdout] 20 | impl<T> Error<T> {
[INFO] [stdout]    | ---------------- associated function in this implementation
[INFO] [stdout] 21 |     pub fn new(kind: ErrorKind, error: T) -> Self {
[INFO] [stdout]    |            ^^^
[INFO] [stdout] 
[INFO] [stdout] 
[INFO] [stdout] warning: function `download_deb` is never used
[INFO] [stdout]   --> src/debmanip.rs:75:4
[INFO] [stdout]    |
[INFO] [stdout] 75 | fn download_deb(url: &str) -> Result<(), Box<dyn StdError>> {
[INFO] [stdout]    |    ^^^^^^^^^^^^
[INFO] [stdout] 
[INFO] [stdout] 
[INFO] [stderr]     Finished `test` profile [unoptimized + debuginfo] target(s) in 1.01s
[INFO] running `Command { std: "docker" "inspect" "468979b2f4caba174b472eccc3bff20c57d5a7b2b00b0918be04cd6c47c1b259", kill_on_drop: false }`
[INFO] running `Command { std: "docker" "rm" "-f" "468979b2f4caba174b472eccc3bff20c57d5a7b2b00b0918be04cd6c47c1b259", kill_on_drop: false }`
[INFO] [stdout] 468979b2f4caba174b472eccc3bff20c57d5a7b2b00b0918be04cd6c47c1b259
[INFO] running `Command { std: "docker" "create" "-v" "/var/lib/crater-agent-workspace/builds/worker-4-tc1/target:/opt/rustwide/target:rw,Z" "-v" "/var/lib/crater-agent-workspace/builds/worker-4-tc1/source:/opt/rustwide/workdir:ro,Z" "-v" "/var/lib/crater-agent-workspace/cargo-home:/opt/rustwide/cargo-home:ro,Z" "-v" "/var/lib/crater-agent-workspace/rustup-home:/opt/rustwide/rustup-home:ro,Z" "-e" "SOURCE_DIR=/opt/rustwide/workdir" "-e" "CARGO_TARGET_DIR=/opt/rustwide/target" "-e" "CARGO_INCREMENTAL=0" "-e" "RUST_BACKTRACE=full" "-e" "RUSTFLAGS=--cap-lints=forbid" "-e" "RUSTDOCFLAGS=--cap-lints=forbid" "-e" "CARGO_HOME=/opt/rustwide/cargo-home" "-e" "RUSTUP_HOME=/opt/rustwide/rustup-home" "-w" "/opt/rustwide/workdir" "-m" "1610612736" "--user" "0:0" "--network" "none" "ghcr.io/rust-lang/crates-build-env/linux@sha256:819108c5571ea2e421544af4d832f968d213c87fbe3707a016657f43d2f853bc" "/opt/rustwide/cargo-home/bin/cargo" "+nightly-2025-01-18" "test" "--frozen", kill_on_drop: false }`
[INFO] [stdout] b60fa05a436a06b11345083fb16af9bfe04a2012c86fbd9ae847fa1ad0818635
[INFO] running `Command { std: "docker" "start" "-a" "b60fa05a436a06b11345083fb16af9bfe04a2012c86fbd9ae847fa1ad0818635", kill_on_drop: false }`
[INFO] [stderr] warning: unused import: `io`
[INFO] [stderr]  --> src/lib.rs:1:12
[INFO] [stderr]   |
[INFO] [stderr] 1 | use std::{ io, env };
[INFO] [stderr]   |            ^^
[INFO] [stderr]   |
[INFO] [stderr]   = note: `#[warn(unused_imports)]` on by default
[INFO] [stderr] 
[INFO] [stderr] warning: unused variable: `url`
[INFO] [stderr]   --> src/lib.rs:24:25
[INFO] [stderr]    |
[INFO] [stderr] 24 |         Action::Install(url) => {
[INFO] [stderr]    |                         ^^^ help: if this is intentional, prefix it with an underscore: `_url`
[INFO] [stderr]    |
[INFO] [stderr]    = note: `#[warn(unused_variables)]` on by default
[INFO] [stderr] 
[INFO] [stderr] warning: constant `PROGRAM_NAME` is never used
[INFO] [stderr]  --> src/lib.rs:9:7
[INFO] [stderr]   |
[INFO] [stderr] 9 | const PROGRAM_NAME: &str = "wpkg";
[INFO] [stderr]   |       ^^^^^^^^^^^^
[INFO] [stderr]   |
[INFO] [stderr]   = note: `#[warn(dead_code)]` on by default
[INFO] [stderr] 
[INFO] [stderr] warning: constant `DEPENDENCIES` is never used
[INFO] [stderr]   --> src/lib.rs:11:7
[INFO] [stderr]    |
[INFO] [stderr] 11 | const DEPENDENCIES: [&str; 2] = [ "dpkg", "apt" ];
[INFO] [stderr]    |       ^^^^^^^^^^^^
[INFO] [stderr] 
[INFO] [stderr] warning: constant `NEEDED_PATHS` is never used
[INFO] [stderr]   --> src/lib.rs:13:7
[INFO] [stderr]    |
[INFO] [stderr] 13 | const NEEDED_PATHS: [&str; 2] = [ 
[INFO] [stderr]    |       ^^^^^^^^^^^^
[INFO] [stderr] 
[INFO] [stderr] warning: constant `FOLDER_PATH` is never used
[INFO] [stderr]   --> src/lib.rs:18:7
[INFO] [stderr]    |
[INFO] [stderr] 18 | const FOLDER_PATH: &str = NEEDED_PATHS[0];
[INFO] [stderr]    |       ^^^^^^^^^^^
[INFO] [stderr] 
[INFO] [stderr] warning: constant `CONFIG_PATH` is never used
[INFO] [stderr]   --> src/lib.rs:19:7
[INFO] [stderr]    |
[INFO] [stderr] 19 | const CONFIG_PATH: &str = NEEDED_PATHS[1];
[INFO] [stderr]    |       ^^^^^^^^^^^
[INFO] [stderr] 
[INFO] [stderr] warning: struct `Package` is never constructed
[INFO] [stderr]   --> src/configmanip.rs:11:12
[INFO] [stderr]    |
[INFO] [stderr] 11 | pub struct Package {
[INFO] [stderr]    |            ^^^^^^^
[INFO] [stderr] 
[INFO] [stderr] warning: associated items `as_string` and `new` are never used
[INFO] [stderr]   --> src/configmanip.rs:18:8
[INFO] [stderr]    |
[INFO] [stderr] 17 | impl Package {
[INFO] [stderr]    | ------------ associated items in this implementation
[INFO] [stderr] 18 |     fn as_string(&self) -> String {
[INFO] [stderr]    |        ^^^^^^^^^
[INFO] [stderr] ...
[INFO] [stderr] 21 |     fn new(name: String, url: String, is_active: bool) -> Self {
[INFO] [stderr]    |        ^^^
[INFO] [stderr] 
[INFO] [stderr] warning: function `add_package_to_config_file` is never used
[INFO] [stderr]   --> src/configmanip.rs:26:8
[INFO] [stderr]    |
[INFO] [stderr] 26 | pub fn add_package_to_config_file(new_package: Package) -> Result<(), Box<dyn Error>> {
[INFO] [stderr]    |        ^^^^^^^^^^^^^^^^^^^^^^^^^^
[INFO] [stderr] 
[INFO] [stderr] warning: function `make_package_from_string` is never used
[INFO] [stderr]   --> src/configmanip.rs:67:4
[INFO] [stderr]    |
[INFO] [stderr] 67 | fn make_package_from_string(string: &str) -> Option<Package> {
[INFO] [stderr]    |    ^^^^^^^^^^^^^^^^^^^^^^^^
[INFO] [stderr] 
[INFO] [stderr] warning: trait `ErrorKind` is never used
[INFO] [stderr]  --> src/error/mod.rs:4:7
[INFO] [stderr]   |
[INFO] [stderr] 4 | trait ErrorKind {
[INFO] [stderr]   |       ^^^^^^^^^
[INFO] [stderr] 
[INFO] [stderr] warning: trait `Error` is never used
[INFO] [stderr]  --> src/error/mod.rs:9:7
[INFO] [stderr]   |
[INFO] [stderr] 9 | trait Error: StdError {
[INFO] [stderr]   |       ^^^^^
[INFO] [stderr] 
[INFO] [stderr] warning: variants `NotDeb` and `NoName` are never constructed
[INFO] [stderr]  --> src/error/deberror.rs:5:5
[INFO] [stderr]   |
[INFO] [stderr] 4 | pub enum ErrorKind {
[INFO] [stderr]   |          --------- variants in this enum
[INFO] [stderr] 5 |     NotDeb,
[INFO] [stderr]   |     ^^^^^^
[INFO] [stderr] 6 |     NoName,
[INFO] [stderr]   |     ^^^^^^
[INFO] [stderr] 
[INFO] [stderr] warning: associated function `new` is never used
[INFO] [stderr]   --> src/error/deberror.rs:23:12
[INFO] [stderr]    |
[INFO] [stderr] 22 | impl<T> Error<T> {
[INFO] [stderr]    | ---------------- associated function in this implementation
[INFO] [stderr] 23 |     pub fn new(kind: ErrorKind, error: T) -> Self {
[INFO] [stderr]    |            ^^^
[INFO] [stderr] 
[INFO] [stderr] warning: variant `BadPackage` is never constructed
[INFO] [stderr]  --> src/error/configerror.rs:5:5
[INFO] [stderr]   |
[INFO] [stderr] 4 | pub enum ErrorKind {
[INFO] [stderr]   |          --------- variant in this enum
[INFO] [stderr] 5 |     BadPackage,
[INFO] [stderr]   |     ^^^^^^^^^^
[INFO] [stderr] 
[INFO] [stderr] warning: associated function `new` is never used
[INFO] [stderr]   --> src/error/configerror.rs:21:12
[INFO] [stderr]    |
[INFO] [stderr] 20 | impl<T> Error<T> {
[INFO] [stderr]    | ---------------- associated function in this implementation
[INFO] [stderr] 21 |     pub fn new(kind: ErrorKind, error: T) -> Self {
[INFO] [stderr]    |            ^^^
[INFO] [stderr] 
[INFO] [stderr] warning: function `find_deb_name` is never used
[INFO] [stderr]   --> src/debmanip.rs:15:4
[INFO] [stderr]    |
[INFO] [stderr] 15 | fn find_deb_name(path: &Path) -> Result<String, Box<dyn StdError>> {
[INFO] [stderr]    |    ^^^^^^^^^^^^^
[INFO] [stderr] 
[INFO] [stderr] warning: function `download_deb` is never used
[INFO] [stderr]   --> src/debmanip.rs:75:4
[INFO] [stderr]    |
[INFO] [stderr] 75 | fn download_deb(url: &str) -> Result<(), Box<dyn StdError>> {
[INFO] [stderr]    |    ^^^^^^^^^^^^
[INFO] [stderr] 
[INFO] [stderr] warning: method `as_string` is never used
[INFO] [stderr]   --> src/configmanip.rs:18:8
[INFO] [stderr]    |
[INFO] [stderr] 17 | impl Package {
[INFO] [stderr]    | ------------ method in this implementation
[INFO] [stderr] 18 |     fn as_string(&self) -> String {
[INFO] [stderr]    |        ^^^^^^^^^
[INFO] [stderr] 
[INFO] [stderr] warning: `vpkg` (lib) generated 19 warnings (run `cargo fix --lib -p vpkg` to apply 1 suggestion)
[INFO] [stderr] warning: `vpkg` (lib test) generated 14 warnings (13 duplicates)
[INFO] [stderr] warning: unused import: `Path`
[INFO] [stderr]  --> src/main.rs:3:18
[INFO] [stderr]   |
[INFO] [stderr] 3 | use std::path::{ Path };
[INFO] [stderr]   |                  ^^^^
[INFO] [stderr]   |
[INFO] [stderr]   = note: `#[warn(unused_imports)]` on by default
[INFO] [stderr] 
[INFO] [stderr] warning: `vpkg` (bin "vpkg" test) generated 1 warning (run `cargo fix --bin "vpkg" --tests` to apply 1 suggestion)
[INFO] [stderr]     Finished `test` profile [unoptimized + debuginfo] target(s) in 0.13s
[INFO] [stderr]      Running unittests src/lib.rs (/opt/rustwide/target/debug/deps/vpkg-42712094245c64ff)
[INFO] [stdout] 
[INFO] [stdout] running 5 tests
[INFO] [stdout] test configmanip::tests::test_parsing_few_items ... ok
[INFO] [stdout] test configmanip::tests::test_parsing_many_items ... ok
[INFO] [stdout] test configmanip::tests::test_parsing_success ... ok
[INFO] [stdout] test configmanip::tests::test_parsing_unvalid ... ok
[INFO] [stdout] test debmanip::tests::test_find_deb_name ... FAILED
[INFO] [stdout] 
[INFO] [stdout] failures:
[INFO] [stdout] 
[INFO] [stdout] ---- debmanip::tests::test_find_deb_name stdout ----
[INFO] [stdout] 
[INFO] [stdout] thread 'debmanip::tests::test_find_deb_name' panicked at src/debmanip.rs:109:9:
[INFO] [stdout] assertion `left == right` failed
[INFO] [stdout]   left: "minecraft-launche"
[INFO] [stdout]  right: "minecraft-launcher"
[INFO] [stdout] stack backtrace:
[INFO] [stdout]    0:     0x5b3dda00071a - std::backtrace_rs::backtrace::libunwind::trace::hb059275cfc8d6126
[INFO] [stdout]                                at /rustc/6067b36314ab5eb2eb47cecc464545ba58e1ad24/library/std/src/../../backtrace/src/backtrace/libunwind.rs:116:5
[INFO] [stdout]    1:     0x5b3dda00071a - std::backtrace_rs::backtrace::trace_unsynchronized::h2da071e4327ce3ee
[INFO] [stdout]                                at /rustc/6067b36314ab5eb2eb47cecc464545ba58e1ad24/library/std/src/../../backtrace/src/backtrace/mod.rs:66:5
[INFO] [stdout]    2:     0x5b3dda00071a - std::sys::backtrace::_print_fmt::h842a1474e6f8d23f
[INFO] [stdout]                                at /rustc/6067b36314ab5eb2eb47cecc464545ba58e1ad24/library/std/src/sys/backtrace.rs:66:9
[INFO] [stdout]    3:     0x5b3dda00071a - <std::sys::backtrace::BacktraceLock::print::DisplayBacktrace as core::fmt::Display>::fmt::h71a62eb3b9696b12
[INFO] [stdout]                                at /rustc/6067b36314ab5eb2eb47cecc464545ba58e1ad24/library/std/src/sys/backtrace.rs:39:26
[INFO] [stdout]    4:     0x5b3dda027e23 - core::fmt::rt::Argument::fmt::hdb6b616786b41dc1
[INFO] [stdout]                                at /rustc/6067b36314ab5eb2eb47cecc464545ba58e1ad24/library/core/src/fmt/rt.rs:177:76
[INFO] [stdout]    5:     0x5b3dda027e23 - core::fmt::write::h2cc1698af7e2d686
[INFO] [stdout]                                at /rustc/6067b36314ab5eb2eb47cecc464545ba58e1ad24/library/core/src/fmt/mod.rs:1440:21
[INFO] [stdout]    6:     0x5b3dd9ffd193 - std::io::Write::write_fmt::hab1b4cd059a79022
[INFO] [stdout]                                at /rustc/6067b36314ab5eb2eb47cecc464545ba58e1ad24/library/std/src/io/mod.rs:1887:15
[INFO] [stdout]    7:     0x5b3dda000562 - std::sys::backtrace::BacktraceLock::print::h147fe35b4ea13b08
[INFO] [stdout]                                at /rustc/6067b36314ab5eb2eb47cecc464545ba58e1ad24/library/std/src/sys/backtrace.rs:42:9
[INFO] [stdout]    8:     0x5b3dda001b3f - std::panicking::default_hook::{{closure}}::hbd44223dbdc0d208
[INFO] [stdout]                                at /rustc/6067b36314ab5eb2eb47cecc464545ba58e1ad24/library/std/src/panicking.rs:298:22
[INFO] [stdout]    9:     0x5b3dda001958 - std::panicking::default_hook::h20f81eb0576efcec
[INFO] [stdout]                                at /rustc/6067b36314ab5eb2eb47cecc464545ba58e1ad24/library/std/src/panicking.rs:322:9
[INFO] [stdout]   10:     0x5b3dd9fc7fc3 - <alloc::boxed::Box<F,A> as core::ops::function::Fn<Args>>::call::hdb53814c496a4d34
[INFO] [stdout]                                at /rustc/6067b36314ab5eb2eb47cecc464545ba58e1ad24/library/alloc/src/boxed.rs:2027:9
[INFO] [stdout]   11:     0x5b3dd9fc7fc3 - test::test_main::{{closure}}::hc0a4963c59427c24
[INFO] [stdout]                                at /rustc/6067b36314ab5eb2eb47cecc464545ba58e1ad24/library/test/src/lib.rs:134:21
[INFO] [stdout]   12:     0x5b3dda002633 - <alloc::boxed::Box<F,A> as core::ops::function::Fn<Args>>::call::h591b2225413a77e9
[INFO] [stdout]                                at /rustc/6067b36314ab5eb2eb47cecc464545ba58e1ad24/library/alloc/src/boxed.rs:2027:9
[INFO] [stdout]   13:     0x5b3dda002633 - std::panicking::rust_panic_with_hook::h625eea43051b2edc
[INFO] [stdout]                                at /rustc/6067b36314ab5eb2eb47cecc464545ba58e1ad24/library/std/src/panicking.rs:839:13
[INFO] [stdout]   14:     0x5b3dda0022ea - std::panicking::begin_panic_handler::{{closure}}::h4f9159cfbc3f6bd3
[INFO] [stdout]                                at /rustc/6067b36314ab5eb2eb47cecc464545ba58e1ad24/library/std/src/panicking.rs:704:13
[INFO] [stdout]   15:     0x5b3dda000c19 - std::sys::backtrace::__rust_end_short_backtrace::h0390abce48353151
[INFO] [stdout]                                at /rustc/6067b36314ab5eb2eb47cecc464545ba58e1ad24/library/std/src/sys/backtrace.rs:168:18
[INFO] [stdout]   16:     0x5b3dda001f7d - rust_begin_unwind
[INFO] [stdout]                                at /rustc/6067b36314ab5eb2eb47cecc464545ba58e1ad24/library/std/src/panicking.rs:695:5
[INFO] [stdout]   17:     0x5b3dda0268d0 - core::panicking::panic_fmt::h9e7c637e9e5f29c9
[INFO] [stdout]                                at /rustc/6067b36314ab5eb2eb47cecc464545ba58e1ad24/library/core/src/panicking.rs:75:14
[INFO] [stdout]   18:     0x5b3dda026bf2 - core::panicking::assert_failed_inner::h538bec7c1374cd9c
[INFO] [stdout]   19:     0x5b3dd9f8454b - core::panicking::assert_failed::heeefdb3eaa7ae676
[INFO] [stdout]                                at /rustc/6067b36314ab5eb2eb47cecc464545ba58e1ad24/library/core/src/panicking.rs:364:5
[INFO] [stdout]   20:     0x5b3dd9f8946c - vpkg::debmanip::tests::test_find_deb_name::h44016e2711e2f0a1
[INFO] [stdout]                                at /opt/rustwide/workdir/src/debmanip.rs:109:9
[INFO] [stdout]   21:     0x5b3dd9f892e7 - vpkg::debmanip::tests::test_find_deb_name::{{closure}}::h7535ab89fcc7a31a
[INFO] [stdout]                                at /opt/rustwide/workdir/src/debmanip.rs:106:28
[INFO] [stdout]   22:     0x5b3dd9f82e16 - core::ops::function::FnOnce::call_once::h73cec3079c2e1856
[INFO] [stdout]                                at /rustc/6067b36314ab5eb2eb47cecc464545ba58e1ad24/library/core/src/ops/function.rs:250:5
[INFO] [stdout]   23:     0x5b3dd9fcd71b - core::ops::function::FnOnce::call_once::he27718dfdd183f43
[INFO] [stdout]                                at /rustc/6067b36314ab5eb2eb47cecc464545ba58e1ad24/library/core/src/ops/function.rs:250:5
[INFO] [stdout]   24:     0x5b3dd9fcd71b - test::__rust_begin_short_backtrace::h4e84902998457a5d
[INFO] [stdout]                                at /rustc/6067b36314ab5eb2eb47cecc464545ba58e1ad24/library/test/src/lib.rs:632:18
[INFO] [stdout]   25:     0x5b3dd9fcc653 - test::run_test_in_process::{{closure}}::h7176fd18fc1feca0
[INFO] [stdout]                                at /rustc/6067b36314ab5eb2eb47cecc464545ba58e1ad24/library/test/src/lib.rs:655:60
[INFO] [stdout]   26:     0x5b3dd9fcc653 - <core::panic::unwind_safe::AssertUnwindSafe<F> as core::ops::function::FnOnce<()>>::call_once::hf79cff2a624d8cf7
[INFO] [stdout]                                at /rustc/6067b36314ab5eb2eb47cecc464545ba58e1ad24/library/core/src/panic/unwind_safe.rs:272:9
[INFO] [stdout]   27:     0x5b3dd9fcc653 - std::panicking::try::do_call::h3da0561d9ab99c25
[INFO] [stdout]                                at /rustc/6067b36314ab5eb2eb47cecc464545ba58e1ad24/library/std/src/panicking.rs:587:40
[INFO] [stdout]   28:     0x5b3dd9fcc653 - std::panicking::try::h41c9fa508bc61df6
[INFO] [stdout]                                at /rustc/6067b36314ab5eb2eb47cecc464545ba58e1ad24/library/std/src/panicking.rs:550:19
[INFO] [stdout]   29:     0x5b3dd9fcc653 - std::panic::catch_unwind::h6b3ff07bb5afad93
[INFO] [stdout]                                at /rustc/6067b36314ab5eb2eb47cecc464545ba58e1ad24/library/std/src/panic.rs:358:14
[INFO] [stdout]   30:     0x5b3dd9fcc653 - test::run_test_in_process::hc7253dd11b39b9f4
[INFO] [stdout]                                at /rustc/6067b36314ab5eb2eb47cecc464545ba58e1ad24/library/test/src/lib.rs:655:27
[INFO] [stdout]   31:     0x5b3dd9fcc653 - test::run_test::{{closure}}::hfb2007f8649c30bb
[INFO] [stdout]                                at /rustc/6067b36314ab5eb2eb47cecc464545ba58e1ad24/library/test/src/lib.rs:576:43
[INFO] [stdout]   32:     0x5b3dd9f8f735 - test::run_test::{{closure}}::h56a17aa7a282a9f4
[INFO] [stdout]                                at /rustc/6067b36314ab5eb2eb47cecc464545ba58e1ad24/library/test/src/lib.rs:606:41
[INFO] [stdout]   33:     0x5b3dd9f8f735 - std::sys::backtrace::__rust_begin_short_backtrace::hd2d2d2fb8e8c6aac
[INFO] [stdout]                                at /rustc/6067b36314ab5eb2eb47cecc464545ba58e1ad24/library/std/src/sys/backtrace.rs:152:18
[INFO] [stdout]   34:     0x5b3dd9f9301a - std::thread::Builder::spawn_unchecked_::{{closure}}::{{closure}}::h4faa3f9db6133423
[INFO] [stdout]                                at /rustc/6067b36314ab5eb2eb47cecc464545ba58e1ad24/library/std/src/thread/mod.rs:559:17
[INFO] [stdout]   35:     0x5b3dd9f9301a - <core::panic::unwind_safe::AssertUnwindSafe<F> as core::ops::function::FnOnce<()>>::call_once::hf2e855a36a4ea846
[INFO] [stdout]                                at /rustc/6067b36314ab5eb2eb47cecc464545ba58e1ad24/library/core/src/panic/unwind_safe.rs:272:9
[INFO] [stdout]   36:     0x5b3dd9f9301a - std::panicking::try::do_call::h2f73af3616c35465
[INFO] [stdout]                                at /rustc/6067b36314ab5eb2eb47cecc464545ba58e1ad24/library/std/src/panicking.rs:587:40
[INFO] [stdout]   37:     0x5b3dd9f9301a - std::panicking::try::hd1660ce9efadef5a
[INFO] [stdout]                                at /rustc/6067b36314ab5eb2eb47cecc464545ba58e1ad24/library/std/src/panicking.rs:550:19
[INFO] [stdout]   38:     0x5b3dd9f9301a - std::panic::catch_unwind::h5ee8d7823b8ca744
[INFO] [stdout]                                at /rustc/6067b36314ab5eb2eb47cecc464545ba58e1ad24/library/std/src/panic.rs:358:14
[INFO] [stdout]   39:     0x5b3dd9f9301a - std::thread::Builder::spawn_unchecked_::{{closure}}::h53c3a1894dce8407
[INFO] [stdout]                                at /rustc/6067b36314ab5eb2eb47cecc464545ba58e1ad24/library/std/src/thread/mod.rs:557:30
[INFO] [stdout]   40:     0x5b3dd9f9301a - core::ops::function::FnOnce::call_once{{vtable.shim}}::h048ce291ad4f62bf
[INFO] [stdout]                                at /rustc/6067b36314ab5eb2eb47cecc464545ba58e1ad24/library/core/src/ops/function.rs:250:5
[INFO] [stdout]   41:     0x5b3dda0066bb - <alloc::boxed::Box<F,A> as core::ops::function::FnOnce<Args>>::call_once::ha52bedf99a3b4981
[INFO] [stdout]                                at /rustc/6067b36314ab5eb2eb47cecc464545ba58e1ad24/library/alloc/src/boxed.rs:2013:9
[INFO] [stdout]   42:     0x5b3dda0066bb - <alloc::boxed::Box<F,A> as core::ops::function::FnOnce<Args>>::call_once::h567748934d80ccf8
[INFO] [stdout]                                at /rustc/6067b36314ab5eb2eb47cecc464545ba58e1ad24/library/alloc/src/boxed.rs:2013:9
[INFO] [stdout]   43:     0x5b3dda0066bb - std::sys::pal::unix::thread::Thread::new::thread_start::h2d970728ae887adc
[INFO] [stdout]                                at /rustc/6067b36314ab5eb2eb47cecc464545ba58e1ad24/library/std/src/sys/pal/unix/thread.rs:106:17
[INFO] [stdout]   44:     0x735836127ac3 - <unknown>
[INFO] [stdout]   45:     0x7358361b8a04 - clone
[INFO] [stdout]   46:                0x0 - <unknown>
[INFO] [stdout] 
[INFO] [stdout] 
[INFO] [stdout] failures:
[INFO] [stdout]     debmanip::tests::test_find_deb_name
[INFO] [stdout] 
[INFO] [stdout] test result: FAILED. 4 passed; 1 failed; 0 ignored; 0 measured; 0 filtered out; finished in 0.12s
[INFO] [stdout] 
[INFO] [stderr] error: test failed, to rerun pass `--lib`
[INFO] running `Command { std: "docker" "inspect" "b60fa05a436a06b11345083fb16af9bfe04a2012c86fbd9ae847fa1ad0818635", kill_on_drop: false }`
[INFO] running `Command { std: "docker" "rm" "-f" "b60fa05a436a06b11345083fb16af9bfe04a2012c86fbd9ae847fa1ad0818635", kill_on_drop: false }`
[INFO] [stdout] b60fa05a436a06b11345083fb16af9bfe04a2012c86fbd9ae847fa1ad0818635
