[INFO] cloning repository https://github.com/kylak/gnt-tools
[INFO] running `Command { std: "git" "-c" "credential.helper=" "-c" "credential.helper=/workspace/cargo-home/bin/git-credential-null" "clone" "--bare" "https://github.com/kylak/gnt-tools" "/workspace/cache/git-repos/https%3A%2F%2Fgithub.com%2Fkylak%2Fgnt-tools", kill_on_drop: false }`
[INFO] [stderr] Cloning into bare repository '/workspace/cache/git-repos/https%3A%2F%2Fgithub.com%2Fkylak%2Fgnt-tools'...
[INFO] running `Command { std: "git" "rev-parse" "HEAD", kill_on_drop: false }`
[INFO] [stdout] c1f19cf0d86330774aa9beee23dca67b51977fb2
[INFO] testing kylak/gnt-tools against nightly-2025-01-18 for randomize-layout-2
[INFO] running `Command { std: "git" "clone" "/workspace/cache/git-repos/https%3A%2F%2Fgithub.com%2Fkylak%2Fgnt-tools" "/workspace/builds/worker-1-tc1/source", kill_on_drop: false }`
[INFO] [stderr] Cloning into '/workspace/builds/worker-1-tc1/source'...
[INFO] [stderr] done.
[INFO] validating manifest of git repo https://github.com/kylak/gnt-tools on toolchain nightly-2025-01-18
[INFO] running `Command { std: CARGO_HOME="/workspace/cargo-home" RUSTUP_HOME="/workspace/rustup-home" "/workspace/cargo-home/bin/cargo" "+nightly-2025-01-18" "metadata" "--manifest-path" "Cargo.toml" "--no-deps", kill_on_drop: false }`
[INFO] started tweaking git repo https://github.com/kylak/gnt-tools
[INFO] finished tweaking git repo https://github.com/kylak/gnt-tools
[INFO] tweaked toml for git repo https://github.com/kylak/gnt-tools written to /workspace/builds/worker-1-tc1/source/Cargo.toml
[INFO] crate git repo https://github.com/kylak/gnt-tools already has a lockfile, it will not be regenerated
[INFO] running `Command { std: CARGO_HOME="/workspace/cargo-home" RUSTUP_HOME="/workspace/rustup-home" "/workspace/cargo-home/bin/cargo" "+nightly-2025-01-18" "fetch" "--manifest-path" "Cargo.toml", kill_on_drop: false }`
[INFO] [stderr] warning: unused manifest key: package.keyword
[INFO] [stderr]     Updating crates.io index
[INFO] [stderr]      Locking 71 packages to latest compatible versions
[INFO] [stderr]       Adding aho-corasick v1.1.3
[INFO] [stderr]       Adding atty v0.2.14
[INFO] [stderr]       Adding autocfg v1.4.0
[INFO] [stderr]       Adding bitflags v1.3.2
[INFO] [stderr]       Adding bumpalo v3.16.0
[INFO] [stderr]       Adding cast v0.3.0
[INFO] [stderr]       Adding cfg-if v1.0.0
[INFO] [stderr]       Adding clap v2.34.0
[INFO] [stderr]       Adding criterion v0.3.6 (available: v0.5.1)
[INFO] [stderr]       Adding criterion-plot v0.4.5
[INFO] [stderr]       Adding crossbeam-deque v0.8.6
[INFO] [stderr]       Adding crossbeam-epoch v0.9.18
[INFO] [stderr]       Adding crossbeam-utils v0.8.21
[INFO] [stderr]       Adding csv v1.3.1
[INFO] [stderr]       Adding csv-core v0.1.11
[INFO] [stderr]       Adding either v1.13.0
[INFO] [stderr]       Adding half v1.8.3
[INFO] [stderr]       Adding hermit-abi v0.1.19
[INFO] [stderr]       Adding itertools v0.10.5
[INFO] [stderr]       Adding itoa v1.0.14
[INFO] [stderr]       Adding js-sys v0.3.77
[INFO] [stderr]       Adding lazy_static v1.5.0
[INFO] [stderr]       Adding libc v0.2.169
[INFO] [stderr]       Adding log v0.4.25
[INFO] [stderr]       Adding memchr v2.7.4
[INFO] [stderr]       Adding num-traits v0.2.19
[INFO] [stderr]       Adding once_cell v1.20.2
[INFO] [stderr]       Adding oorandom v11.1.4
[INFO] [stderr]       Adding plotters v0.3.7
[INFO] [stderr]       Adding plotters-backend v0.3.7
[INFO] [stderr]       Adding plotters-svg v0.3.7
[INFO] [stderr]       Adding proc-macro2 v1.0.93
[INFO] [stderr]       Adding quote v1.0.38
[INFO] [stderr]       Adding rayon v1.10.0
[INFO] [stderr]       Adding rayon-core v1.12.1
[INFO] [stderr]       Adding regex v1.11.1
[INFO] [stderr]       Adding regex-automata v0.4.9
[INFO] [stderr]       Adding regex-syntax v0.8.5
[INFO] [stderr]       Adding rustversion v1.0.19
[INFO] [stderr]       Adding ryu v1.0.18
[INFO] [stderr]       Adding same-file v1.0.6
[INFO] [stderr]       Adding serde v1.0.217
[INFO] [stderr]       Adding serde_cbor v0.11.2
[INFO] [stderr]       Adding serde_derive v1.0.217
[INFO] [stderr]       Adding serde_json v1.0.137
[INFO] [stderr]       Adding syn v2.0.96
[INFO] [stderr]       Adding textwrap v0.11.0
[INFO] [stderr]       Adding tinytemplate v1.2.1
[INFO] [stderr]       Adding unicode-ident v1.0.14
[INFO] [stderr]       Adding unicode-width v0.1.14
[INFO] [stderr]       Adding walkdir v2.5.0
[INFO] [stderr]       Adding wasm-bindgen v0.2.100
[INFO] [stderr]       Adding wasm-bindgen-backend v0.2.100
[INFO] [stderr]       Adding wasm-bindgen-macro v0.2.100
[INFO] [stderr]       Adding wasm-bindgen-macro-support v0.2.100
[INFO] [stderr]       Adding wasm-bindgen-shared v0.2.100
[INFO] [stderr]       Adding web-sys v0.3.77
[INFO] [stderr]       Adding winapi v0.3.9
[INFO] [stderr]       Adding winapi-i686-pc-windows-gnu v0.4.0
[INFO] [stderr]       Adding winapi-util v0.1.9
[INFO] [stderr]       Adding winapi-x86_64-pc-windows-gnu v0.4.0
[INFO] [stderr]       Adding windows-sys v0.59.0
[INFO] [stderr]       Adding windows-targets v0.52.6
[INFO] [stderr]       Adding windows_aarch64_gnullvm v0.52.6
[INFO] [stderr]       Adding windows_aarch64_msvc v0.52.6
[INFO] [stderr]       Adding windows_i686_gnu v0.52.6
[INFO] [stderr]       Adding windows_i686_gnullvm v0.52.6
[INFO] [stderr]       Adding windows_i686_msvc v0.52.6
[INFO] [stderr]       Adding windows_x86_64_gnu v0.52.6
[INFO] [stderr]       Adding windows_x86_64_gnullvm v0.52.6
[INFO] [stderr]       Adding windows_x86_64_msvc v0.52.6
[INFO] running `Command { std: "docker" "create" "-v" "/var/lib/crater-agent-workspace/builds/worker-1-tc1/target:/opt/rustwide/target:rw,Z" "-v" "/var/lib/crater-agent-workspace/builds/worker-1-tc1/source:/opt/rustwide/workdir:ro,Z" "-v" "/var/lib/crater-agent-workspace/cargo-home:/opt/rustwide/cargo-home:ro,Z" "-v" "/var/lib/crater-agent-workspace/rustup-home:/opt/rustwide/rustup-home:ro,Z" "-e" "SOURCE_DIR=/opt/rustwide/workdir" "-e" "CARGO_TARGET_DIR=/opt/rustwide/target" "-e" "CARGO_HOME=/opt/rustwide/cargo-home" "-e" "RUSTUP_HOME=/opt/rustwide/rustup-home" "-w" "/opt/rustwide/workdir" "-m" "1610612736" "--user" "0:0" "--network" "none" "ghcr.io/rust-lang/crates-build-env/linux@sha256:819108c5571ea2e421544af4d832f968d213c87fbe3707a016657f43d2f853bc" "/opt/rustwide/cargo-home/bin/cargo" "+nightly-2025-01-18" "metadata" "--no-deps" "--format-version=1", kill_on_drop: false }`
[INFO] [stdout] 3eb635686fa8e198f20c9f5cf1fa981caf75672f9537dccad4f3865197bb25df
[INFO] running `Command { std: "docker" "start" "-a" "3eb635686fa8e198f20c9f5cf1fa981caf75672f9537dccad4f3865197bb25df", kill_on_drop: false }`
[INFO] running `Command { std: "docker" "inspect" "3eb635686fa8e198f20c9f5cf1fa981caf75672f9537dccad4f3865197bb25df", kill_on_drop: false }`
[INFO] running `Command { std: "docker" "rm" "-f" "3eb635686fa8e198f20c9f5cf1fa981caf75672f9537dccad4f3865197bb25df", kill_on_drop: false }`
[INFO] [stdout] 3eb635686fa8e198f20c9f5cf1fa981caf75672f9537dccad4f3865197bb25df
[INFO] running `Command { std: "docker" "create" "-v" "/var/lib/crater-agent-workspace/builds/worker-1-tc1/target:/opt/rustwide/target:rw,Z" "-v" "/var/lib/crater-agent-workspace/builds/worker-1-tc1/source:/opt/rustwide/workdir:ro,Z" "-v" "/var/lib/crater-agent-workspace/cargo-home:/opt/rustwide/cargo-home:ro,Z" "-v" "/var/lib/crater-agent-workspace/rustup-home:/opt/rustwide/rustup-home:ro,Z" "-e" "SOURCE_DIR=/opt/rustwide/workdir" "-e" "CARGO_TARGET_DIR=/opt/rustwide/target" "-e" "CARGO_INCREMENTAL=0" "-e" "RUST_BACKTRACE=full" "-e" "RUSTFLAGS=--cap-lints=forbid" "-e" "RUSTDOCFLAGS=--cap-lints=forbid" "-e" "CARGO_HOME=/opt/rustwide/cargo-home" "-e" "RUSTUP_HOME=/opt/rustwide/rustup-home" "-w" "/opt/rustwide/workdir" "-m" "1610612736" "--user" "0:0" "--network" "none" "ghcr.io/rust-lang/crates-build-env/linux@sha256:819108c5571ea2e421544af4d832f968d213c87fbe3707a016657f43d2f853bc" "/opt/rustwide/cargo-home/bin/cargo" "+nightly-2025-01-18" "build" "--frozen" "--message-format=json", kill_on_drop: false }`
[INFO] [stdout] 758b6d9af63295d0999428c0793a6d5ab685b4e35b958034f0bceb9e99faf0aa
[INFO] running `Command { std: "docker" "start" "-a" "758b6d9af63295d0999428c0793a6d5ab685b4e35b958034f0bceb9e99faf0aa", kill_on_drop: false }`
[INFO] [stderr] warning: unused manifest key: package.keyword
[INFO] [stderr]    Compiling tinyvec_macros v0.1.1
[INFO] [stderr]    Compiling tinyvec v1.8.0
[INFO] [stderr]    Compiling unicode-normalization v0.1.24
[INFO] [stderr]    Compiling gnt-tools v0.2.0 (/opt/rustwide/workdir)
[INFO] [stderr]     Finished `dev` profile [unoptimized + debuginfo] target(s) in 2.36s
[INFO] running `Command { std: "docker" "inspect" "758b6d9af63295d0999428c0793a6d5ab685b4e35b958034f0bceb9e99faf0aa", kill_on_drop: false }`
[INFO] running `Command { std: "docker" "rm" "-f" "758b6d9af63295d0999428c0793a6d5ab685b4e35b958034f0bceb9e99faf0aa", kill_on_drop: false }`
[INFO] [stdout] 758b6d9af63295d0999428c0793a6d5ab685b4e35b958034f0bceb9e99faf0aa
[INFO] running `Command { std: "docker" "create" "-v" "/var/lib/crater-agent-workspace/builds/worker-1-tc1/target:/opt/rustwide/target:rw,Z" "-v" "/var/lib/crater-agent-workspace/builds/worker-1-tc1/source:/opt/rustwide/workdir:ro,Z" "-v" "/var/lib/crater-agent-workspace/cargo-home:/opt/rustwide/cargo-home:ro,Z" "-v" "/var/lib/crater-agent-workspace/rustup-home:/opt/rustwide/rustup-home:ro,Z" "-e" "SOURCE_DIR=/opt/rustwide/workdir" "-e" "CARGO_TARGET_DIR=/opt/rustwide/target" "-e" "CARGO_INCREMENTAL=0" "-e" "RUST_BACKTRACE=full" "-e" "RUSTFLAGS=--cap-lints=forbid" "-e" "RUSTDOCFLAGS=--cap-lints=forbid" "-e" "CARGO_HOME=/opt/rustwide/cargo-home" "-e" "RUSTUP_HOME=/opt/rustwide/rustup-home" "-w" "/opt/rustwide/workdir" "-m" "1610612736" "--user" "0:0" "--network" "none" "ghcr.io/rust-lang/crates-build-env/linux@sha256:819108c5571ea2e421544af4d832f968d213c87fbe3707a016657f43d2f853bc" "/opt/rustwide/cargo-home/bin/cargo" "+nightly-2025-01-18" "test" "--frozen" "--no-run" "--message-format=json", kill_on_drop: false }`
[INFO] [stdout] 2e903545fb3c3163dfe10c99cdc06e8f192fadc728863e6da9d957f0b9102614
[INFO] running `Command { std: "docker" "start" "-a" "2e903545fb3c3163dfe10c99cdc06e8f192fadc728863e6da9d957f0b9102614", kill_on_drop: false }`
[INFO] [stderr] warning: unused manifest key: package.keyword
[INFO] [stderr]    Compiling crossbeam-utils v0.8.21
[INFO] [stderr]    Compiling serde v1.0.217
[INFO] [stderr]    Compiling proc-macro2 v1.0.93
[INFO] [stderr]    Compiling autocfg v1.4.0
[INFO] [stderr]    Compiling unicode-ident v1.0.14
[INFO] [stderr]    Compiling memchr v2.7.4
[INFO] [stderr]    Compiling serde_json v1.0.137
[INFO] [stderr]    Compiling libc v0.2.169
[INFO] [stderr]    Compiling ryu v1.0.18
[INFO] [stderr]    Compiling itoa v1.0.14
[INFO] [stderr]    Compiling rayon-core v1.12.1
[INFO] [stderr]    Compiling either v1.13.0
[INFO] [stderr]    Compiling plotters-backend v0.3.7
[INFO] [stderr]    Compiling unicode-width v0.1.14
[INFO] [stderr]    Compiling num-traits v0.2.19
[INFO] [stderr]    Compiling regex-syntax v0.8.5
[INFO] [stderr]    Compiling crossbeam-epoch v0.9.18
[INFO] [stderr]    Compiling textwrap v0.11.0
[INFO] [stderr]    Compiling quote v1.0.38
[INFO] [stderr]    Compiling csv-core v0.1.11
[INFO] [stderr]    Compiling crossbeam-deque v0.8.6
[INFO] [stderr]    Compiling plotters-svg v0.3.7
[INFO] [stderr]    Compiling syn v2.0.96
[INFO] [stderr]    Compiling itertools v0.10.5
[INFO] [stderr]    Compiling bitflags v1.3.2
[INFO] [stderr]    Compiling cast v0.3.0
[INFO] [stderr]    Compiling same-file v1.0.6
[INFO] [stderr]    Compiling half v1.8.3
[INFO] [stderr]    Compiling plotters v0.3.7
[INFO] [stderr]    Compiling atty v0.2.14
[INFO] [stderr]    Compiling rayon v1.10.0
[INFO] [stderr]    Compiling walkdir v2.5.0
[INFO] [stderr]    Compiling regex-automata v0.4.9
[INFO] [stderr]    Compiling clap v2.34.0
[INFO] [stderr]    Compiling criterion-plot v0.4.5
[INFO] [stderr]    Compiling oorandom v11.1.4
[INFO] [stderr]    Compiling lazy_static v1.5.0
[INFO] [stderr]    Compiling csv v1.3.1
[INFO] [stderr]    Compiling serde_derive v1.0.217
[INFO] [stderr]    Compiling serde_cbor v0.11.2
[INFO] [stderr]    Compiling regex v1.11.1
[INFO] [stderr]    Compiling tinytemplate v1.2.1
[INFO] [stderr]    Compiling criterion v0.3.6
[INFO] [stderr]    Compiling gnt-tools v0.2.0 (/opt/rustwide/workdir)
[INFO] [stderr]     Finished `test` profile [unoptimized + debuginfo] target(s) in 47.66s
[INFO] running `Command { std: "docker" "inspect" "2e903545fb3c3163dfe10c99cdc06e8f192fadc728863e6da9d957f0b9102614", kill_on_drop: false }`
[INFO] running `Command { std: "docker" "rm" "-f" "2e903545fb3c3163dfe10c99cdc06e8f192fadc728863e6da9d957f0b9102614", kill_on_drop: false }`
[INFO] [stdout] 2e903545fb3c3163dfe10c99cdc06e8f192fadc728863e6da9d957f0b9102614
[INFO] running `Command { std: "docker" "create" "-v" "/var/lib/crater-agent-workspace/builds/worker-1-tc1/target:/opt/rustwide/target:rw,Z" "-v" "/var/lib/crater-agent-workspace/builds/worker-1-tc1/source:/opt/rustwide/workdir:ro,Z" "-v" "/var/lib/crater-agent-workspace/cargo-home:/opt/rustwide/cargo-home:ro,Z" "-v" "/var/lib/crater-agent-workspace/rustup-home:/opt/rustwide/rustup-home:ro,Z" "-e" "SOURCE_DIR=/opt/rustwide/workdir" "-e" "CARGO_TARGET_DIR=/opt/rustwide/target" "-e" "CARGO_INCREMENTAL=0" "-e" "RUST_BACKTRACE=full" "-e" "RUSTFLAGS=--cap-lints=forbid" "-e" "RUSTDOCFLAGS=--cap-lints=forbid" "-e" "CARGO_HOME=/opt/rustwide/cargo-home" "-e" "RUSTUP_HOME=/opt/rustwide/rustup-home" "-w" "/opt/rustwide/workdir" "-m" "1610612736" "--user" "0:0" "--network" "none" "ghcr.io/rust-lang/crates-build-env/linux@sha256:819108c5571ea2e421544af4d832f968d213c87fbe3707a016657f43d2f853bc" "/opt/rustwide/cargo-home/bin/cargo" "+nightly-2025-01-18" "test" "--frozen", kill_on_drop: false }`
[INFO] [stdout] 13a05f5f85820c13ba2d7e04e8cd95a8bf545e65dcb9c49ce8c771d78405fbcf
[INFO] running `Command { std: "docker" "start" "-a" "13a05f5f85820c13ba2d7e04e8cd95a8bf545e65dcb9c49ce8c771d78405fbcf", kill_on_drop: false }`
[INFO] [stderr] warning: unused manifest key: package.keyword
[INFO] [stderr]     Finished `test` profile [unoptimized + debuginfo] target(s) in 0.08s
[INFO] [stderr]      Running unittests src/lib.rs (/opt/rustwide/target/debug/deps/gnt_tools-d4fb4e694d86fb8d)
[INFO] [stdout] 
[INFO] [stdout] running 1 test
[INFO] [stdout] test tests::test_core_text ... FAILED
[INFO] [stdout] 
[INFO] [stdout] failures:
[INFO] [stdout] 
[INFO] [stdout] ---- tests::test_core_text stdout ----
[INFO] [stdout] 
[INFO] [stdout] thread 'tests::test_core_text' panicked at src/lib.rs:85:19:
[INFO] [stdout] Greek unicode character 'Ͷ' is not handled. If you think it would be relevant to handle this character, please open an issue on our GitHub repository : https://github.com/kylak/gnt-tools/issues.
[INFO] [stdout] stack backtrace:
[INFO] [stdout]    0:     0x5b712aa6be8a - std::backtrace_rs::backtrace::libunwind::trace::hb059275cfc8d6126
[INFO] [stdout]                                at /rustc/6067b36314ab5eb2eb47cecc464545ba58e1ad24/library/std/src/../../backtrace/src/backtrace/libunwind.rs:116:5
[INFO] [stdout]    1:     0x5b712aa6be8a - std::backtrace_rs::backtrace::trace_unsynchronized::h2da071e4327ce3ee
[INFO] [stdout]                                at /rustc/6067b36314ab5eb2eb47cecc464545ba58e1ad24/library/std/src/../../backtrace/src/backtrace/mod.rs:66:5
[INFO] [stdout]    2:     0x5b712aa6be8a - std::sys::backtrace::_print_fmt::h842a1474e6f8d23f
[INFO] [stdout]                                at /rustc/6067b36314ab5eb2eb47cecc464545ba58e1ad24/library/std/src/sys/backtrace.rs:66:9
[INFO] [stdout]    3:     0x5b712aa6be8a - <std::sys::backtrace::BacktraceLock::print::DisplayBacktrace as core::fmt::Display>::fmt::h71a62eb3b9696b12
[INFO] [stdout]                                at /rustc/6067b36314ab5eb2eb47cecc464545ba58e1ad24/library/std/src/sys/backtrace.rs:39:26
[INFO] [stdout]    4:     0x5b712aa93453 - core::fmt::rt::Argument::fmt::hdb6b616786b41dc1
[INFO] [stdout]                                at /rustc/6067b36314ab5eb2eb47cecc464545ba58e1ad24/library/core/src/fmt/rt.rs:177:76
[INFO] [stdout]    5:     0x5b712aa93453 - core::fmt::write::h2cc1698af7e2d686
[INFO] [stdout]                                at /rustc/6067b36314ab5eb2eb47cecc464545ba58e1ad24/library/core/src/fmt/mod.rs:1440:21
[INFO] [stdout]    6:     0x5b712aa689e3 - std::io::Write::write_fmt::hab1b4cd059a79022
[INFO] [stdout]                                at /rustc/6067b36314ab5eb2eb47cecc464545ba58e1ad24/library/std/src/io/mod.rs:1887:15
[INFO] [stdout]    7:     0x5b712aa6bcd2 - std::sys::backtrace::BacktraceLock::print::h147fe35b4ea13b08
[INFO] [stdout]                                at /rustc/6067b36314ab5eb2eb47cecc464545ba58e1ad24/library/std/src/sys/backtrace.rs:42:9
[INFO] [stdout]    8:     0x5b712aa6d2af - std::panicking::default_hook::{{closure}}::hbd44223dbdc0d208
[INFO] [stdout]                                at /rustc/6067b36314ab5eb2eb47cecc464545ba58e1ad24/library/std/src/panicking.rs:298:22
[INFO] [stdout]    9:     0x5b712aa6d0c8 - std::panicking::default_hook::h20f81eb0576efcec
[INFO] [stdout]                                at /rustc/6067b36314ab5eb2eb47cecc464545ba58e1ad24/library/std/src/panicking.rs:322:9
[INFO] [stdout]   10:     0x5b712aa34813 - <alloc::boxed::Box<F,A> as core::ops::function::Fn<Args>>::call::hdb53814c496a4d34
[INFO] [stdout]                                at /rustc/6067b36314ab5eb2eb47cecc464545ba58e1ad24/library/alloc/src/boxed.rs:2027:9
[INFO] [stdout]   11:     0x5b712aa34813 - test::test_main::{{closure}}::hc0a4963c59427c24
[INFO] [stdout]                                at /rustc/6067b36314ab5eb2eb47cecc464545ba58e1ad24/library/test/src/lib.rs:134:21
[INFO] [stdout]   12:     0x5b712aa6dda3 - <alloc::boxed::Box<F,A> as core::ops::function::Fn<Args>>::call::h591b2225413a77e9
[INFO] [stdout]                                at /rustc/6067b36314ab5eb2eb47cecc464545ba58e1ad24/library/alloc/src/boxed.rs:2027:9
[INFO] [stdout]   13:     0x5b712aa6dda3 - std::panicking::rust_panic_with_hook::h625eea43051b2edc
[INFO] [stdout]                                at /rustc/6067b36314ab5eb2eb47cecc464545ba58e1ad24/library/std/src/panicking.rs:839:13
[INFO] [stdout]   14:     0x5b712aa6da5a - std::panicking::begin_panic_handler::{{closure}}::h4f9159cfbc3f6bd3
[INFO] [stdout]                                at /rustc/6067b36314ab5eb2eb47cecc464545ba58e1ad24/library/std/src/panicking.rs:704:13
[INFO] [stdout]   15:     0x5b712aa6c389 - std::sys::backtrace::__rust_end_short_backtrace::h0390abce48353151
[INFO] [stdout]                                at /rustc/6067b36314ab5eb2eb47cecc464545ba58e1ad24/library/std/src/sys/backtrace.rs:168:18
[INFO] [stdout]   16:     0x5b712aa6d6ed - rust_begin_unwind
[INFO] [stdout]                                at /rustc/6067b36314ab5eb2eb47cecc464545ba58e1ad24/library/std/src/panicking.rs:695:5
[INFO] [stdout]   17:     0x5b712aa91f00 - core::panicking::panic_fmt::h9e7c637e9e5f29c9
[INFO] [stdout]                                at /rustc/6067b36314ab5eb2eb47cecc464545ba58e1ad24/library/core/src/panicking.rs:75:14
[INFO] [stdout]   18:     0x5b712a9f3a0f - gnt_tools::core_char::{{closure}}::h47717d25b78f52b9
[INFO] [stdout]                                at /opt/rustwide/workdir/src/lib.rs:85:19
[INFO] [stdout]   19:     0x5b712a9f51cf - core::iter::traits::iterator::Iterator::fold::h5c8eb531a94fe26b
[INFO] [stdout]                                at /rustc/6067b36314ab5eb2eb47cecc464545ba58e1ad24/library/core/src/iter/traits/iterator.rs:2546:21
[INFO] [stdout]   20:     0x5b712a9f390b - gnt_tools::core_char::hc3d07435971e363a
[INFO] [stdout]                                at /opt/rustwide/workdir/src/lib.rs:62:5
[INFO] [stdout]   21:     0x5b712a9f3c27 - gnt_tools::tests::test_core_text::{{closure}}::hd0e4a02952ba654a
[INFO] [stdout]                                at /opt/rustwide/workdir/src/lib.rs:114:51
[INFO] [stdout]   22:     0x5b712a9f1440 - core::iter::adapters::filter_map::filter_map_fold::{{closure}}::h4bfb3e8f53e0aa3d
[INFO] [stdout]                                at /rustc/6067b36314ab5eb2eb47cecc464545ba58e1ad24/library/core/src/iter/adapters/filter_map.rs:39:28
[INFO] [stdout]   23:     0x5b712a9f52a9 - core::iter::traits::iterator::Iterator::fold::ha5fe733184393e3a
[INFO] [stdout]                                at /rustc/6067b36314ab5eb2eb47cecc464545ba58e1ad24/library/core/src/iter/traits/iterator.rs:2546:21
[INFO] [stdout]   24:     0x5b712a9efe67 - <core::iter::adapters::filter_map::FilterMap<I,F> as core::iter::traits::iterator::Iterator>::fold::h35d027d3bc021fdb
[INFO] [stdout]                                at /rustc/6067b36314ab5eb2eb47cecc464545ba58e1ad24/library/core/src/iter/adapters/filter_map.rs:146:9
[INFO] [stdout]   25:     0x5b712a9f13b7 - core::iter::traits::iterator::Iterator::for_each::hbccb9a5f0acc7d4e
[INFO] [stdout]                                at /rustc/6067b36314ab5eb2eb47cecc464545ba58e1ad24/library/core/src/iter/traits/iterator.rs:800:9
[INFO] [stdout]   26:     0x5b712a9f7dd8 - <alloc::string::String as core::iter::traits::collect::Extend<char>>::extend::he64253e530491e2f
[INFO] [stdout]                                at /rustc/6067b36314ab5eb2eb47cecc464545ba58e1ad24/library/alloc/src/string.rs:2366:9
[INFO] [stdout]   27:     0x5b712a9f7ee0 - <alloc::string::String as core::iter::traits::collect::FromIterator<char>>::from_iter::hdaa53b2922a50e3b
[INFO] [stdout]                                at /rustc/6067b36314ab5eb2eb47cecc464545ba58e1ad24/library/alloc/src/string.rs:2285:9
[INFO] [stdout]   28:     0x5b712a9f132a - core::iter::traits::iterator::Iterator::collect::h894ca1fd4db55543
[INFO] [stdout]                                at /rustc/6067b36314ab5eb2eb47cecc464545ba58e1ad24/library/core/src/iter/traits/iterator.rs:1971:9
[INFO] [stdout]   29:     0x5b712a9f3b2e - gnt_tools::tests::test_core_text::h63fc77d8b2771310
[INFO] [stdout]                                at /opt/rustwide/workdir/src/lib.rs:113:34
[INFO] [stdout]   30:     0x5b712a9f3ab7 - gnt_tools::tests::test_core_text::{{closure}}::h42a7fa4805849891
[INFO] [stdout]                                at /opt/rustwide/workdir/src/lib.rs:103:24
[INFO] [stdout]   31:     0x5b712a9f4df6 - core::ops::function::FnOnce::call_once::h049c298dfb8fb182
[INFO] [stdout]                                at /rustc/6067b36314ab5eb2eb47cecc464545ba58e1ad24/library/core/src/ops/function.rs:250:5
[INFO] [stdout]   32:     0x5b712aa39f6b - core::ops::function::FnOnce::call_once::he27718dfdd183f43
[INFO] [stdout]                                at /rustc/6067b36314ab5eb2eb47cecc464545ba58e1ad24/library/core/src/ops/function.rs:250:5
[INFO] [stdout]   33:     0x5b712aa39f6b - test::__rust_begin_short_backtrace::h4e84902998457a5d
[INFO] [stdout]                                at /rustc/6067b36314ab5eb2eb47cecc464545ba58e1ad24/library/test/src/lib.rs:632:18
[INFO] [stdout]   34:     0x5b712aa38ea3 - test::run_test_in_process::{{closure}}::h7176fd18fc1feca0
[INFO] [stdout]                                at /rustc/6067b36314ab5eb2eb47cecc464545ba58e1ad24/library/test/src/lib.rs:655:60
[INFO] [stdout]   35:     0x5b712aa38ea3 - <core::panic::unwind_safe::AssertUnwindSafe<F> as core::ops::function::FnOnce<()>>::call_once::hf79cff2a624d8cf7
[INFO] [stdout]                                at /rustc/6067b36314ab5eb2eb47cecc464545ba58e1ad24/library/core/src/panic/unwind_safe.rs:272:9
[INFO] [stdout]   36:     0x5b712aa38ea3 - std::panicking::try::do_call::h3da0561d9ab99c25
[INFO] [stdout]                                at /rustc/6067b36314ab5eb2eb47cecc464545ba58e1ad24/library/std/src/panicking.rs:587:40
[INFO] [stdout]   37:     0x5b712aa38ea3 - std::panicking::try::h41c9fa508bc61df6
[INFO] [stdout]                                at /rustc/6067b36314ab5eb2eb47cecc464545ba58e1ad24/library/std/src/panicking.rs:550:19
[INFO] [stdout]   38:     0x5b712aa38ea3 - std::panic::catch_unwind::h6b3ff07bb5afad93
[INFO] [stdout]                                at /rustc/6067b36314ab5eb2eb47cecc464545ba58e1ad24/library/std/src/panic.rs:358:14
[INFO] [stdout]   39:     0x5b712aa38ea3 - test::run_test_in_process::hc7253dd11b39b9f4
[INFO] [stdout]                                at /rustc/6067b36314ab5eb2eb47cecc464545ba58e1ad24/library/test/src/lib.rs:655:27
[INFO] [stdout]   40:     0x5b712aa38ea3 - test::run_test::{{closure}}::hfb2007f8649c30bb
[INFO] [stdout]                                at /rustc/6067b36314ab5eb2eb47cecc464545ba58e1ad24/library/test/src/lib.rs:576:43
[INFO] [stdout]   41:     0x5b712a9fbf85 - test::run_test::{{closure}}::h56a17aa7a282a9f4
[INFO] [stdout]                                at /rustc/6067b36314ab5eb2eb47cecc464545ba58e1ad24/library/test/src/lib.rs:606:41
[INFO] [stdout]   42:     0x5b712a9fbf85 - std::sys::backtrace::__rust_begin_short_backtrace::hd2d2d2fb8e8c6aac
[INFO] [stdout]                                at /rustc/6067b36314ab5eb2eb47cecc464545ba58e1ad24/library/std/src/sys/backtrace.rs:152:18
[INFO] [stdout]   43:     0x5b712a9ff86a - std::thread::Builder::spawn_unchecked_::{{closure}}::{{closure}}::h4faa3f9db6133423
[INFO] [stdout]                                at /rustc/6067b36314ab5eb2eb47cecc464545ba58e1ad24/library/std/src/thread/mod.rs:559:17
[INFO] [stdout]   44:     0x5b712a9ff86a - <core::panic::unwind_safe::AssertUnwindSafe<F> as core::ops::function::FnOnce<()>>::call_once::hf2e855a36a4ea846
[INFO] [stdout]                                at /rustc/6067b36314ab5eb2eb47cecc464545ba58e1ad24/library/core/src/panic/unwind_safe.rs:272:9
[INFO] [stdout]   45:     0x5b712a9ff86a - std::panicking::try::do_call::h2f73af3616c35465
[INFO] [stdout]                                at /rustc/6067b36314ab5eb2eb47cecc464545ba58e1ad24/library/std/src/panicking.rs:587:40
[INFO] [stdout]   46:     0x5b712a9ff86a - std::panicking::try::hd1660ce9efadef5a
[INFO] [stdout]                                at /rustc/6067b36314ab5eb2eb47cecc464545ba58e1ad24/library/std/src/panicking.rs:550:19
[INFO] [stdout]   47:     0x5b712a9ff86a - std::panic::catch_unwind::h5ee8d7823b8ca744
[INFO] [stdout]                                at /rustc/6067b36314ab5eb2eb47cecc464545ba58e1ad24/library/std/src/panic.rs:358:14
[INFO] [stdout]   48:     0x5b712a9ff86a - std::thread::Builder::spawn_unchecked_::{{closure}}::h53c3a1894dce8407
[INFO] [stdout]                                at /rustc/6067b36314ab5eb2eb47cecc464545ba58e1ad24/library/std/src/thread/mod.rs:557:30
[INFO] [stdout]   49:     0x5b712a9ff86a - core::ops::function::FnOnce::call_once{{vtable.shim}}::h048ce291ad4f62bf
[INFO] [stdout]                                at /rustc/6067b36314ab5eb2eb47cecc464545ba58e1ad24/library/core/src/ops/function.rs:250:5
[INFO] [stdout]   50:     0x5b712aa71cdb - <alloc::boxed::Box<F,A> as core::ops::function::FnOnce<Args>>::call_once::ha52bedf99a3b4981
[INFO] [stdout]                                at /rustc/6067b36314ab5eb2eb47cecc464545ba58e1ad24/library/alloc/src/boxed.rs:2013:9
[INFO] [stdout]   51:     0x5b712aa71cdb - <alloc::boxed::Box<F,A> as core::ops::function::FnOnce<Args>>::call_once::h567748934d80ccf8
[INFO] [stdout]                                at /rustc/6067b36314ab5eb2eb47cecc464545ba58e1ad24/library/alloc/src/boxed.rs:2013:9
[INFO] [stdout]   52:     0x5b712aa71cdb - std::sys::pal::unix::thread::Thread::new::thread_start::h2d970728ae887adc
[INFO] [stdout]                                at /rustc/6067b36314ab5eb2eb47cecc464545ba58e1ad24/library/std/src/sys/pal/unix/thread.rs:106:17
[INFO] [stdout]   53:     0x724f74a1aac3 - <unknown>
[INFO] [stdout]   54:     0x724f74aaba04 - clone
[INFO] [stdout]   55:                0x0 - <unknown>
[INFO] [stdout] 
[INFO] [stdout] 
[INFO] [stdout] failures:
[INFO] [stdout]     tests::test_core_text
[INFO] [stdout] 
[INFO] [stdout] test result: FAILED. 0 passed; 1 failed; 0 ignored; 0 measured; 0 filtered out; finished in 0.06s
[INFO] [stdout] 
[INFO] [stderr] error: test failed, to rerun pass `--lib`
[INFO] running `Command { std: "docker" "inspect" "13a05f5f85820c13ba2d7e04e8cd95a8bf545e65dcb9c49ce8c771d78405fbcf", kill_on_drop: false }`
[INFO] running `Command { std: "docker" "rm" "-f" "13a05f5f85820c13ba2d7e04e8cd95a8bf545e65dcb9c49ce8c771d78405fbcf", kill_on_drop: false }`
[INFO] [stdout] 13a05f5f85820c13ba2d7e04e8cd95a8bf545e65dcb9c49ce8c771d78405fbcf
