[INFO] cloning repository https://github.com/kritzcreek/nemo-lang
[INFO] running `Command { std: "git" "-c" "credential.helper=" "-c" "credential.helper=/workspace/cargo-home/bin/git-credential-null" "clone" "--bare" "https://github.com/kritzcreek/nemo-lang" "/workspace/cache/git-repos/https%3A%2F%2Fgithub.com%2Fkritzcreek%2Fnemo-lang", kill_on_drop: false }`
[INFO] [stderr] Cloning into bare repository '/workspace/cache/git-repos/https%3A%2F%2Fgithub.com%2Fkritzcreek%2Fnemo-lang'...
[INFO] running `Command { std: "git" "rev-parse" "HEAD", kill_on_drop: false }`
[INFO] [stdout] 70b85ecec37c579c9a75b562d727302b34b5e654
[INFO] testing kritzcreek/nemo-lang against nightly-2025-01-18 for randomize-layout-2
[INFO] running `Command { std: "git" "clone" "/workspace/cache/git-repos/https%3A%2F%2Fgithub.com%2Fkritzcreek%2Fnemo-lang" "/workspace/builds/worker-6-tc1/source", kill_on_drop: false }`
[INFO] [stderr] Cloning into '/workspace/builds/worker-6-tc1/source'...
[INFO] [stderr] done.
[INFO] validating manifest of git repo https://github.com/kritzcreek/nemo-lang on toolchain nightly-2025-01-18
[INFO] running `Command { std: CARGO_HOME="/workspace/cargo-home" RUSTUP_HOME="/workspace/rustup-home" "/workspace/cargo-home/bin/cargo" "+nightly-2025-01-18" "metadata" "--manifest-path" "Cargo.toml" "--no-deps", kill_on_drop: false }`
[INFO] removed /workspace/builds/worker-6-tc1/source/.cargo/config.toml
[INFO] removed /workspace/builds/worker-6-tc1/source/rust-toolchain.toml
[INFO] started tweaking git repo https://github.com/kritzcreek/nemo-lang
[INFO] finished tweaking git repo https://github.com/kritzcreek/nemo-lang
[INFO] tweaked toml for git repo https://github.com/kritzcreek/nemo-lang written to /workspace/builds/worker-6-tc1/source/Cargo.toml
[INFO] crate git repo https://github.com/kritzcreek/nemo-lang already has a lockfile, it will not be regenerated
[INFO] running `Command { std: CARGO_HOME="/workspace/cargo-home" RUSTUP_HOME="/workspace/rustup-home" "/workspace/cargo-home/bin/cargo" "+nightly-2025-01-18" "fetch" "--manifest-path" "Cargo.toml", kill_on_drop: false }`
[INFO] [stderr]     Blocking waiting for file lock on package cache
[INFO] [stderr]     Updating crates.io index
[INFO] [stderr]     Updating git repository `https://github.com/kritzcreek/hop`
[INFO] [stderr]  Downloading crates ...
[INFO] [stderr]   Downloaded topological-sort v0.2.2
[INFO] [stderr]   Downloaded countme v3.0.1
[INFO] [stderr]   Downloaded string-interner v0.18.0
[INFO] [stderr]   Downloaded lexpr-macros v0.2.2
[INFO] [stderr]   Downloaded prost-derive v0.13.4
[INFO] [stderr]   Downloaded insta-cmd v0.6.0
[INFO] [stderr]   Downloaded prost v0.13.4
[INFO] [stderr]   Downloaded wasm-encoder v0.223.0
[INFO] [stderr]   Downloaded lexpr v0.2.7
[INFO] [stderr]   Downloaded logos-codegen v0.15.0
[INFO] [stderr]   Downloaded text-size v1.1.1
[INFO] [stderr]   Downloaded ariadne v0.5.0
[INFO] [stderr]   Downloaded wasmprinter v0.223.0
[INFO] [stderr]   Downloaded line-index v0.1.2
[INFO] [stderr]   Downloaded logos-derive v0.15.0
[INFO] [stderr]   Downloaded rowan v0.16.1
[INFO] [stderr]   Downloaded ungrammar v1.16.1
[INFO] [stderr]   Downloaded wasmparser v0.223.0
[INFO] [stderr]   Downloaded logos v0.15.0
[INFO] running `Command { std: "docker" "create" "-v" "/var/lib/crater-agent-workspace/builds/worker-6-tc1/target:/opt/rustwide/target:rw,Z" "-v" "/var/lib/crater-agent-workspace/builds/worker-6-tc1/source:/opt/rustwide/workdir:ro,Z" "-v" "/var/lib/crater-agent-workspace/cargo-home:/opt/rustwide/cargo-home:ro,Z" "-v" "/var/lib/crater-agent-workspace/rustup-home:/opt/rustwide/rustup-home:ro,Z" "-e" "SOURCE_DIR=/opt/rustwide/workdir" "-e" "CARGO_TARGET_DIR=/opt/rustwide/target" "-e" "CARGO_HOME=/opt/rustwide/cargo-home" "-e" "RUSTUP_HOME=/opt/rustwide/rustup-home" "-w" "/opt/rustwide/workdir" "-m" "1610612736" "--user" "0:0" "--network" "none" "ghcr.io/rust-lang/crates-build-env/linux@sha256:819108c5571ea2e421544af4d832f968d213c87fbe3707a016657f43d2f853bc" "/opt/rustwide/cargo-home/bin/cargo" "+nightly-2025-01-18" "metadata" "--no-deps" "--format-version=1", kill_on_drop: false }`
[INFO] [stdout] 1054750ba6fcd58222001d4dbfaba6762d18447855f5463db7643c8d65c9297d
[INFO] running `Command { std: "docker" "start" "-a" "1054750ba6fcd58222001d4dbfaba6762d18447855f5463db7643c8d65c9297d", kill_on_drop: false }`
[INFO] running `Command { std: "docker" "inspect" "1054750ba6fcd58222001d4dbfaba6762d18447855f5463db7643c8d65c9297d", kill_on_drop: false }`
[INFO] running `Command { std: "docker" "rm" "-f" "1054750ba6fcd58222001d4dbfaba6762d18447855f5463db7643c8d65c9297d", kill_on_drop: false }`
[INFO] [stdout] 1054750ba6fcd58222001d4dbfaba6762d18447855f5463db7643c8d65c9297d
[INFO] running `Command { std: "docker" "create" "-v" "/var/lib/crater-agent-workspace/builds/worker-6-tc1/target:/opt/rustwide/target:rw,Z" "-v" "/var/lib/crater-agent-workspace/builds/worker-6-tc1/source:/opt/rustwide/workdir:ro,Z" "-v" "/var/lib/crater-agent-workspace/cargo-home:/opt/rustwide/cargo-home:ro,Z" "-v" "/var/lib/crater-agent-workspace/rustup-home:/opt/rustwide/rustup-home:ro,Z" "-e" "SOURCE_DIR=/opt/rustwide/workdir" "-e" "CARGO_TARGET_DIR=/opt/rustwide/target" "-e" "CARGO_INCREMENTAL=0" "-e" "RUST_BACKTRACE=full" "-e" "RUSTFLAGS=--cap-lints=forbid" "-e" "RUSTDOCFLAGS=--cap-lints=forbid" "-e" "CARGO_HOME=/opt/rustwide/cargo-home" "-e" "RUSTUP_HOME=/opt/rustwide/rustup-home" "-w" "/opt/rustwide/workdir" "-m" "1610612736" "--user" "0:0" "--network" "none" "ghcr.io/rust-lang/crates-build-env/linux@sha256:819108c5571ea2e421544af4d832f968d213c87fbe3707a016657f43d2f853bc" "/opt/rustwide/cargo-home/bin/cargo" "+nightly-2025-01-18" "build" "--frozen" "--message-format=json", kill_on_drop: false }`
[INFO] [stdout] e6ec2a9c336c4b7ef68004b405dd30f398d5d8942486a0514587b48154e9136d
[INFO] running `Command { std: "docker" "start" "-a" "e6ec2a9c336c4b7ef68004b405dd30f398d5d8942486a0514587b48154e9136d", kill_on_drop: false }`
[INFO] [stderr]    Compiling unicode-ident v1.0.14
[INFO] [stderr]    Compiling proc-macro2 v1.0.93
[INFO] [stderr]    Compiling semver v1.0.24
[INFO] [stderr]    Compiling serde v1.0.217
[INFO] [stderr]    Compiling wasm-bindgen-shared v0.2.100
[INFO] [stderr]    Compiling either v1.13.0
[INFO] [stderr]    Compiling autocfg v1.4.0
[INFO] [stderr]    Compiling fnv v1.0.7
[INFO] [stderr]    Compiling regex-syntax v0.8.5
[INFO] [stderr]    Compiling beef v0.5.2
[INFO] [stderr]    Compiling lazy_static v1.5.0
[INFO] [stderr]    Compiling memchr v2.7.4
[INFO] [stderr]    Compiling bumpalo v3.16.0
[INFO] [stderr]    Compiling log v0.4.25
[INFO] [stderr]    Compiling camino v1.1.9
[INFO] [stderr]    Compiling bytes v1.9.0
[INFO] [stderr]    Compiling text-size v1.1.1
[INFO] [stderr]    Compiling foldhash v0.1.4
[INFO] [stderr]    Compiling minimal-lexical v0.2.1
[INFO] [stderr]    Compiling wasm-encoder v0.223.0
[INFO] [stderr]    Compiling yansi v1.0.1
[INFO] [stderr]    Compiling unicode-width v0.1.14
[INFO] [stderr]    Compiling itertools v0.13.0
[INFO] [stderr]    Compiling hashbrown v0.15.2
[INFO] [stderr]    Compiling hashbrown v0.14.5
[INFO] [stderr]    Compiling ryu v1.0.18
[INFO] [stderr]    Compiling rustversion v1.0.19
[INFO] [stderr]    Compiling nohash-hasher v0.2.0
[INFO] [stderr]    Compiling itoa v1.0.14
[INFO] [stderr]    Compiling countme v3.0.1
[INFO] [stderr]    Compiling rustc-hash v1.1.0
[INFO] [stderr]    Compiling line-index v0.1.2
[INFO] [stderr]    Compiling nom v7.1.3
[INFO] [stderr]    Compiling rustc_version v0.4.1
[INFO] [stderr]    Compiling ariadne v0.5.0
[INFO] [stderr]    Compiling wasm-bindgen v0.2.100
[INFO] [stderr]    Compiling wasmparser v0.223.0
[INFO] [stderr]    Compiling topological-sort v0.2.2
[INFO] [stderr]    Compiling leb128 v0.2.5
[INFO] [stderr]    Compiling num-traits v0.2.19
[INFO] [stderr]    Compiling bitflags v2.8.0
[INFO] [stderr]    Compiling once_cell v1.20.2
[INFO] [stderr]    Compiling termcolor v1.4.1
[INFO] [stderr]    Compiling ungrammar v1.16.1
[INFO] [stderr]    Compiling logos-codegen v0.15.0
[INFO] [stderr]    Compiling rowan v0.16.1
[INFO] [stderr]    Compiling quote v1.0.38
[INFO] [stderr]    Compiling syn v2.0.96
[INFO] [stderr]    Compiling lexpr-macros v0.2.2
[INFO] [stderr]    Compiling xtask-gen-ast v0.1.0 (/opt/rustwide/workdir/crates/xtask-gen-ast)
[INFO] [stderr]    Compiling lexpr v0.2.7
[INFO] [stderr]    Compiling wasmprinter v0.223.0
[INFO] [stderr]    Compiling wasm-bindgen-backend v0.2.100
[INFO] [stderr]    Compiling serde_derive v1.0.217
[INFO] [stderr]    Compiling prost-derive v0.13.4
[INFO] [stderr]    Compiling derive_ir v0.1.0 (/opt/rustwide/workdir/crates/derive_ir)
[INFO] [stderr]    Compiling num-derive v0.4.2
[INFO] [stderr]    Compiling clap_derive v4.5.24
[INFO] [stderr]    Compiling prost v0.13.4
[INFO] [stderr]    Compiling logos-derive v0.15.0
[INFO] [stderr]    Compiling logos v0.15.0
[INFO] [stderr]    Compiling wasm-bindgen-macro-support v0.2.100
[INFO] [stderr]    Compiling wasm-bindgen-macro v0.2.100
[INFO] [stderr]    Compiling clap v4.5.26
[INFO] [stderr]    Compiling console_error_panic_hook v0.1.7
[INFO] [stderr]    Compiling hop-scip v0.1.0 (https://github.com/kritzcreek/hop?rev=869548a8bdb11f88da73be72bef500fc15d59124#869548a8)
[INFO] [stderr]    Compiling string-interner v0.18.0
[INFO] [stderr]    Compiling frontend v0.1.0 (/opt/rustwide/workdir/crates/frontend)
[INFO] [stderr]    Compiling backend v0.1.0 (/opt/rustwide/workdir/crates/backend)
[INFO] [stderr]    Compiling wasm-lib v0.1.0 (/opt/rustwide/workdir/crates/wasm-lib)
[INFO] [stderr]    Compiling cli v0.1.0 (/opt/rustwide/workdir/crates/cli)
[INFO] [stderr]     Finished `dev` profile [unoptimized + debuginfo] target(s) in 33.83s
[INFO] running `Command { std: "docker" "inspect" "e6ec2a9c336c4b7ef68004b405dd30f398d5d8942486a0514587b48154e9136d", kill_on_drop: false }`
[INFO] running `Command { std: "docker" "rm" "-f" "e6ec2a9c336c4b7ef68004b405dd30f398d5d8942486a0514587b48154e9136d", kill_on_drop: false }`
[INFO] [stdout] e6ec2a9c336c4b7ef68004b405dd30f398d5d8942486a0514587b48154e9136d
[INFO] running `Command { std: "docker" "create" "-v" "/var/lib/crater-agent-workspace/builds/worker-6-tc1/target:/opt/rustwide/target:rw,Z" "-v" "/var/lib/crater-agent-workspace/builds/worker-6-tc1/source:/opt/rustwide/workdir:ro,Z" "-v" "/var/lib/crater-agent-workspace/cargo-home:/opt/rustwide/cargo-home:ro,Z" "-v" "/var/lib/crater-agent-workspace/rustup-home:/opt/rustwide/rustup-home:ro,Z" "-e" "SOURCE_DIR=/opt/rustwide/workdir" "-e" "CARGO_TARGET_DIR=/opt/rustwide/target" "-e" "CARGO_INCREMENTAL=0" "-e" "RUST_BACKTRACE=full" "-e" "RUSTFLAGS=--cap-lints=forbid" "-e" "RUSTDOCFLAGS=--cap-lints=forbid" "-e" "CARGO_HOME=/opt/rustwide/cargo-home" "-e" "RUSTUP_HOME=/opt/rustwide/rustup-home" "-w" "/opt/rustwide/workdir" "-m" "1610612736" "--user" "0:0" "--network" "none" "ghcr.io/rust-lang/crates-build-env/linux@sha256:819108c5571ea2e421544af4d832f968d213c87fbe3707a016657f43d2f853bc" "/opt/rustwide/cargo-home/bin/cargo" "+nightly-2025-01-18" "test" "--frozen" "--no-run" "--message-format=json", kill_on_drop: false }`
[INFO] [stdout] 208455e91b2c24dc2048fe52eeb5e8d7db9f62ed7c2e53155846e4527c348076
[INFO] running `Command { std: "docker" "start" "-a" "208455e91b2c24dc2048fe52eeb5e8d7db9f62ed7c2e53155846e4527c348076", kill_on_drop: false }`
[INFO] [stderr]    Compiling serde v1.0.217
[INFO] [stderr]    Compiling log v0.4.25
[INFO] [stderr]    Compiling aho-corasick v1.1.3
[INFO] [stderr]    Compiling regex-syntax v0.8.5
[INFO] [stderr]    Compiling derive_ir v0.1.0 (/opt/rustwide/workdir/crates/derive_ir)
[INFO] [stderr]    Compiling bstr v1.11.3
[INFO] [stderr]    Compiling same-file v1.0.6
[INFO] [stderr]    Compiling serde_json v1.0.135
[INFO] [stderr]    Compiling console v0.15.10
[INFO] [stderr]    Compiling similar v2.6.0
[INFO] [stderr]    Compiling linked-hash-map v0.5.6
[INFO] [stderr]    Compiling xtask-gen-ast v0.1.0 (/opt/rustwide/workdir/crates/xtask-gen-ast)
[INFO] [stderr]    Compiling wasm-bindgen-backend v0.2.100
[INFO] [stderr]    Compiling walkdir v2.5.0
[INFO] [stderr]    Compiling wasm-bindgen-macro-support v0.2.100
[INFO] [stderr]    Compiling regex-automata v0.4.9
[INFO] [stderr]    Compiling wasm-bindgen-macro v0.2.100
[INFO] [stderr]    Compiling wasm-bindgen v0.2.100
[INFO] [stderr]    Compiling hop-scip v0.1.0 (https://github.com/kritzcreek/hop?rev=869548a8bdb11f88da73be72bef500fc15d59124#869548a8)
[INFO] [stderr]    Compiling string-interner v0.18.0
[INFO] [stderr]    Compiling console_error_panic_hook v0.1.7
[INFO] [stderr]    Compiling regex v1.11.1
[INFO] [stderr]    Compiling globset v0.4.15
[INFO] [stderr]    Compiling frontend v0.1.0 (/opt/rustwide/workdir/crates/frontend)
[INFO] [stderr]    Compiling insta v1.42.0
[INFO] [stderr]    Compiling backend v0.1.0 (/opt/rustwide/workdir/crates/backend)
[INFO] [stderr]    Compiling insta-cmd v0.6.0
[INFO] [stderr]    Compiling cli v0.1.0 (/opt/rustwide/workdir/crates/cli)
[INFO] [stderr]    Compiling wasm-lib v0.1.0 (/opt/rustwide/workdir/crates/wasm-lib)
[INFO] [stderr]     Finished `test` profile [unoptimized + debuginfo] target(s) in 20.49s
[INFO] running `Command { std: "docker" "inspect" "208455e91b2c24dc2048fe52eeb5e8d7db9f62ed7c2e53155846e4527c348076", kill_on_drop: false }`
[INFO] running `Command { std: "docker" "rm" "-f" "208455e91b2c24dc2048fe52eeb5e8d7db9f62ed7c2e53155846e4527c348076", kill_on_drop: false }`
[INFO] [stdout] 208455e91b2c24dc2048fe52eeb5e8d7db9f62ed7c2e53155846e4527c348076
[INFO] running `Command { std: "docker" "create" "-v" "/var/lib/crater-agent-workspace/builds/worker-6-tc1/target:/opt/rustwide/target:rw,Z" "-v" "/var/lib/crater-agent-workspace/builds/worker-6-tc1/source:/opt/rustwide/workdir:ro,Z" "-v" "/var/lib/crater-agent-workspace/cargo-home:/opt/rustwide/cargo-home:ro,Z" "-v" "/var/lib/crater-agent-workspace/rustup-home:/opt/rustwide/rustup-home:ro,Z" "-e" "SOURCE_DIR=/opt/rustwide/workdir" "-e" "CARGO_TARGET_DIR=/opt/rustwide/target" "-e" "CARGO_INCREMENTAL=0" "-e" "RUST_BACKTRACE=full" "-e" "RUSTFLAGS=--cap-lints=forbid" "-e" "RUSTDOCFLAGS=--cap-lints=forbid" "-e" "CARGO_HOME=/opt/rustwide/cargo-home" "-e" "RUSTUP_HOME=/opt/rustwide/rustup-home" "-w" "/opt/rustwide/workdir" "-m" "1610612736" "--user" "0:0" "--network" "none" "ghcr.io/rust-lang/crates-build-env/linux@sha256:819108c5571ea2e421544af4d832f968d213c87fbe3707a016657f43d2f853bc" "/opt/rustwide/cargo-home/bin/cargo" "+nightly-2025-01-18" "test" "--frozen", kill_on_drop: false }`
[INFO] [stdout] 793683e2ea7b9b5f822c7781108f243c1bf9356080f2b338a24b3c6b1f867a02
[INFO] running `Command { std: "docker" "start" "-a" "793683e2ea7b9b5f822c7781108f243c1bf9356080f2b338a24b3c6b1f867a02", kill_on_drop: false }`
[INFO] [stderr]     Finished `test` profile [unoptimized + debuginfo] target(s) in 0.55s
[INFO] [stderr]      Running unittests src/lib.rs (/opt/rustwide/target/debug/deps/backend-5b3adb027a72867b)
[INFO] [stderr]      Running unittests src/main.rs (/opt/rustwide/target/debug/deps/nemo-5076a3cf7d23e5b0)
[INFO] [stdout] 
[INFO] [stdout] running 0 tests
[INFO] [stdout] 
[INFO] [stdout] test result: ok. 0 passed; 0 failed; 0 ignored; 0 measured; 0 filtered out; finished in 0.00s
[INFO] [stdout] 
[INFO] [stdout] 
[INFO] [stdout] running 0 tests
[INFO] [stdout] 
[INFO] [stdout] test result: ok. 0 passed; 0 failed; 0 ignored; 0 measured; 0 filtered out; finished in 0.00s
[INFO] [stdout] 
[INFO] [stderr]      Running tests/lib.rs (/opt/rustwide/target/debug/deps/lib-10898b96b3efc271)
[INFO] [stdout] 
[INFO] [stdout] running 1 test
[INFO] [stdout] test t ... FAILED
[INFO] [stdout] 
[INFO] [stdout] failures:
[INFO] [stdout] 
[INFO] [stdout] ---- t stdout ----
[INFO] [stdout] 
[INFO] [stderr] error: test failed, to rerun pass `-p cli --test lib`
[INFO] [stdout] thread 't' panicked at crates/cli/tests/lib.rs:76:44:
[INFO] [stdout] called `Result::unwrap()` on an `Err` value: Os { code: 30, kind: ReadOnlyFilesystem, message: "Read-only file system" }
[INFO] [stdout] stack backtrace:
[INFO] [stdout]    0:     0x62e9b9c85f1a - std::backtrace_rs::backtrace::libunwind::trace::hb059275cfc8d6126
[INFO] [stdout]                                at /rustc/6067b36314ab5eb2eb47cecc464545ba58e1ad24/library/std/src/../../backtrace/src/backtrace/libunwind.rs:116:5
[INFO] [stdout]    1:     0x62e9b9c85f1a - std::backtrace_rs::backtrace::trace_unsynchronized::h2da071e4327ce3ee
[INFO] [stdout]                                at /rustc/6067b36314ab5eb2eb47cecc464545ba58e1ad24/library/std/src/../../backtrace/src/backtrace/mod.rs:66:5
[INFO] [stdout]    2:     0x62e9b9c85f1a - std::sys::backtrace::_print_fmt::h842a1474e6f8d23f
[INFO] [stdout]                                at /rustc/6067b36314ab5eb2eb47cecc464545ba58e1ad24/library/std/src/sys/backtrace.rs:66:9
[INFO] [stdout]    3:     0x62e9b9c85f1a - <std::sys::backtrace::BacktraceLock::print::DisplayBacktrace as core::fmt::Display>::fmt::h71a62eb3b9696b12
[INFO] [stdout]                                at /rustc/6067b36314ab5eb2eb47cecc464545ba58e1ad24/library/std/src/sys/backtrace.rs:39:26
[INFO] [stdout]    4:     0x62e9b9cb1fe3 - core::fmt::rt::Argument::fmt::hdb6b616786b41dc1
[INFO] [stdout]                                at /rustc/6067b36314ab5eb2eb47cecc464545ba58e1ad24/library/core/src/fmt/rt.rs:177:76
[INFO] [stdout]    5:     0x62e9b9cb1fe3 - core::fmt::write::h2cc1698af7e2d686
[INFO] [stdout]                                at /rustc/6067b36314ab5eb2eb47cecc464545ba58e1ad24/library/core/src/fmt/mod.rs:1440:21
[INFO] [stdout]    6:     0x62e9b9c817b3 - std::io::Write::write_fmt::hab1b4cd059a79022
[INFO] [stdout]                                at /rustc/6067b36314ab5eb2eb47cecc464545ba58e1ad24/library/std/src/io/mod.rs:1887:15
[INFO] [stdout]    7:     0x62e9b9c85d62 - std::sys::backtrace::BacktraceLock::print::h147fe35b4ea13b08
[INFO] [stdout]                                at /rustc/6067b36314ab5eb2eb47cecc464545ba58e1ad24/library/std/src/sys/backtrace.rs:42:9
[INFO] [stdout]    8:     0x62e9b9c8738f - std::panicking::default_hook::{{closure}}::hbd44223dbdc0d208
[INFO] [stdout]                                at /rustc/6067b36314ab5eb2eb47cecc464545ba58e1ad24/library/std/src/panicking.rs:298:22
[INFO] [stdout]    9:     0x62e9b9c871a8 - std::panicking::default_hook::h20f81eb0576efcec
[INFO] [stdout]                                at /rustc/6067b36314ab5eb2eb47cecc464545ba58e1ad24/library/std/src/panicking.rs:322:9
[INFO] [stdout]   10:     0x62e9b9853ca3 - <alloc::boxed::Box<F,A> as core::ops::function::Fn<Args>>::call::hdb53814c496a4d34
[INFO] [stdout]                                at /rustc/6067b36314ab5eb2eb47cecc464545ba58e1ad24/library/alloc/src/boxed.rs:2027:9
[INFO] [stdout]   11:     0x62e9b9853ca3 - test::test_main::{{closure}}::hc0a4963c59427c24
[INFO] [stdout]                                at /rustc/6067b36314ab5eb2eb47cecc464545ba58e1ad24/library/test/src/lib.rs:134:21
[INFO] [stdout]   12:     0x62e9b9c87e83 - <alloc::boxed::Box<F,A> as core::ops::function::Fn<Args>>::call::h591b2225413a77e9
[INFO] [stdout]                                at /rustc/6067b36314ab5eb2eb47cecc464545ba58e1ad24/library/alloc/src/boxed.rs:2027:9
[INFO] [stdout]   13:     0x62e9b9c87e83 - std::panicking::rust_panic_with_hook::h625eea43051b2edc
[INFO] [stdout]                                at /rustc/6067b36314ab5eb2eb47cecc464545ba58e1ad24/library/std/src/panicking.rs:839:13
[INFO] [stdout]   14:     0x62e9b9c87b3a - std::panicking::begin_panic_handler::{{closure}}::h4f9159cfbc3f6bd3
[INFO] [stdout]                                at /rustc/6067b36314ab5eb2eb47cecc464545ba58e1ad24/library/std/src/panicking.rs:704:13
[INFO] [stdout]   15:     0x62e9b9c86419 - std::sys::backtrace::__rust_end_short_backtrace::h0390abce48353151
[INFO] [stdout]                                at /rustc/6067b36314ab5eb2eb47cecc464545ba58e1ad24/library/std/src/sys/backtrace.rs:168:18
[INFO] [stdout]   16:     0x62e9b9c877cd - rust_begin_unwind
[INFO] [stdout]                                at /rustc/6067b36314ab5eb2eb47cecc464545ba58e1ad24/library/std/src/panicking.rs:695:5
[INFO] [stdout]   17:     0x62e9b9cafa40 - core::panicking::panic_fmt::h9e7c637e9e5f29c9
[INFO] [stdout]                                at /rustc/6067b36314ab5eb2eb47cecc464545ba58e1ad24/library/core/src/panicking.rs:75:14
[INFO] [stdout]   18:     0x62e9b9cafeb6 - core::result::unwrap_failed::h7979f09313fe1849
[INFO] [stdout]                                at /rustc/6067b36314ab5eb2eb47cecc464545ba58e1ad24/library/core/src/result.rs:1704:5
[INFO] [stdout]   19:     0x62e9b9807b9a - core::result::Result<T,E>::unwrap::hc029688db7b77f5d
[INFO] [stdout]                                at /rustc/6067b36314ab5eb2eb47cecc464545ba58e1ad24/library/core/src/result.rs:1109:23
[INFO] [stdout]   20:     0x62e9b9807b9a - lib::clear_existing_build::he2db9682c4d6c8e1
[INFO] [stdout]                                at /opt/rustwide/workdir/crates/cli/tests/lib.rs:76:5
[INFO] [stdout]   21:     0x62e9b9809655 - lib::t::h57fcc056c886385b
[INFO] [stdout]                                at /opt/rustwide/workdir/crates/cli/tests/lib.rs:94:5
[INFO] [stdout]   22:     0x62e9b9809547 - lib::t::{{closure}}::h9f9bd285c15c7c6a
[INFO] [stdout]                                at /opt/rustwide/workdir/crates/cli/tests/lib.rs:92:7
[INFO] [stdout]   23:     0x62e9b9816716 - core::ops::function::FnOnce::call_once::h366dd93d15cb43c8
[INFO] [stdout]                                at /rustc/6067b36314ab5eb2eb47cecc464545ba58e1ad24/library/core/src/ops/function.rs:250:5
[INFO] [stdout]   24:     0x62e9b98593fb - core::ops::function::FnOnce::call_once::he27718dfdd183f43
[INFO] [stdout]                                at /rustc/6067b36314ab5eb2eb47cecc464545ba58e1ad24/library/core/src/ops/function.rs:250:5
[INFO] [stdout]   25:     0x62e9b98593fb - test::__rust_begin_short_backtrace::h4e84902998457a5d
[INFO] [stdout]                                at /rustc/6067b36314ab5eb2eb47cecc464545ba58e1ad24/library/test/src/lib.rs:632:18
[INFO] [stdout]   26:     0x62e9b9858333 - test::run_test_in_process::{{closure}}::h7176fd18fc1feca0
[INFO] [stdout]                                at /rustc/6067b36314ab5eb2eb47cecc464545ba58e1ad24/library/test/src/lib.rs:655:60
[INFO] [stdout]   27:     0x62e9b9858333 - <core::panic::unwind_safe::AssertUnwindSafe<F> as core::ops::function::FnOnce<()>>::call_once::hf79cff2a624d8cf7
[INFO] [stdout]                                at /rustc/6067b36314ab5eb2eb47cecc464545ba58e1ad24/library/core/src/panic/unwind_safe.rs:272:9
[INFO] [stdout]   28:     0x62e9b9858333 - std::panicking::try::do_call::h3da0561d9ab99c25
[INFO] [stdout]                                at /rustc/6067b36314ab5eb2eb47cecc464545ba58e1ad24/library/std/src/panicking.rs:587:40
[INFO] [stdout]   29:     0x62e9b9858333 - std::panicking::try::h41c9fa508bc61df6
[INFO] [stdout]                                at /rustc/6067b36314ab5eb2eb47cecc464545ba58e1ad24/library/std/src/panicking.rs:550:19
[INFO] [stdout]   30:     0x62e9b9858333 - std::panic::catch_unwind::h6b3ff07bb5afad93
[INFO] [stdout]                                at /rustc/6067b36314ab5eb2eb47cecc464545ba58e1ad24/library/std/src/panic.rs:358:14
[INFO] [stdout]   31:     0x62e9b9858333 - test::run_test_in_process::hc7253dd11b39b9f4
[INFO] [stdout]                                at /rustc/6067b36314ab5eb2eb47cecc464545ba58e1ad24/library/test/src/lib.rs:655:27
[INFO] [stdout]   32:     0x62e9b9858333 - test::run_test::{{closure}}::hfb2007f8649c30bb
[INFO] [stdout]                                at /rustc/6067b36314ab5eb2eb47cecc464545ba58e1ad24/library/test/src/lib.rs:576:43
[INFO] [stdout]   33:     0x62e9b981b415 - test::run_test::{{closure}}::h56a17aa7a282a9f4
[INFO] [stdout]                                at /rustc/6067b36314ab5eb2eb47cecc464545ba58e1ad24/library/test/src/lib.rs:606:41
[INFO] [stdout]   34:     0x62e9b981b415 - std::sys::backtrace::__rust_begin_short_backtrace::hd2d2d2fb8e8c6aac
[INFO] [stdout]                                at /rustc/6067b36314ab5eb2eb47cecc464545ba58e1ad24/library/std/src/sys/backtrace.rs:152:18
[INFO] [stdout]   35:     0x62e9b981ecfa - std::thread::Builder::spawn_unchecked_::{{closure}}::{{closure}}::h4faa3f9db6133423
[INFO] [stdout]                                at /rustc/6067b36314ab5eb2eb47cecc464545ba58e1ad24/library/std/src/thread/mod.rs:559:17
[INFO] [stdout]   36:     0x62e9b981ecfa - <core::panic::unwind_safe::AssertUnwindSafe<F> as core::ops::function::FnOnce<()>>::call_once::hf2e855a36a4ea846
[INFO] [stdout]                                at /rustc/6067b36314ab5eb2eb47cecc464545ba58e1ad24/library/core/src/panic/unwind_safe.rs:272:9
[INFO] [stdout]   37:     0x62e9b981ecfa - std::panicking::try::do_call::h2f73af3616c35465
[INFO] [stdout]                                at /rustc/6067b36314ab5eb2eb47cecc464545ba58e1ad24/library/std/src/panicking.rs:587:40
[INFO] [stdout]   38:     0x62e9b981ecfa - std::panicking::try::hd1660ce9efadef5a
[INFO] [stdout]                                at /rustc/6067b36314ab5eb2eb47cecc464545ba58e1ad24/library/std/src/panicking.rs:550:19
[INFO] [stdout]   39:     0x62e9b981ecfa - std::panic::catch_unwind::h5ee8d7823b8ca744
[INFO] [stdout]                                at /rustc/6067b36314ab5eb2eb47cecc464545ba58e1ad24/library/std/src/panic.rs:358:14
[INFO] [stdout]   40:     0x62e9b981ecfa - std::thread::Builder::spawn_unchecked_::{{closure}}::h53c3a1894dce8407
[INFO] [stdout]                                at /rustc/6067b36314ab5eb2eb47cecc464545ba58e1ad24/library/std/src/thread/mod.rs:557:30
[INFO] [stdout]   41:     0x62e9b981ecfa - core::ops::function::FnOnce::call_once{{vtable.shim}}::h048ce291ad4f62bf
[INFO] [stdout]                                at /rustc/6067b36314ab5eb2eb47cecc464545ba58e1ad24/library/core/src/ops/function.rs:250:5
[INFO] [stdout]   42:     0x62e9b9c8d16b - <alloc::boxed::Box<F,A> as core::ops::function::FnOnce<Args>>::call_once::ha52bedf99a3b4981
[INFO] [stdout]                                at /rustc/6067b36314ab5eb2eb47cecc464545ba58e1ad24/library/alloc/src/boxed.rs:2013:9
[INFO] [stdout]   43:     0x62e9b9c8d16b - <alloc::boxed::Box<F,A> as core::ops::function::FnOnce<Args>>::call_once::h567748934d80ccf8
[INFO] [stdout]                                at /rustc/6067b36314ab5eb2eb47cecc464545ba58e1ad24/library/alloc/src/boxed.rs:2013:9
[INFO] [stdout]   44:     0x62e9b9c8d16b - std::sys::pal::unix::thread::Thread::new::thread_start::h2d970728ae887adc
[INFO] [stdout]                                at /rustc/6067b36314ab5eb2eb47cecc464545ba58e1ad24/library/std/src/sys/pal/unix/thread.rs:106:17
[INFO] [stdout]   45:     0x76a45f3ddac3 - <unknown>
[INFO] [stdout]   46:     0x76a45f46ea04 - clone
[INFO] [stdout]   47:                0x0 - <unknown>
[INFO] [stdout] 
[INFO] [stdout] 
[INFO] [stdout] failures:
[INFO] [stdout]     t
[INFO] [stdout] 
[INFO] [stdout] test result: FAILED. 0 passed; 1 failed; 0 ignored; 0 measured; 0 filtered out; finished in 0.03s
[INFO] [stdout] 
[INFO] running `Command { std: "docker" "inspect" "793683e2ea7b9b5f822c7781108f243c1bf9356080f2b338a24b3c6b1f867a02", kill_on_drop: false }`
[INFO] running `Command { std: "docker" "rm" "-f" "793683e2ea7b9b5f822c7781108f243c1bf9356080f2b338a24b3c6b1f867a02", kill_on_drop: false }`
[INFO] [stdout] 793683e2ea7b9b5f822c7781108f243c1bf9356080f2b338a24b3c6b1f867a02
