[INFO] cloning repository https://github.com/koenichiwa/kwl-lexer
[INFO] running `Command { std: "git" "-c" "credential.helper=" "-c" "credential.helper=/workspace/cargo-home/bin/git-credential-null" "clone" "--bare" "https://github.com/koenichiwa/kwl-lexer" "/workspace/cache/git-repos/https%3A%2F%2Fgithub.com%2Fkoenichiwa%2Fkwl-lexer", kill_on_drop: false }`
[INFO] [stderr] Cloning into bare repository '/workspace/cache/git-repos/https%3A%2F%2Fgithub.com%2Fkoenichiwa%2Fkwl-lexer'...
[INFO] running `Command { std: "git" "rev-parse" "HEAD", kill_on_drop: false }`
[INFO] [stdout] 6dbdf914b1a41bbe0688f1dcd9468ea1274db07f
[INFO] testing koenichiwa/kwl-lexer against nightly-2025-01-18 for randomize-layout-2
[INFO] running `Command { std: "git" "clone" "/workspace/cache/git-repos/https%3A%2F%2Fgithub.com%2Fkoenichiwa%2Fkwl-lexer" "/workspace/builds/worker-1-tc1/source", kill_on_drop: false }`
[INFO] [stderr] Cloning into '/workspace/builds/worker-1-tc1/source'...
[INFO] [stderr] done.
[INFO] validating manifest of git repo https://github.com/koenichiwa/kwl-lexer on toolchain nightly-2025-01-18
[INFO] running `Command { std: CARGO_HOME="/workspace/cargo-home" RUSTUP_HOME="/workspace/rustup-home" "/workspace/cargo-home/bin/cargo" "+nightly-2025-01-18" "metadata" "--manifest-path" "Cargo.toml" "--no-deps", kill_on_drop: false }`
[INFO] started tweaking git repo https://github.com/koenichiwa/kwl-lexer
[INFO] finished tweaking git repo https://github.com/koenichiwa/kwl-lexer
[INFO] tweaked toml for git repo https://github.com/koenichiwa/kwl-lexer written to /workspace/builds/worker-1-tc1/source/Cargo.toml
[INFO] crate git repo https://github.com/koenichiwa/kwl-lexer already has a lockfile, it will not be regenerated
[INFO] running `Command { std: CARGO_HOME="/workspace/cargo-home" RUSTUP_HOME="/workspace/rustup-home" "/workspace/cargo-home/bin/cargo" "+nightly-2025-01-18" "fetch" "--manifest-path" "Cargo.toml", kill_on_drop: false }`
[INFO] running `Command { std: "docker" "create" "-v" "/var/lib/crater-agent-workspace/builds/worker-1-tc1/target:/opt/rustwide/target:rw,Z" "-v" "/var/lib/crater-agent-workspace/builds/worker-1-tc1/source:/opt/rustwide/workdir:ro,Z" "-v" "/var/lib/crater-agent-workspace/cargo-home:/opt/rustwide/cargo-home:ro,Z" "-v" "/var/lib/crater-agent-workspace/rustup-home:/opt/rustwide/rustup-home:ro,Z" "-e" "SOURCE_DIR=/opt/rustwide/workdir" "-e" "CARGO_TARGET_DIR=/opt/rustwide/target" "-e" "CARGO_HOME=/opt/rustwide/cargo-home" "-e" "RUSTUP_HOME=/opt/rustwide/rustup-home" "-w" "/opt/rustwide/workdir" "-m" "1610612736" "--user" "0:0" "--network" "none" "ghcr.io/rust-lang/crates-build-env/linux@sha256:819108c5571ea2e421544af4d832f968d213c87fbe3707a016657f43d2f853bc" "/opt/rustwide/cargo-home/bin/cargo" "+nightly-2025-01-18" "metadata" "--no-deps" "--format-version=1", kill_on_drop: false }`
[INFO] [stdout] a38154c122c62f7f5cc8dfeea0dde4223c156e899ecae29ab32d6969423dadc6
[INFO] running `Command { std: "docker" "start" "-a" "a38154c122c62f7f5cc8dfeea0dde4223c156e899ecae29ab32d6969423dadc6", kill_on_drop: false }`
[INFO] running `Command { std: "docker" "inspect" "a38154c122c62f7f5cc8dfeea0dde4223c156e899ecae29ab32d6969423dadc6", kill_on_drop: false }`
[INFO] running `Command { std: "docker" "rm" "-f" "a38154c122c62f7f5cc8dfeea0dde4223c156e899ecae29ab32d6969423dadc6", kill_on_drop: false }`
[INFO] [stdout] a38154c122c62f7f5cc8dfeea0dde4223c156e899ecae29ab32d6969423dadc6
[INFO] running `Command { std: "docker" "create" "-v" "/var/lib/crater-agent-workspace/builds/worker-1-tc1/target:/opt/rustwide/target:rw,Z" "-v" "/var/lib/crater-agent-workspace/builds/worker-1-tc1/source:/opt/rustwide/workdir:ro,Z" "-v" "/var/lib/crater-agent-workspace/cargo-home:/opt/rustwide/cargo-home:ro,Z" "-v" "/var/lib/crater-agent-workspace/rustup-home:/opt/rustwide/rustup-home:ro,Z" "-e" "SOURCE_DIR=/opt/rustwide/workdir" "-e" "CARGO_TARGET_DIR=/opt/rustwide/target" "-e" "CARGO_INCREMENTAL=0" "-e" "RUST_BACKTRACE=full" "-e" "RUSTFLAGS=--cap-lints=forbid" "-e" "RUSTDOCFLAGS=--cap-lints=forbid" "-e" "CARGO_HOME=/opt/rustwide/cargo-home" "-e" "RUSTUP_HOME=/opt/rustwide/rustup-home" "-w" "/opt/rustwide/workdir" "-m" "1610612736" "--user" "0:0" "--network" "none" "ghcr.io/rust-lang/crates-build-env/linux@sha256:819108c5571ea2e421544af4d832f968d213c87fbe3707a016657f43d2f853bc" "/opt/rustwide/cargo-home/bin/cargo" "+nightly-2025-01-18" "build" "--frozen" "--message-format=json", kill_on_drop: false }`
[INFO] [stdout] b7f6fea1f3654b313f75983eb1e0cbedaa0015477808be5d1cf60a092acde01b
[INFO] running `Command { std: "docker" "start" "-a" "b7f6fea1f3654b313f75983eb1e0cbedaa0015477808be5d1cf60a092acde01b", kill_on_drop: false }`
[INFO] [stderr]    Compiling proc-macro2 v1.0.39
[INFO] [stderr]    Compiling unicode-ident v1.0.0
[INFO] [stderr]    Compiling syn v1.0.95
[INFO] [stderr]    Compiling memchr v2.5.0
[INFO] [stderr]    Compiling minimal-lexical v0.2.1
[INFO] [stderr]    Compiling once_cell v1.11.0
[INFO] [stderr]    Compiling quote v1.0.18
[INFO] [stderr]    Compiling nom v7.1.1
[INFO] [stderr]    Compiling thiserror-impl v1.0.31
[INFO] [stderr]    Compiling thiserror v1.0.31
[INFO] [stderr]    Compiling kwl-lexer v0.1.0 (/opt/rustwide/workdir)
[INFO] [stdout] warning: unused import: `multi::many1`
[INFO] [stdout]  --> src/lexer/atom.rs:2:102
[INFO] [stdout]   |
[INFO] [stdout] 2 |     branch::alt, bytes::complete::tag, character::complete::line_ending, combinator::value, IResult, multi::many1,
[INFO] [stdout]   |                                                                                                      ^^^^^^^^^^^^
[INFO] [stdout]   |
[INFO] [stdout]   = note: `#[warn(unused_imports)]` on by default
[INFO] [stdout] 
[INFO] [stdout] 
[INFO] [stdout] warning: unnecessary parentheses around function argument
[INFO] [stdout]   --> src/lexer/atom.rs:21:35
[INFO] [stdout]    |
[INFO] [stdout] 21 |         value(TokenKind::NewLine, (line_ending)),
[INFO] [stdout]    |                                   ^           ^
[INFO] [stdout]    |
[INFO] [stdout]    = note: `#[warn(unused_parens)]` on by default
[INFO] [stdout] help: remove these parentheses
[INFO] [stdout]    |
[INFO] [stdout] 21 -         value(TokenKind::NewLine, (line_ending)),
[INFO] [stdout] 21 +         value(TokenKind::NewLine, line_ending),
[INFO] [stdout]    |
[INFO] [stdout] 
[INFO] [stdout] 
[INFO] [stdout] warning: unused import: `std::collections::VecDeque`
[INFO] [stdout]  --> src/parser/expression.rs:1:5
[INFO] [stdout]   |
[INFO] [stdout] 1 | use std::collections::VecDeque;
[INFO] [stdout]   |     ^^^^^^^^^^^^^^^^^^^^^^^^^^
[INFO] [stdout] 
[INFO] [stdout] 
[INFO] [stdout] warning: unused import: `error::ParserError`
[INFO] [stdout]  --> src/parser/expression.rs:3:38
[INFO] [stdout]   |
[INFO] [stdout] 3 | use crate::{lexer::token::TokenKind, error::ParserError};
[INFO] [stdout]   |                                      ^^^^^^^^^^^^^^^^^^
[INFO] [stdout] 
[INFO] [stdout] 
[INFO] [stdout] warning: unused imports: `ExpressionNode`, `ParseInput`, `binary_operator::BinaryOperator`, and `unary_operator::UnaryOperator`
[INFO] [stdout]  --> src/parser/expression.rs:5:31
[INFO] [stdout]   |
[INFO] [stdout] 5 | ...e, ParseInput, util::InputUtil, unary_operator::UnaryOperator, binary_operator::BinaryOperator, expression_tree::{ExpressionTree, ExpressionNode, c...
[INFO] [stdout]   |       ^^^^^^^^^^                   ^^^^^^^^^^^^^^^^^^^^^^^^^^^^^  ^^^^^^^^^^^^^^^^^^^^^^^^^^^^^^^                                    ^^^^^^^^^^^^^^
[INFO] [stdout] 
[INFO] [stdout] 
[INFO] [stdout] warning: unused import: `OnceCell`
[INFO] [stdout]  --> src/parser/expression_tree.rs:1:23
[INFO] [stdout]   |
[INFO] [stdout] 1 | use once_cell::sync::{OnceCell, Lazy};
[INFO] [stdout]   |                       ^^^^^^^^
[INFO] [stdout] 
[INFO] [stdout] 
[INFO] [stdout] warning: unused import: `self`
[INFO] [stdout]  --> src/parser/expression_tree.rs:5:90
[INFO] [stdout]   |
[INFO] [stdout] 5 | use super::{term::Term, binary_operator::BinaryOperator, unary_operator::{UnaryOperator, self}, util::InputUtil, Node};
[INFO] [stdout]   |                                                                                          ^^^^
[INFO] [stdout] 
[INFO] [stdout] 
[INFO] [stdout] warning: unused variable: `token`
[INFO] [stdout]   --> src/parser/expression_tree.rs:86:14
[INFO] [stdout]    |
[INFO] [stdout] 86 |         Some(token) if UnaryOperator::parse(left_area).is_ok() => {
[INFO] [stdout]    |              ^^^^^ help: if this is intentional, prefix it with an underscore: `_token`
[INFO] [stdout]    |
[INFO] [stdout]    = note: `#[warn(unused_variables)]` on by default
[INFO] [stdout] 
[INFO] [stdout] 
[INFO] [stdout] warning: unused variable: `token`
[INFO] [stdout]    --> src/parser/expression_tree.rs:118:14
[INFO] [stdout]     |
[INFO] [stdout] 118 |         Some(token) if Term::parse(left_area).is_ok() => {
[INFO] [stdout]     |              ^^^^^ help: if this is intentional, prefix it with an underscore: `_token`
[INFO] [stdout] 
[INFO] [stdout] 
[INFO] [stdout] warning: unused variable: `token`
[INFO] [stdout]    --> src/parser/expression_tree.rs:139:14
[INFO] [stdout]     |
[INFO] [stdout] 139 |         Some(token) => todo!(),
[INFO] [stdout]     |              ^^^^^ help: if this is intentional, prefix it with an underscore: `_token`
[INFO] [stdout] 
[INFO] [stdout] 
[INFO] [stdout] warning: field `tokenkind` is never read
[INFO] [stdout]   --> src/error.rs:28:5
[INFO] [stdout]    |
[INFO] [stdout] 27 | pub struct KWLError {
[INFO] [stdout]    |            -------- field in this struct
[INFO] [stdout] 28 |     tokenkind: (),
[INFO] [stdout]    |     ^^^^^^^^^
[INFO] [stdout]    |
[INFO] [stdout]    = note: `#[warn(dead_code)]` on by default
[INFO] [stdout] 
[INFO] [stdout] 
[INFO] [stdout] warning: struct `Token` is never constructed
[INFO] [stdout]   --> src/lexer/token.rs:40:8
[INFO] [stdout]    |
[INFO] [stdout] 40 | struct Token<'a> {
[INFO] [stdout]    |        ^^^^^
[INFO] [stdout] 
[INFO] [stdout] 
[INFO] [stdout] warning: field `associativity` is never read
[INFO] [stdout]   --> src/parser/expression_tree.rs:22:9
[INFO] [stdout]    |
[INFO] [stdout] 21 | struct OperatorInfo {
[INFO] [stdout]    |        ------------ field in this struct
[INFO] [stdout] 22 |     pub associativity: Associativity,
[INFO] [stdout]    |         ^^^^^^^^^^^^^
[INFO] [stdout] 
[INFO] [stdout] 
[INFO] [stdout] warning: variant `Prefix` is never constructed
[INFO] [stdout]   --> src/parser/expression_tree.rs:28:5
[INFO] [stdout]    |
[INFO] [stdout] 26 | enum OperatorType {
[INFO] [stdout]    |      ------------ variant in this enum
[INFO] [stdout] 27 |     Infix,
[INFO] [stdout] 28 |     Prefix,
[INFO] [stdout]    |     ^^^^^^
[INFO] [stdout] 
[INFO] [stdout] 
[INFO] [stdout] warning: variant `RightToLeft` is never constructed
[INFO] [stdout]   --> src/parser/expression_tree.rs:33:5
[INFO] [stdout]    |
[INFO] [stdout] 31 | enum Associativity {
[INFO] [stdout]    |      ------------- variant in this enum
[INFO] [stdout] 32 |     LeftToRight,
[INFO] [stdout] 33 |     RightToLeft,
[INFO] [stdout]    |     ^^^^^^^^^^^
[INFO] [stdout] 
[INFO] [stdout] 
[INFO] [stdout] warning: method `find_last_index_where` is never used
[INFO] [stdout]   --> src/parser/util.rs:20:8
[INFO] [stdout]    |
[INFO] [stdout] 6  | pub trait InputUtil
[INFO] [stdout]    |           --------- method in this trait
[INFO] [stdout] ...
[INFO] [stdout] 20 |     fn find_last_index_where<F>(self, f: F) -> Option<usize>
[INFO] [stdout]    |        ^^^^^^^^^^^^^^^^^^^^^
[INFO] [stdout] 
[INFO] [stdout] 
[INFO] [stderr]     Finished `dev` profile [unoptimized + debuginfo] target(s) in 8.23s
[INFO] running `Command { std: "docker" "inspect" "b7f6fea1f3654b313f75983eb1e0cbedaa0015477808be5d1cf60a092acde01b", kill_on_drop: false }`
[INFO] running `Command { std: "docker" "rm" "-f" "b7f6fea1f3654b313f75983eb1e0cbedaa0015477808be5d1cf60a092acde01b", kill_on_drop: false }`
[INFO] [stdout] b7f6fea1f3654b313f75983eb1e0cbedaa0015477808be5d1cf60a092acde01b
[INFO] running `Command { std: "docker" "create" "-v" "/var/lib/crater-agent-workspace/builds/worker-1-tc1/target:/opt/rustwide/target:rw,Z" "-v" "/var/lib/crater-agent-workspace/builds/worker-1-tc1/source:/opt/rustwide/workdir:ro,Z" "-v" "/var/lib/crater-agent-workspace/cargo-home:/opt/rustwide/cargo-home:ro,Z" "-v" "/var/lib/crater-agent-workspace/rustup-home:/opt/rustwide/rustup-home:ro,Z" "-e" "SOURCE_DIR=/opt/rustwide/workdir" "-e" "CARGO_TARGET_DIR=/opt/rustwide/target" "-e" "CARGO_INCREMENTAL=0" "-e" "RUST_BACKTRACE=full" "-e" "RUSTFLAGS=--cap-lints=forbid" "-e" "RUSTDOCFLAGS=--cap-lints=forbid" "-e" "CARGO_HOME=/opt/rustwide/cargo-home" "-e" "RUSTUP_HOME=/opt/rustwide/rustup-home" "-w" "/opt/rustwide/workdir" "-m" "1610612736" "--user" "0:0" "--network" "none" "ghcr.io/rust-lang/crates-build-env/linux@sha256:819108c5571ea2e421544af4d832f968d213c87fbe3707a016657f43d2f853bc" "/opt/rustwide/cargo-home/bin/cargo" "+nightly-2025-01-18" "test" "--frozen" "--no-run" "--message-format=json", kill_on_drop: false }`
[INFO] [stdout] c4267d4a82e38e6c77f67c26c0d7b1725d099ae224184225e6d56b2a75069ce8
[INFO] running `Command { std: "docker" "start" "-a" "c4267d4a82e38e6c77f67c26c0d7b1725d099ae224184225e6d56b2a75069ce8", kill_on_drop: false }`
[INFO] [stdout] warning: unused import: `multi::many1`
[INFO] [stdout]  --> src/lexer/atom.rs:2:102
[INFO] [stdout]   |
[INFO] [stdout] 2 |     branch::alt, bytes::complete::tag, character::complete::line_ending, combinator::value, IResult, multi::many1,
[INFO] [stdout]   |                                                                                                      ^^^^^^^^^^^^
[INFO] [stdout]   |
[INFO] [stdout]   = note: `#[warn(unused_imports)]` on by default
[INFO] [stdout] 
[INFO] [stdout] 
[INFO] [stdout] warning: unnecessary parentheses around function argument
[INFO] [stdout]   --> src/lexer/atom.rs:21:35
[INFO] [stdout]    |
[INFO] [stdout] 21 |         value(TokenKind::NewLine, (line_ending)),
[INFO] [stdout]    |                                   ^           ^
[INFO] [stdout]    |
[INFO] [stdout]    = note: `#[warn(unused_parens)]` on by default
[INFO] [stdout] help: remove these parentheses
[INFO] [stdout]    |
[INFO] [stdout] 21 -         value(TokenKind::NewLine, (line_ending)),
[INFO] [stdout] 21 +         value(TokenKind::NewLine, line_ending),
[INFO] [stdout]    |
[INFO] [stdout] 
[INFO] [stdout] 
[INFO] [stdout] warning: unused import: `std::collections::VecDeque`
[INFO] [stdout]  --> src/parser/expression.rs:1:5
[INFO] [stdout]   |
[INFO] [stdout] 1 | use std::collections::VecDeque;
[INFO] [stdout]   |     ^^^^^^^^^^^^^^^^^^^^^^^^^^
[INFO] [stdout] 
[INFO] [stdout] 
[INFO] [stdout] warning: unused import: `error::ParserError`
[INFO] [stdout]  --> src/parser/expression.rs:3:38
[INFO] [stdout]   |
[INFO] [stdout] 3 | use crate::{lexer::token::TokenKind, error::ParserError};
[INFO] [stdout]   |                                      ^^^^^^^^^^^^^^^^^^
[INFO] [stdout] 
[INFO] [stdout] 
[INFO] [stdout] warning: unused imports: `ExpressionNode`, `ParseInput`, `binary_operator::BinaryOperator`, and `unary_operator::UnaryOperator`
[INFO] [stdout]  --> src/parser/expression.rs:5:31
[INFO] [stdout]   |
[INFO] [stdout] 5 | ...e, ParseInput, util::InputUtil, unary_operator::UnaryOperator, binary_operator::BinaryOperator, expression_tree::{ExpressionTree, ExpressionNode, c...
[INFO] [stdout]   |       ^^^^^^^^^^                   ^^^^^^^^^^^^^^^^^^^^^^^^^^^^^  ^^^^^^^^^^^^^^^^^^^^^^^^^^^^^^^                                    ^^^^^^^^^^^^^^
[INFO] [stdout] 
[INFO] [stdout] 
[INFO] [stdout] warning: unused import: `OnceCell`
[INFO] [stdout]  --> src/parser/expression_tree.rs:1:23
[INFO] [stdout]   |
[INFO] [stdout] 1 | use once_cell::sync::{OnceCell, Lazy};
[INFO] [stdout]   |                       ^^^^^^^^
[INFO] [stdout] 
[INFO] [stdout] 
[INFO] [stdout] warning: unused import: `self`
[INFO] [stdout]  --> src/parser/expression_tree.rs:5:90
[INFO] [stdout]   |
[INFO] [stdout] 5 | use super::{term::Term, binary_operator::BinaryOperator, unary_operator::{UnaryOperator, self}, util::InputUtil, Node};
[INFO] [stdout]   |                                                                                          ^^^^
[INFO] [stdout] 
[INFO] [stdout] 
[INFO] [stdout] warning: unused variable: `token`
[INFO] [stdout]   --> src/parser/expression_tree.rs:86:14
[INFO] [stdout]    |
[INFO] [stdout] 86 |         Some(token) if UnaryOperator::parse(left_area).is_ok() => {
[INFO] [stdout]    |              ^^^^^ help: if this is intentional, prefix it with an underscore: `_token`
[INFO] [stdout]    |
[INFO] [stdout]    = note: `#[warn(unused_variables)]` on by default
[INFO] [stdout] 
[INFO] [stdout] 
[INFO] [stdout] warning: unused variable: `token`
[INFO] [stdout]    --> src/parser/expression_tree.rs:118:14
[INFO] [stdout]     |
[INFO] [stdout] 118 |         Some(token) if Term::parse(left_area).is_ok() => {
[INFO] [stdout]     |              ^^^^^ help: if this is intentional, prefix it with an underscore: `_token`
[INFO] [stdout] 
[INFO] [stdout] 
[INFO] [stdout] warning: unused variable: `token`
[INFO] [stdout]    --> src/parser/expression_tree.rs:139:14
[INFO] [stdout]     |
[INFO] [stdout] 139 |         Some(token) => todo!(),
[INFO] [stdout]     |              ^^^^^ help: if this is intentional, prefix it with an underscore: `_token`
[INFO] [stdout] 
[INFO] [stdout] 
[INFO] [stdout] warning: field `tokenkind` is never read
[INFO] [stdout]   --> src/error.rs:28:5
[INFO] [stdout]    |
[INFO] [stdout] 27 | pub struct KWLError {
[INFO] [stdout]    |            -------- field in this struct
[INFO] [stdout] 28 |     tokenkind: (),
[INFO] [stdout]    |     ^^^^^^^^^
[INFO] [stdout]    |
[INFO] [stdout]    = note: `#[warn(dead_code)]` on by default
[INFO] [stdout] 
[INFO] [stdout] 
[INFO] [stdout] warning: struct `Token` is never constructed
[INFO] [stdout]   --> src/lexer/token.rs:40:8
[INFO] [stdout]    |
[INFO] [stdout] 40 | struct Token<'a> {
[INFO] [stdout]    |        ^^^^^
[INFO] [stdout] 
[INFO] [stdout] 
[INFO] [stdout] warning: field `associativity` is never read
[INFO] [stdout]   --> src/parser/expression_tree.rs:22:9
[INFO] [stdout]    |
[INFO] [stdout] 21 | struct OperatorInfo {
[INFO] [stdout]    |        ------------ field in this struct
[INFO] [stdout] 22 |     pub associativity: Associativity,
[INFO] [stdout]    |         ^^^^^^^^^^^^^
[INFO] [stdout] 
[INFO] [stdout] 
[INFO] [stdout] warning: variant `Prefix` is never constructed
[INFO] [stdout]   --> src/parser/expression_tree.rs:28:5
[INFO] [stdout]    |
[INFO] [stdout] 26 | enum OperatorType {
[INFO] [stdout]    |      ------------ variant in this enum
[INFO] [stdout] 27 |     Infix,
[INFO] [stdout] 28 |     Prefix,
[INFO] [stdout]    |     ^^^^^^
[INFO] [stdout] 
[INFO] [stdout] 
[INFO] [stdout] warning: variant `RightToLeft` is never constructed
[INFO] [stdout]   --> src/parser/expression_tree.rs:33:5
[INFO] [stdout]    |
[INFO] [stdout] 31 | enum Associativity {
[INFO] [stdout]    |      ------------- variant in this enum
[INFO] [stdout] 32 |     LeftToRight,
[INFO] [stdout] 33 |     RightToLeft,
[INFO] [stdout]    |     ^^^^^^^^^^^
[INFO] [stdout] 
[INFO] [stdout] 
[INFO] [stdout] warning: method `find_last_index_where` is never used
[INFO] [stdout]   --> src/parser/util.rs:20:8
[INFO] [stdout]    |
[INFO] [stdout] 6  | pub trait InputUtil
[INFO] [stdout]    |           --------- method in this trait
[INFO] [stdout] ...
[INFO] [stdout] 20 |     fn find_last_index_where<F>(self, f: F) -> Option<usize>
[INFO] [stdout]    |        ^^^^^^^^^^^^^^^^^^^^^
[INFO] [stdout] 
[INFO] [stdout] 
[INFO] [stderr]    Compiling kwl-lexer v0.1.0 (/opt/rustwide/workdir)
[INFO] [stdout] warning: unused import: `multi::many1`
[INFO] [stdout]  --> src/lexer/atom.rs:2:102
[INFO] [stdout]   |
[INFO] [stdout] 2 |     branch::alt, bytes::complete::tag, character::complete::line_ending, combinator::value, IResult, multi::many1,
[INFO] [stdout]   |                                                                                                      ^^^^^^^^^^^^
[INFO] [stdout]   |
[INFO] [stdout]   = note: `#[warn(unused_imports)]` on by default
[INFO] [stdout] 
[INFO] [stdout] 
[INFO] [stdout] warning: unnecessary parentheses around function argument
[INFO] [stdout]   --> src/lexer/atom.rs:21:35
[INFO] [stdout]    |
[INFO] [stdout] 21 |         value(TokenKind::NewLine, (line_ending)),
[INFO] [stdout]    |                                   ^           ^
[INFO] [stdout]    |
[INFO] [stdout]    = note: `#[warn(unused_parens)]` on by default
[INFO] [stdout] help: remove these parentheses
[INFO] [stdout]    |
[INFO] [stdout] 21 -         value(TokenKind::NewLine, (line_ending)),
[INFO] [stdout] 21 +         value(TokenKind::NewLine, line_ending),
[INFO] [stdout]    |
[INFO] [stdout] 
[INFO] [stdout] 
[INFO] [stdout] warning: unused import: `std::collections::VecDeque`
[INFO] [stdout]  --> src/parser/expression.rs:1:5
[INFO] [stdout]   |
[INFO] [stdout] 1 | use std::collections::VecDeque;
[INFO] [stdout]   |     ^^^^^^^^^^^^^^^^^^^^^^^^^^
[INFO] [stdout] 
[INFO] [stdout] 
[INFO] [stdout] warning: unused import: `error::ParserError`
[INFO] [stdout]  --> src/parser/expression.rs:3:38
[INFO] [stdout]   |
[INFO] [stdout] 3 | use crate::{lexer::token::TokenKind, error::ParserError};
[INFO] [stdout]   |                                      ^^^^^^^^^^^^^^^^^^
[INFO] [stdout] 
[INFO] [stdout] 
[INFO] [stdout] warning: unused imports: `ExpressionNode`, `ParseInput`, `binary_operator::BinaryOperator`, and `unary_operator::UnaryOperator`
[INFO] [stdout]  --> src/parser/expression.rs:5:31
[INFO] [stdout]   |
[INFO] [stdout] 5 | ...e, ParseInput, util::InputUtil, unary_operator::UnaryOperator, binary_operator::BinaryOperator, expression_tree::{ExpressionTree, ExpressionNode, c...
[INFO] [stdout]   |       ^^^^^^^^^^                   ^^^^^^^^^^^^^^^^^^^^^^^^^^^^^  ^^^^^^^^^^^^^^^^^^^^^^^^^^^^^^^                                    ^^^^^^^^^^^^^^
[INFO] [stdout] 
[INFO] [stdout] 
[INFO] [stdout] warning: unused import: `OnceCell`
[INFO] [stdout]  --> src/parser/expression_tree.rs:1:23
[INFO] [stdout]   |
[INFO] [stdout] 1 | use once_cell::sync::{OnceCell, Lazy};
[INFO] [stdout]   |                       ^^^^^^^^
[INFO] [stdout] 
[INFO] [stdout] 
[INFO] [stdout] warning: unused import: `self`
[INFO] [stdout]  --> src/parser/expression_tree.rs:5:90
[INFO] [stdout]   |
[INFO] [stdout] 5 | use super::{term::Term, binary_operator::BinaryOperator, unary_operator::{UnaryOperator, self}, util::InputUtil, Node};
[INFO] [stdout]   |                                                                                          ^^^^
[INFO] [stdout] 
[INFO] [stdout] 
[INFO] [stdout] warning: unused variable: `token`
[INFO] [stdout]   --> src/parser/expression_tree.rs:86:14
[INFO] [stdout]    |
[INFO] [stdout] 86 |         Some(token) if UnaryOperator::parse(left_area).is_ok() => {
[INFO] [stdout]    |              ^^^^^ help: if this is intentional, prefix it with an underscore: `_token`
[INFO] [stdout]    |
[INFO] [stdout]    = note: `#[warn(unused_variables)]` on by default
[INFO] [stdout] 
[INFO] [stdout] 
[INFO] [stdout] warning: unused variable: `token`
[INFO] [stdout]    --> src/parser/expression_tree.rs:118:14
[INFO] [stdout]     |
[INFO] [stdout] 118 |         Some(token) if Term::parse(left_area).is_ok() => {
[INFO] [stdout]     |              ^^^^^ help: if this is intentional, prefix it with an underscore: `_token`
[INFO] [stdout] 
[INFO] [stdout] 
[INFO] [stdout] warning: unused variable: `token`
[INFO] [stdout]    --> src/parser/expression_tree.rs:139:14
[INFO] [stdout]     |
[INFO] [stdout] 139 |         Some(token) => todo!(),
[INFO] [stdout]     |              ^^^^^ help: if this is intentional, prefix it with an underscore: `_token`
[INFO] [stdout] 
[INFO] [stdout] 
[INFO] [stdout] warning: field `tokenkind` is never read
[INFO] [stdout]   --> src/error.rs:28:5
[INFO] [stdout]    |
[INFO] [stdout] 27 | pub struct KWLError {
[INFO] [stdout]    |            -------- field in this struct
[INFO] [stdout] 28 |     tokenkind: (),
[INFO] [stdout]    |     ^^^^^^^^^
[INFO] [stdout]    |
[INFO] [stdout]    = note: `#[warn(dead_code)]` on by default
[INFO] [stdout] 
[INFO] [stdout] 
[INFO] [stdout] warning: struct `Token` is never constructed
[INFO] [stdout]   --> src/lexer/token.rs:40:8
[INFO] [stdout]    |
[INFO] [stdout] 40 | struct Token<'a> {
[INFO] [stdout]    |        ^^^^^
[INFO] [stdout] 
[INFO] [stdout] 
[INFO] [stdout] warning: field `associativity` is never read
[INFO] [stdout]   --> src/parser/expression_tree.rs:22:9
[INFO] [stdout]    |
[INFO] [stdout] 21 | struct OperatorInfo {
[INFO] [stdout]    |        ------------ field in this struct
[INFO] [stdout] 22 |     pub associativity: Associativity,
[INFO] [stdout]    |         ^^^^^^^^^^^^^
[INFO] [stdout] 
[INFO] [stdout] 
[INFO] [stdout] warning: variant `Prefix` is never constructed
[INFO] [stdout]   --> src/parser/expression_tree.rs:28:5
[INFO] [stdout]    |
[INFO] [stdout] 26 | enum OperatorType {
[INFO] [stdout]    |      ------------ variant in this enum
[INFO] [stdout] 27 |     Infix,
[INFO] [stdout] 28 |     Prefix,
[INFO] [stdout]    |     ^^^^^^
[INFO] [stdout] 
[INFO] [stdout] 
[INFO] [stdout] warning: variant `RightToLeft` is never constructed
[INFO] [stdout]   --> src/parser/expression_tree.rs:33:5
[INFO] [stdout]    |
[INFO] [stdout] 31 | enum Associativity {
[INFO] [stdout]    |      ------------- variant in this enum
[INFO] [stdout] 32 |     LeftToRight,
[INFO] [stdout] 33 |     RightToLeft,
[INFO] [stdout]    |     ^^^^^^^^^^^
[INFO] [stdout] 
[INFO] [stdout] 
[INFO] [stdout] warning: method `find_last_index_where` is never used
[INFO] [stdout]   --> src/parser/util.rs:20:8
[INFO] [stdout]    |
[INFO] [stdout] 6  | pub trait InputUtil
[INFO] [stdout]    |           --------- method in this trait
[INFO] [stdout] ...
[INFO] [stdout] 20 |     fn find_last_index_where<F>(self, f: F) -> Option<usize>
[INFO] [stdout]    |        ^^^^^^^^^^^^^^^^^^^^^
[INFO] [stdout] 
[INFO] [stdout] 
[INFO] [stderr]     Finished `test` profile [unoptimized + debuginfo] target(s) in 1.56s
[INFO] running `Command { std: "docker" "inspect" "c4267d4a82e38e6c77f67c26c0d7b1725d099ae224184225e6d56b2a75069ce8", kill_on_drop: false }`
[INFO] running `Command { std: "docker" "rm" "-f" "c4267d4a82e38e6c77f67c26c0d7b1725d099ae224184225e6d56b2a75069ce8", kill_on_drop: false }`
[INFO] [stdout] c4267d4a82e38e6c77f67c26c0d7b1725d099ae224184225e6d56b2a75069ce8
[INFO] running `Command { std: "docker" "create" "-v" "/var/lib/crater-agent-workspace/builds/worker-1-tc1/target:/opt/rustwide/target:rw,Z" "-v" "/var/lib/crater-agent-workspace/builds/worker-1-tc1/source:/opt/rustwide/workdir:ro,Z" "-v" "/var/lib/crater-agent-workspace/cargo-home:/opt/rustwide/cargo-home:ro,Z" "-v" "/var/lib/crater-agent-workspace/rustup-home:/opt/rustwide/rustup-home:ro,Z" "-e" "SOURCE_DIR=/opt/rustwide/workdir" "-e" "CARGO_TARGET_DIR=/opt/rustwide/target" "-e" "CARGO_INCREMENTAL=0" "-e" "RUST_BACKTRACE=full" "-e" "RUSTFLAGS=--cap-lints=forbid" "-e" "RUSTDOCFLAGS=--cap-lints=forbid" "-e" "CARGO_HOME=/opt/rustwide/cargo-home" "-e" "RUSTUP_HOME=/opt/rustwide/rustup-home" "-w" "/opt/rustwide/workdir" "-m" "1610612736" "--user" "0:0" "--network" "none" "ghcr.io/rust-lang/crates-build-env/linux@sha256:819108c5571ea2e421544af4d832f968d213c87fbe3707a016657f43d2f853bc" "/opt/rustwide/cargo-home/bin/cargo" "+nightly-2025-01-18" "test" "--frozen", kill_on_drop: false }`
[INFO] [stdout] c7b9ee7d16b9f601976290cad07a3469696566535dacb0282eb7a9e600979391
[INFO] running `Command { std: "docker" "start" "-a" "c7b9ee7d16b9f601976290cad07a3469696566535dacb0282eb7a9e600979391", kill_on_drop: false }`
[INFO] [stderr] warning: unused import: `multi::many1`
[INFO] [stderr]  --> src/lexer/atom.rs:2:102
[INFO] [stderr]   |
[INFO] [stderr] 2 |     branch::alt, bytes::complete::tag, character::complete::line_ending, combinator::value, IResult, multi::many1,
[INFO] [stderr]   |                                                                                                      ^^^^^^^^^^^^
[INFO] [stderr]   |
[INFO] [stderr]   = note: `#[warn(unused_imports)]` on by default
[INFO] [stderr] 
[INFO] [stderr] warning: unnecessary parentheses around function argument
[INFO] [stderr]   --> src/lexer/atom.rs:21:35
[INFO] [stderr]    |
[INFO] [stderr] 21 |         value(TokenKind::NewLine, (line_ending)),
[INFO] [stderr]    |                                   ^           ^
[INFO] [stderr]    |
[INFO] [stderr]    = note: `#[warn(unused_parens)]` on by default
[INFO] [stderr] help: remove these parentheses
[INFO] [stderr]    |
[INFO] [stderr] 21 -         value(TokenKind::NewLine, (line_ending)),
[INFO] [stderr] 21 +         value(TokenKind::NewLine, line_ending),
[INFO] [stderr]    |
[INFO] [stderr] 
[INFO] [stderr] warning: unused import: `std::collections::VecDeque`
[INFO] [stderr]  --> src/parser/expression.rs:1:5
[INFO] [stderr]   |
[INFO] [stderr] 1 | use std::collections::VecDeque;
[INFO] [stderr]   |     ^^^^^^^^^^^^^^^^^^^^^^^^^^
[INFO] [stderr] 
[INFO] [stderr] warning: unused import: `error::ParserError`
[INFO] [stderr]  --> src/parser/expression.rs:3:38
[INFO] [stderr]   |
[INFO] [stderr] 3 | use crate::{lexer::token::TokenKind, error::ParserError};
[INFO] [stderr]   |                                      ^^^^^^^^^^^^^^^^^^
[INFO] [stderr] 
[INFO] [stderr] warning: unused imports: `ExpressionNode`, `ParseInput`, `binary_operator::BinaryOperator`, and `unary_operator::UnaryOperator`
[INFO] [stderr]  --> src/parser/expression.rs:5:31
[INFO] [stderr]   |
[INFO] [stderr] 5 | ...e, ParseInput, util::InputUtil, unary_operator::UnaryOperator, binary_operator::BinaryOperator, expression_tree::{ExpressionTree, ExpressionNode, c...
[INFO] [stderr]   |       ^^^^^^^^^^                   ^^^^^^^^^^^^^^^^^^^^^^^^^^^^^  ^^^^^^^^^^^^^^^^^^^^^^^^^^^^^^^                                    ^^^^^^^^^^^^^^
[INFO] [stderr] 
[INFO] [stderr] warning: unused import: `OnceCell`
[INFO] [stderr]  --> src/parser/expression_tree.rs:1:23
[INFO] [stderr]   |
[INFO] [stderr] 1 | use once_cell::sync::{OnceCell, Lazy};
[INFO] [stderr]   |                       ^^^^^^^^
[INFO] [stderr] 
[INFO] [stderr] warning: unused import: `self`
[INFO] [stderr]  --> src/parser/expression_tree.rs:5:90
[INFO] [stderr]   |
[INFO] [stderr] 5 | use super::{term::Term, binary_operator::BinaryOperator, unary_operator::{UnaryOperator, self}, util::InputUtil, Node};
[INFO] [stderr]   |                                                                                          ^^^^
[INFO] [stderr] 
[INFO] [stderr] warning: unused variable: `token`
[INFO] [stderr]   --> src/parser/expression_tree.rs:86:14
[INFO] [stderr]    |
[INFO] [stderr] 86 |         Some(token) if UnaryOperator::parse(left_area).is_ok() => {
[INFO] [stderr]    |              ^^^^^ help: if this is intentional, prefix it with an underscore: `_token`
[INFO] [stderr]    |
[INFO] [stderr]    = note: `#[warn(unused_variables)]` on by default
[INFO] [stderr] 
[INFO] [stderr] warning: unused variable: `token`
[INFO] [stderr]    --> src/parser/expression_tree.rs:118:14
[INFO] [stderr]     |
[INFO] [stderr] 118 |         Some(token) if Term::parse(left_area).is_ok() => {
[INFO] [stderr]     |              ^^^^^ help: if this is intentional, prefix it with an underscore: `_token`
[INFO] [stderr] 
[INFO] [stderr] warning: unused variable: `token`
[INFO] [stderr]    --> src/parser/expression_tree.rs:139:14
[INFO] [stderr]     |
[INFO] [stderr] 139 |         Some(token) => todo!(),
[INFO] [stderr]     |              ^^^^^ help: if this is intentional, prefix it with an underscore: `_token`
[INFO] [stderr] 
[INFO] [stderr] warning: field `tokenkind` is never read
[INFO] [stderr]   --> src/error.rs:28:5
[INFO] [stderr]    |
[INFO] [stderr] 27 | pub struct KWLError {
[INFO] [stderr]    |            -------- field in this struct
[INFO] [stderr] 28 |     tokenkind: (),
[INFO] [stderr]    |     ^^^^^^^^^
[INFO] [stderr]    |
[INFO] [stderr]    = note: `#[warn(dead_code)]` on by default
[INFO] [stderr] 
[INFO] [stderr] warning: struct `Token` is never constructed
[INFO] [stderr]   --> src/lexer/token.rs:40:8
[INFO] [stderr]    |
[INFO] [stderr] 40 | struct Token<'a> {
[INFO] [stderr]    |        ^^^^^
[INFO] [stderr] 
[INFO] [stderr] warning: field `associativity` is never read
[INFO] [stderr]   --> src/parser/expression_tree.rs:22:9
[INFO] [stderr]    |
[INFO] [stderr] 21 | struct OperatorInfo {
[INFO] [stderr]    |        ------------ field in this struct
[INFO] [stderr] 22 |     pub associativity: Associativity,
[INFO] [stderr]    |         ^^^^^^^^^^^^^
[INFO] [stderr] 
[INFO] [stderr] warning: variant `Prefix` is never constructed
[INFO] [stderr]   --> src/parser/expression_tree.rs:28:5
[INFO] [stderr]    |
[INFO] [stderr] 26 | enum OperatorType {
[INFO] [stderr]    |      ------------ variant in this enum
[INFO] [stderr] 27 |     Infix,
[INFO] [stderr] 28 |     Prefix,
[INFO] [stderr]    |     ^^^^^^
[INFO] [stderr] 
[INFO] [stderr] warning: variant `RightToLeft` is never constructed
[INFO] [stderr]   --> src/parser/expression_tree.rs:33:5
[INFO] [stderr]    |
[INFO] [stderr] 31 | enum Associativity {
[INFO] [stderr]    |      ------------- variant in this enum
[INFO] [stderr] 32 |     LeftToRight,
[INFO] [stderr] 33 |     RightToLeft,
[INFO] [stderr]    |     ^^^^^^^^^^^
[INFO] [stderr] 
[INFO] [stderr] warning: method `find_last_index_where` is never used
[INFO] [stderr]   --> src/parser/util.rs:20:8
[INFO] [stderr]    |
[INFO] [stderr] 6  | pub trait InputUtil
[INFO] [stderr]    |           --------- method in this trait
[INFO] [stderr] ...
[INFO] [stderr] 20 |     fn find_last_index_where<F>(self, f: F) -> Option<usize>
[INFO] [stderr]    |        ^^^^^^^^^^^^^^^^^^^^^
[INFO] [stderr] 
[INFO] [stderr] warning: `kwl-lexer` (lib) generated 16 warnings (run `cargo fix --lib -p kwl-lexer` to apply 7 suggestions)
[INFO] [stderr] warning: `kwl-lexer` (lib test) generated 16 warnings (16 duplicates)
[INFO] [stderr]     Finished `test` profile [unoptimized + debuginfo] target(s) in 0.03s
[INFO] [stderr]      Running unittests src/lib.rs (/opt/rustwide/target/debug/deps/kwl_lexer-48112a6308411d4d)
[INFO] [stdout] 
[INFO] [stdout] running 15 tests
[INFO] [stdout] test lexer::literal::tests::float_literal ... ok
[INFO] [stdout] test lexer::tests::fib_program_with_comment ... ok
[INFO] [stdout] test lexer::tests::identifier ... ok
[INFO] [stdout] test lexer::tests::simple_assignment ... ok
[INFO] [stdout] test parser::function_head::tests::double_head ... ok
[INFO] [stdout] test lexer::literal::tests::string_literal ... ok
[INFO] [stdout] test parser::function_head::tests::nothing_head ... ok
[INFO] [stdout] test parser::function_head::tests::only_return_head ... ok
[INFO] [stdout] test parser::function_head::tests::simple_head ... ok
[INFO] [stdout] test lexer::tests::fib_program ... ok
[INFO] [stdout] test parser::function_head::tests::empty_head ... ok
[INFO] [stdout] test tests::simple_function ... ok
[INFO] [stdout] test tests::fib_program_with_comment ... FAILED
[INFO] [stdout] test tests::assignment ... FAILED
[INFO] [stdout] test tests::definition ... FAILED
[INFO] [stdout] 
[INFO] [stdout] failures:
[INFO] [stdout] 
[INFO] [stdout] ---- tests::fib_program_with_comment stdout ----
[INFO] [stdout] AREA 
[INFO] [stdout] [NewLine, DefinitionToken, Identifier("n"), Colon, Identifier("i64"), AssignmentToken, FunctionIdentifier("fib"), ParenthesesOpen, IntegerLiteral(5), ParenthesesClosed, NewLine]
[INFO] [stdout] THE CURSOR: [DefinitionToken, Identifier("n"), Colon, Identifier("i64"), AssignmentToken, FunctionIdentifier("fib"), ParenthesesOpen, IntegerLiteral(5), ParenthesesClosed, NewLine]
[INFO] [stdout] Primitive: [Identifier("i64"), AssignmentToken, FunctionIdentifier("fib"), ParenthesesOpen, IntegerLiteral(5), ParenthesesClosed, NewLine]
[INFO] [stdout] Definition:[AssignmentToken, FunctionIdentifier("fib"), ParenthesesOpen, IntegerLiteral(5), ParenthesesClosed, NewLine]
[INFO] [stdout] 
[INFO] [stdout] thread 'tests::fib_program_with_comment' panicked at src/parser/expression_tree.rs:54:5:
[INFO] [stdout] not yet implemented
[INFO] [stdout] stack backtrace:
[INFO] [stdout]    0:     0x651c6cfac73a - std::backtrace_rs::backtrace::libunwind::trace::hb059275cfc8d6126
[INFO] [stdout]                                at /rustc/6067b36314ab5eb2eb47cecc464545ba58e1ad24/library/std/src/../../backtrace/src/backtrace/libunwind.rs:116:5
[INFO] [stdout]    1:     0x651c6cfac73a - std::backtrace_rs::backtrace::trace_unsynchronized::h2da071e4327ce3ee
[INFO] [stdout]                                at /rustc/6067b36314ab5eb2eb47cecc464545ba58e1ad24/library/std/src/../../backtrace/src/backtrace/mod.rs:66:5
[INFO] [stdout]    2:     0x651c6cfac73a - std::sys::backtrace::_print_fmt::h842a1474e6f8d23f
[INFO] [stdout]                                at /rustc/6067b36314ab5eb2eb47cecc464545ba58e1ad24/library/std/src/sys/backtrace.rs:66:9
[INFO] [stdout]    3:     0x651c6cfac73a - <std::sys::backtrace::BacktraceLock::print::DisplayBacktrace as core::fmt::Display>::fmt::h71a62eb3b9696b12
[INFO] [stdout]                                at /rustc/6067b36314ab5eb2eb47cecc464545ba58e1ad24/library/std/src/sys/backtrace.rs:39:26
[INFO] [stdout]    4:     0x651c6cfd5173 - core::fmt::rt::Argument::fmt::hdb6b616786b41dc1
[INFO] [stdout]                                at /rustc/6067b36314ab5eb2eb47cecc464545ba58e1ad24/library/core/src/fmt/rt.rs:177:76
[INFO] [stdout]    5:     0x651c6cfd5173 - core::fmt::write::h2cc1698af7e2d686
[INFO] [stdout]                                at /rustc/6067b36314ab5eb2eb47cecc464545ba58e1ad24/library/core/src/fmt/mod.rs:1440:21
[INFO] [stdout]    6:     0x651c6cfa9293 - std::io::Write::write_fmt::hab1b4cd059a79022
[INFO] [stdout]                                at /rustc/6067b36314ab5eb2eb47cecc464545ba58e1ad24/library/std/src/io/mod.rs:1887:15
[INFO] [stdout]    7:     0x651c6cfac582 - std::sys::backtrace::BacktraceLock::print::h147fe35b4ea13b08
[INFO] [stdout]                                at /rustc/6067b36314ab5eb2eb47cecc464545ba58e1ad24/library/std/src/sys/backtrace.rs:42:9
[INFO] [stdout]    8:     0x651c6cfadb5f - std::panicking::default_hook::{{closure}}::hbd44223dbdc0d208
[INFO] [stdout]                                at /rustc/6067b36314ab5eb2eb47cecc464545ba58e1ad24/library/std/src/panicking.rs:298:22
[INFO] [stdout]    9:     0x651c6cfad978 - std::panicking::default_hook::h20f81eb0576efcec
[INFO] [stdout]                                at /rustc/6067b36314ab5eb2eb47cecc464545ba58e1ad24/library/std/src/panicking.rs:322:9
[INFO] [stdout]   10:     0x651c6cf71e33 - <alloc::boxed::Box<F,A> as core::ops::function::Fn<Args>>::call::hdb53814c496a4d34
[INFO] [stdout]                                at /rustc/6067b36314ab5eb2eb47cecc464545ba58e1ad24/library/alloc/src/boxed.rs:2027:9
[INFO] [stdout]   11:     0x651c6cf71e33 - test::test_main::{{closure}}::hc0a4963c59427c24
[INFO] [stdout]                                at /rustc/6067b36314ab5eb2eb47cecc464545ba58e1ad24/library/test/src/lib.rs:134:21
[INFO] [stdout]   12:     0x651c6cfae653 - <alloc::boxed::Box<F,A> as core::ops::function::Fn<Args>>::call::h591b2225413a77e9
[INFO] [stdout]                                at /rustc/6067b36314ab5eb2eb47cecc464545ba58e1ad24/library/alloc/src/boxed.rs:2027:9
[INFO] [stdout]   13:     0x651c6cfae653 - std::panicking::rust_panic_with_hook::h625eea43051b2edc
[INFO] [stdout]                                at /rustc/6067b36314ab5eb2eb47cecc464545ba58e1ad24/library/std/src/panicking.rs:839:13
[INFO] [stdout]   14:     0x651c6cfae2d6 - std::panicking::begin_panic_handler::{{closure}}::h4f9159cfbc3f6bd3
[INFO] [stdout]                                at /rustc/6067b36314ab5eb2eb47cecc464545ba58e1ad24/library/std/src/panicking.rs:697:13
[INFO] [stdout]   15:     0x651c6cfacc39 - std::sys::backtrace::__rust_end_short_backtrace::h0390abce48353151
[INFO] [stdout]                                at /rustc/6067b36314ab5eb2eb47cecc464545ba58e1ad24/library/std/src/sys/backtrace.rs:168:18
[INFO] [stdout]   16:     0x651c6cfadf9d - rust_begin_unwind
[INFO] [stdout]                                at /rustc/6067b36314ab5eb2eb47cecc464545ba58e1ad24/library/std/src/panicking.rs:695:5
[INFO] [stdout]   17:     0x651c6cfd37a0 - core::panicking::panic_fmt::h9e7c637e9e5f29c9
[INFO] [stdout]                                at /rustc/6067b36314ab5eb2eb47cecc464545ba58e1ad24/library/core/src/panicking.rs:75:14
[INFO] [stdout]   18:     0x651c6cfd382c - core::panicking::panic::haa3255ea20181a33
[INFO] [stdout]                                at /rustc/6067b36314ab5eb2eb47cecc464545ba58e1ad24/library/core/src/panicking.rs:145:5
[INFO] [stdout]   19:     0x651c6cef37e3 - kwl_lexer::parser::expression_tree::create_tree::h867537e73a01ecb2
[INFO] [stdout]                                at /opt/rustwide/workdir/src/parser/expression_tree.rs:54:5
[INFO] [stdout]   20:     0x651c6cf0fd98 - <kwl_lexer::parser::expression::Expression as kwl_lexer::parser::Node>::parse::he95884938c922fa8
[INFO] [stdout]                                at /opt/rustwide/workdir/src/parser/expression.rs:16:22
[INFO] [stdout]   21:     0x651c6cef31fa - kwl_lexer::parser::definition::Definition::parse_typed_variable_definition::h6a06ac989d4e392f
[INFO] [stdout]                                at /opt/rustwide/workdir/src/parser/definition.rs:66:34
[INFO] [stdout]   22:     0x651c6cef2820 - kwl_lexer::parser::definition::Definition::parse_definition::h3944aba7714dbb07
[INFO] [stdout]                                at /opt/rustwide/workdir/src/parser/definition.rs:30:39
[INFO] [stdout]   23:     0x651c6cef2517 - <kwl_lexer::parser::definition::Definition as kwl_lexer::parser::Node>::parse::h525679aa97e5a04c
[INFO] [stdout]                                at /opt/rustwide/workdir/src/parser/definition.rs:19:47
[INFO] [stdout]   24:     0x651c6cf05dca - kwl_lexer::parser::statement::Statement::parse_definition::h934add0294b72566
[INFO] [stdout]                                at /opt/rustwide/workdir/src/parser/statement.rs:49:38
[INFO] [stdout]   25:     0x651c6cf05c18 - <kwl_lexer::parser::statement::Statement as kwl_lexer::parser::Node>::parse::ha5e3d8361460a20b
[INFO] [stdout]                                at /opt/rustwide/workdir/src/parser/statement.rs:15:49
[INFO] [stdout]   26:     0x651c6cef5f25 - kwl_lexer::parser::function_body::FunctionBody::parse_statements::h6dbebf1aecbc1268
[INFO] [stdout]                                at /opt/rustwide/workdir/src/parser/function_body.rs:42:38
[INFO] [stdout]   27:     0x651c6cef5824 - <kwl_lexer::parser::function_body::FunctionBody as kwl_lexer::parser::Node>::parse::hed337bbeacb5cb0a
[INFO] [stdout]                                at /opt/rustwide/workdir/src/parser/function_body.rs:15:42
[INFO] [stdout]   28:     0x651c6cef2b44 - kwl_lexer::parser::definition::Definition::parse_function_definition::he25f26045d950ed7
[INFO] [stdout]                                at /opt/rustwide/workdir/src/parser/definition.rs:45:37
[INFO] [stdout]   29:     0x651c6cef24fe - <kwl_lexer::parser::definition::Definition as kwl_lexer::parser::Node>::parse::h525679aa97e5a04c
[INFO] [stdout]                                at /opt/rustwide/workdir/src/parser/definition.rs:18:55
[INFO] [stdout]   30:     0x651c6cf05dca - kwl_lexer::parser::statement::Statement::parse_definition::h934add0294b72566
[INFO] [stdout]                                at /opt/rustwide/workdir/src/parser/statement.rs:49:38
[INFO] [stdout]   31:     0x651c6cf05c18 - <kwl_lexer::parser::statement::Statement as kwl_lexer::parser::Node>::parse::ha5e3d8361460a20b
[INFO] [stdout]                                at /opt/rustwide/workdir/src/parser/statement.rs:15:49
[INFO] [stdout]   32:     0x651c6cf057e2 - kwl_lexer::parser::root::Root::parse_statements::h9b8c9bb84084a67c
[INFO] [stdout]                                at /opt/rustwide/workdir/src/parser/root.rs:26:38
[INFO] [stdout]   33:     0x651c6cf055c2 - <kwl_lexer::parser::root::Root as kwl_lexer::parser::Node>::parse::h2dec57f20c548dbf
[INFO] [stdout]                                at /opt/rustwide/workdir/src/parser/root.rs:12:9
[INFO] [stdout]   34:     0x651c6cf22ef2 - kwl_lexer::parser::parse::hafc2dda4fc56c86f
[INFO] [stdout]                                at /opt/rustwide/workdir/src/parser.rs:25:5
[INFO] [stdout]   35:     0x651c6cf080ba - kwl_lexer::tests::fib_program_with_comment::h9f6d1faf0e9c8be3
[INFO] [stdout]                                at /opt/rustwide/workdir/src/lib.rs:59:27
[INFO] [stdout]   36:     0x651c6cf07fa7 - kwl_lexer::tests::fib_program_with_comment::{{closure}}::hecdb18d9f81d0daa
[INFO] [stdout]                                at /opt/rustwide/workdir/src/lib.rs:40:34
[INFO] [stdout]   37:     0x651c6cefb526 - core::ops::function::FnOnce::call_once::h7546fc567584563d
[INFO] [stdout]                                at /rustc/6067b36314ab5eb2eb47cecc464545ba58e1ad24/library/core/src/ops/function.rs:250:5
[INFO] [stdout]   38:     0x651c6cf7758b - core::ops::function::FnOnce::call_once::he27718dfdd183f43
[INFO] [stdout]                                at /rustc/6067b36314ab5eb2eb47cecc464545ba58e1ad24/library/core/src/ops/function.rs:250:5
[INFO] [stdout]   39:     0x651c6cf7758b - test::__rust_begin_short_backtrace::h4e84902998457a5d
[INFO] [stdout]                                at /rustc/6067b36314ab5eb2eb47cecc464545ba58e1ad24/library/test/src/lib.rs:632:18
[INFO] [stdout]   40:     0x651c6cf764c3 - test::run_test_in_process::{{closure}}::h7176fd18fc1feca0
[INFO] [stdout]                                at /rustc/6067b36314ab5eb2eb47cecc464545ba58e1ad24/library/test/src/lib.rs:655:60
[INFO] [stdout]   41:     0x651c6cf764c3 - <core::panic::unwind_safe::AssertUnwindSafe<F> as core::ops::function::FnOnce<()>>::call_once::hf79cff2a624d8cf7
[INFO] [stdout]                                at /rustc/6067b36314ab5eb2eb47cecc464545ba58e1ad24/library/core/src/panic/unwind_safe.rs:272:9
[INFO] [stdout]   42:     0x651c6cf764c3 - std::panicking::try::do_call::h3da0561d9ab99c25
[INFO] [stdout]                                at /rustc/6067b36314ab5eb2eb47cecc464545ba58e1ad24/library/std/src/panicking.rs:587:40
[INFO] [stdout]   43:     0x651c6cf764c3 - std::panicking::try::h41c9fa508bc61df6
[INFO] [stdout]                                at /rustc/6067b36314ab5eb2eb47cecc464545ba58e1ad24/library/std/src/panicking.rs:550:19
[INFO] [stdout]   44:     0x651c6cf764c3 - std::panic::catch_unwind::h6b3ff07bb5afad93
[INFO] [stdout]                                at /rustc/6067b36314ab5eb2eb47cecc464545ba58e1ad24/library/std/src/panic.rs:358:14
[INFO] [stdout]   45:     0x651c6cf764c3 - test::run_test_in_process::hc7253dd11b39b9f4
[INFO] [stdout]                                at /rustc/6067b36314ab5eb2eb47cecc464545ba58e1ad24/library/test/src/lib.rs:655:27
[INFO] [stdout]   46:     0x651c6cf764c3 - test::run_test::{{closure}}::hfb2007f8649c30bb
[INFO] [stdout]                                at /rustc/6067b36314ab5eb2eb47cecc464545ba58e1ad24/library/test/src/lib.rs:576:43
[INFO] [stdout]   47:     0x651c6cf395a5 - test::run_test::{{closure}}::h56a17aa7a282a9f4
[INFO] [stdout]                                at /rustc/6067b36314ab5eb2eb47cecc464545ba58e1ad24/library/test/src/lib.rs:606:41
[INFO] [stdout]   48:     0x651c6cf395a5 - std::sys::backtrace::__rust_begin_short_backtrace::hd2d2d2fb8e8c6aac
[INFO] [stdout]                                at /rustc/6067b36314ab5eb2eb47cecc464545ba58e1ad24/library/std/src/sys/backtrace.rs:152:18
[INFO] [stdout]   49:     0x651c6cf3ce8a - std::thread::Builder::spawn_unchecked_::{{closure}}::{{closure}}::h4faa3f9db6133423
[INFO] [stdout]                                at /rustc/6067b36314ab5eb2eb47cecc464545ba58e1ad24/library/std/src/thread/mod.rs:559:17
[INFO] [stdout]   50:     0x651c6cf3ce8a - <core::panic::unwind_safe::AssertUnwindSafe<F> as core::ops::function::FnOnce<()>>::call_once::hf2e855a36a4ea846
[INFO] [stdout]                                at /rustc/6067b36314ab5eb2eb47cecc464545ba58e1ad24/library/core/src/panic/unwind_safe.rs:272:9
[INFO] [stdout]   51:     0x651c6cf3ce8a - std::panicking::try::do_call::h2f73af3616c35465
[INFO] [stdout]                                at /rustc/6067b36314ab5eb2eb47cecc464545ba58e1ad24/library/std/src/panicking.rs:587:40
[INFO] [stdout]   52:     0x651c6cf3ce8a - std::panicking::try::hd1660ce9efadef5a
[INFO] [stdout]                                at /rustc/6067b36314ab5eb2eb47cecc464545ba58e1ad24/library/std/src/panicking.rs:550:19
[INFO] [stdout]   53:     0x651c6cf3ce8a - std::panic::catch_unwind::h5ee8d7823b8ca744
[INFO] [stdout]                                at /rustc/6067b36314ab5eb2eb47cecc464545ba58e1ad24/library/std/src/panic.rs:358:14
[INFO] [stdout]   54:     0x651c6cf3ce8a - std::thread::Builder::spawn_unchecked_::{{closure}}::h53c3a1894dce8407
[INFO] [stdout]                                at /rustc/6067b36314ab5eb2eb47cecc464545ba58e1ad24/library/std/src/thread/mod.rs:557:30
[INFO] [stdout]   55:     0x651c6cf3ce8a - core::ops::function::FnOnce::call_once{{vtable.shim}}::h048ce291ad4f62bf
[INFO] [stdout]                                at /rustc/6067b36314ab5eb2eb47cecc464545ba58e1ad24/library/core/src/ops/function.rs:250:5
[INFO] [stdout]   56:     0x651c6cfb258b - <alloc::boxed::Box<F,A> as core::ops::function::FnOnce<Args>>::call_once::ha52bedf99a3b4981
[INFO] [stdout]                                at /rustc/6067b36314ab5eb2eb47cecc464545ba58e1ad24/library/alloc/src/boxed.rs:2013:9
[INFO] [stdout]   57:     0x651c6cfb258b - <alloc::boxed::Box<F,A> as core::ops::function::FnOnce<Args>>::call_once::h567748934d80ccf8
[INFO] [stdout]                                at /rustc/6067b36314ab5eb2eb47cecc464545ba58e1ad24/library/alloc/src/boxed.rs:2013:9
[INFO] [stdout]   58:     0x651c6cfb258b - std::sys::pal::unix::thread::Thread::new::thread_start::h2d970728ae887adc
[INFO] [stdout]                                at /rustc/6067b36314ab5eb2eb47cecc464545ba58e1ad24/library/std/src/sys/pal/unix/thread.rs:106:17
[INFO] [stdout]   59:     0x71eac2944ac3 - <unknown>
[INFO] [stdout]   60:     0x71eac29d5a04 - clone
[INFO] [stdout]   61:                0x0 - <unknown>
[INFO] [stdout] 
[INFO] [stdout] ---- tests::assignment stdout ----
[INFO] [stdout] 
[INFO] [stdout] thread 'tests::assignment' panicked at src/parser/expression_tree.rs:54:5:
[INFO] [stdout] not yet implemented
[INFO] [stdout] stack backtrace:
[INFO] [stdout]    0:     0x651c6cfac73a - std::backtrace_rs::backtrace::libunwind::trace::hb059275cfc8d6126
[INFO] [stdout]                                at /rustc/6067b36314ab5eb2eb47cecc464545ba58e1ad24/library/std/src/../../backtrace/src/backtrace/libunwind.rs:116:5
[INFO] [stdout]    1:     0x651c6cfac73a - std::backtrace_rs::backtrace::trace_unsynchronized::h2da071e4327ce3ee
[INFO] [stdout]                                at /rustc/6067b36314ab5eb2eb47cecc464545ba58e1ad24/library/std/src/../../backtrace/src/backtrace/mod.rs:66:5
[INFO] [stdout]    2:     0x651c6cfac73a - std::sys::backtrace::_print_fmt::h842a1474e6f8d23f
[INFO] [stdout]                                at /rustc/6067b36314ab5eb2eb47cecc464545ba58e1ad24/library/std/src/sys/backtrace.rs:66:9
[INFO] [stdout]    3:     0x651c6cfac73a - <std::sys::backtrace::BacktraceLock::print::DisplayBacktrace as core::fmt::Display>::fmt::h71a62eb3b9696b12
[INFO] [stdout]                                at /rustc/6067b36314ab5eb2eb47cecc464545ba58e1ad24/library/std/src/sys/backtrace.rs:39:26
[INFO] [stdout]    4:     0x651c6cfd5173 - core::fmt::rt::Argument::fmt::hdb6b616786b41dc1
[INFO] [stdout]                                at /rustc/6067b36314ab5eb2eb47cecc464545ba58e1ad24/library/core/src/fmt/rt.rs:177:76
[INFO] [stdout]    5:     0x651c6cfd5173 - core::fmt::write::h2cc1698af7e2d686
[INFO] [stdout]                                at /rustc/6067b36314ab5eb2eb47cecc464545ba58e1ad24/library/core/src/fmt/mod.rs:1440:21
[INFO] [stdout]    6:     0x651c6cfa9293 - std::io::Write::write_fmt::hab1b4cd059a79022
[INFO] [stdout]                                at /rustc/6067b36314ab5eb2eb47cecc464545ba58e1ad24/library/std/src/io/mod.rs:1887:15
[INFO] [stdout]    7:     0x651c6cfac582 - std::sys::backtrace::BacktraceLock::print::h147fe35b4ea13b08
[INFO] [stdout]                                at /rustc/6067b36314ab5eb2eb47cecc464545ba58e1ad24/library/std/src/sys/backtrace.rs:42:9
[INFO] [stdout]    8:     0x651c6cfadb5f - std::panicking::default_hook::{{closure}}::hbd44223dbdc0d208
[INFO] [stdout]                                at /rustc/6067b36314ab5eb2eb47cecc464545ba58e1ad24/library/std/src/panicking.rs:298:22
[INFO] [stdout]    9:     0x651c6cfad978 - std::panicking::default_hook::h20f81eb0576efcec
[INFO] [stdout]                                at /rustc/6067b36314ab5eb2eb47cecc464545ba58e1ad24/library/std/src/panicking.rs:322:9
[INFO] [stdout]   10:     0x651c6cf71e33 - <alloc::boxed::Box<F,A> as core::ops::function::Fn<Args>>::call::hdb53814c496a4d34
[INFO] [stdout]                                at /rustc/6067b36314ab5eb2eb47cecc464545ba58e1ad24/library/alloc/src/boxed.rs:2027:9
[INFO] [stdout]   11:     0x651c6cf71e33 - test::test_main::{{closure}}::hc0a4963c59427c24
[INFO] [stdout]                                at /rustc/6067b36314ab5eb2eb47cecc464545ba58e1ad24/library/test/src/lib.rs:134:21
[INFO] [stdout]   12:     0x651c6cfae653 - <alloc::boxed::Box<F,A> as core::ops::function::Fn<Args>>::call::h591b2225413a77e9
[INFO] [stdout]                                at /rustc/6067b36314ab5eb2eb47cecc464545ba58e1ad24/library/alloc/src/boxed.rs:2027:9
[INFO] [stdout]   13:     0x651c6cfae653 - std::panicking::rust_panic_with_hook::h625eea43051b2edc
[INFO] [stdout]                                at /rustc/6067b36314ab5eb2eb47cecc464545ba58e1ad24/library/std/src/panicking.rs:839:13
[INFO] [stdout]   14:     0x651c6cfae2d6 - std::panicking::begin_panic_handler::{{closure}}::h4f9159cfbc3f6bd3
[INFO] [stdout]                                at /rustc/6067b36314ab5eb2eb47cecc464545ba58e1ad24/library/std/src/panicking.rs:697:13
[INFO] [stdout]   15:     0x651c6cfacc39 - std::sys::backtrace::__rust_end_short_backtrace::h0390abce48353151
[INFO] [stdout]                                at /rustc/6067b36314ab5eb2eb47cecc464545ba58e1ad24/library/std/src/sys/backtrace.rs:168:18
[INFO] [stdout]   16:     0x651c6cfadf9d - rust_begin_unwind
[INFO] [stdout]                                at /rustc/6067b36314ab5eb2eb47cecc464545ba58e1ad24/library/std/src/panicking.rs:695:5
[INFO] [stdout]   17:     0x651c6cfd37a0 - core::panicking::panic_fmt::h9e7c637e9e5f29c9
[INFO] [stdout]                                at /rustc/6067b36314ab5eb2eb47cecc464545ba58e1ad24/library/core/src/panicking.rs:75:14
[INFO] [stdout]   18:     0x651c6cfd382c - core::panicking::panic::haa3255ea20181a33
[INFO] [stdout]                                at /rustc/6067b36314ab5eb2eb47cecc464545ba58e1ad24/library/core/src/panicking.rs:145:5
[INFO] [stdout]   19:     0x651c6cef37e3 - kwl_lexer::parser::expression_tree::create_tree::h867537e73a01ecb2
[INFO] [stdout]                                at /opt/rustwide/workdir/src/parser/expression_tree.rs:54:5
[INFO] [stdout]   20:     0x651c6cf0fd98 - <kwl_lexer::parser::expression::Expression as kwl_lexer::parser::Node>::parse::he95884938c922fa8
[INFO] [stdout]                                at /opt/rustwide/workdir/src/parser/expression.rs:16:22
[INFO] [stdout]   21:     0x651c6cf061f7 - kwl_lexer::parser::statement::Statement::parse_assignment::h5765a53345d972f7
[INFO] [stdout]                                at /opt/rustwide/workdir/src/parser/statement.rs:59:38
[INFO] [stdout]   22:     0x651c6cf05ce5 - kwl_lexer::parser::statement::Statement::parse_expression_or_assignment::ha236bf77bb0d4ad5
[INFO] [stdout]                                at /opt/rustwide/workdir/src/parser/statement.rs:41:49
[INFO] [stdout]   23:     0x651c6cf05bff - <kwl_lexer::parser::statement::Statement as kwl_lexer::parser::Node>::parse::ha5e3d8361460a20b
[INFO] [stdout]                                at /opt/rustwide/workdir/src/parser/statement.rs:16:47
[INFO] [stdout]   24:     0x651c6cf057e2 - kwl_lexer::parser::root::Root::parse_statements::h9b8c9bb84084a67c
[INFO] [stdout]                                at /opt/rustwide/workdir/src/parser/root.rs:26:38
[INFO] [stdout]   25:     0x651c6cf055c2 - <kwl_lexer::parser::root::Root as kwl_lexer::parser::Node>::parse::h2dec57f20c548dbf
[INFO] [stdout]                                at /opt/rustwide/workdir/src/parser/root.rs:12:9
[INFO] [stdout]   26:     0x651c6cf22ef2 - kwl_lexer::parser::parse::hafc2dda4fc56c86f
[INFO] [stdout]                                at /opt/rustwide/workdir/src/parser.rs:25:5
[INFO] [stdout]   27:     0x651c6cf08e37 - kwl_lexer::tests::assignment::h4f7cb2ec88436a07
[INFO] [stdout]                                at /opt/rustwide/workdir/src/lib.rs:102:20
[INFO] [stdout]   28:     0x651c6cf08ab7 - kwl_lexer::tests::assignment::{{closure}}::h9049d1b8de27325d
[INFO] [stdout]                                at /opt/rustwide/workdir/src/lib.rs:92:20
[INFO] [stdout]   29:     0x651c6cefb416 - core::ops::function::FnOnce::call_once::h11a58719cc592b61
[INFO] [stdout]                                at /rustc/6067b36314ab5eb2eb47cecc464545ba58e1ad24/library/core/src/ops/function.rs:250:5
[INFO] [stdout]   30:     0x651c6cf7758b - core::ops::function::FnOnce::call_once::he27718dfdd183f43
[INFO] [stdout]                                at /rustc/6067b36314ab5eb2eb47cecc464545ba58e1ad24/library/core/src/ops/function.rs:250:5
[INFO] [stdout]   31:     0x651c6cf7758b - test::__rust_begin_short_backtrace::h4e84902998457a5d
[INFO] [stdout]                                at /rustc/6067b36314ab5eb2eb47cecc464545ba58e1ad24/library/test/src/lib.rs:632:18
[INFO] [stdout]   32:     0x651c6cf764c3 - test::run_test_in_process::{{closure}}::h7176fd18fc1feca0
[INFO] [stdout]                                at /rustc/6067b36314ab5eb2eb47cecc464545ba58e1ad24/library/test/src/lib.rs:655:60
[INFO] [stdout]   33:     0x651c6cf764c3 - <core::panic::unwind_safe::AssertUnwindSafe<F> as core::ops::function::FnOnce<()>>::call_once::hf79cff2a624d8cf7
[INFO] [stdout]                                at /rustc/6067b36314ab5eb2eb47cecc464545ba58e1ad24/library/core/src/panic/unwind_safe.rs:272:9
[INFO] [stdout]   34:     0x651c6cf764c3 - std::panicking::try::do_call::h3da0561d9ab99c25
[INFO] [stdout]                                at /rustc/6067b36314ab5eb2eb47cecc464545ba58e1ad24/library/std/src/panicking.rs:587:40
[INFO] [stdout]   35:     0x651c6cf764c3 - std::panicking::try::h41c9fa508bc61df6
[INFO] [stdout]                                at /rustc/6067b36314ab5eb2eb47cecc464545ba58e1ad24/library/std/src/panicking.rs:550:19
[INFO] [stdout]   36:     0x651c6cf764c3 - std::panic::catch_unwind::h6b3ff07bb5afad93
[INFO] [stdout]                                at /rustc/6067b36314ab5eb2eb47cecc464545ba58e1ad24/library/std/src/panic.rs:358:14
[INFO] [stdout]   37:     0x651c6cf764c3 - test::run_test_in_process::hc7253dd11b39b9f4
[INFO] [stdout]                                at /rustc/6067b36314ab5eb2eb47cecc464545ba58e1ad24/library/test/src/lib.rs:655:27
[INFO] [stdout]   38:     0x651c6cf764c3 - test::run_test::{{closure}}::hfb2007f8649c30bb
[INFO] [stdout]                                at /rustc/6067b36314ab5eb2eb47cecc464545ba58e1ad24/library/test/src/lib.rs:576:43
[INFO] [stdout]   39:     0x651c6cf395a5 - test::run_test::{{closure}}::h56a17aa7a282a9f4
[INFO] [stdout]                                at /rustc/6067b36314ab5eb2eb47cecc464545ba58e1ad24/library/test/src/lib.rs:606:41
[INFO] [stdout]   40:     0x651c6cf395a5 - std::sys::backtrace::__rust_begin_short_backtrace::hd2d2d2fb8e8c6aac
[INFO] [stdout]                                at /rustc/6067b36314ab5eb2eb47cecc464545ba58e1ad24/library/std/src/sys/backtrace.rs:152:18
[INFO] [stdout]   41:     0x651c6cf3ce8a - std::thread::Builder::spawn_unchecked_::{{closure}}::{{closure}}::h4faa3f9db6133423
[INFO] [stdout]                                at /rustc/6067b36314ab5eb2eb47cecc464545ba58e1ad24/library/std/src/thread/mod.rs:559:17
[INFO] [stdout]   42:     0x651c6cf3ce8a - <core::panic::unwind_safe::AssertUnwindSafe<F> as core::ops::function::FnOnce<()>>::call_once::hf2e855a36a4ea846
[INFO] [stdout]                                at /rustc/6067b36314ab5eb2eb47cecc464545ba58e1ad24/library/core/src/panic/unwind_safe.rs:272:9
[INFO] [stdout]   43:     0x651c6cf3ce8a - std::panicking::try::do_call::h2f73af3616c35465
[INFO] [stdout]                                at /rustc/6067b36314ab5eb2eb47cecc464545ba58e1ad24/library/std/src/panicking.rs:587:40
[INFO] [stdout]   44:     0x651c6cf3ce8a - std::panicking::try::hd1660ce9efadef5a
[INFO] [stdout]                                at /rustc/6067b36314ab5eb2eb47cecc464545ba58e1ad24/library/std/src/panicking.rs:550:19
[INFO] [stdout]   45:     0x651c6cf3ce8a - std::panic::catch_unwind::h5ee8d7823b8ca744
[INFO] [stdout]                                at /rustc/6067b36314ab5eb2eb47cecc464545ba58e1ad24/library/std/src/panic.rs:358:14
[INFO] [stdout]   46:     0x651c6cf3ce8a - std::thread::Builder::spawn_unchecked_::{{closure}}::h53c3a1894dce8407
[INFO] [stdout]                                at /rustc/6067b36314ab5eb2eb47cecc464545ba58e1ad24/library/std/src/thread/mod.rs:557:30
[INFO] [stdout]   47:     0x651c6cf3ce8a - core::ops::function::FnOnce::call_once{{vtable.shim}}::h048ce291ad4f62bf
[INFO] [stdout]                                at /rustc/6067b36314ab5eb2eb47cecc464545ba58e1ad24/library/core/src/ops/function.rs:250:5
[INFO] [stdout]   48:     0x651c6cfb258b - <alloc::boxed::Box<F,A> as core::ops::function::FnOnce<Args>>::call_once::ha52bedf99a3b4981
[INFO] [stdout]                                at /rustc/6067b36314ab5eb2eb47cecc464545ba58e1ad24/library/alloc/src/boxed.rs:2013:9
[INFO] [stdout]   49:     0x651c6cfb258b - <alloc::boxed::Box<F,A> as core::ops::function::FnOnce<Args>>::call_once::h567748934d80ccf8
[INFO] [stdout]                                at /rustc/6067b36314ab5eb2eb47cecc464545ba58e1ad24/library/alloc/src/boxed.rs:2013:9
[INFO] [stdout]   50:     0x651c6cfb258b - std::sys::pal::unix::thread::Thread::new::thread_start::h2d970728ae887adc
[INFO] [stdout]                                at /rustc/6067b36314ab5eb2eb47cecc464545ba58e1ad24/library/std/src/sys/pal/unix/thread.rs:106:17
[INFO] [stdout]   51:     0x71eac2944ac3 - <unknown>
[INFO] [stdout]   52:     0x71eac29d5a04 - clone
[INFO] [stdout]   53:                0x0 - <unknown>
[INFO] [stdout] 
[INFO] [stdout] ---- tests::definition stdout ----
[INFO] [stdout] [
[INFO] [stdout]     DefinitionToken,
[INFO] [stdout]     Identifier(
[INFO] [stdout]         "a",
[INFO] [stdout]     ),
[INFO] [stdout]     AssignmentToken,
[INFO] [stdout]     IntegerLiteral(
[INFO] [stdout]         1,
[INFO] [stdout]     ),
[INFO] [stdout]     NewLine,
[INFO] [stdout]     DefinitionToken,
[INFO] [stdout]     Identifier(
[INFO] [stdout]         "a",
[INFO] [stdout]     ),
[INFO] [stdout]     AssignmentToken,
[INFO] [stdout]     IntegerLiteral(
[INFO] [stdout]         2,
[INFO] [stdout]     ),
[INFO] [stdout] ]
[INFO] [stdout] 
[INFO] [stdout] thread 'tests::definition' panicked at src/parser/expression_tree.rs:54:5:
[INFO] [stdout] not yet implemented
[INFO] [stdout] stack backtrace:
[INFO] [stdout]    0:     0x651c6cfac73a - std::backtrace_rs::backtrace::libunwind::trace::hb059275cfc8d6126
[INFO] [stdout]                                at /rustc/6067b36314ab5eb2eb47cecc464545ba58e1ad24/library/std/src/../../backtrace/src/backtrace/libunwind.rs:116:5
[INFO] [stdout]    1:     0x651c6cfac73a - std::backtrace_rs::backtrace::trace_unsynchronized::h2da071e4327ce3ee
[INFO] [stdout]                                at /rustc/6067b36314ab5eb2eb47cecc464545ba58e1ad24/library/std/src/../../backtrace/src/backtrace/mod.rs:66:5
[INFO] [stdout]    2:     0x651c6cfac73a - std::sys::backtrace::_print_fmt::h842a1474e6f8d23f
[INFO] [stdout]                                at /rustc/6067b36314ab5eb2eb47cecc464545ba58e1ad24/library/std/src/sys/backtrace.rs:66:9
[INFO] [stdout]    3:     0x651c6cfac73a - <std::sys::backtrace::BacktraceLock::print::DisplayBacktrace as core::fmt::Display>::fmt::h71a62eb3b9696b12
[INFO] [stdout]                                at /rustc/6067b36314ab5eb2eb47cecc464545ba58e1ad24/library/std/src/sys/backtrace.rs:39:26
[INFO] [stdout]    4:     0x651c6cfd5173 - core::fmt::rt::Argument::fmt::hdb6b616786b41dc1
[INFO] [stdout]                                at /rustc/6067b36314ab5eb2eb47cecc464545ba58e1ad24/library/core/src/fmt/rt.rs:177:76
[INFO] [stdout]    5:     0x651c6cfd5173 - core::fmt::write::h2cc1698af7e2d686
[INFO] [stdout]                                at /rustc/6067b36314ab5eb2eb47cecc464545ba58e1ad24/library/core/src/fmt/mod.rs:1440:21
[INFO] [stdout]    6:     0x651c6cfa9293 - std::io::Write::write_fmt::hab1b4cd059a79022
[INFO] [stdout]                                at /rustc/6067b36314ab5eb2eb47cecc464545ba58e1ad24/library/std/src/io/mod.rs:1887:15
[INFO] [stdout]    7:     0x651c6cfac582 - std::sys::backtrace::BacktraceLock::print::h147fe35b4ea13b08
[INFO] [stdout]                                at /rustc/6067b36314ab5eb2eb47cecc464545ba58e1ad24/library/std/src/sys/backtrace.rs:42:9
[INFO] [stdout]    8:     0x651c6cfadb5f - std::panicking::default_hook::{{closure}}::hbd44223dbdc0d208
[INFO] [stdout]                                at /rustc/6067b36314ab5eb2eb47cecc464545ba58e1ad24/library/std/src/panicking.rs:298:22
[INFO] [stdout]    9:     0x651c6cfad978 - std::panicking::default_hook::h20f81eb0576efcec
[INFO] [stdout]                                at /rustc/6067b36314ab5eb2eb47cecc464545ba58e1ad24/library/std/src/panicking.rs:322:9
[INFO] [stdout]   10:     0x651c6cf71e33 - <alloc::boxed::Box<F,A> as core::ops::function::Fn<Args>>::call::hdb53814c496a4d34
[INFO] [stdout]                                at /rustc/6067b36314ab5eb2eb47cecc464545ba58e1ad24/library/alloc/src/boxed.rs:2027:9
[INFO] [stdout]   11:     0x651c6cf71e33 - test::test_main::{{closure}}::hc0a4963c59427c24
[INFO] [stdout]                                at /rustc/6067b36314ab5eb2eb47cecc464545ba58e1ad24/library/test/src/lib.rs:134:21
[INFO] [stdout]   12:     0x651c6cfae653 - <alloc::boxed::Box<F,A> as core::ops::function::Fn<Args>>::call::h591b2225413a77e9
[INFO] [stdout]                                at /rustc/6067b36314ab5eb2eb47cecc464545ba58e1ad24/library/alloc/src/boxed.rs:2027:9
[INFO] [stdout]   13:     0x651c6cfae653 - std::panicking::rust_panic_with_hook::h625eea43051b2edc
[INFO] [stdout]                                at /rustc/6067b36314ab5eb2eb47cecc464545ba58e1ad24/library/std/src/panicking.rs:839:13
[INFO] [stdout]   14:     0x651c6cfae2d6 - std::panicking::begin_panic_handler::{{closure}}::h4f9159cfbc3f6bd3
[INFO] [stdout]                                at /rustc/6067b36314ab5eb2eb47cecc464545ba58e1ad24/library/std/src/panicking.rs:697:13
[INFO] [stdout]   15:     0x651c6cfacc39 - std::sys::backtrace::__rust_end_short_backtrace::h0390abce48353151
[INFO] [stdout]                                at /rustc/6067b36314ab5eb2eb47cecc464545ba58e1ad24/library/std/src/sys/backtrace.rs:168:18
[INFO] [stdout]   16:     0x651c6cfadf9d - rust_begin_unwind
[INFO] [stdout]                                at /rustc/6067b36314ab5eb2eb47cecc464545ba58e1ad24/library/std/src/panicking.rs:695:5
[INFO] [stdout]   17:     0x651c6cfd37a0 - core::panicking::panic_fmt::h9e7c637e9e5f29c9
[INFO] [stdout]                                at /rustc/6067b36314ab5eb2eb47cecc464545ba58e1ad24/library/core/src/panicking.rs:75:14
[INFO] [stdout]   18:     0x651c6cfd382c - core::panicking::panic::haa3255ea20181a33
[INFO] [stdout]                                at /rustc/6067b36314ab5eb2eb47cecc464545ba58e1ad24/library/core/src/panicking.rs:145:5
[INFO] [stdout]   19:     0x651c6cef37e3 - kwl_lexer::parser::expression_tree::create_tree::h867537e73a01ecb2
[INFO] [stdout]                                at /opt/rustwide/workdir/src/parser/expression_tree.rs:54:5
[INFO] [stdout]   20:     0x651c6cf0fd98 - <kwl_lexer::parser::expression::Expression as kwl_lexer::parser::Node>::parse::he95884938c922fa8
[INFO] [stdout]                                at /opt/rustwide/workdir/src/parser/expression.rs:16:22
[INFO] [stdout]   21:     0x651c6cef2e03 - kwl_lexer::parser::definition::Definition::parse_variable_definition::h871d109985e7b94e
[INFO] [stdout]                                at /opt/rustwide/workdir/src/parser/definition.rs:56:34
[INFO] [stdout]   22:     0x651c6cef2864 - kwl_lexer::parser::definition::Definition::parse_definition::h3944aba7714dbb07
[INFO] [stdout]                                at /opt/rustwide/workdir/src/parser/definition.rs:33:17
[INFO] [stdout]   23:     0x651c6cef2517 - <kwl_lexer::parser::definition::Definition as kwl_lexer::parser::Node>::parse::h525679aa97e5a04c
[INFO] [stdout]                                at /opt/rustwide/workdir/src/parser/definition.rs:19:47
[INFO] [stdout]   24:     0x651c6cf05dca - kwl_lexer::parser::statement::Statement::parse_definition::h934add0294b72566
[INFO] [stdout]                                at /opt/rustwide/workdir/src/parser/statement.rs:49:38
[INFO] [stdout]   25:     0x651c6cf05c18 - <kwl_lexer::parser::statement::Statement as kwl_lexer::parser::Node>::parse::ha5e3d8361460a20b
[INFO] [stdout]                                at /opt/rustwide/workdir/src/parser/statement.rs:15:49
[INFO] [stdout]   26:     0x651c6cf057e2 - kwl_lexer::parser::root::Root::parse_statements::h9b8c9bb84084a67c
[INFO] [stdout]                                at /opt/rustwide/workdir/src/parser/root.rs:26:38
[INFO] [stdout]   27:     0x651c6cf055c2 - <kwl_lexer::parser::root::Root as kwl_lexer::parser::Node>::parse::h2dec57f20c548dbf
[INFO] [stdout]                                at /opt/rustwide/workdir/src/parser/root.rs:12:9
[INFO] [stdout]   28:     0x651c6cf22ef2 - kwl_lexer::parser::parse::hafc2dda4fc56c86f
[INFO] [stdout]                                at /opt/rustwide/workdir/src/parser.rs:25:5
[INFO] [stdout]   29:     0x651c6cf088c5 - kwl_lexer::tests::definition::h76fec4b66763cd42
[INFO] [stdout]                                at /opt/rustwide/workdir/src/lib.rs:86:20
[INFO] [stdout]   30:     0x651c6cf08267 - kwl_lexer::tests::definition::{{closure}}::h4cf63a8a62b96c64
[INFO] [stdout]                                at /opt/rustwide/workdir/src/lib.rs:63:20
[INFO] [stdout]   31:     0x651c6cefb666 - core::ops::function::FnOnce::call_once::h970b19e86d28afbd
[INFO] [stdout]                                at /rustc/6067b36314ab5eb2eb47cecc464545ba58e1ad24/library/core/src/ops/function.rs:250:5
[INFO] [stdout]   32:     0x651c6cf7758b - core::ops::function::FnOnce::call_once::he27718dfdd183f43
[INFO] [stdout]                                at /rustc/6067b36314ab5eb2eb47cecc464545ba58e1ad24/library/core/src/ops/function.rs:250:5
[INFO] [stdout]   33:     0x651c6cf7758b - test::__rust_begin_short_backtrace::h4e84902998457a5d
[INFO] [stdout]                                at /rustc/6067b36314ab5eb2eb47cecc464545ba58e1ad24/library/test/src/lib.rs:632:18
[INFO] [stdout]   34:     0x651c6cf764c3 - test::run_test_in_process::{{closure}}::h7176fd18fc1feca0
[INFO] [stdout]                                at /rustc/6067b36314ab5eb2eb47cecc464545ba58e1ad24/library/test/src/lib.rs:655:60
[INFO] [stdout]   35:     0x651c6cf764c3 - <core::panic::unwind_safe::AssertUnwindSafe<F> as core::ops::function::FnOnce<()>>::call_once::hf79cff2a624d8cf7
[INFO] [stdout]                                at /rustc/6067b36314ab5eb2eb47cecc464545ba58e1ad24/library/core/src/panic/unwind_safe.rs:272:9
[INFO] [stdout]   36:     0x651c6cf764c3 - std::panicking::try::do_call::h3da0561d9ab99c25
[INFO] [stdout]                                at /rustc/6067b36314ab5eb2eb47cecc464545ba58e1ad24/library/std/src/panicking.rs:587:40
[INFO] [stdout]   37:     0x651c6cf764c3 - std::panicking::try::h41c9fa508bc61df6
[INFO] [stdout]                                at /rustc/6067b36314ab5eb2eb47cecc464545ba58e1ad24/library/std/src/panicking.rs:550:19
[INFO] [stdout]   38:     0x651c6cf764c3 - std::panic::catch_unwind::h6b3ff07bb5afad93
[INFO] [stdout]                                at /rustc/6067b36314ab5eb2eb47cecc464545ba58e1ad24/library/std/src/panic.rs:358:14
[INFO] [stdout]   39:     0x651c6cf764c3 - test::run_test_in_process::hc7253dd11b39b9f4
[INFO] [stdout]                                at /rustc/6067b36314ab5eb2eb47cecc464545ba58e1ad24/library/test/src/lib.rs:655:27
[INFO] [stdout]   40:     0x651c6cf764c3 - test::run_test::{{closure}}::hfb2007f8649c30bb
[INFO] [stdout]                                at /rustc/6067b36314ab5eb2eb47cecc464545ba58e1ad24/library/test/src/lib.rs:576:43
[INFO] [stdout]   41:     0x651c6cf395a5 - test::run_test::{{closure}}::h56a17aa7a282a9f4
[INFO] [stdout]                                at /rustc/6067b36314ab5eb2eb47cecc464545ba58e1ad24/library/test/src/lib.rs:606:41
[INFO] [stdout]   42:     0x651c6cf395a5 - std::sys::backtrace::__rust_begin_short_backtrace::hd2d2d2fb8e8c6aac
[INFO] [stdout]                                at /rustc/6067b36314ab5eb2eb47cecc464545ba58e1ad24/library/std/src/sys/backtrace.rs:152:18
[INFO] [stdout]   43:     0x651c6cf3ce8a - std::thread::Builder::spawn_unchecked_::{{closure}}::{{closure}}::h4faa3f9db6133423
[INFO] [stdout]                                at /rustc/6067b36314ab5eb2eb47cecc464545ba58e1ad24/library/std/src/thread/mod.rs:559:17
[INFO] [stdout]   44:     0x651c6cf3ce8a - <core::panic::unwind_safe::AssertUnwindSafe<F> as core::ops::function::FnOnce<()>>::call_once::hf2e855a36a4ea846
[INFO] [stdout]                                at /rustc/6067b36314ab5eb2eb47cecc464545ba58e1ad24/library/core/src/panic/unwind_safe.rs:272:9
[INFO] [stdout]   45:     0x651c6cf3ce8a - std::panicking::try::do_call::h2f73af3616c35465
[INFO] [stdout]                                at /rustc/6067b36314ab5eb2eb47cecc464545ba58e1ad24/library/std/src/panicking.rs:587:40
[INFO] [stdout]   46:     0x651c6cf3ce8a - std::panicking::try::hd1660ce9efadef5a
[INFO] [stdout]                                at /rustc/6067b36314ab5eb2eb47cecc464545ba58e1ad24/library/std/src/panicking.rs:550:19
[INFO] [stdout]   47:     0x651c6cf3ce8a - std::panic::catch_unwind::h5ee8d7823b8ca744
[INFO] [stdout]                                at /rustc/6067b36314ab5eb2eb47cecc464545ba58e1ad24/library/std/src/panic.rs:358:14
[INFO] [stdout]   48:     0x651c6cf3ce8a - std::thread::Builder::spawn_unchecked_::{{closure}}::h53c3a1894dce8407
[INFO] [stdout]                                at /rustc/6067b36314ab5eb2eb47cecc464545ba58e1ad24/library/std/src/thread/mod.rs:557:30
[INFO] [stdout]   49:     0x651c6cf3ce8a - core::ops::function::FnOnce::call_once{{vtable.shim}}::h048ce291ad4f62bf
[INFO] [stdout]                                at /rustc/6067b36314ab5eb2eb47cecc464545ba58e1ad24/library/core/src/ops/function.rs:250:5
[INFO] [stdout]   50:     0x651c6cfb258b - <alloc::boxed::Box<F,A> as core::ops::function::FnOnce<Args>>::call_once::ha52bedf99a3b4981
[INFO] [stdout]                                at /rustc/6067b36314ab5eb2eb47cecc464545ba58e1ad24/library/alloc/src/boxed.rs:2013:9
[INFO] [stdout]   51:     0x651c6cfb258b - <alloc::boxed::Box<F,A> as core::ops::function::FnOnce<Args>>::call_once::h567748934d80ccf8
[INFO] [stdout]                                at /rustc/6067b36314ab5eb2eb47cecc464545ba58e1ad24/library/alloc/src/boxed.rs:2013:9
[INFO] [stdout]   52:     0x651c6cfb258b - std::sys::pal::unix::thread::Thread::new::thread_start::h2d970728ae887adc
[INFO] [stdout]                                at /rustc/6067b36314ab5eb2eb47cecc464545ba58e1ad24/library/std/src/sys/pal/unix/thread.rs:106:17
[INFO] [stdout]   53:     0x71eac2944ac3 - <unknown>
[INFO] [stdout]   54:     0x71eac29d5a04 - clone
[INFO] [stdout]   55:                0x0 - <unknown>
[INFO] [stdout] 
[INFO] [stdout] 
[INFO] [stdout] failures:
[INFO] [stdout]     tests::assignment
[INFO] [stdout]     tests::definition
[INFO] [stdout]     tests::fib_program_with_comment
[INFO] [stdout] 
[INFO] [stdout] test result: FAILED. 12 passed; 3 failed; 0 ignored; 0 measured; 0 filtered out; finished in 0.05s
[INFO] [stdout] 
[INFO] [stderr] error: test failed, to rerun pass `--lib`
[INFO] running `Command { std: "docker" "inspect" "c7b9ee7d16b9f601976290cad07a3469696566535dacb0282eb7a9e600979391", kill_on_drop: false }`
[INFO] running `Command { std: "docker" "rm" "-f" "c7b9ee7d16b9f601976290cad07a3469696566535dacb0282eb7a9e600979391", kill_on_drop: false }`
[INFO] [stdout] c7b9ee7d16b9f601976290cad07a3469696566535dacb0282eb7a9e600979391
