[INFO] cloning repository https://github.com/klaatu01/maze-rs
[INFO] running `Command { std: "git" "-c" "credential.helper=" "-c" "credential.helper=/workspace/cargo-home/bin/git-credential-null" "clone" "--bare" "https://github.com/klaatu01/maze-rs" "/workspace/cache/git-repos/https%3A%2F%2Fgithub.com%2Fklaatu01%2Fmaze-rs", kill_on_drop: false }`
[INFO] [stderr] Cloning into bare repository '/workspace/cache/git-repos/https%3A%2F%2Fgithub.com%2Fklaatu01%2Fmaze-rs'...
[INFO] running `Command { std: "git" "rev-parse" "HEAD", kill_on_drop: false }`
[INFO] [stdout] f452bae65d20f9c47956e1b84447b16680053b2b
[INFO] testing klaatu01/maze-rs against nightly-2025-01-18 for randomize-layout-2
[INFO] running `Command { std: "git" "clone" "/workspace/cache/git-repos/https%3A%2F%2Fgithub.com%2Fklaatu01%2Fmaze-rs" "/workspace/builds/worker-3-tc1/source", kill_on_drop: false }`
[INFO] [stderr] Cloning into '/workspace/builds/worker-3-tc1/source'...
[INFO] [stderr] done.
[INFO] validating manifest of git repo https://github.com/klaatu01/maze-rs on toolchain nightly-2025-01-18
[INFO] running `Command { std: CARGO_HOME="/workspace/cargo-home" RUSTUP_HOME="/workspace/rustup-home" "/workspace/cargo-home/bin/cargo" "+nightly-2025-01-18" "metadata" "--manifest-path" "Cargo.toml" "--no-deps", kill_on_drop: false }`
[INFO] started tweaking git repo https://github.com/klaatu01/maze-rs
[INFO] finished tweaking git repo https://github.com/klaatu01/maze-rs
[INFO] tweaked toml for git repo https://github.com/klaatu01/maze-rs written to /workspace/builds/worker-3-tc1/source/Cargo.toml
[INFO] crate git repo https://github.com/klaatu01/maze-rs already has a lockfile, it will not be regenerated
[INFO] running `Command { std: CARGO_HOME="/workspace/cargo-home" RUSTUP_HOME="/workspace/rustup-home" "/workspace/cargo-home/bin/cargo" "+nightly-2025-01-18" "fetch" "--manifest-path" "Cargo.toml", kill_on_drop: false }`
[INFO] [stderr]  Downloading crates ...
[INFO] [stderr]   Downloaded derivative v1.0.3
[INFO] [stderr]   Downloaded piston v0.48.0
[INFO] [stderr]   Downloaded piston-gfx_texture v0.36.0
[INFO] [stderr]   Downloaded pistoncore-glutin_window v0.61.0
[INFO] [stderr]   Downloaded pistoncore-window v0.43.0
[INFO] [stderr]   Downloaded piston2d-graphics v0.32.0
[INFO] [stderr]   Downloaded pistoncore-event_loop v0.48.0
[INFO] [stderr]   Downloaded piston2d-gfx_graphics v0.61.0
[INFO] [stderr]   Downloaded piston_window v0.98.0
[INFO] running `Command { std: "docker" "create" "-v" "/var/lib/crater-agent-workspace/builds/worker-3-tc1/target:/opt/rustwide/target:rw,Z" "-v" "/var/lib/crater-agent-workspace/builds/worker-3-tc1/source:/opt/rustwide/workdir:ro,Z" "-v" "/var/lib/crater-agent-workspace/cargo-home:/opt/rustwide/cargo-home:ro,Z" "-v" "/var/lib/crater-agent-workspace/rustup-home:/opt/rustwide/rustup-home:ro,Z" "-e" "SOURCE_DIR=/opt/rustwide/workdir" "-e" "CARGO_TARGET_DIR=/opt/rustwide/target" "-e" "CARGO_HOME=/opt/rustwide/cargo-home" "-e" "RUSTUP_HOME=/opt/rustwide/rustup-home" "-w" "/opt/rustwide/workdir" "-m" "1610612736" "--user" "0:0" "--network" "none" "ghcr.io/rust-lang/crates-build-env/linux@sha256:819108c5571ea2e421544af4d832f968d213c87fbe3707a016657f43d2f853bc" "/opt/rustwide/cargo-home/bin/cargo" "+nightly-2025-01-18" "metadata" "--no-deps" "--format-version=1", kill_on_drop: false }`
[INFO] [stdout] d12f98f304229651f57289323ae77efaeb5c836316701faa4776c662579bad8c
[INFO] running `Command { std: "docker" "start" "-a" "d12f98f304229651f57289323ae77efaeb5c836316701faa4776c662579bad8c", kill_on_drop: false }`
[INFO] running `Command { std: "docker" "inspect" "d12f98f304229651f57289323ae77efaeb5c836316701faa4776c662579bad8c", kill_on_drop: false }`
[INFO] running `Command { std: "docker" "rm" "-f" "d12f98f304229651f57289323ae77efaeb5c836316701faa4776c662579bad8c", kill_on_drop: false }`
[INFO] [stdout] d12f98f304229651f57289323ae77efaeb5c836316701faa4776c662579bad8c
[INFO] running `Command { std: "docker" "create" "-v" "/var/lib/crater-agent-workspace/builds/worker-3-tc1/target:/opt/rustwide/target:rw,Z" "-v" "/var/lib/crater-agent-workspace/builds/worker-3-tc1/source:/opt/rustwide/workdir:ro,Z" "-v" "/var/lib/crater-agent-workspace/cargo-home:/opt/rustwide/cargo-home:ro,Z" "-v" "/var/lib/crater-agent-workspace/rustup-home:/opt/rustwide/rustup-home:ro,Z" "-e" "SOURCE_DIR=/opt/rustwide/workdir" "-e" "CARGO_TARGET_DIR=/opt/rustwide/target" "-e" "CARGO_INCREMENTAL=0" "-e" "RUST_BACKTRACE=full" "-e" "RUSTFLAGS=--cap-lints=forbid" "-e" "RUSTDOCFLAGS=--cap-lints=forbid" "-e" "CARGO_HOME=/opt/rustwide/cargo-home" "-e" "RUSTUP_HOME=/opt/rustwide/rustup-home" "-w" "/opt/rustwide/workdir" "-m" "1610612736" "--user" "0:0" "--network" "none" "ghcr.io/rust-lang/crates-build-env/linux@sha256:819108c5571ea2e421544af4d832f968d213c87fbe3707a016657f43d2f853bc" "/opt/rustwide/cargo-home/bin/cargo" "+nightly-2025-01-18" "build" "--frozen" "--message-format=json", kill_on_drop: false }`
[INFO] [stdout] 59d574a7c51cd3f74ad5cf59b5e55e94b00620bf46da0a855f93d5a4e267475b
[INFO] running `Command { std: "docker" "start" "-a" "59d574a7c51cd3f74ad5cf59b5e55e94b00620bf46da0a855f93d5a4e267475b", kill_on_drop: false }`
[INFO] [stderr]    Compiling autocfg v1.0.0
[INFO] [stderr]    Compiling cfg-if v0.1.10
[INFO] [stderr]    Compiling libc v0.2.66
[INFO] [stderr]    Compiling bitflags v1.2.1
[INFO] [stderr]    Compiling autocfg v0.1.7
[INFO] [stderr]    Compiling lazy_static v1.4.0
[INFO] [stderr]    Compiling proc-macro2 v0.4.30
[INFO] [stderr]    Compiling unicode-xid v0.1.0
[INFO] [stderr]    Compiling byteorder v1.3.4
[INFO] [stderr]    Compiling log v0.4.8
[INFO] [stderr]    Compiling semver-parser v0.7.0
[INFO] [stderr]    Compiling semver v0.9.0
[INFO] [stderr]    Compiling xml-rs v0.8.0
[INFO] [stderr]    Compiling proc-macro2 v1.0.8
[INFO] [stderr]    Compiling unicode-xid v0.2.0
[INFO] [stderr]    Compiling syn v1.0.14
[INFO] [stderr]    Compiling rustc_version v0.2.3
[INFO] [stderr]    Compiling num-traits v0.2.11
[INFO] [stderr]    Compiling rand_core v0.4.2
[INFO] [stderr]    Compiling cc v1.0.50
[INFO] [stderr]    Compiling quote v0.6.13
[INFO] [stderr]    Compiling crossbeam-utils v0.7.0
[INFO] [stderr]    Compiling syn v0.15.44
[INFO] [stderr]    Compiling wayland-scanner v0.21.13
[INFO] [stderr]    Compiling memoffset v0.5.3
[INFO] [stderr]    Compiling rand_core v0.3.1
[INFO] [stderr]    Compiling serde v1.0.104
[INFO] [stderr]    Compiling khronos_api v3.1.0
[INFO] [stderr]    Compiling libloading v0.5.2
[INFO] [stderr]    Compiling stb_truetype v0.3.1
[INFO] [stderr]    Compiling quote v1.0.2
[INFO] [stderr]    Compiling crossbeam-epoch v0.8.0
[INFO] [stderr]    Compiling ordered-float v1.0.2
[INFO] [stderr]    Compiling approx v0.3.2
[INFO] [stderr]    Compiling maybe-uninit v2.0.0
[INFO] [stderr]    Compiling piston-float v1.0.0
[INFO] [stderr]    Compiling nix v0.14.1
[INFO] [stderr]    Compiling arrayvec v0.5.1
[INFO] [stderr]    Compiling dlib v0.4.1
[INFO] [stderr]    Compiling rusttype v0.8.2
[INFO] [stderr]    Compiling num-integer v0.1.42
[INFO] [stderr]    Compiling rand_chacha v0.1.1
[INFO] [stderr]    Compiling rand_pcg v0.1.2
[INFO] [stderr]    Compiling scopeguard v1.1.0
[INFO] [stderr]    Compiling void v1.0.2
[INFO] [stderr]    Compiling gl_generator v0.10.0
[INFO] [stderr]    Compiling rusttype v0.7.9
[INFO] [stderr]    Compiling wayland-sys v0.21.13
[INFO] [stderr]    Compiling piston-viewport v1.0.0
[INFO] [stderr]    Compiling rand v0.6.5
[INFO] [stderr]    Compiling wayland-client v0.21.13
[INFO] [stderr]    Compiling rayon-core v1.7.0
[INFO] [stderr]    Compiling rustversion v1.0.2
[INFO] [stderr]    Compiling khronos_api v2.2.0
[INFO] [stderr]    Compiling wayland-protocols v0.21.13
[INFO] [stderr]    Compiling crossbeam-deque v0.7.2
[INFO] [stderr]    Compiling crossbeam-queue v0.2.1
[INFO] [stderr]    Compiling rand_isaac v0.1.1
[INFO] [stderr]    Compiling rand_xorshift v0.1.1
[INFO] [stderr]    Compiling rand_hc v0.1.0
[INFO] [stderr]    Compiling rand_os v0.1.3
[INFO] [stderr]    Compiling num_cpus v1.12.0
[INFO] [stderr]    Compiling parking_lot_core v0.4.0
[INFO] [stderr]    Compiling rand_jitter v0.1.4
[INFO] [stderr]    Compiling num-iter v0.1.40
[INFO] [stderr]    Compiling pkg-config v0.3.17
[INFO] [stderr]    Compiling same-file v1.0.6
[INFO] [stderr]    Compiling piston-graphics_api_version v0.2.0
[INFO] [stderr]    Compiling num-derive v0.2.5
[INFO] [stderr]    Compiling adler32 v1.0.4
[INFO] [stderr]    Compiling downcast-rs v1.1.1
[INFO] [stderr]    Compiling stable_deref_trait v1.1.1
[INFO] [stderr]    Compiling owning_ref v0.4.0
[INFO] [stderr]    Compiling wayland-commons v0.21.13
[INFO] [stderr]    Compiling derivative v1.0.3
[INFO] [stderr]    Compiling x11-dl v2.18.5
[INFO] [stderr]    Compiling walkdir v2.3.1
[INFO] [stderr]    Compiling smallvec v0.6.13
[INFO] [stderr]    Compiling line_drawing v0.7.0
[INFO] [stderr]    Compiling num-rational v0.2.3
[INFO] [stderr]    Compiling xml-rs v0.7.0
[INFO] [stderr]    Compiling draw_state v0.8.0
[INFO] [stderr]    Compiling either v1.5.3
[INFO] [stderr]    Compiling scopeguard v0.3.3
[INFO] [stderr]    Compiling memchr v2.3.2
[INFO] [stderr]    Compiling lzw v0.10.0
[INFO] [stderr]    Compiling xdg v2.2.0
[INFO] [stderr]    Compiling andrew v0.2.1
[INFO] [stderr]    Compiling gfx_core v0.8.3
[INFO] [stderr]    Compiling gl_generator v0.9.0
[INFO] [stderr]    Compiling rayon v1.3.0
[INFO] [stderr]    Compiling lock_api v0.1.5
[INFO] [stderr]    Compiling serde_derive v1.0.104
[INFO] [stderr]    Compiling inflate v0.4.5
[INFO] [stderr]    Compiling deflate v0.7.20
[INFO] [stderr]    Compiling memmap v0.7.0
[INFO] [stderr]    Compiling color_quant v1.0.1
[INFO] [stderr]    Compiling png v0.14.1
[INFO] [stderr]    Compiling gif v0.10.3
[INFO] [stderr]    Compiling proc-macro-error v0.4.9
[INFO] [stderr]    Compiling gfx_gl v0.5.0
[INFO] [stderr]    Compiling jpeg-decoder v0.1.18
[INFO] [stderr]    Compiling parking_lot v0.7.1
[INFO] [stderr]    Compiling tiff v0.2.2
[INFO] [stderr]    Compiling syn-mid v0.5.0
[INFO] [stderr]    Compiling gl v0.11.0
[INFO] [stderr]    Compiling glutin v0.19.0
[INFO] [stderr]    Compiling shared_library v0.1.9
[INFO] [stderr]    Compiling scoped_threadpool v0.1.9
[INFO] [stderr]    Compiling ryu v1.0.2
[INFO] [stderr]    Compiling percent-encoding v1.0.1
[INFO] [stderr]    Compiling piston-texture v0.6.0
[INFO] [stderr]    Compiling image v0.21.3
[INFO] [stderr]    Compiling proc-macro-error-attr v0.4.9
[INFO] [stderr]    Compiling osmesa-sys v0.1.2
[INFO] [stderr]    Compiling gfx v0.17.1
[INFO] [stderr]    Compiling shader_version v0.6.0
[INFO] [stderr]    Compiling vecmath v1.0.0
[INFO] [stderr]    Compiling indexmap v1.3.2
[INFO] [stderr]    Compiling regex-automata v0.1.8
[INFO] [stderr]    Compiling read_color v1.0.0
[INFO] [stderr]    Compiling unicode-width v0.1.7
[INFO] [stderr]    Compiling interpolation v0.2.0
[INFO] [stderr]    Compiling fnv v1.0.6
[INFO] [stderr]    Compiling unicode-segmentation v1.6.0
[INFO] [stderr]    Compiling piston2d-graphics v0.32.0
[INFO] [stderr]    Compiling heck v0.3.1
[INFO] [stderr]    Compiling bstr v0.2.11
[INFO] [stderr]    Compiling pistoncore-input v0.28.0
[INFO] [stderr]    Compiling csv-core v0.1.10
[INFO] [stderr]    Compiling piston-gfx_texture v0.36.0
[INFO] [stderr]    Compiling atty v0.2.14
[INFO] [stderr]    Compiling dirs v1.0.5
[INFO] [stderr]    Compiling itoa v0.4.5
[INFO] [stderr]    Compiling piston-shaders_graphics2d v0.3.1
[INFO] [stderr]    Compiling piston2d-gfx_graphics v0.61.0
[INFO] [stderr]    Compiling gfx_device_gl v0.15.5
[INFO] [stderr]    Compiling csv v1.1.3
[INFO] [stderr]    Compiling term v0.5.2
[INFO] [stderr]    Compiling pistoncore-window v0.43.0
[INFO] [stderr]    Compiling pistoncore-event_loop v0.48.0
[INFO] [stderr]    Compiling clap_derive v3.0.0-beta.1 (https://github.com/clap-rs/clap/#bbb14f8b)
[INFO] [stderr]    Compiling piston v0.48.0
[INFO] [stderr]    Compiling textwrap v0.11.0
[INFO] [stderr]    Compiling vec_map v0.8.1
[INFO] [stderr]    Compiling strsim v0.9.3
[INFO] [stderr]    Compiling ansi_term v0.12.1
[INFO] [stderr]    Compiling encode_unicode v0.3.6
[INFO] [stderr]    Compiling prettytable-rs v0.8.0
[INFO] [stderr]    Compiling clap v3.0.0-beta.1 (https://github.com/clap-rs/clap/#bbb14f8b)
[INFO] [stderr]    Compiling smithay-client-toolkit v0.4.6
[INFO] [stderr]    Compiling winit v0.18.1
[INFO] [stderr]    Compiling pistoncore-glutin_window v0.61.0
[INFO] [stderr]    Compiling piston_window v0.98.0
[INFO] [stderr]    Compiling maze v0.1.0 (/opt/rustwide/workdir)
[INFO] [stdout] warning: variable does not need to be mutable
[INFO] [stdout]   --> src/disp/ascii.rs:18:17
[INFO] [stdout]    |
[INFO] [stdout] 18 |             let mut chunk = &grid.index(x, y);
[INFO] [stdout]    |                 ----^^^^^
[INFO] [stdout]    |                 |
[INFO] [stdout]    |                 help: remove this `mut`
[INFO] [stdout]    |
[INFO] [stdout]    = note: `#[warn(unused_mut)]` on by default
[INFO] [stdout] 
[INFO] [stdout] 
[INFO] [stdout] warning: unused variable: `width`
[INFO] [stdout]   --> src/disp/display.rs:21:13
[INFO] [stdout]    |
[INFO] [stdout] 21 |         let width = self.window.size().width;
[INFO] [stdout]    |             ^^^^^ help: if this is intentional, prefix it with an underscore: `_width`
[INFO] [stdout]    |
[INFO] [stdout]    = note: `#[warn(unused_variables)]` on by default
[INFO] [stdout] 
[INFO] [stdout] 
[INFO] [stdout] warning: unused variable: `j`
[INFO] [stdout]   --> src/types/grid.rs:56:13
[INFO] [stdout]    |
[INFO] [stdout] 56 |         for j in 0..self.y {
[INFO] [stdout]    |             ^ help: if this is intentional, prefix it with an underscore: `_j`
[INFO] [stdout] 
[INFO] [stdout] 
[INFO] [stdout] warning: unused variable: `i`
[INFO] [stdout]   --> src/types/grid.rs:57:17
[INFO] [stdout]    |
[INFO] [stdout] 57 |             for i in 0..self.x {}
[INFO] [stdout]    |                 ^ help: if this is intentional, prefix it with an underscore: `_i`
[INFO] [stdout] 
[INFO] [stdout] 
[INFO] [stdout] warning: unreachable pattern
[INFO] [stdout]    --> src/types/grid.rs:133:13
[INFO] [stdout]     |
[INFO] [stdout] 133 |             _ => false,
[INFO] [stdout]     |             ^ no value can reach this
[INFO] [stdout]     |
[INFO] [stdout] note: multiple earlier patterns match some of the same values
[INFO] [stdout]    --> src/types/grid.rs:133:13
[INFO] [stdout]     |
[INFO] [stdout] 117 |             Dir::North => match self.north(cell) {
[INFO] [stdout]     |             ---------- matches some of the same values
[INFO] [stdout] ...
[INFO] [stdout] 121 |             Dir::East => match self.east(cell) {
[INFO] [stdout]     |             --------- matches some of the same values
[INFO] [stdout] ...
[INFO] [stdout] 125 |             Dir::South => match self.south(cell) {
[INFO] [stdout]     |             ---------- matches some of the same values
[INFO] [stdout] ...
[INFO] [stdout] 129 |             Dir::West => match self.west(cell) {
[INFO] [stdout]     |             --------- matches some of the same values
[INFO] [stdout] ...
[INFO] [stdout] 133 |             _ => false,
[INFO] [stdout]     |             ^ collectively making this unreachable
[INFO] [stdout]     = note: `#[warn(unreachable_patterns)]` on by default
[INFO] [stdout] 
[INFO] [stdout] 
[INFO] [stdout] warning: unreachable pattern
[INFO] [stdout]   --> src/lib.rs:26:9
[INFO] [stdout]    |
[INFO] [stdout] 26 |         _ => panic!("Algorithm Not Implemented"),
[INFO] [stdout]    |         ^ no value can reach this
[INFO] [stdout]    |
[INFO] [stdout] note: multiple earlier patterns match some of the same values
[INFO] [stdout]   --> src/lib.rs:26:9
[INFO] [stdout]    |
[INFO] [stdout] 24 |         Algorithm::Binary => bta,
[INFO] [stdout]    |         ----------------- matches some of the same values
[INFO] [stdout] 25 |         Algorithm::Sidewinder => sidewinder,
[INFO] [stdout]    |         --------------------- matches some of the same values
[INFO] [stdout] 26 |         _ => panic!("Algorithm Not Implemented"),
[INFO] [stdout]    |         ^ collectively making this unreachable
[INFO] [stdout] 
[INFO] [stdout] 
[INFO] [stdout] warning: struct `Display` is never constructed
[INFO] [stdout]  --> src/disp/display.rs:6:12
[INFO] [stdout]   |
[INFO] [stdout] 6 | pub struct Display {
[INFO] [stdout]   |            ^^^^^^^
[INFO] [stdout]   |
[INFO] [stdout]   = note: `#[warn(dead_code)]` on by default
[INFO] [stdout] 
[INFO] [stdout] 
[INFO] [stdout] warning: associated items `new` and `update` are never used
[INFO] [stdout]   --> src/disp/display.rs:12:12
[INFO] [stdout]    |
[INFO] [stdout] 11 | impl Display {
[INFO] [stdout]    | ------------ associated items in this implementation
[INFO] [stdout] 12 |     pub fn new(grid: Grid<Chunk>, window: PistonWindow) -> Display {
[INFO] [stdout]    |            ^^^
[INFO] [stdout] ...
[INFO] [stdout] 19 |     pub fn update(&mut self, event: Event) -> () {
[INFO] [stdout]    |            ^^^^^^
[INFO] [stdout] 
[INFO] [stdout] 
[INFO] [stdout] warning: unused variable: `grid_build_time`
[INFO] [stdout]   --> src/main.rs:34:9
[INFO] [stdout]    |
[INFO] [stdout] 34 |     let grid_build_time = grid_build_instant.elapsed().as_millis();
[INFO] [stdout]    |         ^^^^^^^^^^^^^^^ help: if this is intentional, prefix it with an underscore: `_grid_build_time`
[INFO] [stdout]    |
[INFO] [stdout]    = note: `#[warn(unused_variables)]` on by default
[INFO] [stdout] 
[INFO] [stdout] 
[INFO] [stderr]     Finished `dev` profile [unoptimized + debuginfo] target(s) in 3m 18s
[INFO] running `Command { std: "docker" "inspect" "59d574a7c51cd3f74ad5cf59b5e55e94b00620bf46da0a855f93d5a4e267475b", kill_on_drop: false }`
[INFO] running `Command { std: "docker" "rm" "-f" "59d574a7c51cd3f74ad5cf59b5e55e94b00620bf46da0a855f93d5a4e267475b", kill_on_drop: false }`
[INFO] [stdout] 59d574a7c51cd3f74ad5cf59b5e55e94b00620bf46da0a855f93d5a4e267475b
[INFO] running `Command { std: "docker" "create" "-v" "/var/lib/crater-agent-workspace/builds/worker-3-tc1/target:/opt/rustwide/target:rw,Z" "-v" "/var/lib/crater-agent-workspace/builds/worker-3-tc1/source:/opt/rustwide/workdir:ro,Z" "-v" "/var/lib/crater-agent-workspace/cargo-home:/opt/rustwide/cargo-home:ro,Z" "-v" "/var/lib/crater-agent-workspace/rustup-home:/opt/rustwide/rustup-home:ro,Z" "-e" "SOURCE_DIR=/opt/rustwide/workdir" "-e" "CARGO_TARGET_DIR=/opt/rustwide/target" "-e" "CARGO_INCREMENTAL=0" "-e" "RUST_BACKTRACE=full" "-e" "RUSTFLAGS=--cap-lints=forbid" "-e" "RUSTDOCFLAGS=--cap-lints=forbid" "-e" "CARGO_HOME=/opt/rustwide/cargo-home" "-e" "RUSTUP_HOME=/opt/rustwide/rustup-home" "-w" "/opt/rustwide/workdir" "-m" "1610612736" "--user" "0:0" "--network" "none" "ghcr.io/rust-lang/crates-build-env/linux@sha256:819108c5571ea2e421544af4d832f968d213c87fbe3707a016657f43d2f853bc" "/opt/rustwide/cargo-home/bin/cargo" "+nightly-2025-01-18" "test" "--frozen" "--no-run" "--message-format=json", kill_on_drop: false }`
[INFO] [stdout] fa47709d3f1ebdbb724e5422363579aa4ce2e52bdf04180569c03e440f640072
[INFO] running `Command { std: "docker" "start" "-a" "fa47709d3f1ebdbb724e5422363579aa4ce2e52bdf04180569c03e440f640072", kill_on_drop: false }`
[INFO] [stdout] warning: variable does not need to be mutable
[INFO] [stdout]   --> src/disp/ascii.rs:18:17
[INFO] [stdout]    |
[INFO] [stdout] 18 |             let mut chunk = &grid.index(x, y);
[INFO] [stdout]    |                 ----^^^^^
[INFO] [stdout]    |                 |
[INFO] [stdout]    |                 help: remove this `mut`
[INFO] [stdout]    |
[INFO] [stdout]    = note: `#[warn(unused_mut)]` on by default
[INFO] [stdout] 
[INFO] [stdout] 
[INFO] [stdout] warning: unused variable: `width`
[INFO] [stdout]   --> src/disp/display.rs:21:13
[INFO] [stdout]    |
[INFO] [stdout] 21 |         let width = self.window.size().width;
[INFO] [stdout]    |             ^^^^^ help: if this is intentional, prefix it with an underscore: `_width`
[INFO] [stdout]    |
[INFO] [stdout]    = note: `#[warn(unused_variables)]` on by default
[INFO] [stdout] 
[INFO] [stdout] 
[INFO] [stdout] warning: unused variable: `j`
[INFO] [stdout]   --> src/types/grid.rs:56:13
[INFO] [stdout]    |
[INFO] [stdout] 56 |         for j in 0..self.y {
[INFO] [stdout]    |             ^ help: if this is intentional, prefix it with an underscore: `_j`
[INFO] [stdout] 
[INFO] [stdout] 
[INFO] [stdout] warning: unused variable: `i`
[INFO] [stdout]   --> src/types/grid.rs:57:17
[INFO] [stdout]    |
[INFO] [stdout] 57 |             for i in 0..self.x {}
[INFO] [stdout]    |                 ^ help: if this is intentional, prefix it with an underscore: `_i`
[INFO] [stdout] 
[INFO] [stdout] 
[INFO] [stdout] warning: unreachable pattern
[INFO] [stdout]    --> src/types/grid.rs:133:13
[INFO] [stdout]     |
[INFO] [stdout] 133 |             _ => false,
[INFO] [stdout]     |             ^ no value can reach this
[INFO] [stdout]     |
[INFO] [stdout] note: multiple earlier patterns match some of the same values
[INFO] [stdout]    --> src/types/grid.rs:133:13
[INFO] [stdout]     |
[INFO] [stdout] 117 |             Dir::North => match self.north(cell) {
[INFO] [stdout]     |             ---------- matches some of the same values
[INFO] [stdout] ...
[INFO] [stdout] 121 |             Dir::East => match self.east(cell) {
[INFO] [stdout]     |             --------- matches some of the same values
[INFO] [stdout] ...
[INFO] [stdout] 125 |             Dir::South => match self.south(cell) {
[INFO] [stdout]     |             ---------- matches some of the same values
[INFO] [stdout] ...
[INFO] [stdout] 129 |             Dir::West => match self.west(cell) {
[INFO] [stdout]     |             --------- matches some of the same values
[INFO] [stdout] ...
[INFO] [stdout] 133 |             _ => false,
[INFO] [stdout]     |             ^ collectively making this unreachable
[INFO] [stdout]     = note: `#[warn(unreachable_patterns)]` on by default
[INFO] [stdout] 
[INFO] [stdout] 
[INFO] [stdout] warning: unreachable pattern
[INFO] [stdout]   --> src/lib.rs:26:9
[INFO] [stdout]    |
[INFO] [stdout] 26 |         _ => panic!("Algorithm Not Implemented"),
[INFO] [stdout]    |         ^ no value can reach this
[INFO] [stdout]    |
[INFO] [stdout] note: multiple earlier patterns match some of the same values
[INFO] [stdout]   --> src/lib.rs:26:9
[INFO] [stdout]    |
[INFO] [stdout] 24 |         Algorithm::Binary => bta,
[INFO] [stdout]    |         ----------------- matches some of the same values
[INFO] [stdout] 25 |         Algorithm::Sidewinder => sidewinder,
[INFO] [stdout]    |         --------------------- matches some of the same values
[INFO] [stdout] 26 |         _ => panic!("Algorithm Not Implemented"),
[INFO] [stdout]    |         ^ collectively making this unreachable
[INFO] [stdout] 
[INFO] [stdout] 
[INFO] [stdout] warning: struct `Display` is never constructed
[INFO] [stdout]  --> src/disp/display.rs:6:12
[INFO] [stdout]   |
[INFO] [stdout] 6 | pub struct Display {
[INFO] [stdout]   |            ^^^^^^^
[INFO] [stdout]   |
[INFO] [stdout]   = note: `#[warn(dead_code)]` on by default
[INFO] [stdout] 
[INFO] [stdout] 
[INFO] [stdout] warning: associated items `new` and `update` are never used
[INFO] [stdout]   --> src/disp/display.rs:12:12
[INFO] [stdout]    |
[INFO] [stdout] 11 | impl Display {
[INFO] [stdout]    | ------------ associated items in this implementation
[INFO] [stdout] 12 |     pub fn new(grid: Grid<Chunk>, window: PistonWindow) -> Display {
[INFO] [stdout]    |            ^^^
[INFO] [stdout] ...
[INFO] [stdout] 19 |     pub fn update(&mut self, event: Event) -> () {
[INFO] [stdout]    |            ^^^^^^
[INFO] [stdout] 
[INFO] [stdout] 
[INFO] [stdout] warning: unused variable: `grid_build_time`
[INFO] [stdout]   --> src/main.rs:34:9
[INFO] [stdout]    |
[INFO] [stdout] 34 |     let grid_build_time = grid_build_instant.elapsed().as_millis();
[INFO] [stdout]    |         ^^^^^^^^^^^^^^^ help: if this is intentional, prefix it with an underscore: `_grid_build_time`
[INFO] [stdout]    |
[INFO] [stdout]    = note: `#[warn(unused_variables)]` on by default
[INFO] [stdout] 
[INFO] [stdout] 
[INFO] [stderr]    Compiling maze v0.1.0 (/opt/rustwide/workdir)
[INFO] [stdout] warning: variable does not need to be mutable
[INFO] [stdout]   --> src/disp/ascii.rs:18:17
[INFO] [stdout]    |
[INFO] [stdout] 18 |             let mut chunk = &grid.index(x, y);
[INFO] [stdout]    |                 ----^^^^^
[INFO] [stdout]    |                 |
[INFO] [stdout]    |                 help: remove this `mut`
[INFO] [stdout]    |
[INFO] [stdout]    = note: `#[warn(unused_mut)]` on by default
[INFO] [stdout] 
[INFO] [stdout] 
[INFO] [stdout] warning: unused variable: `grid_build_time`
[INFO] [stdout]   --> src/main.rs:34:9
[INFO] [stdout]    |
[INFO] [stdout] 34 |     let grid_build_time = grid_build_instant.elapsed().as_millis();
[INFO] [stdout]    |         ^^^^^^^^^^^^^^^ help: if this is intentional, prefix it with an underscore: `_grid_build_time`
[INFO] [stdout]    |
[INFO] [stdout]    = note: `#[warn(unused_variables)]` on by default
[INFO] [stdout] 
[INFO] [stdout] 
[INFO] [stdout] warning: unused variable: `width`
[INFO] [stdout]   --> src/disp/display.rs:21:13
[INFO] [stdout]    |
[INFO] [stdout] 21 |         let width = self.window.size().width;
[INFO] [stdout]    |             ^^^^^ help: if this is intentional, prefix it with an underscore: `_width`
[INFO] [stdout]    |
[INFO] [stdout]    = note: `#[warn(unused_variables)]` on by default
[INFO] [stdout] 
[INFO] [stdout] 
[INFO] [stdout] warning: unused variable: `j`
[INFO] [stdout]   --> src/types/grid.rs:56:13
[INFO] [stdout]    |
[INFO] [stdout] 56 |         for j in 0..self.y {
[INFO] [stdout]    |             ^ help: if this is intentional, prefix it with an underscore: `_j`
[INFO] [stdout] 
[INFO] [stdout] 
[INFO] [stdout] warning: unused variable: `i`
[INFO] [stdout]   --> src/types/grid.rs:57:17
[INFO] [stdout]    |
[INFO] [stdout] 57 |             for i in 0..self.x {}
[INFO] [stdout]    |                 ^ help: if this is intentional, prefix it with an underscore: `_i`
[INFO] [stdout] 
[INFO] [stdout] 
[INFO] [stdout] warning: unreachable pattern
[INFO] [stdout]    --> src/types/grid.rs:133:13
[INFO] [stdout]     |
[INFO] [stdout] 133 |             _ => false,
[INFO] [stdout]     |             ^ no value can reach this
[INFO] [stdout]     |
[INFO] [stdout] note: multiple earlier patterns match some of the same values
[INFO] [stdout]    --> src/types/grid.rs:133:13
[INFO] [stdout]     |
[INFO] [stdout] 117 |             Dir::North => match self.north(cell) {
[INFO] [stdout]     |             ---------- matches some of the same values
[INFO] [stdout] ...
[INFO] [stdout] 121 |             Dir::East => match self.east(cell) {
[INFO] [stdout]     |             --------- matches some of the same values
[INFO] [stdout] ...
[INFO] [stdout] 125 |             Dir::South => match self.south(cell) {
[INFO] [stdout]     |             ---------- matches some of the same values
[INFO] [stdout] ...
[INFO] [stdout] 129 |             Dir::West => match self.west(cell) {
[INFO] [stdout]     |             --------- matches some of the same values
[INFO] [stdout] ...
[INFO] [stdout] 133 |             _ => false,
[INFO] [stdout]     |             ^ collectively making this unreachable
[INFO] [stdout]     = note: `#[warn(unreachable_patterns)]` on by default
[INFO] [stdout] 
[INFO] [stdout] 
[INFO] [stdout] warning: unreachable pattern
[INFO] [stdout]   --> src/lib.rs:26:9
[INFO] [stdout]    |
[INFO] [stdout] 26 |         _ => panic!("Algorithm Not Implemented"),
[INFO] [stdout]    |         ^ no value can reach this
[INFO] [stdout]    |
[INFO] [stdout] note: multiple earlier patterns match some of the same values
[INFO] [stdout]   --> src/lib.rs:26:9
[INFO] [stdout]    |
[INFO] [stdout] 24 |         Algorithm::Binary => bta,
[INFO] [stdout]    |         ----------------- matches some of the same values
[INFO] [stdout] 25 |         Algorithm::Sidewinder => sidewinder,
[INFO] [stdout]    |         --------------------- matches some of the same values
[INFO] [stdout] 26 |         _ => panic!("Algorithm Not Implemented"),
[INFO] [stdout]    |         ^ collectively making this unreachable
[INFO] [stdout] 
[INFO] [stdout] 
[INFO] [stdout] warning: struct `Display` is never constructed
[INFO] [stdout]  --> src/disp/display.rs:6:12
[INFO] [stdout]   |
[INFO] [stdout] 6 | pub struct Display {
[INFO] [stdout]   |            ^^^^^^^
[INFO] [stdout]   |
[INFO] [stdout]   = note: `#[warn(dead_code)]` on by default
[INFO] [stdout] 
[INFO] [stdout] 
[INFO] [stdout] warning: associated items `new` and `update` are never used
[INFO] [stdout]   --> src/disp/display.rs:12:12
[INFO] [stdout]    |
[INFO] [stdout] 11 | impl Display {
[INFO] [stdout]    | ------------ associated items in this implementation
[INFO] [stdout] 12 |     pub fn new(grid: Grid<Chunk>, window: PistonWindow) -> Display {
[INFO] [stdout]    |            ^^^
[INFO] [stdout] ...
[INFO] [stdout] 19 |     pub fn update(&mut self, event: Event) -> () {
[INFO] [stdout]    |            ^^^^^^
[INFO] [stdout] 
[INFO] [stdout] 
[INFO] [stderr]     Finished `test` profile [unoptimized + debuginfo] target(s) in 1.29s
[INFO] running `Command { std: "docker" "inspect" "fa47709d3f1ebdbb724e5422363579aa4ce2e52bdf04180569c03e440f640072", kill_on_drop: false }`
[INFO] running `Command { std: "docker" "rm" "-f" "fa47709d3f1ebdbb724e5422363579aa4ce2e52bdf04180569c03e440f640072", kill_on_drop: false }`
[INFO] [stdout] fa47709d3f1ebdbb724e5422363579aa4ce2e52bdf04180569c03e440f640072
[INFO] running `Command { std: "docker" "create" "-v" "/var/lib/crater-agent-workspace/builds/worker-3-tc1/target:/opt/rustwide/target:rw,Z" "-v" "/var/lib/crater-agent-workspace/builds/worker-3-tc1/source:/opt/rustwide/workdir:ro,Z" "-v" "/var/lib/crater-agent-workspace/cargo-home:/opt/rustwide/cargo-home:ro,Z" "-v" "/var/lib/crater-agent-workspace/rustup-home:/opt/rustwide/rustup-home:ro,Z" "-e" "SOURCE_DIR=/opt/rustwide/workdir" "-e" "CARGO_TARGET_DIR=/opt/rustwide/target" "-e" "CARGO_INCREMENTAL=0" "-e" "RUST_BACKTRACE=full" "-e" "RUSTFLAGS=--cap-lints=forbid" "-e" "RUSTDOCFLAGS=--cap-lints=forbid" "-e" "CARGO_HOME=/opt/rustwide/cargo-home" "-e" "RUSTUP_HOME=/opt/rustwide/rustup-home" "-w" "/opt/rustwide/workdir" "-m" "1610612736" "--user" "0:0" "--network" "none" "ghcr.io/rust-lang/crates-build-env/linux@sha256:819108c5571ea2e421544af4d832f968d213c87fbe3707a016657f43d2f853bc" "/opt/rustwide/cargo-home/bin/cargo" "+nightly-2025-01-18" "test" "--frozen", kill_on_drop: false }`
[INFO] [stdout] 5798603c40ff70fe648b6a920719e9c16e8bc20a7d7e077419e17ccb0c27e49f
[INFO] running `Command { std: "docker" "start" "-a" "5798603c40ff70fe648b6a920719e9c16e8bc20a7d7e077419e17ccb0c27e49f", kill_on_drop: false }`
[INFO] [stderr] warning: variable does not need to be mutable
[INFO] [stderr]   --> src/disp/ascii.rs:18:17
[INFO] [stderr]    |
[INFO] [stderr] 18 |             let mut chunk = &grid.index(x, y);
[INFO] [stderr]    |                 ----^^^^^
[INFO] [stderr]    |                 |
[INFO] [stderr]    |                 help: remove this `mut`
[INFO] [stderr]    |
[INFO] [stderr]    = note: `#[warn(unused_mut)]` on by default
[INFO] [stderr] 
[INFO] [stderr] warning: unused variable: `width`
[INFO] [stderr]   --> src/disp/display.rs:21:13
[INFO] [stderr]    |
[INFO] [stderr] 21 |         let width = self.window.size().width;
[INFO] [stderr]    |             ^^^^^ help: if this is intentional, prefix it with an underscore: `_width`
[INFO] [stderr]    |
[INFO] [stderr]    = note: `#[warn(unused_variables)]` on by default
[INFO] [stderr] 
[INFO] [stderr] warning: unused variable: `j`
[INFO] [stderr]   --> src/types/grid.rs:56:13
[INFO] [stderr]    |
[INFO] [stderr] 56 |         for j in 0..self.y {
[INFO] [stderr]    |             ^ help: if this is intentional, prefix it with an underscore: `_j`
[INFO] [stderr] 
[INFO] [stderr] warning: unused variable: `i`
[INFO] [stderr]   --> src/types/grid.rs:57:17
[INFO] [stderr]    |
[INFO] [stderr] 57 |             for i in 0..self.x {}
[INFO] [stderr]    |                 ^ help: if this is intentional, prefix it with an underscore: `_i`
[INFO] [stderr] 
[INFO] [stderr] warning: unreachable pattern
[INFO] [stderr]    --> src/types/grid.rs:133:13
[INFO] [stderr]     |
[INFO] [stderr] 133 |             _ => false,
[INFO] [stderr]     |             ^ no value can reach this
[INFO] [stderr]     |
[INFO] [stderr] note: multiple earlier patterns match some of the same values
[INFO] [stderr]    --> src/types/grid.rs:133:13
[INFO] [stderr]     |
[INFO] [stderr] 117 |             Dir::North => match self.north(cell) {
[INFO] [stderr]     |             ---------- matches some of the same values
[INFO] [stderr] ...
[INFO] [stderr] 121 |             Dir::East => match self.east(cell) {
[INFO] [stderr]     |             --------- matches some of the same values
[INFO] [stderr] ...
[INFO] [stderr] 125 |             Dir::South => match self.south(cell) {
[INFO] [stderr]     |             ---------- matches some of the same values
[INFO] [stderr] ...
[INFO] [stderr] 129 |             Dir::West => match self.west(cell) {
[INFO] [stderr]     |             --------- matches some of the same values
[INFO] [stderr] ...
[INFO] [stderr] 133 |             _ => false,
[INFO] [stderr]     |             ^ collectively making this unreachable
[INFO] [stderr]     = note: `#[warn(unreachable_patterns)]` on by default
[INFO] [stderr] 
[INFO] [stderr] warning: unreachable pattern
[INFO] [stderr]   --> src/lib.rs:26:9
[INFO] [stderr]    |
[INFO] [stderr] 26 |         _ => panic!("Algorithm Not Implemented"),
[INFO] [stderr]    |         ^ no value can reach this
[INFO] [stderr]    |
[INFO] [stderr] note: multiple earlier patterns match some of the same values
[INFO] [stderr]   --> src/lib.rs:26:9
[INFO] [stderr]    |
[INFO] [stderr] 24 |         Algorithm::Binary => bta,
[INFO] [stderr]    |         ----------------- matches some of the same values
[INFO] [stderr] 25 |         Algorithm::Sidewinder => sidewinder,
[INFO] [stderr]    |         --------------------- matches some of the same values
[INFO] [stderr] 26 |         _ => panic!("Algorithm Not Implemented"),
[INFO] [stderr]    |         ^ collectively making this unreachable
[INFO] [stderr] 
[INFO] [stderr] warning: struct `Display` is never constructed
[INFO] [stderr]  --> src/disp/display.rs:6:12
[INFO] [stderr]   |
[INFO] [stderr] 6 | pub struct Display {
[INFO] [stderr]   |            ^^^^^^^
[INFO] [stderr]   |
[INFO] [stderr]   = note: `#[warn(dead_code)]` on by default
[INFO] [stderr] 
[INFO] [stderr] warning: associated items `new` and `update` are never used
[INFO] [stderr]   --> src/disp/display.rs:12:12
[INFO] [stderr]    |
[INFO] [stderr] 11 | impl Display {
[INFO] [stderr]    | ------------ associated items in this implementation
[INFO] [stderr] 12 |     pub fn new(grid: Grid<Chunk>, window: PistonWindow) -> Display {
[INFO] [stderr]    |            ^^^
[INFO] [stderr] ...
[INFO] [stderr] 19 |     pub fn update(&mut self, event: Event) -> () {
[INFO] [stderr]    |            ^^^^^^
[INFO] [stderr] 
[INFO] [stderr] warning: `maze` (lib) generated 8 warnings (run `cargo fix --lib -p maze` to apply 1 suggestion)
[INFO] [stderr] warning: `maze` (lib test) generated 8 warnings (8 duplicates)
[INFO] [stderr] warning: unused variable: `grid_build_time`
[INFO] [stderr]   --> src/main.rs:34:9
[INFO] [stderr]    |
[INFO] [stderr] 34 |     let grid_build_time = grid_build_instant.elapsed().as_millis();
[INFO] [stderr]    |         ^^^^^^^^^^^^^^^ help: if this is intentional, prefix it with an underscore: `_grid_build_time`
[INFO] [stderr]    |
[INFO] [stderr]    = note: `#[warn(unused_variables)]` on by default
[INFO] [stderr] 
[INFO] [stderr] warning: `maze` (bin "maze-gen") generated 1 warning
[INFO] [stderr] warning: `maze` (bin "maze-gen" test) generated 1 warning (1 duplicate)
[INFO] [stderr]     Finished `test` profile [unoptimized + debuginfo] target(s) in 0.26s
[INFO] [stderr]      Running unittests src/lib.rs (/opt/rustwide/target/debug/deps/maze-1ce8ac6c13d9beb8)
[INFO] [stdout] 
[INFO] [stdout] running 0 tests
[INFO] [stdout] 
[INFO] [stdout] test result: ok. 0 passed; 0 failed; 0 ignored; 0 measured; 0 filtered out; finished in 0.00s
[INFO] [stdout] 
[INFO] [stderr]      Running unittests src/main.rs (/opt/rustwide/target/debug/deps/maze_gen-e3ee044c0476d623)
[INFO] [stdout] 
[INFO] [stdout] running 0 tests
[INFO] [stdout] 
[INFO] [stdout] test result: ok. 0 passed; 0 failed; 0 ignored; 0 measured; 0 filtered out; finished in 0.00s
[INFO] [stdout] 
[INFO] [stderr]      Running tests/grid-test.rs (/opt/rustwide/target/debug/deps/grid_test-0f340f774cc3ea65)
[INFO] [stdout] 
[INFO] [stdout] running 2 tests
[INFO] [stdout] test creates_grid_with_dims ... ok
[INFO] [stdout] test creates_grid_with_borders ... FAILED
[INFO] [stdout] 
[INFO] [stdout] failures:
[INFO] [stdout] 
[INFO] [stdout] ---- creates_grid_with_borders stdout ----
[INFO] [stdout] 
[INFO] [stdout] thread 'creates_grid_with_borders' panicked at tests/grid-test.rs:20:17:
[INFO] [stdout] assertion `left == right` failed
[INFO] [stdout]   left: 1
[INFO] [stdout]  right: 0
[INFO] [stdout] stack backtrace:
[INFO] [stdout]    0:     0x5e1f29cfe91a - std::backtrace_rs::backtrace::libunwind::trace::hb059275cfc8d6126
[INFO] [stdout]                                at /rustc/6067b36314ab5eb2eb47cecc464545ba58e1ad24/library/std/src/../../backtrace/src/backtrace/libunwind.rs:116:5
[INFO] [stdout]    1:     0x5e1f29cfe91a - std::backtrace_rs::backtrace::trace_unsynchronized::h2da071e4327ce3ee
[INFO] [stdout]                                at /rustc/6067b36314ab5eb2eb47cecc464545ba58e1ad24/library/std/src/../../backtrace/src/backtrace/mod.rs:66:5
[INFO] [stdout]    2:     0x5e1f29cfe91a - std::sys::backtrace::_print_fmt::h842a1474e6f8d23f
[INFO] [stdout]                                at /rustc/6067b36314ab5eb2eb47cecc464545ba58e1ad24/library/std/src/sys/backtrace.rs:66:9
[INFO] [stdout]    3:     0x5e1f29cfe91a - <std::sys::backtrace::BacktraceLock::print::DisplayBacktrace as core::fmt::Display>::fmt::h71a62eb3b9696b12
[INFO] [stdout]                                at /rustc/6067b36314ab5eb2eb47cecc464545ba58e1ad24/library/std/src/sys/backtrace.rs:39:26
[INFO] [stdout]    4:     0x5e1f29d25eb3 - core::fmt::rt::Argument::fmt::hdb6b616786b41dc1
[INFO] [stdout]                                at /rustc/6067b36314ab5eb2eb47cecc464545ba58e1ad24/library/core/src/fmt/rt.rs:177:76
[INFO] [stdout]    5:     0x5e1f29d25eb3 - core::fmt::write::h2cc1698af7e2d686
[INFO] [stdout]                                at /rustc/6067b36314ab5eb2eb47cecc464545ba58e1ad24/library/core/src/fmt/mod.rs:1440:21
[INFO] [stdout]    6:     0x5e1f29cfb473 - std::io::Write::write_fmt::hab1b4cd059a79022
[INFO] [stdout]                                at /rustc/6067b36314ab5eb2eb47cecc464545ba58e1ad24/library/std/src/io/mod.rs:1887:15
[INFO] [stdout]    7:     0x5e1f29cfe762 - std::sys::backtrace::BacktraceLock::print::h147fe35b4ea13b08
[INFO] [stdout]                                at /rustc/6067b36314ab5eb2eb47cecc464545ba58e1ad24/library/std/src/sys/backtrace.rs:42:9
[INFO] [stdout]    8:     0x5e1f29cffd3f - std::panicking::default_hook::{{closure}}::hbd44223dbdc0d208
[INFO] [stdout]                                at /rustc/6067b36314ab5eb2eb47cecc464545ba58e1ad24/library/std/src/panicking.rs:298:22
[INFO] [stdout]    9:     0x5e1f29cffb58 - std::panicking::default_hook::h20f81eb0576efcec
[INFO] [stdout]                                at /rustc/6067b36314ab5eb2eb47cecc464545ba58e1ad24/library/std/src/panicking.rs:322:9
[INFO] [stdout]   10:     0x5e1f29cc72e3 - <alloc::boxed::Box<F,A> as core::ops::function::Fn<Args>>::call::hdb53814c496a4d34
[INFO] [stdout]                                at /rustc/6067b36314ab5eb2eb47cecc464545ba58e1ad24/library/alloc/src/boxed.rs:2027:9
[INFO] [stdout]   11:     0x5e1f29cc72e3 - test::test_main::{{closure}}::hc0a4963c59427c24
[INFO] [stdout]                                at /rustc/6067b36314ab5eb2eb47cecc464545ba58e1ad24/library/test/src/lib.rs:134:21
[INFO] [stdout]   12:     0x5e1f29d00833 - <alloc::boxed::Box<F,A> as core::ops::function::Fn<Args>>::call::h591b2225413a77e9
[INFO] [stdout]                                at /rustc/6067b36314ab5eb2eb47cecc464545ba58e1ad24/library/alloc/src/boxed.rs:2027:9
[INFO] [stdout]   13:     0x5e1f29d00833 - std::panicking::rust_panic_with_hook::h625eea43051b2edc
[INFO] [stdout]                                at /rustc/6067b36314ab5eb2eb47cecc464545ba58e1ad24/library/std/src/panicking.rs:839:13
[INFO] [stdout]   14:     0x5e1f29d004ea - std::panicking::begin_panic_handler::{{closure}}::h4f9159cfbc3f6bd3
[INFO] [stdout]                                at /rustc/6067b36314ab5eb2eb47cecc464545ba58e1ad24/library/std/src/panicking.rs:704:13
[INFO] [stdout]   15:     0x5e1f29cfee19 - std::sys::backtrace::__rust_end_short_backtrace::h0390abce48353151
[INFO] [stdout]                                at /rustc/6067b36314ab5eb2eb47cecc464545ba58e1ad24/library/std/src/sys/backtrace.rs:168:18
[INFO] [stdout]   16:     0x5e1f29d0017d - rust_begin_unwind
[INFO] [stdout]                                at /rustc/6067b36314ab5eb2eb47cecc464545ba58e1ad24/library/std/src/panicking.rs:695:5
[INFO] [stdout]   17:     0x5e1f29d24930 - core::panicking::panic_fmt::h9e7c637e9e5f29c9
[INFO] [stdout]                                at /rustc/6067b36314ab5eb2eb47cecc464545ba58e1ad24/library/core/src/panicking.rs:75:14
[INFO] [stdout]   18:     0x5e1f29d24c82 - core::panicking::assert_failed_inner::h538bec7c1374cd9c
[INFO] [stdout]   19:     0x5e1f29d24b39 - core::panicking::assert_failed::h7fe8c93d80615b71
[INFO] [stdout]                                at /rustc/6067b36314ab5eb2eb47cecc464545ba58e1ad24/library/core/src/panicking.rs:364:5
[INFO] [stdout]   20:     0x5e1f29c8d17b - grid_test::creates_grid_with_borders::ha6833598f33971ff
[INFO] [stdout]                                at /opt/rustwide/workdir/tests/grid-test.rs:20:17
[INFO] [stdout]   21:     0x5e1f29c8cdd7 - grid_test::creates_grid_with_borders::{{closure}}::h03d70543296d003b
[INFO] [stdout]                                at /opt/rustwide/workdir/tests/grid-test.rs:11:31
[INFO] [stdout]   22:     0x5e1f29c8ca26 - core::ops::function::FnOnce::call_once::ha7627138977cda4b
[INFO] [stdout]                                at /rustc/6067b36314ab5eb2eb47cecc464545ba58e1ad24/library/core/src/ops/function.rs:250:5
[INFO] [stdout]   23:     0x5e1f29ccca3b - core::ops::function::FnOnce::call_once::he27718dfdd183f43
[INFO] [stdout]                                at /rustc/6067b36314ab5eb2eb47cecc464545ba58e1ad24/library/core/src/ops/function.rs:250:5
[INFO] [stdout]   24:     0x5e1f29ccca3b - test::__rust_begin_short_backtrace::h4e84902998457a5d
[INFO] [stdout]                                at /rustc/6067b36314ab5eb2eb47cecc464545ba58e1ad24/library/test/src/lib.rs:632:18
[INFO] [stdout]   25:     0x5e1f29ccb973 - test::run_test_in_process::{{closure}}::h7176fd18fc1feca0
[INFO] [stdout]                                at /rustc/6067b36314ab5eb2eb47cecc464545ba58e1ad24/library/test/src/lib.rs:655:60
[INFO] [stdout]   26:     0x5e1f29ccb973 - <core::panic::unwind_safe::AssertUnwindSafe<F> as core::ops::function::FnOnce<()>>::call_once::hf79cff2a624d8cf7
[INFO] [stdout]                                at /rustc/6067b36314ab5eb2eb47cecc464545ba58e1ad24/library/core/src/panic/unwind_safe.rs:272:9
[INFO] [stdout]   27:     0x5e1f29ccb973 - std::panicking::try::do_call::h3da0561d9ab99c25
[INFO] [stdout]                                at /rustc/6067b36314ab5eb2eb47cecc464545ba58e1ad24/library/std/src/panicking.rs:587:40
[INFO] [stdout]   28:     0x5e1f29ccb973 - std::panicking::try::h41c9fa508bc61df6
[INFO] [stdout]                                at /rustc/6067b36314ab5eb2eb47cecc464545ba58e1ad24/library/std/src/panicking.rs:550:19
[INFO] [stdout]   29:     0x5e1f29ccb973 - std::panic::catch_unwind::h6b3ff07bb5afad93
[INFO] [stdout]                                at /rustc/6067b36314ab5eb2eb47cecc464545ba58e1ad24/library/std/src/panic.rs:358:14
[INFO] [stdout]   30:     0x5e1f29ccb973 - test::run_test_in_process::hc7253dd11b39b9f4
[INFO] [stdout]                                at /rustc/6067b36314ab5eb2eb47cecc464545ba58e1ad24/library/test/src/lib.rs:655:27
[INFO] [stdout]   31:     0x5e1f29ccb973 - test::run_test::{{closure}}::hfb2007f8649c30bb
[INFO] [stdout]                                at /rustc/6067b36314ab5eb2eb47cecc464545ba58e1ad24/library/test/src/lib.rs:576:43
[INFO] [stdout]   32:     0x5e1f29c8ea55 - test::run_test::{{closure}}::h56a17aa7a282a9f4
[INFO] [stdout]                                at /rustc/6067b36314ab5eb2eb47cecc464545ba58e1ad24/library/test/src/lib.rs:606:41
[INFO] [stdout]   33:     0x5e1f29c8ea55 - std::sys::backtrace::__rust_begin_short_backtrace::hd2d2d2fb8e8c6aac
[INFO] [stdout]                                at /rustc/6067b36314ab5eb2eb47cecc464545ba58e1ad24/library/std/src/sys/backtrace.rs:152:18
[INFO] [stdout]   34:     0x5e1f29c9233a - std::thread::Builder::spawn_unchecked_::{{closure}}::{{closure}}::h4faa3f9db6133423
[INFO] [stdout]                                at /rustc/6067b36314ab5eb2eb47cecc464545ba58e1ad24/library/std/src/thread/mod.rs:559:17
[INFO] [stdout]   35:     0x5e1f29c9233a - <core::panic::unwind_safe::AssertUnwindSafe<F> as core::ops::function::FnOnce<()>>::call_once::hf2e855a36a4ea846
[INFO] [stdout]                                at /rustc/6067b36314ab5eb2eb47cecc464545ba58e1ad24/library/core/src/panic/unwind_safe.rs:272:9
[INFO] [stdout]   36:     0x5e1f29c9233a - std::panicking::try::do_call::h2f73af3616c35465
[INFO] [stdout]                                at /rustc/6067b36314ab5eb2eb47cecc464545ba58e1ad24/library/std/src/panicking.rs:587:40
[INFO] [stdout]   37:     0x5e1f29c9233a - std::panicking::try::hd1660ce9efadef5a
[INFO] [stdout]                                at /rustc/6067b36314ab5eb2eb47cecc464545ba58e1ad24/library/std/src/panicking.rs:550:19
[INFO] [stdout]   38:     0x5e1f29c9233a - std::panic::catch_unwind::h5ee8d7823b8ca744
[INFO] [stdout]                                at /rustc/6067b36314ab5eb2eb47cecc464545ba58e1ad24/library/std/src/panic.rs:358:14
[INFO] [stdout]   39:     0x5e1f29c9233a - std::thread::Builder::spawn_unchecked_::{{closure}}::h53c3a1894dce8407
[INFO] [stdout]                                at /rustc/6067b36314ab5eb2eb47cecc464545ba58e1ad24/library/std/src/thread/mod.rs:557:30
[INFO] [stdout]   40:     0x5e1f29c9233a - core::ops::function::FnOnce::call_once{{vtable.shim}}::h048ce291ad4f62bf
[INFO] [stdout]                                at /rustc/6067b36314ab5eb2eb47cecc464545ba58e1ad24/library/core/src/ops/function.rs:250:5
[INFO] [stdout]   41:     0x5e1f29d0476b - <alloc::boxed::Box<F,A> as core::ops::function::FnOnce<Args>>::call_once::ha52bedf99a3b4981
[INFO] [stdout]                                at /rustc/6067b36314ab5eb2eb47cecc464545ba58e1ad24/library/alloc/src/boxed.rs:2013:9
[INFO] [stdout]   42:     0x5e1f29d0476b - <alloc::boxed::Box<F,A> as core::ops::function::FnOnce<Args>>::call_once::h567748934d80ccf8
[INFO] [stdout]                                at /rustc/6067b36314ab5eb2eb47cecc464545ba58e1ad24/library/alloc/src/boxed.rs:2013:9
[INFO] [stdout]   43:     0x5e1f29d0476b - std::sys::pal::unix::thread::Thread::new::thread_start::h2d970728ae887adc
[INFO] [stdout]                                at /rustc/6067b36314ab5eb2eb47cecc464545ba58e1ad24/library/std/src/sys/pal/unix/thread.rs:106:17
[INFO] [stdout]   44:     0x790ebc68fac3 - <unknown>
[INFO] [stdout]   45:     0x790ebc720a04 - clone
[INFO] [stdout]   46:                0x0 - <unknown>
[INFO] [stdout] 
[INFO] [stdout] 
[INFO] [stdout] failures:
[INFO] [stdout]     creates_grid_with_borders
[INFO] [stdout] 
[INFO] [stdout] test result: FAILED. 1 passed; 1 failed; 0 ignored; 0 measured; 0 filtered out; finished in 0.10s
[INFO] [stdout] 
[INFO] [stderr] error: test failed, to rerun pass `--test grid-test`
[INFO] running `Command { std: "docker" "inspect" "5798603c40ff70fe648b6a920719e9c16e8bc20a7d7e077419e17ccb0c27e49f", kill_on_drop: false }`
[INFO] running `Command { std: "docker" "rm" "-f" "5798603c40ff70fe648b6a920719e9c16e8bc20a7d7e077419e17ccb0c27e49f", kill_on_drop: false }`
[INFO] [stdout] 5798603c40ff70fe648b6a920719e9c16e8bc20a7d7e077419e17ccb0c27e49f
