[INFO] cloning repository https://github.com/kirawi/min-repro
[INFO] running `Command { std: "git" "-c" "credential.helper=" "-c" "credential.helper=/workspace/cargo-home/bin/git-credential-null" "clone" "--bare" "https://github.com/kirawi/min-repro" "/workspace/cache/git-repos/https%3A%2F%2Fgithub.com%2Fkirawi%2Fmin-repro", kill_on_drop: false }`
[INFO] [stderr] Cloning into bare repository '/workspace/cache/git-repos/https%3A%2F%2Fgithub.com%2Fkirawi%2Fmin-repro'...
[INFO] running `Command { std: "git" "rev-parse" "HEAD", kill_on_drop: false }`
[INFO] [stdout] bb8195fd677465ecf5f1df1b047a310107e7c4f1
[INFO] testing kirawi/min-repro against nightly-2025-01-18 for randomize-layout-2
[INFO] running `Command { std: "git" "clone" "/workspace/cache/git-repos/https%3A%2F%2Fgithub.com%2Fkirawi%2Fmin-repro" "/workspace/builds/worker-4-tc1/source", kill_on_drop: false }`
[INFO] [stderr] Cloning into '/workspace/builds/worker-4-tc1/source'...
[INFO] [stderr] done.
[INFO] validating manifest of git repo https://github.com/kirawi/min-repro on toolchain nightly-2025-01-18
[INFO] running `Command { std: CARGO_HOME="/workspace/cargo-home" RUSTUP_HOME="/workspace/rustup-home" "/workspace/cargo-home/bin/cargo" "+nightly-2025-01-18" "metadata" "--manifest-path" "Cargo.toml" "--no-deps", kill_on_drop: false }`
[INFO] started tweaking git repo https://github.com/kirawi/min-repro
[INFO] finished tweaking git repo https://github.com/kirawi/min-repro
[INFO] tweaked toml for git repo https://github.com/kirawi/min-repro written to /workspace/builds/worker-4-tc1/source/Cargo.toml
[INFO] crate git repo https://github.com/kirawi/min-repro already has a lockfile, it will not be regenerated
[INFO] running `Command { std: CARGO_HOME="/workspace/cargo-home" RUSTUP_HOME="/workspace/rustup-home" "/workspace/cargo-home/bin/cargo" "+nightly-2025-01-18" "fetch" "--manifest-path" "Cargo.toml", kill_on_drop: false }`
[INFO] running `Command { std: "docker" "create" "-v" "/var/lib/crater-agent-workspace/builds/worker-4-tc1/target:/opt/rustwide/target:rw,Z" "-v" "/var/lib/crater-agent-workspace/builds/worker-4-tc1/source:/opt/rustwide/workdir:ro,Z" "-v" "/var/lib/crater-agent-workspace/cargo-home:/opt/rustwide/cargo-home:ro,Z" "-v" "/var/lib/crater-agent-workspace/rustup-home:/opt/rustwide/rustup-home:ro,Z" "-e" "SOURCE_DIR=/opt/rustwide/workdir" "-e" "CARGO_TARGET_DIR=/opt/rustwide/target" "-e" "CARGO_HOME=/opt/rustwide/cargo-home" "-e" "RUSTUP_HOME=/opt/rustwide/rustup-home" "-w" "/opt/rustwide/workdir" "-m" "1610612736" "--user" "0:0" "--network" "none" "ghcr.io/rust-lang/crates-build-env/linux@sha256:819108c5571ea2e421544af4d832f968d213c87fbe3707a016657f43d2f853bc" "/opt/rustwide/cargo-home/bin/cargo" "+nightly-2025-01-18" "metadata" "--no-deps" "--format-version=1", kill_on_drop: false }`
[INFO] [stdout] c475521d07d36d6f37fc763c281897e7537eebe88a801c870857139fa5b27c69
[INFO] running `Command { std: "docker" "start" "-a" "c475521d07d36d6f37fc763c281897e7537eebe88a801c870857139fa5b27c69", kill_on_drop: false }`
[INFO] running `Command { std: "docker" "inspect" "c475521d07d36d6f37fc763c281897e7537eebe88a801c870857139fa5b27c69", kill_on_drop: false }`
[INFO] running `Command { std: "docker" "rm" "-f" "c475521d07d36d6f37fc763c281897e7537eebe88a801c870857139fa5b27c69", kill_on_drop: false }`
[INFO] [stdout] c475521d07d36d6f37fc763c281897e7537eebe88a801c870857139fa5b27c69
[INFO] running `Command { std: "docker" "create" "-v" "/var/lib/crater-agent-workspace/builds/worker-4-tc1/target:/opt/rustwide/target:rw,Z" "-v" "/var/lib/crater-agent-workspace/builds/worker-4-tc1/source:/opt/rustwide/workdir:ro,Z" "-v" "/var/lib/crater-agent-workspace/cargo-home:/opt/rustwide/cargo-home:ro,Z" "-v" "/var/lib/crater-agent-workspace/rustup-home:/opt/rustwide/rustup-home:ro,Z" "-e" "SOURCE_DIR=/opt/rustwide/workdir" "-e" "CARGO_TARGET_DIR=/opt/rustwide/target" "-e" "CARGO_INCREMENTAL=0" "-e" "RUST_BACKTRACE=full" "-e" "RUSTFLAGS=--cap-lints=forbid" "-e" "RUSTDOCFLAGS=--cap-lints=forbid" "-e" "CARGO_HOME=/opt/rustwide/cargo-home" "-e" "RUSTUP_HOME=/opt/rustwide/rustup-home" "-w" "/opt/rustwide/workdir" "-m" "1610612736" "--user" "0:0" "--network" "none" "ghcr.io/rust-lang/crates-build-env/linux@sha256:819108c5571ea2e421544af4d832f968d213c87fbe3707a016657f43d2f853bc" "/opt/rustwide/cargo-home/bin/cargo" "+nightly-2025-01-18" "build" "--frozen" "--message-format=json", kill_on_drop: false }`
[INFO] [stdout] e673d4895c71520fbeccf9ea5dfaf03a4ff855cde954c6f795083e5e51081ddd
[INFO] running `Command { std: "docker" "start" "-a" "e673d4895c71520fbeccf9ea5dfaf03a4ff855cde954c6f795083e5e51081ddd", kill_on_drop: false }`
[INFO] [stderr]    Compiling libc v0.2.151
[INFO] [stderr]    Compiling cfg-if v1.0.0
[INFO] [stderr]    Compiling rustix v0.38.28
[INFO] [stderr]    Compiling ppv-lite86 v0.2.17
[INFO] [stderr]    Compiling linux-raw-sys v0.4.12
[INFO] [stderr]    Compiling bitflags v2.4.1
[INFO] [stderr]    Compiling anyhow v1.0.79
[INFO] [stderr]    Compiling fastrand v2.0.1
[INFO] [stderr]    Compiling sha1_smol v1.0.0
[INFO] [stderr]    Compiling getrandom v0.2.11
[INFO] [stderr]    Compiling rand_core v0.6.4
[INFO] [stderr]    Compiling rand_chacha v0.3.1
[INFO] [stderr]    Compiling rand v0.8.5
[INFO] [stderr]    Compiling quickcheck v1.0.3
[INFO] [stderr]    Compiling tempfile v3.9.0
[INFO] [stderr]    Compiling min_repro v0.1.0 (/opt/rustwide/workdir)
[INFO] [stdout] warning: fields `revisions` and `current` are never read
[INFO] [stdout]   --> src/main.rs:13:5
[INFO] [stdout]    |
[INFO] [stdout] 12 | struct History {
[INFO] [stdout]    |        ------- fields in this struct
[INFO] [stdout] 13 |     revisions: Vec<Revision>,
[INFO] [stdout]    |     ^^^^^^^^^
[INFO] [stdout] 14 |     current: usize,
[INFO] [stdout]    |     ^^^^^^^
[INFO] [stdout]    |
[INFO] [stdout]    = note: `#[warn(dead_code)]` on by default
[INFO] [stdout] 
[INFO] [stdout] 
[INFO] [stdout] warning: field `timestamp` is never read
[INFO] [stdout]   --> src/main.rs:22:5
[INFO] [stdout]    |
[INFO] [stdout] 17 | struct Revision {
[INFO] [stdout]    |        -------- field in this struct
[INFO] [stdout] ...
[INFO] [stdout] 22 |     timestamp: SystemTime,
[INFO] [stdout]    |     ^^^^^^^^^
[INFO] [stdout] 
[INFO] [stdout] 
[INFO] [stdout] warning: constant `UNDO_FILE_HEADER_TAG` is never used
[INFO] [stdout]    --> src/main.rs:118:7
[INFO] [stdout]     |
[INFO] [stdout] 118 | const UNDO_FILE_HEADER_TAG: &[u8] = b"Helix";
[INFO] [stdout]     |       ^^^^^^^^^^^^^^^^^^^^
[INFO] [stdout] 
[INFO] [stdout] 
[INFO] [stdout] warning: constant `UNDO_FILE_HEADER_LEN` is never used
[INFO] [stdout]    --> src/main.rs:119:7
[INFO] [stdout]     |
[INFO] [stdout] 119 | const UNDO_FILE_HEADER_LEN: usize = UNDO_FILE_HEADER_TAG.len();
[INFO] [stdout]     |       ^^^^^^^^^^^^^^^^^^^^
[INFO] [stdout] 
[INFO] [stdout] 
[INFO] [stdout] warning: constant `UNDO_FILE_VERSION` is never used
[INFO] [stdout]    --> src/main.rs:120:7
[INFO] [stdout]     |
[INFO] [stdout] 120 | const UNDO_FILE_VERSION: u8 = 1;
[INFO] [stdout]     |       ^^^^^^^^^^^^^^^^^
[INFO] [stdout] 
[INFO] [stdout] 
[INFO] [stdout] warning: function `get_hash` is never used
[INFO] [stdout]    --> src/main.rs:122:4
[INFO] [stdout]     |
[INFO] [stdout] 122 | fn get_hash<R: Read>(reader: &mut R) -> std::io::Result<[u8; sha1_smol::DIGEST_LENGTH]> {
[INFO] [stdout]     |    ^^^^^^^^
[INFO] [stdout] 
[INFO] [stdout] 
[INFO] [stdout] warning: associated items `serialize`, `deserialize`, and `read_header` are never used
[INFO] [stdout]    --> src/main.rs:138:12
[INFO] [stdout]     |
[INFO] [stdout] 137 | impl History {
[INFO] [stdout]     | ------------ associated items in this implementation
[INFO] [stdout] 138 |     pub fn serialize<W: Write + Seek>(
[INFO] [stdout]     |            ^^^^^^^^^
[INFO] [stdout] ...
[INFO] [stdout] 170 |     pub fn deserialize<R: Read>(reader: &mut R, path: &Path) -> anyhow::Result<(usize, Self)> {
[INFO] [stdout]     |            ^^^^^^^^^^^
[INFO] [stdout] ...
[INFO] [stdout] 204 |     pub fn read_header<R: Read>(reader: &mut R, path: &Path) -> anyhow::Result<(usize, usize)> {
[INFO] [stdout]     |            ^^^^^^^^^^^
[INFO] [stdout] 
[INFO] [stdout] 
[INFO] [stdout] warning: associated items `serialize` and `deserialize` are never used
[INFO] [stdout]    --> src/main.rs:240:8
[INFO] [stdout]     |
[INFO] [stdout] 239 | impl Revision {
[INFO] [stdout]     | ------------- associated items in this implementation
[INFO] [stdout] 240 |     fn serialize<W: Write>(&self, writer: &mut W) -> anyhow::Result<()> {
[INFO] [stdout]     |        ^^^^^^^^^
[INFO] [stdout] ...
[INFO] [stdout] 254 |     fn deserialize<R: Read>(reader: &mut R) -> anyhow::Result<Self> {
[INFO] [stdout]     |        ^^^^^^^^^^^
[INFO] [stdout] 
[INFO] [stdout] 
[INFO] [stdout] warning: associated items `serialize` and `deserialize` are never used
[INFO] [stdout]    --> src/main.rs:272:12
[INFO] [stdout]     |
[INFO] [stdout] 271 | impl Transaction {
[INFO] [stdout]     | ---------------- associated items in this implementation
[INFO] [stdout] 272 |     pub fn serialize<W: std::io::Write>(&self, writer: &mut W) -> std::io::Result<()> {
[INFO] [stdout]     |            ^^^^^^^^^
[INFO] [stdout] ...
[INFO] [stdout] 302 |     pub fn deserialize<R: std::io::Read>(reader: &mut R) -> std::io::Result<Self> {
[INFO] [stdout]     |            ^^^^^^^^^^^
[INFO] [stdout] 
[INFO] [stdout] 
[INFO] [stdout] warning: function `write_u64` is never used
[INFO] [stdout]   --> src/combinators.rs:19:8
[INFO] [stdout]    |
[INFO] [stdout] 19 | pub fn write_u64<W: Write>(writer: &mut W, n: u64) -> Result<()> {
[INFO] [stdout]    |        ^^^^^^^^^
[INFO] [stdout] 
[INFO] [stdout] 
[INFO] [stdout] warning: function `write_string` is never used
[INFO] [stdout]   --> src/combinators.rs:27:8
[INFO] [stdout]    |
[INFO] [stdout] 27 | pub fn write_string<W: Write>(writer: &mut W, s: &str) -> Result<()> {
[INFO] [stdout]    |        ^^^^^^^^^^^^
[INFO] [stdout] 
[INFO] [stdout] 
[INFO] [stdout] warning: function `read_u64` is never used
[INFO] [stdout]   --> src/combinators.rs:83:8
[INFO] [stdout]    |
[INFO] [stdout] 83 | pub fn read_u64<R: Read>(reader: &mut R) -> Result<u64> {
[INFO] [stdout]    |        ^^^^^^^^
[INFO] [stdout] 
[INFO] [stdout] 
[INFO] [stdout] warning: function `read_string` is never used
[INFO] [stdout]   --> src/combinators.rs:96:8
[INFO] [stdout]    |
[INFO] [stdout] 96 | pub fn read_string<R: Read>(reader: &mut R) -> Result<String> {
[INFO] [stdout]    |        ^^^^^^^^^^^
[INFO] [stdout] 
[INFO] [stdout] 
[INFO] [stdout] warning: function `read_many_bytes` is never used
[INFO] [stdout]    --> src/combinators.rs:126:8
[INFO] [stdout]     |
[INFO] [stdout] 126 | pub fn read_many_bytes<R: Read, const N: usize>(reader: &mut R) -> Result<[u8; N]> {
[INFO] [stdout]     |        ^^^^^^^^^^^^^^^
[INFO] [stdout] 
[INFO] [stdout] 
[INFO] [stderr]     Finished `dev` profile [unoptimized + debuginfo] target(s) in 9.82s
[INFO] running `Command { std: "docker" "inspect" "e673d4895c71520fbeccf9ea5dfaf03a4ff855cde954c6f795083e5e51081ddd", kill_on_drop: false }`
[INFO] running `Command { std: "docker" "rm" "-f" "e673d4895c71520fbeccf9ea5dfaf03a4ff855cde954c6f795083e5e51081ddd", kill_on_drop: false }`
[INFO] [stdout] e673d4895c71520fbeccf9ea5dfaf03a4ff855cde954c6f795083e5e51081ddd
[INFO] running `Command { std: "docker" "create" "-v" "/var/lib/crater-agent-workspace/builds/worker-4-tc1/target:/opt/rustwide/target:rw,Z" "-v" "/var/lib/crater-agent-workspace/builds/worker-4-tc1/source:/opt/rustwide/workdir:ro,Z" "-v" "/var/lib/crater-agent-workspace/cargo-home:/opt/rustwide/cargo-home:ro,Z" "-v" "/var/lib/crater-agent-workspace/rustup-home:/opt/rustwide/rustup-home:ro,Z" "-e" "SOURCE_DIR=/opt/rustwide/workdir" "-e" "CARGO_TARGET_DIR=/opt/rustwide/target" "-e" "CARGO_INCREMENTAL=0" "-e" "RUST_BACKTRACE=full" "-e" "RUSTFLAGS=--cap-lints=forbid" "-e" "RUSTDOCFLAGS=--cap-lints=forbid" "-e" "CARGO_HOME=/opt/rustwide/cargo-home" "-e" "RUSTUP_HOME=/opt/rustwide/rustup-home" "-w" "/opt/rustwide/workdir" "-m" "1610612736" "--user" "0:0" "--network" "none" "ghcr.io/rust-lang/crates-build-env/linux@sha256:819108c5571ea2e421544af4d832f968d213c87fbe3707a016657f43d2f853bc" "/opt/rustwide/cargo-home/bin/cargo" "+nightly-2025-01-18" "test" "--frozen" "--no-run" "--message-format=json", kill_on_drop: false }`
[INFO] [stdout] ca3a51c793ec088a9a02074bcb804c27d2434a6c4b1b44698183aef5f18d06a1
[INFO] running `Command { std: "docker" "start" "-a" "ca3a51c793ec088a9a02074bcb804c27d2434a6c4b1b44698183aef5f18d06a1", kill_on_drop: false }`
[INFO] [stderr]    Compiling min_repro v0.1.0 (/opt/rustwide/workdir)
[INFO] [stdout] warning: constant `UNDO_FILE_HEADER_LEN` is never used
[INFO] [stdout]    --> src/main.rs:119:7
[INFO] [stdout]     |
[INFO] [stdout] 119 | const UNDO_FILE_HEADER_LEN: usize = UNDO_FILE_HEADER_TAG.len();
[INFO] [stdout]     |       ^^^^^^^^^^^^^^^^^^^^
[INFO] [stdout]     |
[INFO] [stdout]     = note: `#[warn(dead_code)]` on by default
[INFO] [stdout] 
[INFO] [stdout] 
[INFO] [stdout] warning: associated functions `deserialize` and `read_header` are never used
[INFO] [stdout]    --> src/main.rs:170:12
[INFO] [stdout]     |
[INFO] [stdout] 137 | impl History {
[INFO] [stdout]     | ------------ associated functions in this implementation
[INFO] [stdout] ...
[INFO] [stdout] 170 |     pub fn deserialize<R: Read>(reader: &mut R, path: &Path) -> anyhow::Result<(usize, Self)> {
[INFO] [stdout]     |            ^^^^^^^^^^^
[INFO] [stdout] ...
[INFO] [stdout] 204 |     pub fn read_header<R: Read>(reader: &mut R, path: &Path) -> anyhow::Result<(usize, usize)> {
[INFO] [stdout]     |            ^^^^^^^^^^^
[INFO] [stdout] 
[INFO] [stdout] 
[INFO] [stdout] warning: associated function `deserialize` is never used
[INFO] [stdout]    --> src/main.rs:254:8
[INFO] [stdout]     |
[INFO] [stdout] 239 | impl Revision {
[INFO] [stdout]     | ------------- associated function in this implementation
[INFO] [stdout] ...
[INFO] [stdout] 254 |     fn deserialize<R: Read>(reader: &mut R) -> anyhow::Result<Self> {
[INFO] [stdout]     |        ^^^^^^^^^^^
[INFO] [stdout] 
[INFO] [stdout] 
[INFO] [stdout] warning: associated function `deserialize` is never used
[INFO] [stdout]    --> src/main.rs:302:12
[INFO] [stdout]     |
[INFO] [stdout] 271 | impl Transaction {
[INFO] [stdout]     | ---------------- associated function in this implementation
[INFO] [stdout] ...
[INFO] [stdout] 302 |     pub fn deserialize<R: std::io::Read>(reader: &mut R) -> std::io::Result<Self> {
[INFO] [stdout]     |            ^^^^^^^^^^^
[INFO] [stdout] 
[INFO] [stdout] 
[INFO] [stdout] warning: function `read_u64` is never used
[INFO] [stdout]   --> src/combinators.rs:83:8
[INFO] [stdout]    |
[INFO] [stdout] 83 | pub fn read_u64<R: Read>(reader: &mut R) -> Result<u64> {
[INFO] [stdout]    |        ^^^^^^^^
[INFO] [stdout] 
[INFO] [stdout] 
[INFO] [stdout] warning: function `read_string` is never used
[INFO] [stdout]   --> src/combinators.rs:96:8
[INFO] [stdout]    |
[INFO] [stdout] 96 | pub fn read_string<R: Read>(reader: &mut R) -> Result<String> {
[INFO] [stdout]    |        ^^^^^^^^^^^
[INFO] [stdout] 
[INFO] [stdout] 
[INFO] [stdout] warning: function `read_many_bytes` is never used
[INFO] [stdout]    --> src/combinators.rs:126:8
[INFO] [stdout]     |
[INFO] [stdout] 126 | pub fn read_many_bytes<R: Read, const N: usize>(reader: &mut R) -> Result<[u8; N]> {
[INFO] [stdout]     |        ^^^^^^^^^^^^^^^
[INFO] [stdout] 
[INFO] [stdout] 
[INFO] [stderr]     Finished `test` profile [unoptimized + debuginfo] target(s) in 0.88s
[INFO] running `Command { std: "docker" "inspect" "ca3a51c793ec088a9a02074bcb804c27d2434a6c4b1b44698183aef5f18d06a1", kill_on_drop: false }`
[INFO] running `Command { std: "docker" "rm" "-f" "ca3a51c793ec088a9a02074bcb804c27d2434a6c4b1b44698183aef5f18d06a1", kill_on_drop: false }`
[INFO] [stdout] ca3a51c793ec088a9a02074bcb804c27d2434a6c4b1b44698183aef5f18d06a1
[INFO] running `Command { std: "docker" "create" "-v" "/var/lib/crater-agent-workspace/builds/worker-4-tc1/target:/opt/rustwide/target:rw,Z" "-v" "/var/lib/crater-agent-workspace/builds/worker-4-tc1/source:/opt/rustwide/workdir:ro,Z" "-v" "/var/lib/crater-agent-workspace/cargo-home:/opt/rustwide/cargo-home:ro,Z" "-v" "/var/lib/crater-agent-workspace/rustup-home:/opt/rustwide/rustup-home:ro,Z" "-e" "SOURCE_DIR=/opt/rustwide/workdir" "-e" "CARGO_TARGET_DIR=/opt/rustwide/target" "-e" "CARGO_INCREMENTAL=0" "-e" "RUST_BACKTRACE=full" "-e" "RUSTFLAGS=--cap-lints=forbid" "-e" "RUSTDOCFLAGS=--cap-lints=forbid" "-e" "CARGO_HOME=/opt/rustwide/cargo-home" "-e" "RUSTUP_HOME=/opt/rustwide/rustup-home" "-w" "/opt/rustwide/workdir" "-m" "1610612736" "--user" "0:0" "--network" "none" "ghcr.io/rust-lang/crates-build-env/linux@sha256:819108c5571ea2e421544af4d832f968d213c87fbe3707a016657f43d2f853bc" "/opt/rustwide/cargo-home/bin/cargo" "+nightly-2025-01-18" "test" "--frozen", kill_on_drop: false }`
[INFO] [stdout] 2b72f9f9e13fc1a5b9394639dd2d1939849a56a6033fcc7b90049bc05a616c34
[INFO] running `Command { std: "docker" "start" "-a" "2b72f9f9e13fc1a5b9394639dd2d1939849a56a6033fcc7b90049bc05a616c34", kill_on_drop: false }`
[INFO] [stderr] warning: constant `UNDO_FILE_HEADER_LEN` is never used
[INFO] [stdout] 
[INFO] [stderr]    --> src/main.rs:119:7
[INFO] [stdout] running 1 test
[INFO] [stderr]     |
[INFO] [stderr] 119 | const UNDO_FILE_HEADER_LEN: usize = UNDO_FILE_HEADER_TAG.len();
[INFO] [stderr]     |       ^^^^^^^^^^^^^^^^^^^^
[INFO] [stderr]     |
[INFO] [stderr]     = note: `#[warn(dead_code)]` on by default
[INFO] [stderr] 
[INFO] [stderr] warning: associated functions `deserialize` and `read_header` are never used
[INFO] [stderr]    --> src/main.rs:170:12
[INFO] [stderr]     |
[INFO] [stderr] 137 | impl History {
[INFO] [stderr]     | ------------ associated functions in this implementation
[INFO] [stderr] ...
[INFO] [stderr] 170 |     pub fn deserialize<R: Read>(reader: &mut R, path: &Path) -> anyhow::Result<(usize, Self)> {
[INFO] [stderr]     |            ^^^^^^^^^^^
[INFO] [stderr] ...
[INFO] [stderr] 204 |     pub fn read_header<R: Read>(reader: &mut R, path: &Path) -> anyhow::Result<(usize, usize)> {
[INFO] [stderr]     |            ^^^^^^^^^^^
[INFO] [stderr] 
[INFO] [stderr] warning: associated function `deserialize` is never used
[INFO] [stderr]    --> src/main.rs:254:8
[INFO] [stderr]     |
[INFO] [stderr] 239 | impl Revision {
[INFO] [stderr]     | ------------- associated function in this implementation
[INFO] [stderr] ...
[INFO] [stderr] 254 |     fn deserialize<R: Read>(reader: &mut R) -> anyhow::Result<Self> {
[INFO] [stderr]     |        ^^^^^^^^^^^
[INFO] [stderr] 
[INFO] [stderr] warning: associated function `deserialize` is never used
[INFO] [stderr]    --> src/main.rs:302:12
[INFO] [stderr]     |
[INFO] [stderr] 271 | impl Transaction {
[INFO] [stderr]     | ---------------- associated function in this implementation
[INFO] [stderr] ...
[INFO] [stderr] 302 |     pub fn deserialize<R: std::io::Read>(reader: &mut R) -> std::io::Result<Self> {
[INFO] [stderr]     |            ^^^^^^^^^^^
[INFO] [stderr] 
[INFO] [stderr] warning: function `read_u64` is never used
[INFO] [stderr]   --> src/combinators.rs:83:8
[INFO] [stderr]    |
[INFO] [stderr] 83 | pub fn read_u64<R: Read>(reader: &mut R) -> Result<u64> {
[INFO] [stderr]    |        ^^^^^^^^
[INFO] [stderr] 
[INFO] [stderr] warning: function `read_string` is never used
[INFO] [stderr]   --> src/combinators.rs:96:8
[INFO] [stderr]    |
[INFO] [stderr] 96 | pub fn read_string<R: Read>(reader: &mut R) -> Result<String> {
[INFO] [stderr]    |        ^^^^^^^^^^^
[INFO] [stderr] 
[INFO] [stderr] warning: function `read_many_bytes` is never used
[INFO] [stderr]    --> src/combinators.rs:126:8
[INFO] [stderr]     |
[INFO] [stderr] 126 | pub fn read_many_bytes<R: Read, const N: usize>(reader: &mut R) -> Result<[u8; N]> {
[INFO] [stderr]     |        ^^^^^^^^^^^^^^^
[INFO] [stderr] 
[INFO] [stderr] warning: `min_repro` (bin "min_repro" test) generated 7 warnings
[INFO] [stderr]     Finished `test` profile [unoptimized + debuginfo] target(s) in 0.05s
[INFO] [stderr]      Running unittests src/main.rs (/opt/rustwide/target/debug/deps/min_repro-4aab5244f4c727df)
[INFO] [stdout] test test::random_undofile ... FAILED
[INFO] [stdout] 
[INFO] [stdout] failures:
[INFO] [stdout] 
[INFO] [stdout] ---- test::random_undofile stdout ----
[INFO] [stdout] 
[INFO] [stdout] thread 'test::random_undofile' panicked at src/main.rs:395:13:
[INFO] [stdout] assertion `left == right` failed
[INFO] [stdout]   left: [72, 101, 108, 105, 120, 1, 0, 0, 0, 0, 0, 0, 0, 0, 1, 0, 0, 0, 0, 0, 0, 0, 73, 105, 142, 103, 0, 0, 0, 0, 218, 57, 163, 238, 94, 107, 75, 13, 50, 85, 191, 239, 149, 96, 24, 144, 175, 216, 7, 9, 1, 0, 0, 0, 0, 0, 0, 0, 0, 0, 0, 0, 0, 0, 0, 0, 0, 0, 0, 0, 0, 0, 0, 0, 0, 0, 0, 0, 0, 0, 0, 0, 0, 0, 0, 0, 0, 0, 0, 0, 0, 0, 0, 0, 0, 0, 0, 0, 0, 0, 0, 0, 0, 0, 0, 0, 0, 0, 0, 0, 0, 0, 0, 0, 0, 0, 73, 105, 142, 103, 0, 0, 0, 0]
[INFO] [stdout]  right: []
[INFO] [stdout] stack backtrace:
[INFO] [stdout]    0:     0x64c2f86adbca - std::backtrace_rs::backtrace::libunwind::trace::hb059275cfc8d6126
[INFO] [stdout]                                at /rustc/6067b36314ab5eb2eb47cecc464545ba58e1ad24/library/std/src/../../backtrace/src/backtrace/libunwind.rs:116:5
[INFO] [stdout]    1:     0x64c2f86adbca - std::backtrace_rs::backtrace::trace_unsynchronized::h2da071e4327ce3ee
[INFO] [stdout]                                at /rustc/6067b36314ab5eb2eb47cecc464545ba58e1ad24/library/std/src/../../backtrace/src/backtrace/mod.rs:66:5
[INFO] [stdout]    2:     0x64c2f86adbca - std::sys::backtrace::_print_fmt::h842a1474e6f8d23f
[INFO] [stdout]                                at /rustc/6067b36314ab5eb2eb47cecc464545ba58e1ad24/library/std/src/sys/backtrace.rs:66:9
[INFO] [stdout]    3:     0x64c2f86adbca - <std::sys::backtrace::BacktraceLock::print::DisplayBacktrace as core::fmt::Display>::fmt::h71a62eb3b9696b12
[INFO] [stdout]                                at /rustc/6067b36314ab5eb2eb47cecc464545ba58e1ad24/library/std/src/sys/backtrace.rs:39:26
[INFO] [stdout]    4:     0x64c2f86d5443 - core::fmt::rt::Argument::fmt::hdb6b616786b41dc1
[INFO] [stdout]                                at /rustc/6067b36314ab5eb2eb47cecc464545ba58e1ad24/library/core/src/fmt/rt.rs:177:76
[INFO] [stdout]    5:     0x64c2f86d5443 - core::fmt::write::h2cc1698af7e2d686
[INFO] [stdout]                                at /rustc/6067b36314ab5eb2eb47cecc464545ba58e1ad24/library/core/src/fmt/mod.rs:1440:21
[INFO] [stdout]    6:     0x64c2f86aa2a3 - std::io::Write::write_fmt::hab1b4cd059a79022
[INFO] [stdout]                                at /rustc/6067b36314ab5eb2eb47cecc464545ba58e1ad24/library/std/src/io/mod.rs:1887:15
[INFO] [stdout]    7:     0x64c2f86ada12 - std::sys::backtrace::BacktraceLock::print::h147fe35b4ea13b08
[INFO] [stdout]                                at /rustc/6067b36314ab5eb2eb47cecc464545ba58e1ad24/library/std/src/sys/backtrace.rs:42:9
[INFO] [stdout]    8:     0x64c2f86aefef - std::panicking::default_hook::{{closure}}::hbd44223dbdc0d208
[INFO] [stdout]                                at /rustc/6067b36314ab5eb2eb47cecc464545ba58e1ad24/library/std/src/panicking.rs:298:22
[INFO] [stdout]    9:     0x64c2f86aee08 - std::panicking::default_hook::h20f81eb0576efcec
[INFO] [stdout]                                at /rustc/6067b36314ab5eb2eb47cecc464545ba58e1ad24/library/std/src/panicking.rs:322:9
[INFO] [stdout]   10:     0x64c2f8663063 - <alloc::boxed::Box<F,A> as core::ops::function::Fn<Args>>::call::hdb53814c496a4d34
[INFO] [stdout]                                at /rustc/6067b36314ab5eb2eb47cecc464545ba58e1ad24/library/alloc/src/boxed.rs:2027:9
[INFO] [stdout]   11:     0x64c2f8663063 - test::test_main::{{closure}}::hc0a4963c59427c24
[INFO] [stdout]                                at /rustc/6067b36314ab5eb2eb47cecc464545ba58e1ad24/library/test/src/lib.rs:134:21
[INFO] [stdout]   12:     0x64c2f86afae3 - <alloc::boxed::Box<F,A> as core::ops::function::Fn<Args>>::call::h591b2225413a77e9
[INFO] [stdout]                                at /rustc/6067b36314ab5eb2eb47cecc464545ba58e1ad24/library/alloc/src/boxed.rs:2027:9
[INFO] [stdout]   13:     0x64c2f86afae3 - std::panicking::rust_panic_with_hook::h625eea43051b2edc
[INFO] [stdout]                                at /rustc/6067b36314ab5eb2eb47cecc464545ba58e1ad24/library/std/src/panicking.rs:839:13
[INFO] [stdout]   14:     0x64c2f86af79a - std::panicking::begin_panic_handler::{{closure}}::h4f9159cfbc3f6bd3
[INFO] [stdout]                                at /rustc/6067b36314ab5eb2eb47cecc464545ba58e1ad24/library/std/src/panicking.rs:704:13
[INFO] [stdout]   15:     0x64c2f86ae0c9 - std::sys::backtrace::__rust_end_short_backtrace::h0390abce48353151
[INFO] [stdout]                                at /rustc/6067b36314ab5eb2eb47cecc464545ba58e1ad24/library/std/src/sys/backtrace.rs:168:18
[INFO] [stdout]   16:     0x64c2f86af42d - rust_begin_unwind
[INFO] [stdout]                                at /rustc/6067b36314ab5eb2eb47cecc464545ba58e1ad24/library/std/src/panicking.rs:695:5
[INFO] [stdout]   17:     0x64c2f86d3e50 - core::panicking::panic_fmt::h9e7c637e9e5f29c9
[INFO] [stdout]                                at /rustc/6067b36314ab5eb2eb47cecc464545ba58e1ad24/library/core/src/panicking.rs:75:14
[INFO] [stdout]   18:     0x64c2f86d4212 - core::panicking::assert_failed_inner::h538bec7c1374cd9c
[INFO] [stdout]   19:     0x64c2f861895a - core::panicking::assert_failed::hb129c7800db81404
[INFO] [stdout]                                at /rustc/6067b36314ab5eb2eb47cecc464545ba58e1ad24/library/core/src/panicking.rs:364:5
[INFO] [stdout]   20:     0x64c2f86166d8 - min_repro::test::random_undofile::prop::h239866fc2e47dd9e
[INFO] [stdout]                                at /opt/rustwide/workdir/src/main.rs:395:13
[INFO] [stdout]   21:     0x64c2f86137d7 - <fn() .> T as quickcheck::tester::Testable>::result::{{closure}}::h20087820aed6cc7f
[INFO] [stdout]                                at /opt/rustwide/cargo-home/registry/src/index.crates.io-1949cf8c6b5b557f/quickcheck-1.0.3/src/tester.rs:371:35
[INFO] [stdout]   22:     0x64c2f86168fe - <core::panic::unwind_safe::AssertUnwindSafe<F> as core::ops::function::FnOnce<()>>::call_once::h583d713912ffc6ea
[INFO] [stdout]                                at /rustc/6067b36314ab5eb2eb47cecc464545ba58e1ad24/library/core/src/panic/unwind_safe.rs:272:9
[INFO] [stdout]   23:     0x64c2f8617285 - std::panicking::try::do_call::hebe27abb40a68836
[INFO] [stdout]                                at /rustc/6067b36314ab5eb2eb47cecc464545ba58e1ad24/library/std/src/panicking.rs:587:40
[INFO] [stdout]   24:     0x64c2f861a2cb - __rust_try
[INFO] [stdout]   25:     0x64c2f8617079 - std::panicking::try::he67f79d0231346d3
[INFO] [stdout]                                at /rustc/6067b36314ab5eb2eb47cecc464545ba58e1ad24/library/std/src/panicking.rs:550:19
[INFO] [stdout]   26:     0x64c2f8617079 - std::panic::catch_unwind::h69032875a115424b
[INFO] [stdout]                                at /rustc/6067b36314ab5eb2eb47cecc464545ba58e1ad24/library/std/src/panic.rs:358:14
[INFO] [stdout]   27:     0x64c2f86112ac - quickcheck::tester::safe::h4ae5e58b6fe06083
[INFO] [stdout]                                at /opt/rustwide/cargo-home/registry/src/index.crates.io-1949cf8c6b5b557f/quickcheck-1.0.3/src/tester.rs:402:5
[INFO] [stdout]   28:     0x64c2f861358b - <fn() .> T as quickcheck::tester::Testable>::result::hd2f0139f21575d25
[INFO] [stdout]                                at /opt/rustwide/cargo-home/registry/src/index.crates.io-1949cf8c6b5b557f/quickcheck-1.0.3/src/tester.rs:371:21
[INFO] [stdout]   29:     0x64c2f8610f68 - quickcheck::tester::QuickCheck::quicktest::h815cf11f87ed2256
[INFO] [stdout]                                at /opt/rustwide/cargo-home/registry/src/index.crates.io-1949cf8c6b5b557f/quickcheck-1.0.3/src/tester.rs:121:19
[INFO] [stdout]   30:     0x64c2f8610d11 - quickcheck::tester::QuickCheck::quickcheck::h2550a17777bb4ecb
[INFO] [stdout]                                at /opt/rustwide/cargo-home/registry/src/index.crates.io-1949cf8c6b5b557f/quickcheck-1.0.3/src/tester.rs:163:36
[INFO] [stdout]   31:     0x64c2f8611233 - quickcheck::tester::quickcheck::h37ddf2ad76e18da1
[INFO] [stdout]                                at /opt/rustwide/cargo-home/registry/src/index.crates.io-1949cf8c6b5b557f/quickcheck-1.0.3/src/tester.rs:183:5
[INFO] [stdout]   32:     0x64c2f8615d4d - min_repro::test::random_undofile::h65919c852fc256ea
[INFO] [stdout]                                at /opt/rustwide/cargo-home/registry/src/index.crates.io-1949cf8c6b5b557f/quickcheck-1.0.3/src/lib.rs:62:21
[INFO] [stdout]   33:     0x64c2f8615d27 - min_repro::test::random_undofile::{{closure}}::hd973adef622d9ab9
[INFO] [stdout]                                at /opt/rustwide/cargo-home/registry/src/index.crates.io-1949cf8c6b5b557f/quickcheck-1.0.3/src/lib.rs:58:30
[INFO] [stdout]   34:     0x64c2f8617566 - core::ops::function::FnOnce::call_once::h438ced5b1f0af4f7
[INFO] [stdout]                                at /rustc/6067b36314ab5eb2eb47cecc464545ba58e1ad24/library/core/src/ops/function.rs:250:5
[INFO] [stdout]   35:     0x64c2f86687bb - core::ops::function::FnOnce::call_once::he27718dfdd183f43
[INFO] [stdout]                                at /rustc/6067b36314ab5eb2eb47cecc464545ba58e1ad24/library/core/src/ops/function.rs:250:5
[INFO] [stdout]   36:     0x64c2f86687bb - test::__rust_begin_short_backtrace::h4e84902998457a5d
[INFO] [stdout]                                at /rustc/6067b36314ab5eb2eb47cecc464545ba58e1ad24/library/test/src/lib.rs:632:18
[INFO] [stdout]   37:     0x64c2f86676f3 - test::run_test_in_process::{{closure}}::h7176fd18fc1feca0
[INFO] [stdout]                                at /rustc/6067b36314ab5eb2eb47cecc464545ba58e1ad24/library/test/src/lib.rs:655:60
[INFO] [stdout]   38:     0x64c2f86676f3 - <core::panic::unwind_safe::AssertUnwindSafe<F> as core::ops::function::FnOnce<()>>::call_once::hf79cff2a624d8cf7
[INFO] [stdout]                                at /rustc/6067b36314ab5eb2eb47cecc464545ba58e1ad24/library/core/src/panic/unwind_safe.rs:272:9
[INFO] [stdout]   39:     0x64c2f86676f3 - std::panicking::try::do_call::h3da0561d9ab99c25
[INFO] [stdout]                                at /rustc/6067b36314ab5eb2eb47cecc464545ba58e1ad24/library/std/src/panicking.rs:587:40
[INFO] [stdout]   40:     0x64c2f86676f3 - std::panicking::try::h41c9fa508bc61df6
[INFO] [stdout]                                at /rustc/6067b36314ab5eb2eb47cecc464545ba58e1ad24/library/std/src/panicking.rs:550:19
[INFO] [stdout]   41:     0x64c2f86676f3 - std::panic::catch_unwind::h6b3ff07bb5afad93
[INFO] [stdout]                                at /rustc/6067b36314ab5eb2eb47cecc464545ba58e1ad24/library/std/src/panic.rs:358:14
[INFO] [stdout]   42:     0x64c2f86676f3 - test::run_test_in_process::hc7253dd11b39b9f4
[INFO] [stdout]                                at /rustc/6067b36314ab5eb2eb47cecc464545ba58e1ad24/library/test/src/lib.rs:655:27
[INFO] [stdout]   43:     0x64c2f86676f3 - test::run_test::{{closure}}::hfb2007f8649c30bb
[INFO] [stdout]                                at /rustc/6067b36314ab5eb2eb47cecc464545ba58e1ad24/library/test/src/lib.rs:576:43
[INFO] [stdout]   44:     0x64c2f862a7d5 - test::run_test::{{closure}}::h56a17aa7a282a9f4
[INFO] [stdout]                                at /rustc/6067b36314ab5eb2eb47cecc464545ba58e1ad24/library/test/src/lib.rs:606:41
[INFO] [stdout]   45:     0x64c2f862a7d5 - std::sys::backtrace::__rust_begin_short_backtrace::hd2d2d2fb8e8c6aac
[INFO] [stdout]                                at /rustc/6067b36314ab5eb2eb47cecc464545ba58e1ad24/library/std/src/sys/backtrace.rs:152:18
[INFO] [stdout]   46:     0x64c2f862e0ba - std::thread::Builder::spawn_unchecked_::{{closure}}::{{closure}}::h4faa3f9db6133423
[INFO] [stdout]                                at /rustc/6067b36314ab5eb2eb47cecc464545ba58e1ad24/library/std/src/thread/mod.rs:559:17
[INFO] [stdout]   47:     0x64c2f862e0ba - <core::panic::unwind_safe::AssertUnwindSafe<F> as core::ops::function::FnOnce<()>>::call_once::hf2e855a36a4ea846
[INFO] [stdout]                                at /rustc/6067b36314ab5eb2eb47cecc464545ba58e1ad24/library/core/src/panic/unwind_safe.rs:272:9
[INFO] [stdout]   48:     0x64c2f862e0ba - std::panicking::try::do_call::h2f73af3616c35465
[INFO] [stdout]                                at /rustc/6067b36314ab5eb2eb47cecc464545ba58e1ad24/library/std/src/panicking.rs:587:40
[INFO] [stdout]   49:     0x64c2f862e0ba - std::panicking::try::hd1660ce9efadef5a
[INFO] [stdout]                                at /rustc/6067b36314ab5eb2eb47cecc464545ba58e1ad24/library/std/src/panicking.rs:550:19
[INFO] [stdout]   50:     0x64c2f862e0ba - std::panic::catch_unwind::h5ee8d7823b8ca744
[INFO] [stdout]                                at /rustc/6067b36314ab5eb2eb47cecc464545ba58e1ad24/library/std/src/panic.rs:358:14
[INFO] [stdout]   51:     0x64c2f862e0ba - std::thread::Builder::spawn_unchecked_::{{closure}}::h53c3a1894dce8407
[INFO] [stdout]                                at /rustc/6067b36314ab5eb2eb47cecc464545ba58e1ad24/library/std/src/thread/mod.rs:557:30
[INFO] [stdout]   52:     0x64c2f862e0ba - core::ops::function::FnOnce::call_once{{vtable.shim}}::h048ce291ad4f62bf
[INFO] [stdout]                                at /rustc/6067b36314ab5eb2eb47cecc464545ba58e1ad24/library/core/src/ops/function.rs:250:5
[INFO] [stdout]   53:     0x64c2f86b3b0b - <alloc::boxed::Box<F,A> as core::ops::function::FnOnce<Args>>::call_once::ha52bedf99a3b4981
[INFO] [stdout]                                at /rustc/6067b36314ab5eb2eb47cecc464545ba58e1ad24/library/alloc/src/boxed.rs:2013:9
[INFO] [stdout]   54:     0x64c2f86b3b0b - <alloc::boxed::Box<F,A> as core::ops::function::FnOnce<Args>>::call_once::h567748934d80ccf8
[INFO] [stdout]                                at /rustc/6067b36314ab5eb2eb47cecc464545ba58e1ad24/library/alloc/src/boxed.rs:2013:9
[INFO] [stdout]   55:     0x64c2f86b3b0b - std::sys::pal::unix::thread::Thread::new::thread_start::h2d970728ae887adc
[INFO] [stdout]                                at /rustc/6067b36314ab5eb2eb47cecc464545ba58e1ad24/library/std/src/sys/pal/unix/thread.rs:106:17
[INFO] [stdout]   56:     0x71ffb4fb3ac3 - <unknown>
[INFO] [stdout]   57:     0x71ffb5044a04 - clone
[INFO] [stdout]   58:                0x0 - <unknown>
[INFO] [stdout] 
[INFO] [stdout] thread 'test::random_undofile' panicked at /opt/rustwide/cargo-home/registry/src/index.crates.io-1949cf8c6b5b557f/quickcheck-1.0.3/src/tester.rs:165:28:
[INFO] [stdout] [quickcheck] TEST FAILED (runtime error). Arguments: ()
[INFO] [stdout] Error: "assertion `left == right` failed\n  left: [72, 101, 108, 105, 120, 1, 0, 0, 0, 0, 0, 0, 0, 0, 1, 0, 0, 0, 0, 0, 0, 0, 73, 105, 142, 103, 0, 0, 0, 0, 218, 57, 163, 238, 94, 107, 75, 13, 50, 85, 191, 239, 149, 96, 24, 144, 175, 216, 7, 9, 1, 0, 0, 0, 0, 0, 0, 0, 0, 0, 0, 0, 0, 0, 0, 0, 0, 0, 0, 0, 0, 0, 0, 0, 0, 0, 0, 0, 0, 0, 0, 0, 0, 0, 0, 0, 0, 0, 0, 0, 0, 0, 0, 0, 0, 0, 0, 0, 0, 0, 0, 0, 0, 0, 0, 0, 0, 0, 0, 0, 0, 0, 0, 0, 0, 0, 73, 105, 142, 103, 0, 0, 0, 0]\n right: []"
[INFO] [stdout] stack backtrace:
[INFO] [stdout]    0:     0x64c2f86adbca - std::backtrace_rs::backtrace::libunwind::trace::hb059275cfc8d6126
[INFO] [stdout]                                at /rustc/6067b36314ab5eb2eb47cecc464545ba58e1ad24/library/std/src/../../backtrace/src/backtrace/libunwind.rs:116:5
[INFO] [stdout]    1:     0x64c2f86adbca - std::backtrace_rs::backtrace::trace_unsynchronized::h2da071e4327ce3ee
[INFO] [stdout]                                at /rustc/6067b36314ab5eb2eb47cecc464545ba58e1ad24/library/std/src/../../backtrace/src/backtrace/mod.rs:66:5
[INFO] [stdout]    2:     0x64c2f86adbca - std::sys::backtrace::_print_fmt::h842a1474e6f8d23f
[INFO] [stdout]                                at /rustc/6067b36314ab5eb2eb47cecc464545ba58e1ad24/library/std/src/sys/backtrace.rs:66:9
[INFO] [stdout]    3:     0x64c2f86adbca - <std::sys::backtrace::BacktraceLock::print::DisplayBacktrace as core::fmt::Display>::fmt::h71a62eb3b9696b12
[INFO] [stdout]                                at /rustc/6067b36314ab5eb2eb47cecc464545ba58e1ad24/library/std/src/sys/backtrace.rs:39:26
[INFO] [stdout]    4:     0x64c2f86d5443 - core::fmt::rt::Argument::fmt::hdb6b616786b41dc1
[INFO] [stdout]                                at /rustc/6067b36314ab5eb2eb47cecc464545ba58e1ad24/library/core/src/fmt/rt.rs:177:76
[INFO] [stdout]    5:     0x64c2f86d5443 - core::fmt::write::h2cc1698af7e2d686
[INFO] [stdout]                                at /rustc/6067b36314ab5eb2eb47cecc464545ba58e1ad24/library/core/src/fmt/mod.rs:1440:21
[INFO] [stdout]    6:     0x64c2f86aa2a3 - std::io::Write::write_fmt::hab1b4cd059a79022
[INFO] [stdout]                                at /rustc/6067b36314ab5eb2eb47cecc464545ba58e1ad24/library/std/src/io/mod.rs:1887:15
[INFO] [stdout]    7:     0x64c2f86ada12 - std::sys::backtrace::BacktraceLock::print::h147fe35b4ea13b08
[INFO] [stdout]                                at /rustc/6067b36314ab5eb2eb47cecc464545ba58e1ad24/library/std/src/sys/backtrace.rs:42:9
[INFO] [stdout]    8:     0x64c2f86aefef - std::panicking::default_hook::{{closure}}::hbd44223dbdc0d208
[INFO] [stdout]                                at /rustc/6067b36314ab5eb2eb47cecc464545ba58e1ad24/library/std/src/panicking.rs:298:22
[INFO] [stdout]    9:     0x64c2f86aee08 - std::panicking::default_hook::h20f81eb0576efcec
[INFO] [stdout]                                at /rustc/6067b36314ab5eb2eb47cecc464545ba58e1ad24/library/std/src/panicking.rs:322:9
[INFO] [stdout]   10:     0x64c2f8663063 - <alloc::boxed::Box<F,A> as core::ops::function::Fn<Args>>::call::hdb53814c496a4d34
[INFO] [stdout]                                at /rustc/6067b36314ab5eb2eb47cecc464545ba58e1ad24/library/alloc/src/boxed.rs:2027:9
[INFO] [stdout]   11:     0x64c2f8663063 - test::test_main::{{closure}}::hc0a4963c59427c24
[INFO] [stdout]                                at /rustc/6067b36314ab5eb2eb47cecc464545ba58e1ad24/library/test/src/lib.rs:134:21
[INFO] [stdout]   12:     0x64c2f86afae3 - <alloc::boxed::Box<F,A> as core::ops::function::Fn<Args>>::call::h591b2225413a77e9
[INFO] [stdout]                                at /rustc/6067b36314ab5eb2eb47cecc464545ba58e1ad24/library/alloc/src/boxed.rs:2027:9
[INFO] [stdout]   13:     0x64c2f86afae3 - std::panicking::rust_panic_with_hook::h625eea43051b2edc
[INFO] [stdout]                                at /rustc/6067b36314ab5eb2eb47cecc464545ba58e1ad24/library/std/src/panicking.rs:839:13
[INFO] [stdout]   14:     0x64c2f86171eb - std::panicking::begin_panic::{{closure}}::hc295d2380fe71232
[INFO] [stdout]                                at /rustc/6067b36314ab5eb2eb47cecc464545ba58e1ad24/library/std/src/panicking.rs:768:9
[INFO] [stdout]   15:     0x64c2f8617016 - std::sys::backtrace::__rust_end_short_backtrace::hac9af28444178bcd
[INFO] [stdout]                                at /rustc/6067b36314ab5eb2eb47cecc464545ba58e1ad24/library/std/src/sys/backtrace.rs:168:18
[INFO] [stdout]   16:     0x64c2f861718d - std::panicking::begin_panic::hc9cdd10d358aef67
[INFO] [stdout]                                at /rustc/6067b36314ab5eb2eb47cecc464545ba58e1ad24/library/std/src/panicking.rs:767:5
[INFO] [stdout]   17:     0x64c2f8610e4f - quickcheck::tester::QuickCheck::quickcheck::h2550a17777bb4ecb
[INFO] [stdout]                                at /opt/rustwide/cargo-home/registry/src/index.crates.io-1949cf8c6b5b557f/quickcheck-1.0.3/src/tester.rs:165:28
[INFO] [stdout]   18:     0x64c2f8611233 - quickcheck::tester::quickcheck::h37ddf2ad76e18da1
[INFO] [stdout]                                at /opt/rustwide/cargo-home/registry/src/index.crates.io-1949cf8c6b5b557f/quickcheck-1.0.3/src/tester.rs:183:5
[INFO] [stdout]   19:     0x64c2f8615d4d - min_repro::test::random_undofile::h65919c852fc256ea
[INFO] [stdout]                                at /opt/rustwide/cargo-home/registry/src/index.crates.io-1949cf8c6b5b557f/quickcheck-1.0.3/src/lib.rs:62:21
[INFO] [stdout]   20:     0x64c2f8615d27 - min_repro::test::random_undofile::{{closure}}::hd973adef622d9ab9
[INFO] [stdout]                                at /opt/rustwide/cargo-home/registry/src/index.crates.io-1949cf8c6b5b557f/quickcheck-1.0.3/src/lib.rs:58:30
[INFO] [stdout]   21:     0x64c2f8617566 - core::ops::function::FnOnce::call_once::h438ced5b1f0af4f7
[INFO] [stdout]                                at /rustc/6067b36314ab5eb2eb47cecc464545ba58e1ad24/library/core/src/ops/function.rs:250:5
[INFO] [stdout]   22:     0x64c2f86687bb - core::ops::function::FnOnce::call_once::he27718dfdd183f43
[INFO] [stdout]                                at /rustc/6067b36314ab5eb2eb47cecc464545ba58e1ad24/library/core/src/ops/function.rs:250:5
[INFO] [stdout]   23:     0x64c2f86687bb - test::__rust_begin_short_backtrace::h4e84902998457a5d
[INFO] [stdout]                                at /rustc/6067b36314ab5eb2eb47cecc464545ba58e1ad24/library/test/src/lib.rs:632:18
[INFO] [stdout]   24:     0x64c2f86676f3 - test::run_test_in_process::{{closure}}::h7176fd18fc1feca0
[INFO] [stdout]                                at /rustc/6067b36314ab5eb2eb47cecc464545ba58e1ad24/library/test/src/lib.rs:655:60
[INFO] [stdout]   25:     0x64c2f86676f3 - <core::panic::unwind_safe::AssertUnwindSafe<F> as core::ops::function::FnOnce<()>>::call_once::hf79cff2a624d8cf7
[INFO] [stdout]                                at /rustc/6067b36314ab5eb2eb47cecc464545ba58e1ad24/library/core/src/panic/unwind_safe.rs:272:9
[INFO] [stdout]   26:     0x64c2f86676f3 - std::panicking::try::do_call::h3da0561d9ab99c25
[INFO] [stdout]                                at /rustc/6067b36314ab5eb2eb47cecc464545ba58e1ad24/library/std/src/panicking.rs:587:40
[INFO] [stdout]   27:     0x64c2f86676f3 - std::panicking::try::h41c9fa508bc61df6
[INFO] [stdout]                                at /rustc/6067b36314ab5eb2eb47cecc464545ba58e1ad24/library/std/src/panicking.rs:550:19
[INFO] [stdout]   28:     0x64c2f86676f3 - std::panic::catch_unwind::h6b3ff07bb5afad93
[INFO] [stdout]                                at /rustc/6067b36314ab5eb2eb47cecc464545ba58e1ad24/library/std/src/panic.rs:358:14
[INFO] [stdout]   29:     0x64c2f86676f3 - test::run_test_in_process::hc7253dd11b39b9f4
[INFO] [stdout]                                at /rustc/6067b36314ab5eb2eb47cecc464545ba58e1ad24/library/test/src/lib.rs:655:27
[INFO] [stdout]   30:     0x64c2f86676f3 - test::run_test::{{closure}}::hfb2007f8649c30bb
[INFO] [stdout]                                at /rustc/6067b36314ab5eb2eb47cecc464545ba58e1ad24/library/test/src/lib.rs:576:43
[INFO] [stdout]   31:     0x64c2f862a7d5 - test::run_test::{{closure}}::h56a17aa7a282a9f4
[INFO] [stdout]                                at /rustc/6067b36314ab5eb2eb47cecc464545ba58e1ad24/library/test/src/lib.rs:606:41
[INFO] [stdout]   32:     0x64c2f862a7d5 - std::sys::backtrace::__rust_begin_short_backtrace::hd2d2d2fb8e8c6aac
[INFO] [stdout]                                at /rustc/6067b36314ab5eb2eb47cecc464545ba58e1ad24/library/std/src/sys/backtrace.rs:152:18
[INFO] [stdout]   33:     0x64c2f862e0ba - std::thread::Builder::spawn_unchecked_::{{closure}}::{{closure}}::h4faa3f9db6133423
[INFO] [stdout]                                at /rustc/6067b36314ab5eb2eb47cecc464545ba58e1ad24/library/std/src/thread/mod.rs:559:17
[INFO] [stdout]   34:     0x64c2f862e0ba - <core::panic::unwind_safe::AssertUnwindSafe<F> as core::ops::function::FnOnce<()>>::call_once::hf2e855a36a4ea846
[INFO] [stdout]                                at /rustc/6067b36314ab5eb2eb47cecc464545ba58e1ad24/library/core/src/panic/unwind_safe.rs:272:9
[INFO] [stdout]   35:     0x64c2f862e0ba - std::panicking::try::do_call::h2f73af3616c35465
[INFO] [stdout]                                at /rustc/6067b36314ab5eb2eb47cecc464545ba58e1ad24/library/std/src/panicking.rs:587:40
[INFO] [stdout]   36:     0x64c2f862e0ba - std::panicking::try::hd1660ce9efadef5a
[INFO] [stdout]                                at /rustc/6067b36314ab5eb2eb47cecc464545ba58e1ad24/library/std/src/panicking.rs:550:19
[INFO] [stdout]   37:     0x64c2f862e0ba - std::panic::catch_unwind::h5ee8d7823b8ca744
[INFO] [stdout]                                at /rustc/6067b36314ab5eb2eb47cecc464545ba58e1ad24/library/std/src/panic.rs:358:14
[INFO] [stdout]   38:     0x64c2f862e0ba - std::thread::Builder::spawn_unchecked_::{{closure}}::h53c3a1894dce8407
[INFO] [stdout]                                at /rustc/6067b36314ab5eb2eb47cecc464545ba58e1ad24/library/std/src/thread/mod.rs:557:30
[INFO] [stdout]   39:     0x64c2f862e0ba - core::ops::function::FnOnce::call_once{{vtable.shim}}::h048ce291ad4f62bf
[INFO] [stdout]                                at /rustc/6067b36314ab5eb2eb47cecc464545ba58e1ad24/library/core/src/ops/function.rs:250:5
[INFO] [stdout]   40:     0x64c2f86b3b0b - <alloc::boxed::Box<F,A> as core::ops::function::FnOnce<Args>>::call_once::ha52bedf99a3b4981
[INFO] [stdout]                                at /rustc/6067b36314ab5eb2eb47cecc464545ba58e1ad24/library/alloc/src/boxed.rs:2013:9
[INFO] [stdout]   41:     0x64c2f86b3b0b - <alloc::boxed::Box<F,A> as core::ops::function::FnOnce<Args>>::call_once::h567748934d80ccf8
[INFO] [stdout]                                at /rustc/6067b36314ab5eb2eb47cecc464545ba58e1ad24/library/alloc/src/boxed.rs:2013:9
[INFO] [stdout]   42:     0x64c2f86b3b0b - std::sys::pal::unix::thread::Thread::new::thread_start::h2d970728ae887adc
[INFO] [stdout]                                at /rustc/6067b36314ab5eb2eb47cecc464545ba58e1ad24/library/std/src/sys/pal/unix/thread.rs:106:17
[INFO] [stdout]   43:     0x71ffb4fb3ac3 - <unknown>
[INFO] [stdout]   44:     0x71ffb5044a04 - clone
[INFO] [stdout]   45:                0x0 - <unknown>
[INFO] [stdout] 
[INFO] [stdout] 
[INFO] [stdout] failures:
[INFO] [stdout]     test::random_undofile
[INFO] [stdout] 
[INFO] [stdout] test result: FAILED. 0 passed; 1 failed; 0 ignored; 0 measured; 0 filtered out; finished in 0.04s
[INFO] [stdout] 
[INFO] [stderr] error: test failed, to rerun pass `--bin min_repro`
[INFO] running `Command { std: "docker" "inspect" "2b72f9f9e13fc1a5b9394639dd2d1939849a56a6033fcc7b90049bc05a616c34", kill_on_drop: false }`
[INFO] running `Command { std: "docker" "rm" "-f" "2b72f9f9e13fc1a5b9394639dd2d1939849a56a6033fcc7b90049bc05a616c34", kill_on_drop: false }`
[INFO] [stdout] 2b72f9f9e13fc1a5b9394639dd2d1939849a56a6033fcc7b90049bc05a616c34
