[INFO] cloning repository https://github.com/kip93/cp437-tools
[INFO] running `Command { std: "git" "-c" "credential.helper=" "-c" "credential.helper=/workspace/cargo-home/bin/git-credential-null" "clone" "--bare" "https://github.com/kip93/cp437-tools" "/workspace/cache/git-repos/https%3A%2F%2Fgithub.com%2Fkip93%2Fcp437-tools", kill_on_drop: false }`
[INFO] [stderr] Cloning into bare repository '/workspace/cache/git-repos/https%3A%2F%2Fgithub.com%2Fkip93%2Fcp437-tools'...
[INFO] running `Command { std: "git" "rev-parse" "HEAD", kill_on_drop: false }`
[INFO] [stdout] 573c4f6cf72c3e33a1315863d4bb32f9f1d684de
[INFO] testing kip93/cp437-tools against nightly-2025-01-18 for randomize-layout-2
[INFO] running `Command { std: "git" "clone" "/workspace/cache/git-repos/https%3A%2F%2Fgithub.com%2Fkip93%2Fcp437-tools" "/workspace/builds/worker-7-tc1/source", kill_on_drop: false }`
[INFO] [stderr] Cloning into '/workspace/builds/worker-7-tc1/source'...
[INFO] [stderr] done.
[INFO] validating manifest of git repo https://github.com/kip93/cp437-tools on toolchain nightly-2025-01-18
[INFO] running `Command { std: CARGO_HOME="/workspace/cargo-home" RUSTUP_HOME="/workspace/rustup-home" "/workspace/cargo-home/bin/cargo" "+nightly-2025-01-18" "metadata" "--manifest-path" "Cargo.toml" "--no-deps", kill_on_drop: false }`
[INFO] started tweaking git repo https://github.com/kip93/cp437-tools
[INFO] finished tweaking git repo https://github.com/kip93/cp437-tools
[INFO] tweaked toml for git repo https://github.com/kip93/cp437-tools written to /workspace/builds/worker-7-tc1/source/Cargo.toml
[INFO] crate git repo https://github.com/kip93/cp437-tools already has a lockfile, it will not be regenerated
[INFO] running `Command { std: CARGO_HOME="/workspace/cargo-home" RUSTUP_HOME="/workspace/rustup-home" "/workspace/cargo-home/bin/cargo" "+nightly-2025-01-18" "fetch" "--manifest-path" "Cargo.toml", kill_on_drop: false }`
[INFO] [stderr]     Blocking waiting for file lock on package cache
[INFO] [stderr]     Updating crates.io index
[INFO] [stderr]     Blocking waiting for file lock on package cache
[INFO] [stderr]  Downloading crates ...
[INFO] [stderr]   Downloaded embed-doc-image v0.1.4
[INFO] [stderr]   Downloaded shellexpand v3.1.0
[INFO] [stderr]   Downloaded svg v0.18.0
[INFO] [stderr]   Downloaded file_diff v1.0.0
[INFO] running `Command { std: "docker" "create" "-v" "/var/lib/crater-agent-workspace/builds/worker-7-tc1/target:/opt/rustwide/target:rw,Z" "-v" "/var/lib/crater-agent-workspace/builds/worker-7-tc1/source:/opt/rustwide/workdir:ro,Z" "-v" "/var/lib/crater-agent-workspace/cargo-home:/opt/rustwide/cargo-home:ro,Z" "-v" "/var/lib/crater-agent-workspace/rustup-home:/opt/rustwide/rustup-home:ro,Z" "-e" "SOURCE_DIR=/opt/rustwide/workdir" "-e" "CARGO_TARGET_DIR=/opt/rustwide/target" "-e" "CARGO_HOME=/opt/rustwide/cargo-home" "-e" "RUSTUP_HOME=/opt/rustwide/rustup-home" "-w" "/opt/rustwide/workdir" "-m" "1610612736" "--user" "0:0" "--network" "none" "ghcr.io/rust-lang/crates-build-env/linux@sha256:819108c5571ea2e421544af4d832f968d213c87fbe3707a016657f43d2f853bc" "/opt/rustwide/cargo-home/bin/cargo" "+nightly-2025-01-18" "metadata" "--no-deps" "--format-version=1", kill_on_drop: false }`
[INFO] [stdout] cc9fe34fe2f4875c7592033ac981b7ef34012a238e9f58c9defe179046deaaee
[INFO] running `Command { std: "docker" "start" "-a" "cc9fe34fe2f4875c7592033ac981b7ef34012a238e9f58c9defe179046deaaee", kill_on_drop: false }`
[INFO] running `Command { std: "docker" "inspect" "cc9fe34fe2f4875c7592033ac981b7ef34012a238e9f58c9defe179046deaaee", kill_on_drop: false }`
[INFO] running `Command { std: "docker" "rm" "-f" "cc9fe34fe2f4875c7592033ac981b7ef34012a238e9f58c9defe179046deaaee", kill_on_drop: false }`
[INFO] [stdout] cc9fe34fe2f4875c7592033ac981b7ef34012a238e9f58c9defe179046deaaee
[INFO] running `Command { std: "docker" "create" "-v" "/var/lib/crater-agent-workspace/builds/worker-7-tc1/target:/opt/rustwide/target:rw,Z" "-v" "/var/lib/crater-agent-workspace/builds/worker-7-tc1/source:/opt/rustwide/workdir:ro,Z" "-v" "/var/lib/crater-agent-workspace/cargo-home:/opt/rustwide/cargo-home:ro,Z" "-v" "/var/lib/crater-agent-workspace/rustup-home:/opt/rustwide/rustup-home:ro,Z" "-e" "SOURCE_DIR=/opt/rustwide/workdir" "-e" "CARGO_TARGET_DIR=/opt/rustwide/target" "-e" "CARGO_INCREMENTAL=0" "-e" "RUST_BACKTRACE=full" "-e" "RUSTFLAGS=--cap-lints=forbid" "-e" "RUSTDOCFLAGS=--cap-lints=forbid" "-e" "CARGO_HOME=/opt/rustwide/cargo-home" "-e" "RUSTUP_HOME=/opt/rustwide/rustup-home" "-w" "/opt/rustwide/workdir" "-m" "1610612736" "--user" "0:0" "--network" "none" "ghcr.io/rust-lang/crates-build-env/linux@sha256:819108c5571ea2e421544af4d832f968d213c87fbe3707a016657f43d2f853bc" "/opt/rustwide/cargo-home/bin/cargo" "+nightly-2025-01-18" "build" "--frozen" "--message-format=json", kill_on_drop: false }`
[INFO] [stdout] cf6c1e2e4be62086bb887941548dbdd6a47803404f34b389334d3c0a3f3390ea
[INFO] running `Command { std: "docker" "start" "-a" "cf6c1e2e4be62086bb887941548dbdd6a47803404f34b389334d3c0a3f3390ea", kill_on_drop: false }`
[INFO] [stderr]    Compiling typenum v1.17.0
[INFO] [stderr]    Compiling version_check v0.9.5
[INFO] [stderr]    Compiling aho-corasick v1.1.3
[INFO] [stderr]    Compiling proc-macro2 v1.0.92
[INFO] [stderr]    Compiling unicode-ident v1.0.14
[INFO] [stderr]    Compiling libc v0.2.169
[INFO] [stderr]    Compiling bstr v1.11.3
[INFO] [stderr]    Compiling log v0.4.22
[INFO] [stderr]    Compiling cpufeatures v0.2.16
[INFO] [stderr]    Compiling regex-syntax v0.8.5
[INFO] [stderr]    Compiling option-ext v0.2.0
[INFO] [stderr]    Compiling same-file v1.0.6
[INFO] [stderr]    Compiling simd-adler32 v0.3.7
[INFO] [stderr]    Compiling syn v1.0.109
[INFO] [stderr]    Compiling adler2 v2.0.0
[INFO] [stderr]    Compiling libm v0.2.11
[INFO] [stderr]    Compiling crc32fast v1.4.2
[INFO] [stderr]    Compiling indoc v2.0.5
[INFO] [stderr]    Compiling hashbrown v0.15.2
[INFO] [stderr]    Compiling walkdir v2.5.0
[INFO] [stderr]    Compiling miniz_oxide v0.8.2
[INFO] [stderr]    Compiling fdeflate v0.3.7
[INFO] [stderr]    Compiling generic-array v0.14.7
[INFO] [stderr]    Compiling base64 v0.13.1
[INFO] [stderr]    Compiling chrono v0.4.39
[INFO] [stderr]    Compiling ttf-parser v0.25.1
[INFO] [stderr]    Compiling cp437-tools v0.7.1 (/opt/rustwide/workdir)
[INFO] [stderr]    Compiling flate2 v1.0.35
[INFO] [stderr]    Compiling svg v0.18.0
[INFO] [stderr]    Compiling quote v1.0.38
[INFO] [stderr]    Compiling indexmap v2.7.0
[INFO] [stderr]    Compiling lazy_static v1.5.0
[INFO] [stderr]    Compiling base64 v0.22.1
[INFO] [stderr]    Compiling png v0.17.16
[INFO] [stderr]    Compiling humansize v2.1.3
[INFO] [stderr]    Compiling syn v2.0.95
[INFO] [stderr]    Compiling dirs-sys v0.4.1
[INFO] [stderr]    Compiling regex-automata v0.4.9
[INFO] [stderr]    Compiling dirs v5.0.1
[INFO] [stderr]    Compiling shellexpand v3.1.0
[INFO] [stderr]    Compiling crypto-common v0.1.6
[INFO] [stderr]    Compiling block-buffer v0.10.4
[INFO] [stderr]    Compiling digest v0.10.7
[INFO] [stderr]    Compiling sha2 v0.10.8
[INFO] [stderr]    Compiling globset v0.4.15
[INFO] [stderr]    Compiling embed-doc-image v0.1.4
[INFO] [stderr]    Compiling rust-embed-utils v8.5.0
[INFO] [stderr]    Compiling regex v1.11.1
[INFO] [stderr]    Compiling rust-embed-impl v8.5.0
[INFO] [stderr]    Compiling rust-embed v8.5.0
[INFO] [stderr]     Finished `dev` profile [unoptimized + debuginfo] target(s) in 26.05s
[INFO] running `Command { std: "docker" "inspect" "cf6c1e2e4be62086bb887941548dbdd6a47803404f34b389334d3c0a3f3390ea", kill_on_drop: false }`
[INFO] running `Command { std: "docker" "rm" "-f" "cf6c1e2e4be62086bb887941548dbdd6a47803404f34b389334d3c0a3f3390ea", kill_on_drop: false }`
[INFO] [stdout] cf6c1e2e4be62086bb887941548dbdd6a47803404f34b389334d3c0a3f3390ea
[INFO] running `Command { std: "docker" "create" "-v" "/var/lib/crater-agent-workspace/builds/worker-7-tc1/target:/opt/rustwide/target:rw,Z" "-v" "/var/lib/crater-agent-workspace/builds/worker-7-tc1/source:/opt/rustwide/workdir:ro,Z" "-v" "/var/lib/crater-agent-workspace/cargo-home:/opt/rustwide/cargo-home:ro,Z" "-v" "/var/lib/crater-agent-workspace/rustup-home:/opt/rustwide/rustup-home:ro,Z" "-e" "SOURCE_DIR=/opt/rustwide/workdir" "-e" "CARGO_TARGET_DIR=/opt/rustwide/target" "-e" "CARGO_INCREMENTAL=0" "-e" "RUST_BACKTRACE=full" "-e" "RUSTFLAGS=--cap-lints=forbid" "-e" "RUSTDOCFLAGS=--cap-lints=forbid" "-e" "CARGO_HOME=/opt/rustwide/cargo-home" "-e" "RUSTUP_HOME=/opt/rustwide/rustup-home" "-w" "/opt/rustwide/workdir" "-m" "1610612736" "--user" "0:0" "--network" "none" "ghcr.io/rust-lang/crates-build-env/linux@sha256:819108c5571ea2e421544af4d832f968d213c87fbe3707a016657f43d2f853bc" "/opt/rustwide/cargo-home/bin/cargo" "+nightly-2025-01-18" "test" "--frozen" "--no-run" "--message-format=json", kill_on_drop: false }`
[INFO] [stdout] e8861ed26317c1a8f8a68ed84df8ce76af054d8d16afbc86c520b92c5ef557cd
[INFO] running `Command { std: "docker" "start" "-a" "e8861ed26317c1a8f8a68ed84df8ce76af054d8d16afbc86c520b92c5ef557cd", kill_on_drop: false }`
[INFO] [stderr]    Compiling libc v0.2.169
[INFO] [stderr]    Compiling rustix v0.38.42
[INFO] [stderr]    Compiling linux-raw-sys v0.4.14
[INFO] [stderr]    Compiling bitflags v2.6.0
[INFO] [stderr]    Compiling yansi v1.0.1
[INFO] [stderr]    Compiling fastrand v2.3.0
[INFO] [stderr]    Compiling diff v0.1.13
[INFO] [stderr]    Compiling once_cell v1.20.2
[INFO] [stderr]    Compiling file_diff v1.0.0
[INFO] [stderr]    Compiling pretty_assertions v1.4.1
[INFO] [stderr]    Compiling getrandom v0.2.15
[INFO] [stderr]    Compiling tempfile v3.15.0
[INFO] [stderr]    Compiling cp437-tools v0.7.1 (/opt/rustwide/workdir)
[INFO] [stderr]     Finished `test` profile [unoptimized + debuginfo] target(s) in 9.59s
[INFO] running `Command { std: "docker" "inspect" "e8861ed26317c1a8f8a68ed84df8ce76af054d8d16afbc86c520b92c5ef557cd", kill_on_drop: false }`
[INFO] running `Command { std: "docker" "rm" "-f" "e8861ed26317c1a8f8a68ed84df8ce76af054d8d16afbc86c520b92c5ef557cd", kill_on_drop: false }`
[INFO] [stdout] e8861ed26317c1a8f8a68ed84df8ce76af054d8d16afbc86c520b92c5ef557cd
[INFO] running `Command { std: "docker" "create" "-v" "/var/lib/crater-agent-workspace/builds/worker-7-tc1/target:/opt/rustwide/target:rw,Z" "-v" "/var/lib/crater-agent-workspace/builds/worker-7-tc1/source:/opt/rustwide/workdir:ro,Z" "-v" "/var/lib/crater-agent-workspace/cargo-home:/opt/rustwide/cargo-home:ro,Z" "-v" "/var/lib/crater-agent-workspace/rustup-home:/opt/rustwide/rustup-home:ro,Z" "-e" "SOURCE_DIR=/opt/rustwide/workdir" "-e" "CARGO_TARGET_DIR=/opt/rustwide/target" "-e" "CARGO_INCREMENTAL=0" "-e" "RUST_BACKTRACE=full" "-e" "RUSTFLAGS=--cap-lints=forbid" "-e" "RUSTDOCFLAGS=--cap-lints=forbid" "-e" "CARGO_HOME=/opt/rustwide/cargo-home" "-e" "RUSTUP_HOME=/opt/rustwide/rustup-home" "-w" "/opt/rustwide/workdir" "-m" "1610612736" "--user" "0:0" "--network" "none" "ghcr.io/rust-lang/crates-build-env/linux@sha256:819108c5571ea2e421544af4d832f968d213c87fbe3707a016657f43d2f853bc" "/opt/rustwide/cargo-home/bin/cargo" "+nightly-2025-01-18" "test" "--frozen", kill_on_drop: false }`
[INFO] [stdout] 248ac2d19168838e39a74ffb0380129b3f2e11c18145f602b2eba6cb37821e83
[INFO] running `Command { std: "docker" "start" "-a" "248ac2d19168838e39a74ffb0380129b3f2e11c18145f602b2eba6cb37821e83", kill_on_drop: false }`
[INFO] [stderr]     Finished `test` profile [unoptimized + debuginfo] target(s) in 0.20s
[INFO] [stderr]      Running unittests src/lib.rs (/opt/rustwide/target/debug/deps/cp437_tools-5e5583cf79578a43)
[INFO] [stdout] 
[INFO] [stdout] running 98 tests
[INFO] [stdout] test internal::escape::tests::ascii ... ok
[INFO] [stdout] test internal::escape::tests::no_escape ... ok
[INFO] [stdout] test internal::escape::tests::others ... ok
[INFO] [stdout] test internal::exit::tests::error_code ... ok
[INFO] [stdout] test internal::escape::tests::empty ... ok
[INFO] [stdout] test internal::escape::tests::unicode ... ok
[INFO] [stdout] test internal::exit::tests::from_error ... ok
[INFO] [stdout] test internal::exit::tests::from_ok ... ok
[INFO] [stdout] test internal::exit::tests::from_residual_error ... ok
[INFO] [stdout] test internal::exit::tests::from_residual_io_error ... ok
[INFO] [stdout] test internal::exit::tests::from_residual_result_error ... ok
[INFO] [stdout] test internal::exit::tests::from_io_error ... ok
[INFO] [stdout] test internal::exit::tests::from_output_ok ... ok
[INFO] [stdout] test internal::exit::tests::from_residual_result_str ... ok
[INFO] [stdout] test internal::exit::tests::from_residual_result_io_error ... ok
[INFO] [stdout] test internal::exit::tests::from_residual_string ... ok
[INFO] [stdout] test internal::exit::tests::from_residual_result_string ... ok
[INFO] [stdout] test internal::exit::tests::from_residual_str ... ok
[INFO] [stdout] test internal::exit::tests::is_err ... ok
[INFO] [stdout] test internal::exit::tests::is_ok ... ok
[INFO] [stdout] test internal::exit::tests::ok_code ... ok
[INFO] [stdout] test internal::exit::tests::ok_message ... ok
[INFO] [stdout] test internal::exit::tests::try_error ... ok
[INFO] [stdout] test internal::exit::tests::try_ok ... ok
[INFO] [stdout] test internal::exit::tests::error_message ... ok
[INFO] [stdout] test public::cp437::tests::cp437_to_utf8 ... ok
[INFO] [stdout] test public::cp437::tests::str_to_cp437_err ... ok
[INFO] [stdout] test public::cp437::tests::str_to_cp437_ok ... ok
[INFO] [stdout] test public::cp437::tests::utf8_to_cp437 ... ok
[INFO] [stdout] test public::cp437::tests::vec_to_utf8 ... ok
[INFO] [stdout] test public::meta::tests::check::date::illegal ... ok
[INFO] [stdout] test public::meta::tests::check::date::invalid ... ok
[INFO] [stdout] test internal::exit::tests::display_message ... ok
[INFO] [stdout] test public::meta::tests::check::date::valid ... ok
[INFO] [stdout] test internal::exit::tests::from_string ... ok
[INFO] [stdout] test internal::exit::tests::from_str ... ok
[INFO] [stdout] test public::meta::tests::check::flags::ar_01 ... ok
[INFO] [stdout] test public::meta::tests::check::flags::ar_00 ... ok
[INFO] [stdout] test internal::exit::tests::from_tuple ... ok
[INFO] [stdout] test public::meta::tests::check::flags::ar_10 ... ok
[INFO] [stdout] test public::meta::tests::check::flags::ar_11 ... ok
[INFO] [stdout] test public::meta::tests::check::flags::font_size_9x16 ... ok
[INFO] [stdout] test public::meta::tests::check::flags::invalid ... ok
[INFO] [stdout] test public::meta::tests::check::flags::ls_00 ... ok
[INFO] [stdout] test public::meta::tests::check::flags::ls_01 ... ok
[INFO] [stdout] test public::meta::tests::check::flags::ls_10 ... ok
[INFO] [stdout] test public::meta::tests::check::flags::ls_11 ... ok
[INFO] [stdout] test public::meta::tests::check::flags::ratio_1_00 ... ok
[INFO] [stdout] test public::meta::tests::check::flags::b_0 ... ok
[INFO] [stdout] test public::meta::tests::check::flags::ratio_1_20 ... ok
[INFO] [stdout] test public::meta::tests::check::flags::ratio_1_35 ... ok
[INFO] [stdout] test public::meta::tests::check::notes::empty ... ok
[INFO] [stdout] test public::meta::tests::check::font::invalid ... ok
[INFO] [stdout] test public::meta::tests::check::notes::too_many ... ok
[INFO] [stdout] test public::meta::tests::check::r#type::ansi ... ok
[INFO] [stdout] test public::meta::tests::check::font::valid ... ok
[INFO] [stdout] test public::meta::tests::check::r#type::ansimation ... ok
[INFO] [stdout] test public::meta::tests::check::meta::none ... ok
[INFO] [stdout] test public::meta::tests::check::r#type::ascii ... ok
[INFO] [stdout] test public::meta::tests::check::meta::some ... ok
[INFO] [stdout] test public::meta::tests::check::r#type::audio ... ok
[INFO] [stdout] test public::meta::tests::check::r#type::avatar ... ok
[INFO] [stdout] test public::meta::tests::check::r#type::archive ... ok
[INFO] [stdout] test public::meta::tests::check::r#type::bitmap ... ok
[INFO] [stdout] test public::meta::tests::check::font::font_face_8x16 ... ok
[INFO] [stdout] test public::meta::tests::check::font::font_face_9x16 ... ok
[INFO] [stdout] test public::meta::tests::check::r#type::vector ... ok
[INFO] [stdout] test public::meta::tests::check::r#type::source ... ok
[INFO] [stdout] test public::meta::tests::check::r#type::tundra_draw ... ok
[INFO] [stdout] test public::meta::tests::check::notes::not_empty ... ok
[INFO] [stdout] test public::meta::tests::check::flags::font_size_8x16 ... ok
[INFO] [stdout] test public::meta::tests::check::r#type::binary_test ... ok
[INFO] [stdout] test public::meta::tests::check::r#type::html ... ok
[INFO] [stdout] test public::meta::tests::check::r#type::none ... ok
[INFO] [stdout] test public::meta::tests::check::r#type::pcboard ... ok
[INFO] [stdout] test public::meta::tests::check::r#type::rip_script ... ok
[INFO] [stdout] test public::meta::tests::check::r#type::executable ... ok
[INFO] [stdout] test public::meta::tests::check::str::valid ... ok
[INFO] [stdout] test public::meta::tests::check::str::control ... ok
[INFO] [stdout] test public::meta::tests::check::str::valid_non_ascii ... ok
[INFO] [stdout] test public::meta::tests::no_data ... ok
[INFO] [stdout] test public::meta::tests::default ... ok
[INFO] [stdout] test public::meta::tests::notes ... ok
[INFO] [stdout] test public::meta::tests::raw::none ... ok
[INFO] [stdout] test public::meta::tests::raw::no_data ... ok
[INFO] [stdout] test public::meta::tests::raw::one_hundred_twenty_eight_bytes ... ok
[INFO] [stdout] test public::meta::tests::check::r#type::xbin ... ok
[INFO] [stdout] test public::meta::tests::raw::some ... ok
[INFO] [stdout] test public::meta::tests::some ... ok
[INFO] [stdout] test public::meta::tests::empty ... ok
[INFO] [stdout] test public::meta::tests::none ... ok
[INFO] [stdout] test public::meta::tests::check::str::invalid ... ok
[INFO] [stdout] test public::meta::tests::raw::empty ... ok
[INFO] [stdout] test public::meta::tests::check::str::long ... ok
[INFO] [stdout] test public::meta::tests::one_hundred_twenty_eight_bytes ... ok
[INFO] [stdout] test public::meta::tests::raw::notes ... ok
[INFO] [stdout] test internal::exit::tests::from_residual_ok - should panic ... ok
[INFO] [stdout] test internal::exit::tests::from_output_err - should panic ... ok
[INFO] [stdout] 
[INFO] [stdout] test result: ok. 98 passed; 0 failed; 0 ignored; 0 measured; 0 filtered out; finished in 0.10s
[INFO] [stdout] 
[INFO] [stderr]      Running unittests src/bins/check-meta/main.rs (/opt/rustwide/target/debug/deps/cp437_check_meta-23ecc962c87374ac)
[INFO] [stdout] 
[INFO] [stdout] running 12 tests
[INFO] [stdout] test tests::author ... ok
[INFO] [stdout] test tests::font ... ok
[INFO] [stdout] test tests::flags ... ok
[INFO] [stdout] test tests::group ... ok
[INFO] [stdout] test tests::notes ... ok
[INFO] [stdout] test tests::ok ... ok
[INFO] [stdout] test tests::date ... ok
[INFO] [stdout] test tests::r#type ... ok
[INFO] [stdout] test tests::no_meta ... ok
[INFO] [stdout] test tests::title ... ok
[INFO] [stdout] test tests::no_input ... ok
[INFO] [stdout] test tests::too_many_args ... ok
[INFO] [stdout] 
[INFO] [stdout] test result: ok. 12 passed; 0 failed; 0 ignored; 0 measured; 0 filtered out; finished in 0.02s
[INFO] [stdout] 
[INFO] [stderr]      Running unittests src/bins/help/main.rs (/opt/rustwide/target/debug/deps/cp437_help-44c6127d12dacf41)
[INFO] [stdout] 
[INFO] [stdout] running 4 tests
[INFO] [stdout] test tests::too_many_args ... ok
[INFO] [stdout] test tests::no_args ... ok
[INFO] [stdout] test tests::with_command ... ok
[INFO] [stdout] test tests::unknown ... ok
[INFO] [stdout] 
[INFO] [stdout] test result: ok. 4 passed; 0 failed; 0 ignored; 0 measured; 0 filtered out; finished in 0.01s
[INFO] [stderr]      Running unittests src/bins/read-meta/main.rs (/opt/rustwide/target/debug/deps/cp437_read_meta-ae507ae5dd01cd3e)
[INFO] [stdout] 
[INFO] [stdout] 
[INFO] [stdout] running 5 tests
[INFO] [stdout] test tests::notes ... ok
[INFO] [stdout] test tests::simple ... ok
[INFO] [stdout] test tests::no_input ... ok
[INFO] [stdout] test tests::meta ... ok
[INFO] [stdout] test tests::too_many_args ... ok
[INFO] [stdout] 
[INFO] [stdout] test result: ok. 5 passed; 0 failed; 0 ignored; 0 measured; 0 filtered out; finished in 0.01s
[INFO] [stdout] 
[INFO] [stderr]      Running unittests src/bins/remove-meta/main.rs (/opt/rustwide/target/debug/deps/cp437_remove_meta-08136c9c249598c4)
[INFO] [stdout] 
[INFO] [stdout] running 6 tests
[INFO] [stdout] test tests::empty ... ok
[INFO] [stdout] test tests::meta ... ok
[INFO] [stdout] test tests::no_input ... ok
[INFO] [stdout] test tests::too_many_args ... ok
[INFO] [stdout] test tests::simple ... ok
[INFO] [stdout] test tests::stdout ... FAILED
[INFO] [stdout] 
[INFO] [stdout] failures:
[INFO] [stdout] 
[INFO] [stdout] ---- tests::stdout stdout ----
[INFO] [stdout] [31mERROR: No such file or directory (os error 2)[0m
[INFO] [stdout] 
[INFO] [stdout] thread 'tests::stdout' panicked at src/bins/remove-meta/main.rs:74:9:
[INFO] [stdout] assertion failed: `(left == right)`
[INFO] [stdout] 
[INFO] [stdout] [1mDiff[0m [31m< left[0m / [32mright >[0m :
[INFO] [stdout] [31m<ERROR([0m
[INFO] [stdout] [31m<    "No such file or directory (os error 2)",[0m
[INFO] [stdout] [32m>USAGE([0m
[INFO] [stdout] [32m>    "Refusing to write to terminal",[0m
[INFO] [stdout]  )
[INFO] [stdout] 
[INFO] [stdout] 
[INFO] [stdout] stack backtrace:
[INFO] [stdout]    0:     0x6024e355192a - std::backtrace_rs::backtrace::libunwind::trace::hb059275cfc8d6126
[INFO] [stdout]                                at /rustc/6067b36314ab5eb2eb47cecc464545ba58e1ad24/library/std/src/../../backtrace/src/backtrace/libunwind.rs:116:5
[INFO] [stdout]    1:     0x6024e355192a - std::backtrace_rs::backtrace::trace_unsynchronized::h2da071e4327ce3ee
[INFO] [stdout]                                at /rustc/6067b36314ab5eb2eb47cecc464545ba58e1ad24/library/std/src/../../backtrace/src/backtrace/mod.rs:66:5
[INFO] [stdout]    2:     0x6024e355192a - std::sys::backtrace::_print_fmt::h842a1474e6f8d23f
[INFO] [stdout]                                at /rustc/6067b36314ab5eb2eb47cecc464545ba58e1ad24/library/std/src/sys/backtrace.rs:66:9
[INFO] [stdout]    3:     0x6024e355192a - <std::sys::backtrace::BacktraceLock::print::DisplayBacktrace as core::fmt::Display>::fmt::h71a62eb3b9696b12
[INFO] [stdout]                                at /rustc/6067b36314ab5eb2eb47cecc464545ba58e1ad24/library/std/src/sys/backtrace.rs:39:26
[INFO] [stdout]    4:     0x6024e357a733 - core::fmt::rt::Argument::fmt::hdb6b616786b41dc1
[INFO] [stdout]                                at /rustc/6067b36314ab5eb2eb47cecc464545ba58e1ad24/library/core/src/fmt/rt.rs:177:76
[INFO] [stdout]    5:     0x6024e357a733 - core::fmt::write::h2cc1698af7e2d686
[INFO] [stdout]                                at /rustc/6067b36314ab5eb2eb47cecc464545ba58e1ad24/library/core/src/fmt/mod.rs:1440:21
[INFO] [stdout]    6:     0x6024e354e213 - std::io::Write::write_fmt::hab1b4cd059a79022
[INFO] [stdout]                                at /rustc/6067b36314ab5eb2eb47cecc464545ba58e1ad24/library/std/src/io/mod.rs:1887:15
[INFO] [stdout]    7:     0x6024e3551772 - std::sys::backtrace::BacktraceLock::print::h147fe35b4ea13b08
[INFO] [stdout]                                at /rustc/6067b36314ab5eb2eb47cecc464545ba58e1ad24/library/std/src/sys/backtrace.rs:42:9
[INFO] [stdout]    8:     0x6024e3552d4f - std::panicking::default_hook::{{closure}}::hbd44223dbdc0d208
[INFO] [stdout]                                at /rustc/6067b36314ab5eb2eb47cecc464545ba58e1ad24/library/std/src/panicking.rs:298:22
[INFO] [stdout]    9:     0x6024e3552b68 - std::panicking::default_hook::h20f81eb0576efcec
[INFO] [stdout]                                at /rustc/6067b36314ab5eb2eb47cecc464545ba58e1ad24/library/std/src/panicking.rs:322:9
[INFO] [stdout]   10:     0x6024e3232313 - <alloc::boxed::Box<F,A> as core::ops::function::Fn<Args>>::call::hdb53814c496a4d34
[INFO] [stdout]                                at /rustc/6067b36314ab5eb2eb47cecc464545ba58e1ad24/library/alloc/src/boxed.rs:2027:9
[INFO] [stdout]   11:     0x6024e3232313 - test::test_main::{{closure}}::hc0a4963c59427c24
[INFO] [stdout]                                at /rustc/6067b36314ab5eb2eb47cecc464545ba58e1ad24/library/test/src/lib.rs:134:21
[INFO] [stdout]   12:     0x6024e3553843 - <alloc::boxed::Box<F,A> as core::ops::function::Fn<Args>>::call::h591b2225413a77e9
[INFO] [stdout]                                at /rustc/6067b36314ab5eb2eb47cecc464545ba58e1ad24/library/alloc/src/boxed.rs:2027:9
[INFO] [stdout]   13:     0x6024e3553843 - std::panicking::rust_panic_with_hook::h625eea43051b2edc
[INFO] [stdout]                                at /rustc/6067b36314ab5eb2eb47cecc464545ba58e1ad24/library/std/src/panicking.rs:839:13
[INFO] [stdout]   14:     0x6024e35534fa - std::panicking::begin_panic_handler::{{closure}}::h4f9159cfbc3f6bd3
[INFO] [stdout]                                at /rustc/6067b36314ab5eb2eb47cecc464545ba58e1ad24/library/std/src/panicking.rs:704:13
[INFO] [stdout]   15:     0x6024e3551e29 - std::sys::backtrace::__rust_end_short_backtrace::h0390abce48353151
[INFO] [stdout]                                at /rustc/6067b36314ab5eb2eb47cecc464545ba58e1ad24/library/std/src/sys/backtrace.rs:168:18
[INFO] [stdout]   16:     0x6024e355318d - rust_begin_unwind
[INFO] [stdout]                                at /rustc/6067b36314ab5eb2eb47cecc464545ba58e1ad24/library/std/src/panicking.rs:695:5
[INFO] [stdout]   17:     0x6024e3578dc0 - core::panicking::panic_fmt::h9e7c637e9e5f29c9
[INFO] [stdout]                                at /rustc/6067b36314ab5eb2eb47cecc464545ba58e1ad24/library/core/src/panicking.rs:75:14
[INFO] [stdout]   18:     0x6024e31f3ae9 - cp437_remove_meta::tests::stdout::hd8a737e72480de99
[INFO] [stdout]                                at /opt/rustwide/workdir/src/bins/remove-meta/main.rs:74:9
[INFO] [stdout]   19:     0x6024e31f3827 - cp437_remove_meta::tests::stdout::{{closure}}::hace551ab6883cb42
[INFO] [stdout]                                at /opt/rustwide/workdir/src/bins/remove-meta/main.rs:73:16
[INFO] [stdout]   20:     0x6024e31efcf6 - core::ops::function::FnOnce::call_once::hcff76fd25cc5125a
[INFO] [stdout]                                at /rustc/6067b36314ab5eb2eb47cecc464545ba58e1ad24/library/core/src/ops/function.rs:250:5
[INFO] [stdout]   21:     0x6024e3237a6b - core::ops::function::FnOnce::call_once::he27718dfdd183f43
[INFO] [stdout]                                at /rustc/6067b36314ab5eb2eb47cecc464545ba58e1ad24/library/core/src/ops/function.rs:250:5
[INFO] [stdout]   22:     0x6024e3237a6b - test::__rust_begin_short_backtrace::h4e84902998457a5d
[INFO] [stdout]                                at /rustc/6067b36314ab5eb2eb47cecc464545ba58e1ad24/library/test/src/lib.rs:632:18
[INFO] [stdout]   23:     0x6024e32369a3 - test::run_test_in_process::{{closure}}::h7176fd18fc1feca0
[INFO] [stdout]                                at /rustc/6067b36314ab5eb2eb47cecc464545ba58e1ad24/library/test/src/lib.rs:655:60
[INFO] [stdout]   24:     0x6024e32369a3 - <core::panic::unwind_safe::AssertUnwindSafe<F> as core::ops::function::FnOnce<()>>::call_once::hf79cff2a624d8cf7
[INFO] [stdout]                                at /rustc/6067b36314ab5eb2eb47cecc464545ba58e1ad24/library/core/src/panic/unwind_safe.rs:272:9
[INFO] [stdout]   25:     0x6024e32369a3 - std::panicking::try::do_call::h3da0561d9ab99c25
[INFO] [stdout]                                at /rustc/6067b36314ab5eb2eb47cecc464545ba58e1ad24/library/std/src/panicking.rs:587:40
[INFO] [stdout]   26:     0x6024e32369a3 - std::panicking::try::h41c9fa508bc61df6
[INFO] [stdout]                                at /rustc/6067b36314ab5eb2eb47cecc464545ba58e1ad24/library/std/src/panicking.rs:550:19
[INFO] [stdout]   27:     0x6024e32369a3 - std::panic::catch_unwind::h6b3ff07bb5afad93
[INFO] [stdout]                                at /rustc/6067b36314ab5eb2eb47cecc464545ba58e1ad24/library/std/src/panic.rs:358:14
[INFO] [stdout]   28:     0x6024e32369a3 - test::run_test_in_process::hc7253dd11b39b9f4
[INFO] [stdout]                                at /rustc/6067b36314ab5eb2eb47cecc464545ba58e1ad24/library/test/src/lib.rs:655:27
[INFO] [stdout]   29:     0x6024e32369a3 - test::run_test::{{closure}}::hfb2007f8649c30bb
[INFO] [stdout]                                at /rustc/6067b36314ab5eb2eb47cecc464545ba58e1ad24/library/test/src/lib.rs:576:43
[INFO] [stdout]   30:     0x6024e31f9a85 - test::run_test::{{closure}}::h56a17aa7a282a9f4
[INFO] [stdout]                                at /rustc/6067b36314ab5eb2eb47cecc464545ba58e1ad24/library/test/src/lib.rs:606:41
[INFO] [stdout]   31:     0x6024e31f9a85 - std::sys::backtrace::__rust_begin_short_backtrace::hd2d2d2fb8e8c6aac
[INFO] [stdout]                                at /rustc/6067b36314ab5eb2eb47cecc464545ba58e1ad24/library/std/src/sys/backtrace.rs:152:18
[INFO] [stdout]   32:     0x6024e31fd36a - std::thread::Builder::spawn_unchecked_::{{closure}}::{{closure}}::h4faa3f9db6133423
[INFO] [stdout]                                at /rustc/6067b36314ab5eb2eb47cecc464545ba58e1ad24/library/std/src/thread/mod.rs:559:17
[INFO] [stdout]   33:     0x6024e31fd36a - <core::panic::unwind_safe::AssertUnwindSafe<F> as core::ops::function::FnOnce<()>>::call_once::hf2e855a36a4ea846
[INFO] [stdout]                                at /rustc/6067b36314ab5eb2eb47cecc464545ba58e1ad24/library/core/src/panic/unwind_safe.rs:272:9
[INFO] [stdout]   34:     0x6024e31fd36a - std::panicking::try::do_call::h2f73af3616c35465
[INFO] [stdout]                                at /rustc/6067b36314ab5eb2eb47cecc464545ba58e1ad24/library/std/src/panicking.rs:587:40
[INFO] [stdout]   35:     0x6024e31fd36a - std::panicking::try::hd1660ce9efadef5a
[INFO] [stdout]                                at /rustc/6067b36314ab5eb2eb47cecc464545ba58e1ad24/library/std/src/panicking.rs:550:19
[INFO] [stdout]   36:     0x6024e31fd36a - std::panic::catch_unwind::h5ee8d7823b8ca744
[INFO] [stdout]                                at /rustc/6067b36314ab5eb2eb47cecc464545ba58e1ad24/library/std/src/panic.rs:358:14
[INFO] [stdout]   37:     0x6024e31fd36a - std::thread::Builder::spawn_unchecked_::{{closure}}::h53c3a1894dce8407
[INFO] [stdout]                                at /rustc/6067b36314ab5eb2eb47cecc464545ba58e1ad24/library/std/src/thread/mod.rs:557:30
[INFO] [stdout]   38:     0x6024e31fd36a - core::ops::function::FnOnce::call_once{{vtable.shim}}::h048ce291ad4f62bf
[INFO] [stdout]                                at /rustc/6067b36314ab5eb2eb47cecc464545ba58e1ad24/library/core/src/ops/function.rs:250:5
[INFO] [stdout]   39:     0x6024e355825b - <alloc::boxed::Box<F,A> as core::ops::function::FnOnce<Args>>::call_once::ha52bedf99a3b4981
[INFO] [stdout]                                at /rustc/6067b36314ab5eb2eb47cecc464545ba58e1ad24/library/alloc/src/boxed.rs:2013:9
[INFO] [stdout]   40:     0x6024e355825b - <alloc::boxed::Box<F,A> as core::ops::function::FnOnce<Args>>::call_once::h567748934d80ccf8
[INFO] [stdout]                                at /rustc/6067b36314ab5eb2eb47cecc464545ba58e1ad24/library/alloc/src/boxed.rs:2013:9
[INFO] [stdout]   41:     0x6024e355825b - std::sys::pal::unix::thread::Thread::new::thread_start::h2d970728ae887adc
[INFO] [stdout]                                at /rustc/6067b36314ab5eb2eb47cecc464545ba58e1ad24/library/std/src/sys/pal/unix/thread.rs:106:17
[INFO] [stdout]   42:     0x75e0ff9e7ac3 - <unknown>
[INFO] [stdout]   43:     0x75e0ffa78a04 - clone
[INFO] [stdout]   44:                0x0 - <unknown>
[INFO] [stdout] 
[INFO] [stdout] 
[INFO] [stdout] failures:
[INFO] [stdout]     tests::stdout
[INFO] [stdout] 
[INFO] [stdout] test result: FAILED. 5 passed; 1 failed; 0 ignored; 0 measured; 0 filtered out; finished in 0.08s
[INFO] [stdout] 
[INFO] [stderr] error: test failed, to rerun pass `--bin cp437-remove-meta`
[INFO] running `Command { std: "docker" "inspect" "248ac2d19168838e39a74ffb0380129b3f2e11c18145f602b2eba6cb37821e83", kill_on_drop: false }`
[INFO] running `Command { std: "docker" "rm" "-f" "248ac2d19168838e39a74ffb0380129b3f2e11c18145f602b2eba6cb37821e83", kill_on_drop: false }`
[INFO] [stdout] 248ac2d19168838e39a74ffb0380129b3f2e11c18145f602b2eba6cb37821e83
