[INFO] cloning repository https://github.com/kingzcheung/dockertool
[INFO] running `Command { std: "git" "-c" "credential.helper=" "-c" "credential.helper=/workspace/cargo-home/bin/git-credential-null" "clone" "--bare" "https://github.com/kingzcheung/dockertool" "/workspace/cache/git-repos/https%3A%2F%2Fgithub.com%2Fkingzcheung%2Fdockertool", kill_on_drop: false }`
[INFO] [stderr] Cloning into bare repository '/workspace/cache/git-repos/https%3A%2F%2Fgithub.com%2Fkingzcheung%2Fdockertool'...
[INFO] running `Command { std: "git" "rev-parse" "HEAD", kill_on_drop: false }`
[INFO] [stdout] a94ff4b6d3c1393f9e04c2c74782a2884a4b45e4
[INFO] testing kingzcheung/dockertool against nightly-2025-01-18+rustflags=-Zrandomize-layout for randomize-layout-2
[INFO] running `Command { std: "git" "clone" "/workspace/cache/git-repos/https%3A%2F%2Fgithub.com%2Fkingzcheung%2Fdockertool" "/workspace/builds/worker-2-tc2/source", kill_on_drop: false }`
[INFO] [stderr] Cloning into '/workspace/builds/worker-2-tc2/source'...
[INFO] [stderr] done.
[INFO] validating manifest of git repo https://github.com/kingzcheung/dockertool on toolchain nightly-2025-01-18
[INFO] running `Command { std: CARGO_HOME="/workspace/cargo-home" RUSTUP_HOME="/workspace/rustup-home" "/workspace/cargo-home/bin/cargo" "+nightly-2025-01-18" "metadata" "--manifest-path" "Cargo.toml" "--no-deps", kill_on_drop: false }`
[INFO] started tweaking git repo https://github.com/kingzcheung/dockertool
[INFO] finished tweaking git repo https://github.com/kingzcheung/dockertool
[INFO] tweaked toml for git repo https://github.com/kingzcheung/dockertool written to /workspace/builds/worker-2-tc2/source/Cargo.toml
[INFO] crate git repo https://github.com/kingzcheung/dockertool already has a lockfile, it will not be regenerated
[INFO] running `Command { std: CARGO_HOME="/workspace/cargo-home" RUSTUP_HOME="/workspace/rustup-home" "/workspace/cargo-home/bin/cargo" "+nightly-2025-01-18" "fetch" "--manifest-path" "Cargo.toml", kill_on_drop: false }`
[INFO] running `Command { std: "docker" "create" "-v" "/var/lib/crater-agent-workspace/builds/worker-2-tc2/target:/opt/rustwide/target:rw,Z" "-v" "/var/lib/crater-agent-workspace/builds/worker-2-tc2/source:/opt/rustwide/workdir:ro,Z" "-v" "/var/lib/crater-agent-workspace/cargo-home:/opt/rustwide/cargo-home:ro,Z" "-v" "/var/lib/crater-agent-workspace/rustup-home:/opt/rustwide/rustup-home:ro,Z" "-e" "SOURCE_DIR=/opt/rustwide/workdir" "-e" "CARGO_TARGET_DIR=/opt/rustwide/target" "-e" "CARGO_HOME=/opt/rustwide/cargo-home" "-e" "RUSTUP_HOME=/opt/rustwide/rustup-home" "-w" "/opt/rustwide/workdir" "-m" "1610612736" "--user" "0:0" "--network" "none" "ghcr.io/rust-lang/crates-build-env/linux@sha256:819108c5571ea2e421544af4d832f968d213c87fbe3707a016657f43d2f853bc" "/opt/rustwide/cargo-home/bin/cargo" "+nightly-2025-01-18" "metadata" "--no-deps" "--format-version=1", kill_on_drop: false }`
[INFO] [stdout] 2a8950a7e69ff8ee2a977e1d906cd64b0f33ad5aac82cfa58e124fb1e4a7eef3
[INFO] running `Command { std: "docker" "start" "-a" "2a8950a7e69ff8ee2a977e1d906cd64b0f33ad5aac82cfa58e124fb1e4a7eef3", kill_on_drop: false }`
[INFO] running `Command { std: "docker" "inspect" "2a8950a7e69ff8ee2a977e1d906cd64b0f33ad5aac82cfa58e124fb1e4a7eef3", kill_on_drop: false }`
[INFO] running `Command { std: "docker" "rm" "-f" "2a8950a7e69ff8ee2a977e1d906cd64b0f33ad5aac82cfa58e124fb1e4a7eef3", kill_on_drop: false }`
[INFO] [stdout] 2a8950a7e69ff8ee2a977e1d906cd64b0f33ad5aac82cfa58e124fb1e4a7eef3
[INFO] running `Command { std: "docker" "create" "-v" "/var/lib/crater-agent-workspace/builds/worker-2-tc2/target:/opt/rustwide/target:rw,Z" "-v" "/var/lib/crater-agent-workspace/builds/worker-2-tc2/source:/opt/rustwide/workdir:ro,Z" "-v" "/var/lib/crater-agent-workspace/cargo-home:/opt/rustwide/cargo-home:ro,Z" "-v" "/var/lib/crater-agent-workspace/rustup-home:/opt/rustwide/rustup-home:ro,Z" "-e" "SOURCE_DIR=/opt/rustwide/workdir" "-e" "CARGO_TARGET_DIR=/opt/rustwide/target" "-e" "CARGO_INCREMENTAL=0" "-e" "RUST_BACKTRACE=full" "-e" "RUSTFLAGS=--cap-lints=forbid -Zrandomize-layout" "-e" "RUSTDOCFLAGS=--cap-lints=forbid" "-e" "CARGO_HOME=/opt/rustwide/cargo-home" "-e" "RUSTUP_HOME=/opt/rustwide/rustup-home" "-w" "/opt/rustwide/workdir" "-m" "1610612736" "--user" "0:0" "--network" "none" "ghcr.io/rust-lang/crates-build-env/linux@sha256:819108c5571ea2e421544af4d832f968d213c87fbe3707a016657f43d2f853bc" "/opt/rustwide/cargo-home/bin/cargo" "+nightly-2025-01-18" "build" "--frozen" "--message-format=json", kill_on_drop: false }`
[INFO] [stdout] c1828a20abd1e45d94d4e70a024e6936c577a9f33b275e5c7c901487ffb9c48b
[INFO] running `Command { std: "docker" "start" "-a" "c1828a20abd1e45d94d4e70a024e6936c577a9f33b275e5c7c901487ffb9c48b", kill_on_drop: false }`
[INFO] [stderr]    Compiling libc v0.2.162
[INFO] [stderr]    Compiling serde v1.0.215
[INFO] [stderr]    Compiling serde_derive v1.0.215
[INFO] [stderr]    Compiling memchr v2.7.4
[INFO] [stderr]    Compiling log v0.4.22
[INFO] [stderr]    Compiling slab v0.4.9
[INFO] [stderr]    Compiling version_check v0.9.5
[INFO] [stderr]    Compiling tracing-core v0.1.32
[INFO] [stderr]    Compiling futures-channel v0.3.31
[INFO] [stderr]    Compiling futures-macro v0.3.31
[INFO] [stderr]    Compiling futures-task v0.3.31
[INFO] [stderr]    Compiling futures-io v0.3.31
[INFO] [stderr]    Compiling equivalent v1.0.1
[INFO] [stderr]    Compiling hashbrown v0.15.1
[INFO] [stderr]    Compiling tracing-attributes v0.1.27
[INFO] [stderr]    Compiling thiserror v1.0.68
[INFO] [stderr]    Compiling thiserror-impl v1.0.68
[INFO] [stderr]    Compiling crunchy v0.2.2
[INFO] [stderr]    Compiling num-traits v0.2.19
[INFO] [stderr]    Compiling zeroize_derive v1.4.2
[INFO] [stderr]    Compiling typenum v1.17.0
[INFO] [stderr]    Compiling ahash v0.8.11
[INFO] [stderr]    Compiling atomic-waker v1.1.2
[INFO] [stderr]    Compiling serde_json v1.0.132
[INFO] [stderr]    Compiling subtle v2.6.1
[INFO] [stderr]    Compiling spin v0.9.8
[INFO] [stderr]    Compiling untrusted v0.9.0
[INFO] [stderr]    Compiling tiny-keccak v2.0.2
[INFO] [stderr]    Compiling generic-array v0.14.7
[INFO] [stderr]    Compiling httpdate v1.0.3
[INFO] [stderr]    Compiling zerocopy v0.7.35
[INFO] [stderr]    Compiling rustls v0.23.16
[INFO] [stderr]    Compiling ucd-trie v0.1.7
[INFO] [stderr]    Compiling allocator-api2 v0.2.20
[INFO] [stderr]    Compiling tower-layer v0.3.3
[INFO] [stderr]    Compiling indexmap v2.6.0
[INFO] [stderr]    Compiling powerfmt v0.2.0
[INFO] [stderr]    Compiling jobserver v0.1.32
[INFO] [stderr]    Compiling getrandom v0.2.15
[INFO] [stderr]    Compiling heck v0.5.0
[INFO] [stderr]    Compiling lazy_static v1.5.0
[INFO] [stderr]    Compiling const-random-macro v0.1.16
[INFO] [stderr]    Compiling time-core v0.1.2
[INFO] [stderr]    Compiling num-conv v0.1.0
[INFO] [stderr]    Compiling cc v1.1.37
[INFO] [stderr]    Compiling futures-util v0.3.31
[INFO] [stderr]    Compiling hashbrown v0.14.5
[INFO] [stderr]    Compiling zeroize v1.8.1
[INFO] [stderr]    Compiling num-integer v0.1.46
[INFO] [stderr]    Compiling deranged v0.3.11
[INFO] [stderr]    Compiling base64 v0.21.7
[INFO] [stderr]    Compiling time-macros v0.2.18
[INFO] [stderr]    Compiling rustversion v1.0.18
[INFO] [stderr]    Compiling portable-atomic v1.9.0
[INFO] [stderr]    Compiling const-random v0.1.18
[INFO] [stderr]    Compiling cfg_aliases v0.2.1
[INFO] [stderr]    Compiling unicode-width v0.1.14
[INFO] [stderr]    Compiling utf8parse v0.2.2
[INFO] [stderr]    Compiling pest v2.7.14
[INFO] [stderr]    Compiling sync_wrapper v0.1.2
[INFO] [stderr]    Compiling anstyle-parse v0.2.6
[INFO] [stderr]    Compiling nix v0.29.0
[INFO] [stderr]    Compiling dlv-list v0.5.2
[INFO] [stderr]    Compiling tracing v0.1.40
[INFO] [stderr]    Compiling rustls-native-certs v0.8.0
[INFO] [stderr]    Compiling webpki-roots v0.26.6
[INFO] [stderr]    Compiling encoding_rs v0.8.35
[INFO] [stderr]    Compiling anstyle v1.0.10
[INFO] [stderr]    Compiling num-bigint v0.4.6
[INFO] [stderr]    Compiling anstyle-query v1.1.2
[INFO] [stderr]    Compiling winnow v0.6.20
[INFO] [stderr]    Compiling is_terminal_polyfill v1.70.1
[INFO] [stderr]    Compiling strsim v0.11.1
[INFO] [stderr]    Compiling colorchoice v1.0.3
[INFO] [stderr]    Compiling block-buffer v0.10.4
[INFO] [stderr]    Compiling crypto-common v0.1.6
[INFO] [stderr]    Compiling anstream v0.6.18
[INFO] [stderr]    Compiling ordered-multimap v0.7.3
[INFO] [stderr]    Compiling digest v0.10.7
[INFO] [stderr]    Compiling hashlink v0.8.4
[INFO] [stderr]    Compiling pem v3.0.4
[INFO] [stderr]    Compiling snafu-derive v0.8.5
[INFO] [stderr]    Compiling pest_meta v2.7.14
[INFO] [stderr]    Compiling pin-project-internal v1.1.7
[INFO] [stderr]    Compiling overload v0.1.1
[INFO] [stderr]    Compiling smawk v0.3.2
[INFO] [stderr]    Compiling minimal-lexical v0.2.1
[INFO] [stderr]    Compiling unicode-width v0.2.0
[INFO] [stderr]    Compiling parking_lot_core v0.9.10
[INFO] [stderr]    Compiling mio v1.0.2
[INFO] [stderr]    Compiling socket2 v0.5.7
[INFO] [stderr]    Compiling parking_lot v0.12.3
[INFO] [stderr]    Compiling signal-hook-registry v1.4.2
[INFO] [stderr]    Compiling pest_generator v2.7.14
[INFO] [stderr]    Compiling console v0.15.8
[INFO] [stderr]    Compiling time v0.3.36
[INFO] [stderr]    Compiling ring v0.17.8
[INFO] [stderr]    Compiling tokio v1.41.1
[INFO] [stderr]    Compiling libz-sys v1.1.20
[INFO] [stderr]    Compiling openssl-sys v0.9.104
[INFO] [stderr]    Compiling libssh2-sys v0.3.0
[INFO] [stderr]    Compiling libgit2-sys v0.17.0+1.8.1
[INFO] [stderr]    Compiling http-body-util v0.1.2
[INFO] [stderr]    Compiling futures-executor v0.3.31
[INFO] [stderr]    Compiling unicode-linebreak v0.1.5
[INFO] [stderr]    Compiling clap_lex v0.7.2
[INFO] [stderr]    Compiling unicode-segmentation v1.12.0
[INFO] [stderr]    Compiling option-ext v0.2.0
[INFO] [stderr]    Compiling arraydeque v0.5.1
[INFO] [stderr]    Compiling iri-string v0.7.7
[INFO] [stderr]    Compiling number_prefix v0.4.0
[INFO] [stderr]    Compiling anyhow v1.0.93
[INFO] [stderr]    Compiling textwrap v0.16.1
[INFO] [stderr]    Compiling yaml-rust2 v0.8.1
[INFO] [stderr]    Compiling indicatif v0.17.9
[INFO] [stderr]    Compiling clap_builder v4.5.21
[INFO] [stderr]    Compiling convert_case v0.6.0
[INFO] [stderr]    Compiling pest_derive v2.7.14
[INFO] [stderr]    Compiling dirs-sys v0.4.1
[INFO] [stderr]    Compiling futures v0.3.31
[INFO] [stderr]    Compiling axum-core v0.5.0-alpha.1
[INFO] [stderr]    Compiling pin-project v1.1.7
[INFO] [stderr]    Compiling nom v7.1.3
[INFO] [stderr]    Compiling nu-ansi-term v0.46.0
[INFO] [stderr]    Compiling rust-ini v0.20.0
[INFO] [stderr]    Compiling secrecy v0.10.3
[INFO] [stderr]    Compiling simple_asn1 v0.6.2
[INFO] [stderr]    Compiling clap_derive v4.5.18
[INFO] [stderr]    Compiling snafu v0.8.5
[INFO] [stderr]    Compiling sharded-slab v0.1.7
[INFO] [stderr]    Compiling tracing-log v0.2.0
[INFO] [stderr]    Compiling thread_local v1.1.8
[INFO] [stderr]    Compiling matchit v0.8.0
[INFO] [stderr]    Compiling either v1.13.0
[INFO] [stderr]    Compiling unsafe-libyaml v0.2.11
[INFO] [stderr]    Compiling pathdiff v0.2.2
[INFO] [stderr]    Compiling arc-swap v1.7.1
[INFO] [stderr]    Compiling web-time v1.1.0
[INFO] [stderr]    Compiling cpufeatures v0.2.14
[INFO] [stderr]    Compiling cliclack v0.3.5
[INFO] [stderr]    Compiling sha2 v0.10.8
[INFO] [stderr]    Compiling dirs v5.0.1
[INFO] [stderr]    Compiling hmac v0.12.1
[INFO] [stderr]    Compiling urlencoding v2.1.3
[INFO] [stderr]    Compiling hex v0.4.3
[INFO] [stderr]    Compiling dotenvy v0.15.7
[INFO] [stderr]    Compiling clap v4.5.21
[INFO] [stderr]    Compiling bitflags v2.6.0
[INFO] [stderr]    Compiling toml_datetime v0.6.8
[INFO] [stderr]    Compiling url v2.5.3
[INFO] [stderr]    Compiling serde_urlencoded v0.7.1
[INFO] [stderr]    Compiling serde_spanned v0.6.8
[INFO] [stderr]    Compiling serde_path_to_error v0.1.16
[INFO] [stderr]    Compiling chrono v0.4.38
[INFO] [stderr]    Compiling json5 v0.4.1
[INFO] [stderr]    Compiling tracing-serde v0.1.3
[INFO] [stderr]    Compiling serde_yaml v0.9.34+deprecated
[INFO] [stderr]    Compiling toml_edit v0.22.22
[INFO] [stderr]    Compiling ron v0.8.1
[INFO] [stderr]    Compiling tracing-subscriber v0.3.18
[INFO] [stderr]    Compiling tokio-util v0.7.12
[INFO] [stderr]    Compiling rustls-webpki v0.102.8
[INFO] [stderr]    Compiling jsonwebtoken v9.3.0
[INFO] [stderr]    Compiling ctrlc v3.4.5
[INFO] [stderr]    Compiling h2 v0.4.6
[INFO] [stderr]    Compiling tower v0.5.1
[INFO] [stderr]    Compiling toml v0.8.19
[INFO] [stderr]    Compiling tower-http v0.6.1
[INFO] [stderr]    Compiling config v0.14.1
[INFO] [stderr]    Compiling tokio-rustls v0.26.0
[INFO] [stderr]    Compiling hyper v1.5.0
[INFO] [stderr]    Compiling git2 v0.19.0
[INFO] [stderr]    Compiling hyper-util v0.1.10
[INFO] [stderr]    Compiling hyper-rustls v0.27.3
[INFO] [stderr]    Compiling hyper-timeout v0.5.2
[INFO] [stderr]    Compiling axum v0.8.0-alpha.1
[INFO] [stderr]    Compiling reqwest v0.12.9
[INFO] [stderr]    Compiling octocrab v0.42.0
[INFO] [stderr]    Compiling dockertool v0.1.0 (/opt/rustwide/workdir)
[INFO] [stdout] warning: field `scheme` is never read
[INFO] [stdout]   --> src/signer.rs:49:5
[INFO] [stdout]    |
[INFO] [stdout] 47 | pub struct HttpRequest {
[INFO] [stdout]    |            ----------- field in this struct
[INFO] [stdout] 48 |     method: String,
[INFO] [stdout] 49 |     scheme: String,
[INFO] [stdout]    |     ^^^^^^
[INFO] [stdout]    |
[INFO] [stdout]    = note: `HttpRequest` has a derived impl for the trait `Debug`, but this is intentionally ignored during dead code analysis
[INFO] [stdout]    = note: `#[warn(dead_code)]` on by default
[INFO] [stdout] 
[INFO] [stdout] 
[INFO] [stderr]     Finished `dev` profile [unoptimized + debuginfo] target(s) in 1m 23s
[INFO] running `Command { std: "docker" "inspect" "c1828a20abd1e45d94d4e70a024e6936c577a9f33b275e5c7c901487ffb9c48b", kill_on_drop: false }`
[INFO] running `Command { std: "docker" "rm" "-f" "c1828a20abd1e45d94d4e70a024e6936c577a9f33b275e5c7c901487ffb9c48b", kill_on_drop: false }`
[INFO] [stdout] c1828a20abd1e45d94d4e70a024e6936c577a9f33b275e5c7c901487ffb9c48b
[INFO] running `Command { std: "docker" "create" "-v" "/var/lib/crater-agent-workspace/builds/worker-2-tc2/target:/opt/rustwide/target:rw,Z" "-v" "/var/lib/crater-agent-workspace/builds/worker-2-tc2/source:/opt/rustwide/workdir:ro,Z" "-v" "/var/lib/crater-agent-workspace/cargo-home:/opt/rustwide/cargo-home:ro,Z" "-v" "/var/lib/crater-agent-workspace/rustup-home:/opt/rustwide/rustup-home:ro,Z" "-e" "SOURCE_DIR=/opt/rustwide/workdir" "-e" "CARGO_TARGET_DIR=/opt/rustwide/target" "-e" "CARGO_INCREMENTAL=0" "-e" "RUST_BACKTRACE=full" "-e" "RUSTFLAGS=--cap-lints=forbid -Zrandomize-layout" "-e" "RUSTDOCFLAGS=--cap-lints=forbid" "-e" "CARGO_HOME=/opt/rustwide/cargo-home" "-e" "RUSTUP_HOME=/opt/rustwide/rustup-home" "-w" "/opt/rustwide/workdir" "-m" "1610612736" "--user" "0:0" "--network" "none" "ghcr.io/rust-lang/crates-build-env/linux@sha256:819108c5571ea2e421544af4d832f968d213c87fbe3707a016657f43d2f853bc" "/opt/rustwide/cargo-home/bin/cargo" "+nightly-2025-01-18" "test" "--frozen" "--no-run" "--message-format=json", kill_on_drop: false }`
[INFO] [stdout] 31f86634632e6781b667444d767d319daa81c96bf54aabc0271c6995cf458ed1
[INFO] running `Command { std: "docker" "start" "-a" "31f86634632e6781b667444d767d319daa81c96bf54aabc0271c6995cf458ed1", kill_on_drop: false }`
[INFO] [stderr]    Compiling dockertool v0.1.0 (/opt/rustwide/workdir)
[INFO] [stdout] warning: field `scheme` is never read
[INFO] [stdout]   --> src/signer.rs:49:5
[INFO] [stdout]    |
[INFO] [stdout] 47 | pub struct HttpRequest {
[INFO] [stdout]    |            ----------- field in this struct
[INFO] [stdout] 48 |     method: String,
[INFO] [stdout] 49 |     scheme: String,
[INFO] [stdout]    |     ^^^^^^
[INFO] [stdout]    |
[INFO] [stdout]    = note: `HttpRequest` has a derived impl for the trait `Debug`, but this is intentionally ignored during dead code analysis
[INFO] [stdout]    = note: `#[warn(dead_code)]` on by default
[INFO] [stdout] 
[INFO] [stdout] 
[INFO] [stdout] warning: field `scheme` is never read
[INFO] [stdout]   --> src/signer.rs:49:5
[INFO] [stdout]    |
[INFO] [stdout] 47 | pub struct HttpRequest {
[INFO] [stdout]    |            ----------- field in this struct
[INFO] [stdout] 48 |     method: String,
[INFO] [stdout] 49 |     scheme: String,
[INFO] [stdout]    |     ^^^^^^
[INFO] [stdout]    |
[INFO] [stdout]    = note: `HttpRequest` has a derived impl for the trait `Debug`, but this is intentionally ignored during dead code analysis
[INFO] [stdout]    = note: `#[warn(dead_code)]` on by default
[INFO] [stdout] 
[INFO] [stdout] 
[INFO] [stdout] warning: unused `Result` that must be used
[INFO] [stdout]    --> src/signer.rs:352:9
[INFO] [stdout]     |
[INFO] [stdout] 352 |         r.show_repository().await;
[INFO] [stdout]     |         ^^^^^^^^^^^^^^^^^^^^^^^^^
[INFO] [stdout]     |
[INFO] [stdout]     = note: this `Result` may be an `Err` variant, which should be handled
[INFO] [stdout]     = note: `#[warn(unused_must_use)]` on by default
[INFO] [stdout] help: use `let _ = ...` to ignore the resulting value
[INFO] [stdout]     |
[INFO] [stdout] 352 |         let _ = r.show_repository().await;
[INFO] [stdout]     |         +++++++
[INFO] [stdout] 
[INFO] [stdout] 
[INFO] [stderr]     Finished `test` profile [unoptimized + debuginfo] target(s) in 3.61s
[INFO] running `Command { std: "docker" "inspect" "31f86634632e6781b667444d767d319daa81c96bf54aabc0271c6995cf458ed1", kill_on_drop: false }`
[INFO] running `Command { std: "docker" "rm" "-f" "31f86634632e6781b667444d767d319daa81c96bf54aabc0271c6995cf458ed1", kill_on_drop: false }`
[INFO] [stdout] 31f86634632e6781b667444d767d319daa81c96bf54aabc0271c6995cf458ed1
[INFO] running `Command { std: "docker" "create" "-v" "/var/lib/crater-agent-workspace/builds/worker-2-tc2/target:/opt/rustwide/target:rw,Z" "-v" "/var/lib/crater-agent-workspace/builds/worker-2-tc2/source:/opt/rustwide/workdir:ro,Z" "-v" "/var/lib/crater-agent-workspace/cargo-home:/opt/rustwide/cargo-home:ro,Z" "-v" "/var/lib/crater-agent-workspace/rustup-home:/opt/rustwide/rustup-home:ro,Z" "-e" "SOURCE_DIR=/opt/rustwide/workdir" "-e" "CARGO_TARGET_DIR=/opt/rustwide/target" "-e" "CARGO_INCREMENTAL=0" "-e" "RUST_BACKTRACE=full" "-e" "RUSTFLAGS=--cap-lints=forbid -Zrandomize-layout" "-e" "RUSTDOCFLAGS=--cap-lints=forbid" "-e" "CARGO_HOME=/opt/rustwide/cargo-home" "-e" "RUSTUP_HOME=/opt/rustwide/rustup-home" "-w" "/opt/rustwide/workdir" "-m" "1610612736" "--user" "0:0" "--network" "none" "ghcr.io/rust-lang/crates-build-env/linux@sha256:819108c5571ea2e421544af4d832f968d213c87fbe3707a016657f43d2f853bc" "/opt/rustwide/cargo-home/bin/cargo" "+nightly-2025-01-18" "test" "--frozen", kill_on_drop: false }`
[INFO] [stdout] 498cbaeb7c279e346977370302f9fdedca1a41430b4ba8a01034f97a6361ae40
[INFO] running `Command { std: "docker" "start" "-a" "498cbaeb7c279e346977370302f9fdedca1a41430b4ba8a01034f97a6361ae40", kill_on_drop: false }`
[INFO] [stderr] warning: field `scheme` is never read
[INFO] [stderr]   --> src/signer.rs:49:5
[INFO] [stderr]    |
[INFO] [stderr] 47 | pub struct HttpRequest {
[INFO] [stderr]    |            ----------- field in this struct
[INFO] [stderr] 48 |     method: String,
[INFO] [stderr] 49 |     scheme: String,
[INFO] [stderr]    |     ^^^^^^
[INFO] [stderr]    |
[INFO] [stderr]    = note: `HttpRequest` has a derived impl for the trait `Debug`, but this is intentionally ignored during dead code analysis
[INFO] [stderr]    = note: `#[warn(dead_code)]` on by default
[INFO] [stderr] 
[INFO] [stderr] warning: unused `Result` that must be used
[INFO] [stderr]    --> src/signer.rs:352:9
[INFO] [stderr]     |
[INFO] [stderr] 352 |         r.show_repository().await;
[INFO] [stderr]     |         ^^^^^^^^^^^^^^^^^^^^^^^^^
[INFO] [stderr]     |
[INFO] [stderr]     = note: this `Result` may be an `Err` variant, which should be handled
[INFO] [stderr]     = note: `#[warn(unused_must_use)]` on by default
[INFO] [stderr] help: use `let _ = ...` to ignore the resulting value
[INFO] [stderr]     |
[INFO] [stderr] 352 |         let _ = r.show_repository().await;
[INFO] [stderr]     |         +++++++
[INFO] [stderr] 
[INFO] [stderr] warning: `dockertool` (lib) generated 1 warning
[INFO] [stderr] warning: `dockertool` (lib test) generated 2 warnings (1 duplicate)
[INFO] [stderr]     Finished `test` profile [unoptimized + debuginfo] target(s) in 0.33s
[INFO] [stderr]      Running unittests src/lib.rs (/opt/rustwide/target/debug/deps/dockertool-f3eb80e600404da8)
[INFO] [stdout] 
[INFO] [stdout] running 2 tests
[INFO] [stdout] test signer::test::test_signed_headers ... ok
[INFO] [stdout] test signer::test::test_signer ... FAILED
[INFO] [stdout] 
[INFO] [stdout] failures:
[INFO] [stdout] 
[INFO] [stdout] ---- signer::test::test_signer stdout ----
[INFO] [stdout] 
[INFO] [stdout] thread 'signer::test::test_signer' panicked at src/signer.rs:338:27:
[INFO] [stdout] called `Result::unwrap()` on an `Err` value: Io(Custom { kind: NotFound, error: "path not found" })
[INFO] [stdout] stack backtrace:
[INFO] [stdout]    0:     0x5b8ef30ae8ea - std::backtrace_rs::backtrace::libunwind::trace::hb059275cfc8d6126
[INFO] [stdout]                                at /rustc/6067b36314ab5eb2eb47cecc464545ba58e1ad24/library/std/src/../../backtrace/src/backtrace/libunwind.rs:116:5
[INFO] [stdout]    1:     0x5b8ef30ae8ea - std::backtrace_rs::backtrace::trace_unsynchronized::h2da071e4327ce3ee
[INFO] [stdout]                                at /rustc/6067b36314ab5eb2eb47cecc464545ba58e1ad24/library/std/src/../../backtrace/src/backtrace/mod.rs:66:5
[INFO] [stdout]    2:     0x5b8ef30ae8ea - std::sys::backtrace::_print_fmt::h842a1474e6f8d23f
[INFO] [stdout]                                at /rustc/6067b36314ab5eb2eb47cecc464545ba58e1ad24/library/std/src/sys/backtrace.rs:66:9
[INFO] [stdout]    3:     0x5b8ef30ae8ea - <std::sys::backtrace::BacktraceLock::print::DisplayBacktrace as core::fmt::Display>::fmt::h71a62eb3b9696b12
[INFO] [stdout]                                at /rustc/6067b36314ab5eb2eb47cecc464545ba58e1ad24/library/std/src/sys/backtrace.rs:39:26
[INFO] [stdout]    4:     0x5b8ef30db843 - core::fmt::rt::Argument::fmt::hdb6b616786b41dc1
[INFO] [stdout]                                at /rustc/6067b36314ab5eb2eb47cecc464545ba58e1ad24/library/core/src/fmt/rt.rs:177:76
[INFO] [stdout]    5:     0x5b8ef30db843 - core::fmt::write::h2cc1698af7e2d686
[INFO] [stdout]                                at /rustc/6067b36314ab5eb2eb47cecc464545ba58e1ad24/library/core/src/fmt/mod.rs:1440:21
[INFO] [stdout]    6:     0x5b8ef30aa4c3 - std::io::Write::write_fmt::hab1b4cd059a79022
[INFO] [stdout]                                at /rustc/6067b36314ab5eb2eb47cecc464545ba58e1ad24/library/std/src/io/mod.rs:1887:15
[INFO] [stdout]    7:     0x5b8ef30ae732 - std::sys::backtrace::BacktraceLock::print::h147fe35b4ea13b08
[INFO] [stdout]                                at /rustc/6067b36314ab5eb2eb47cecc464545ba58e1ad24/library/std/src/sys/backtrace.rs:42:9
[INFO] [stdout]    8:     0x5b8ef30afd0f - std::panicking::default_hook::{{closure}}::hbd44223dbdc0d208
[INFO] [stdout]                                at /rustc/6067b36314ab5eb2eb47cecc464545ba58e1ad24/library/std/src/panicking.rs:298:22
[INFO] [stdout]    9:     0x5b8ef30afb28 - std::panicking::default_hook::h20f81eb0576efcec
[INFO] [stdout]                                at /rustc/6067b36314ab5eb2eb47cecc464545ba58e1ad24/library/std/src/panicking.rs:322:9
[INFO] [stdout]   10:     0x5b8ef2b382a3 - <alloc::boxed::Box<F,A> as core::ops::function::Fn<Args>>::call::hdb53814c496a4d34
[INFO] [stdout]                                at /rustc/6067b36314ab5eb2eb47cecc464545ba58e1ad24/library/alloc/src/boxed.rs:2027:9
[INFO] [stdout]   11:     0x5b8ef2b382a3 - test::test_main::{{closure}}::hc0a4963c59427c24
[INFO] [stdout]                                at /rustc/6067b36314ab5eb2eb47cecc464545ba58e1ad24/library/test/src/lib.rs:134:21
[INFO] [stdout]   12:     0x5b8ef30b0803 - <alloc::boxed::Box<F,A> as core::ops::function::Fn<Args>>::call::h591b2225413a77e9
[INFO] [stdout]                                at /rustc/6067b36314ab5eb2eb47cecc464545ba58e1ad24/library/alloc/src/boxed.rs:2027:9
[INFO] [stdout]   13:     0x5b8ef30b0803 - std::panicking::rust_panic_with_hook::h625eea43051b2edc
[INFO] [stdout]                                at /rustc/6067b36314ab5eb2eb47cecc464545ba58e1ad24/library/std/src/panicking.rs:839:13
[INFO] [stdout]   14:     0x5b8ef30b04ba - std::panicking::begin_panic_handler::{{closure}}::h4f9159cfbc3f6bd3
[INFO] [stdout]                                at /rustc/6067b36314ab5eb2eb47cecc464545ba58e1ad24/library/std/src/panicking.rs:704:13
[INFO] [stdout]   15:     0x5b8ef30aede9 - std::sys::backtrace::__rust_end_short_backtrace::h0390abce48353151
[INFO] [stdout]                                at /rustc/6067b36314ab5eb2eb47cecc464545ba58e1ad24/library/std/src/sys/backtrace.rs:168:18
[INFO] [stdout]   16:     0x5b8ef30b014d - rust_begin_unwind
[INFO] [stdout]                                at /rustc/6067b36314ab5eb2eb47cecc464545ba58e1ad24/library/std/src/panicking.rs:695:5
[INFO] [stdout]   17:     0x5b8ef30d9130 - core::panicking::panic_fmt::h9e7c637e9e5f29c9
[INFO] [stdout]                                at /rustc/6067b36314ab5eb2eb47cecc464545ba58e1ad24/library/core/src/panicking.rs:75:14
[INFO] [stdout]   18:     0x5b8ef30d9606 - core::result::unwrap_failed::h7979f09313fe1849
[INFO] [stdout]                                at /rustc/6067b36314ab5eb2eb47cecc464545ba58e1ad24/library/core/src/result.rs:1704:5
[INFO] [stdout]   19:     0x5b8ef297f8e6 - core::result::Result<T,E>::unwrap::hccee151efac38ee7
[INFO] [stdout]                                at /rustc/6067b36314ab5eb2eb47cecc464545ba58e1ad24/library/core/src/result.rs:1109:23
[INFO] [stdout]   20:     0x5b8ef297f8e6 - dockertool::signer::test::test_signer::{{closure}}::hdc24bed0d09abbe9
[INFO] [stdout]                                at /opt/rustwide/workdir/src/signer.rs:338:9
[INFO] [stdout]   21:     0x5b8ef2955312 - <core::pin::Pin<P> as core::future::future::Future>::poll::heb45a8227077f171
[INFO] [stdout]                                at /rustc/6067b36314ab5eb2eb47cecc464545ba58e1ad24/library/core/src/future/future.rs:124:9
[INFO] [stdout]   22:     0x5b8ef295528d - <core::pin::Pin<P> as core::future::future::Future>::poll::h2440c93d512743f0
[INFO] [stdout]                                at /rustc/6067b36314ab5eb2eb47cecc464545ba58e1ad24/library/core/src/future/future.rs:124:9
[INFO] [stdout]   23:     0x5b8ef297064f - tokio::runtime::scheduler::current_thread::CoreGuard::block_on::{{closure}}::{{closure}}::{{closure}}::he50c71ec0e171089
[INFO] [stdout]                                at /opt/rustwide/cargo-home/registry/src/index.crates.io-1949cf8c6b5b557f/tokio-1.41.1/src/runtime/scheduler/current_thread/mod.rs:729:57
[INFO] [stdout]   24:     0x5b8ef2970395 - tokio::runtime::coop::with_budget::h31ce90bcc4186dd9
[INFO] [stdout]                                at /opt/rustwide/cargo-home/registry/src/index.crates.io-1949cf8c6b5b557f/tokio-1.41.1/src/runtime/coop.rs:107:5
[INFO] [stdout]   25:     0x5b8ef2970395 - tokio::runtime::coop::budget::h8878a93044c09912
[INFO] [stdout]                                at /opt/rustwide/cargo-home/registry/src/index.crates.io-1949cf8c6b5b557f/tokio-1.41.1/src/runtime/coop.rs:73:5
[INFO] [stdout]   26:     0x5b8ef2970395 - tokio::runtime::scheduler::current_thread::CoreGuard::block_on::{{closure}}::{{closure}}::h2e7e0f8b816f10d3
[INFO] [stdout]                                at /opt/rustwide/cargo-home/registry/src/index.crates.io-1949cf8c6b5b557f/tokio-1.41.1/src/runtime/scheduler/current_thread/mod.rs:729:25
[INFO] [stdout]   27:     0x5b8ef296dbf0 - tokio::runtime::scheduler::current_thread::Context::enter::h538f8f91312d3193
[INFO] [stdout]                                at /opt/rustwide/cargo-home/registry/src/index.crates.io-1949cf8c6b5b557f/tokio-1.41.1/src/runtime/scheduler/current_thread/mod.rs:428:19
[INFO] [stdout]   28:     0x5b8ef296fc1b - tokio::runtime::scheduler::current_thread::CoreGuard::block_on::{{closure}}::h4a728cca18dcda82
[INFO] [stdout]                                at /opt/rustwide/cargo-home/registry/src/index.crates.io-1949cf8c6b5b557f/tokio-1.41.1/src/runtime/scheduler/current_thread/mod.rs:728:36
[INFO] [stdout]   29:     0x5b8ef296f074 - tokio::runtime::scheduler::current_thread::CoreGuard::enter::{{closure}}::h52a3f75a44cf22ea
[INFO] [stdout]                                at /opt/rustwide/cargo-home/registry/src/index.crates.io-1949cf8c6b5b557f/tokio-1.41.1/src/runtime/scheduler/current_thread/mod.rs:807:68
[INFO] [stdout]   30:     0x5b8ef295bebb - tokio::runtime::context::scoped::Scoped<T>::set::h2d59e03a4ee44f6b
[INFO] [stdout]                                at /opt/rustwide/cargo-home/registry/src/index.crates.io-1949cf8c6b5b557f/tokio-1.41.1/src/runtime/context/scoped.rs:40:9
[INFO] [stdout]   31:     0x5b8ef296c909 - tokio::runtime::context::set_scheduler::{{closure}}::hbe3125a108f9c7ea
[INFO] [stdout]                                at /opt/rustwide/cargo-home/registry/src/index.crates.io-1949cf8c6b5b557f/tokio-1.41.1/src/runtime/context.rs:180:26
[INFO] [stdout]   32:     0x5b8ef294bef2 - std::thread::local::LocalKey<T>::try_with::hc39074338bf487f1
[INFO] [stdout]                                at /rustc/6067b36314ab5eb2eb47cecc464545ba58e1ad24/library/std/src/thread/local.rs:308:12
[INFO] [stdout]   33:     0x5b8ef294b26a - std::thread::local::LocalKey<T>::with::h9f4a7d943e2af7d7
[INFO] [stdout]                                at /rustc/6067b36314ab5eb2eb47cecc464545ba58e1ad24/library/std/src/thread/local.rs:272:9
[INFO] [stdout]   34:     0x5b8ef296c87d - tokio::runtime::context::set_scheduler::hdb97bf0f425069cc
[INFO] [stdout]                                at /opt/rustwide/cargo-home/registry/src/index.crates.io-1949cf8c6b5b557f/tokio-1.41.1/src/runtime/context.rs:180:9
[INFO] [stdout]   35:     0x5b8ef296ee28 - tokio::runtime::scheduler::current_thread::CoreGuard::enter::h8fc385002b5181a3
[INFO] [stdout]                                at /opt/rustwide/cargo-home/registry/src/index.crates.io-1949cf8c6b5b557f/tokio-1.41.1/src/runtime/scheduler/current_thread/mod.rs:807:27
[INFO] [stdout]   36:     0x5b8ef296f113 - tokio::runtime::scheduler::current_thread::CoreGuard::block_on::h1e49029df996f88a
[INFO] [stdout]                                at /opt/rustwide/cargo-home/registry/src/index.crates.io-1949cf8c6b5b557f/tokio-1.41.1/src/runtime/scheduler/current_thread/mod.rs:716:19
[INFO] [stdout]   37:     0x5b8ef296d33e - tokio::runtime::scheduler::current_thread::CurrentThread::block_on::{{closure}}::h550c1402f93b0212
[INFO] [stdout]                                at /opt/rustwide/cargo-home/registry/src/index.crates.io-1949cf8c6b5b557f/tokio-1.41.1/src/runtime/scheduler/current_thread/mod.rs:196:28
[INFO] [stdout]   38:     0x5b8ef2954116 - tokio::runtime::context::runtime::enter_runtime::ha5ca36c12c5b130b
[INFO] [stdout]                                at /opt/rustwide/cargo-home/registry/src/index.crates.io-1949cf8c6b5b557f/tokio-1.41.1/src/runtime/context/runtime.rs:65:16
[INFO] [stdout]   39:     0x5b8ef296cc51 - tokio::runtime::scheduler::current_thread::CurrentThread::block_on::hb90951b1187de742
[INFO] [stdout]                                at /opt/rustwide/cargo-home/registry/src/index.crates.io-1949cf8c6b5b557f/tokio-1.41.1/src/runtime/scheduler/current_thread/mod.rs:184:9
[INFO] [stdout]   40:     0x5b8ef295c26c - tokio::runtime::runtime::Runtime::block_on_inner::h46331e61abb6ad11
[INFO] [stdout]                                at /opt/rustwide/cargo-home/registry/src/index.crates.io-1949cf8c6b5b557f/tokio-1.41.1/src/runtime/runtime.rs:368:47
[INFO] [stdout]   41:     0x5b8ef295c457 - tokio::runtime::runtime::Runtime::block_on::ha76bbc4ddca2691f
[INFO] [stdout]                                at /opt/rustwide/cargo-home/registry/src/index.crates.io-1949cf8c6b5b557f/tokio-1.41.1/src/runtime/runtime.rs:342:13
[INFO] [stdout]   42:     0x5b8ef297f6d1 - dockertool::signer::test::test_signer::h80107efcf2df6b78
[INFO] [stdout]                                at /opt/rustwide/workdir/src/signer.rs:352:9
[INFO] [stdout]   43:     0x5b8ef297f577 - dockertool::signer::test::test_signer::{{closure}}::h3aab6a6069244990
[INFO] [stdout]                                at /opt/rustwide/workdir/src/signer.rs:337:27
[INFO] [stdout]   44:     0x5b8ef2959366 - core::ops::function::FnOnce::call_once::he3808d581659ca69
[INFO] [stdout]                                at /rustc/6067b36314ab5eb2eb47cecc464545ba58e1ad24/library/core/src/ops/function.rs:250:5
[INFO] [stdout]   45:     0x5b8ef2b3d9fb - core::ops::function::FnOnce::call_once::he27718dfdd183f43
[INFO] [stdout]                                at /rustc/6067b36314ab5eb2eb47cecc464545ba58e1ad24/library/core/src/ops/function.rs:250:5
[INFO] [stdout]   46:     0x5b8ef2b3d9fb - test::__rust_begin_short_backtrace::h4e84902998457a5d
[INFO] [stdout]                                at /rustc/6067b36314ab5eb2eb47cecc464545ba58e1ad24/library/test/src/lib.rs:632:18
[INFO] [stdout]   47:     0x5b8ef2b3c933 - test::run_test_in_process::{{closure}}::h7176fd18fc1feca0
[INFO] [stdout]                                at /rustc/6067b36314ab5eb2eb47cecc464545ba58e1ad24/library/test/src/lib.rs:655:60
[INFO] [stdout]   48:     0x5b8ef2b3c933 - <core::panic::unwind_safe::AssertUnwindSafe<F> as core::ops::function::FnOnce<()>>::call_once::hf79cff2a624d8cf7
[INFO] [stdout]                                at /rustc/6067b36314ab5eb2eb47cecc464545ba58e1ad24/library/core/src/panic/unwind_safe.rs:272:9
[INFO] [stdout]   49:     0x5b8ef2b3c933 - std::panicking::try::do_call::h3da0561d9ab99c25
[INFO] [stdout]                                at /rustc/6067b36314ab5eb2eb47cecc464545ba58e1ad24/library/std/src/panicking.rs:587:40
[INFO] [stdout]   50:     0x5b8ef2b3c933 - std::panicking::try::h41c9fa508bc61df6
[INFO] [stdout]                                at /rustc/6067b36314ab5eb2eb47cecc464545ba58e1ad24/library/std/src/panicking.rs:550:19
[INFO] [stdout]   51:     0x5b8ef2b3c933 - std::panic::catch_unwind::h6b3ff07bb5afad93
[INFO] [stdout]                                at /rustc/6067b36314ab5eb2eb47cecc464545ba58e1ad24/library/std/src/panic.rs:358:14
[INFO] [stdout]   52:     0x5b8ef2b3c933 - test::run_test_in_process::hc7253dd11b39b9f4
[INFO] [stdout]                                at /rustc/6067b36314ab5eb2eb47cecc464545ba58e1ad24/library/test/src/lib.rs:655:27
[INFO] [stdout]   53:     0x5b8ef2b3c933 - test::run_test::{{closure}}::hfb2007f8649c30bb
[INFO] [stdout]                                at /rustc/6067b36314ab5eb2eb47cecc464545ba58e1ad24/library/test/src/lib.rs:576:43
[INFO] [stdout]   54:     0x5b8ef2affa15 - test::run_test::{{closure}}::h56a17aa7a282a9f4
[INFO] [stdout]                                at /rustc/6067b36314ab5eb2eb47cecc464545ba58e1ad24/library/test/src/lib.rs:606:41
[INFO] [stdout]   55:     0x5b8ef2affa15 - std::sys::backtrace::__rust_begin_short_backtrace::hd2d2d2fb8e8c6aac
[INFO] [stdout]                                at /rustc/6067b36314ab5eb2eb47cecc464545ba58e1ad24/library/std/src/sys/backtrace.rs:152:18
[INFO] [stdout]   56:     0x5b8ef2b032fa - std::thread::Builder::spawn_unchecked_::{{closure}}::{{closure}}::h4faa3f9db6133423
[INFO] [stdout]                                at /rustc/6067b36314ab5eb2eb47cecc464545ba58e1ad24/library/std/src/thread/mod.rs:559:17
[INFO] [stdout]   57:     0x5b8ef2b032fa - <core::panic::unwind_safe::AssertUnwindSafe<F> as core::ops::function::FnOnce<()>>::call_once::hf2e855a36a4ea846
[INFO] [stdout]                                at /rustc/6067b36314ab5eb2eb47cecc464545ba58e1ad24/library/core/src/panic/unwind_safe.rs:272:9
[INFO] [stdout]   58:     0x5b8ef2b032fa - std::panicking::try::do_call::h2f73af3616c35465
[INFO] [stdout]                                at /rustc/6067b36314ab5eb2eb47cecc464545ba58e1ad24/library/std/src/panicking.rs:587:40
[INFO] [stdout]   59:     0x5b8ef2b032fa - std::panicking::try::hd1660ce9efadef5a
[INFO] [stdout]                                at /rustc/6067b36314ab5eb2eb47cecc464545ba58e1ad24/library/std/src/panicking.rs:550:19
[INFO] [stdout]   60:     0x5b8ef2b032fa - std::panic::catch_unwind::h5ee8d7823b8ca744
[INFO] [stdout]                                at /rustc/6067b36314ab5eb2eb47cecc464545ba58e1ad24/library/std/src/panic.rs:358:14
[INFO] [stdout]   61:     0x5b8ef2b032fa - std::thread::Builder::spawn_unchecked_::{{closure}}::h53c3a1894dce8407
[INFO] [stdout]                                at /rustc/6067b36314ab5eb2eb47cecc464545ba58e1ad24/library/std/src/thread/mod.rs:557:30
[INFO] [stdout]   62:     0x5b8ef2b032fa - core::ops::function::FnOnce::call_once{{vtable.shim}}::h048ce291ad4f62bf
[INFO] [stdout]                                at /rustc/6067b36314ab5eb2eb47cecc464545ba58e1ad24/library/core/src/ops/function.rs:250:5
[INFO] [stdout]   63:     0x5b8ef30b4cab - <alloc::boxed::Box<F,A> as core::ops::function::FnOnce<Args>>::call_once::ha52bedf99a3b4981
[INFO] [stdout]                                at /rustc/6067b36314ab5eb2eb47cecc464545ba58e1ad24/library/alloc/src/boxed.rs:2013:9
[INFO] [stdout]   64:     0x5b8ef30b4cab - <alloc::boxed::Box<F,A> as core::ops::function::FnOnce<Args>>::call_once::h567748934d80ccf8
[INFO] [stdout]                                at /rustc/6067b36314ab5eb2eb47cecc464545ba58e1ad24/library/alloc/src/boxed.rs:2013:9
[INFO] [stdout]   65:     0x5b8ef30b4cab - std::sys::pal::unix::thread::Thread::new::thread_start::h2d970728ae887adc
[INFO] [stdout]                                at /rustc/6067b36314ab5eb2eb47cecc464545ba58e1ad24/library/std/src/sys/pal/unix/thread.rs:106:17
[INFO] [stdout]   66:     0x7cdaa5feaac3 - <unknown>
[INFO] [stdout]   67:     0x7cdaa607ba04 - clone
[INFO] [stdout]   68:                0x0 - <unknown>
[INFO] [stdout] 
[INFO] [stdout] 
[INFO] [stdout] failures:
[INFO] [stdout]     signer::test::test_signer
[INFO] [stdout] 
[INFO] [stdout] test result: FAILED. 1 passed; 1 failed; 0 ignored; 0 measured; 0 filtered out; finished in 0.17s
[INFO] [stdout] 
[INFO] [stderr] error: test failed, to rerun pass `--lib`
[INFO] running `Command { std: "docker" "inspect" "498cbaeb7c279e346977370302f9fdedca1a41430b4ba8a01034f97a6361ae40", kill_on_drop: false }`
[INFO] running `Command { std: "docker" "rm" "-f" "498cbaeb7c279e346977370302f9fdedca1a41430b4ba8a01034f97a6361ae40", kill_on_drop: false }`
[INFO] [stdout] 498cbaeb7c279e346977370302f9fdedca1a41430b4ba8a01034f97a6361ae40
