[INFO] cloning repository https://github.com/king-open/adoc
[INFO] running `Command { std: "git" "-c" "credential.helper=" "-c" "credential.helper=/workspace/cargo-home/bin/git-credential-null" "clone" "--bare" "https://github.com/king-open/adoc" "/workspace/cache/git-repos/https%3A%2F%2Fgithub.com%2Fking-open%2Fadoc", kill_on_drop: false }`
[INFO] [stderr] Cloning into bare repository '/workspace/cache/git-repos/https%3A%2F%2Fgithub.com%2Fking-open%2Fadoc'...
[INFO] running `Command { std: "git" "rev-parse" "HEAD", kill_on_drop: false }`
[INFO] [stdout] 80a3e6782fa1b5d6d11444d42d12b7e99f42d7c3
[INFO] testing king-open/adoc against nightly-2025-01-18+rustflags=-Zrandomize-layout for randomize-layout-2
[INFO] running `Command { std: "git" "clone" "/workspace/cache/git-repos/https%3A%2F%2Fgithub.com%2Fking-open%2Fadoc" "/workspace/builds/worker-1-tc2/source", kill_on_drop: false }`
[INFO] [stderr] Cloning into '/workspace/builds/worker-1-tc2/source'...
[INFO] [stderr] done.
[INFO] validating manifest of git repo https://github.com/king-open/adoc on toolchain nightly-2025-01-18
[INFO] running `Command { std: CARGO_HOME="/workspace/cargo-home" RUSTUP_HOME="/workspace/rustup-home" "/workspace/cargo-home/bin/cargo" "+nightly-2025-01-18" "metadata" "--manifest-path" "Cargo.toml" "--no-deps", kill_on_drop: false }`
[INFO] started tweaking git repo https://github.com/king-open/adoc
[INFO] finished tweaking git repo https://github.com/king-open/adoc
[INFO] tweaked toml for git repo https://github.com/king-open/adoc written to /workspace/builds/worker-1-tc2/source/Cargo.toml
[INFO] crate git repo https://github.com/king-open/adoc already has a lockfile, it will not be regenerated
[INFO] running `Command { std: CARGO_HOME="/workspace/cargo-home" RUSTUP_HOME="/workspace/rustup-home" "/workspace/cargo-home/bin/cargo" "+nightly-2025-01-18" "fetch" "--manifest-path" "Cargo.toml", kill_on_drop: false }`
[INFO] [stderr]     Blocking waiting for file lock on package cache
[INFO] [stderr]     Blocking waiting for file lock on package cache
[INFO] running `Command { std: "docker" "create" "-v" "/var/lib/crater-agent-workspace/builds/worker-1-tc2/target:/opt/rustwide/target:rw,Z" "-v" "/var/lib/crater-agent-workspace/builds/worker-1-tc2/source:/opt/rustwide/workdir:ro,Z" "-v" "/var/lib/crater-agent-workspace/cargo-home:/opt/rustwide/cargo-home:ro,Z" "-v" "/var/lib/crater-agent-workspace/rustup-home:/opt/rustwide/rustup-home:ro,Z" "-e" "SOURCE_DIR=/opt/rustwide/workdir" "-e" "CARGO_TARGET_DIR=/opt/rustwide/target" "-e" "CARGO_HOME=/opt/rustwide/cargo-home" "-e" "RUSTUP_HOME=/opt/rustwide/rustup-home" "-w" "/opt/rustwide/workdir" "-m" "1610612736" "--user" "0:0" "--network" "none" "ghcr.io/rust-lang/crates-build-env/linux@sha256:819108c5571ea2e421544af4d832f968d213c87fbe3707a016657f43d2f853bc" "/opt/rustwide/cargo-home/bin/cargo" "+nightly-2025-01-18" "metadata" "--no-deps" "--format-version=1", kill_on_drop: false }`
[INFO] [stdout] d1b5d877bfa435adad708e882a83b46bc8fe947a37e5d264782fd3ce21d899b7
[INFO] running `Command { std: "docker" "start" "-a" "d1b5d877bfa435adad708e882a83b46bc8fe947a37e5d264782fd3ce21d899b7", kill_on_drop: false }`
[INFO] running `Command { std: "docker" "inspect" "d1b5d877bfa435adad708e882a83b46bc8fe947a37e5d264782fd3ce21d899b7", kill_on_drop: false }`
[INFO] running `Command { std: "docker" "rm" "-f" "d1b5d877bfa435adad708e882a83b46bc8fe947a37e5d264782fd3ce21d899b7", kill_on_drop: false }`
[INFO] [stdout] d1b5d877bfa435adad708e882a83b46bc8fe947a37e5d264782fd3ce21d899b7
[INFO] running `Command { std: "docker" "create" "-v" "/var/lib/crater-agent-workspace/builds/worker-1-tc2/target:/opt/rustwide/target:rw,Z" "-v" "/var/lib/crater-agent-workspace/builds/worker-1-tc2/source:/opt/rustwide/workdir:ro,Z" "-v" "/var/lib/crater-agent-workspace/cargo-home:/opt/rustwide/cargo-home:ro,Z" "-v" "/var/lib/crater-agent-workspace/rustup-home:/opt/rustwide/rustup-home:ro,Z" "-e" "SOURCE_DIR=/opt/rustwide/workdir" "-e" "CARGO_TARGET_DIR=/opt/rustwide/target" "-e" "CARGO_INCREMENTAL=0" "-e" "RUST_BACKTRACE=full" "-e" "RUSTFLAGS=--cap-lints=forbid -Zrandomize-layout" "-e" "RUSTDOCFLAGS=--cap-lints=forbid" "-e" "CARGO_HOME=/opt/rustwide/cargo-home" "-e" "RUSTUP_HOME=/opt/rustwide/rustup-home" "-w" "/opt/rustwide/workdir" "-m" "1610612736" "--user" "0:0" "--network" "none" "ghcr.io/rust-lang/crates-build-env/linux@sha256:819108c5571ea2e421544af4d832f968d213c87fbe3707a016657f43d2f853bc" "/opt/rustwide/cargo-home/bin/cargo" "+nightly-2025-01-18" "build" "--frozen" "--message-format=json", kill_on_drop: false }`
[INFO] [stdout] 1919ef6d4adeec4a777a37c4ea60def4a2531e31e07dbc32492592210d203eda
[INFO] running `Command { std: "docker" "start" "-a" "1919ef6d4adeec4a777a37c4ea60def4a2531e31e07dbc32492592210d203eda", kill_on_drop: false }`
[INFO] [stderr]    Compiling proc-macro2 v1.0.92
[INFO] [stderr]    Compiling unicode-ident v1.0.14
[INFO] [stderr]    Compiling libc v0.2.167
[INFO] [stderr]    Compiling autocfg v1.4.0
[INFO] [stderr]    Compiling smallvec v1.13.2
[INFO] [stderr]    Compiling siphasher v0.3.11
[INFO] [stderr]    Compiling byteorder v1.5.0
[INFO] [stderr]    Compiling once_cell v1.20.2
[INFO] [stderr]    Compiling stable_deref_trait v1.2.0
[INFO] [stderr]    Compiling pin-project-lite v0.2.15
[INFO] [stderr]    Compiling itoa v1.0.14
[INFO] [stderr]    Compiling shlex v1.3.0
[INFO] [stderr]    Compiling vcpkg v0.2.15
[INFO] [stderr]    Compiling futures-core v0.3.31
[INFO] [stderr]    Compiling bytes v1.9.0
[INFO] [stderr]    Compiling pkg-config v0.3.31
[INFO] [stderr]    Compiling futures-sink v0.3.31
[INFO] [stderr]    Compiling litemap v0.7.4
[INFO] [stderr]    Compiling cc v1.2.2
[INFO] [stderr]    Compiling serde v1.0.215
[INFO] [stderr]    Compiling writeable v0.5.5
[INFO] [stderr]    Compiling futures-channel v0.3.31
[INFO] [stderr]    Compiling tracing-core v0.1.33
[INFO] [stderr]    Compiling bitflags v2.6.0
[INFO] [stderr]    Compiling futures-io v0.3.31
[INFO] [stderr]    Compiling icu_locid_transform_data v1.5.0
[INFO] [stderr]    Compiling futures-task v0.3.31
[INFO] [stderr]    Compiling phf_shared v0.10.0
[INFO] [stderr]    Compiling new_debug_unreachable v1.0.6
[INFO] [stderr]    Compiling phf_shared v0.11.2
[INFO] [stderr]    Compiling icu_properties_data v1.5.0
[INFO] [stderr]    Compiling syn v1.0.109
[INFO] [stderr]    Compiling openssl v0.10.68
[INFO] [stderr]    Compiling icu_normalizer_data v1.5.0
[INFO] [stderr]    Compiling http v0.2.12
[INFO] [stderr]    Compiling native-tls v0.2.12
[INFO] [stderr]    Compiling write16 v1.0.0
[INFO] [stderr]    Compiling utf16_iter v1.0.5
[INFO] [stderr]    Compiling httparse v1.9.5
[INFO] [stderr]    Compiling utf8_iter v1.0.4
[INFO] [stderr]    Compiling mac v0.1.1
[INFO] [stderr]    Compiling precomputed-hash v0.1.1
[INFO] [stderr]    Compiling hashbrown v0.15.2
[INFO] [stderr]    Compiling lock_api v0.4.12
[INFO] [stderr]    Compiling slab v0.4.9
[INFO] [stderr]    Compiling futf v0.1.5
[INFO] [stderr]    Compiling phf v0.10.1
[INFO] [stderr]    Compiling version_check v0.9.5
[INFO] [stderr]    Compiling lazy_static v1.5.0
[INFO] [stderr]    Compiling dtoa v1.0.9
[INFO] [stderr]    Compiling utf8parse v0.2.2
[INFO] [stderr]    Compiling unicode-width v0.1.14
[INFO] [stderr]    Compiling utf-8 v0.7.6
[INFO] [stderr]    Compiling anstyle-parse v0.2.6
[INFO] [stderr]    Compiling tendril v0.4.3
[INFO] [stderr]    Compiling dtoa-short v0.3.5
[INFO] [stderr]    Compiling form_urlencoded v1.2.1
[INFO] [stderr]    Compiling anstyle-query v1.1.2
[INFO] [stderr]    Compiling tower-service v0.3.3
[INFO] [stderr]    Compiling quote v1.0.37
[INFO] [stderr]    Compiling anstyle v1.0.10
[INFO] [stderr]    Compiling portable-atomic v1.10.0
[INFO] [stderr]    Compiling is_terminal_polyfill v1.70.1
[INFO] [stderr]    Compiling colorchoice v1.0.3
[INFO] [stderr]    Compiling serde_json v1.0.133
[INFO] [stderr]    Compiling regex-syntax v0.8.5
[INFO] [stderr]    Compiling regex-syntax v0.6.29
[INFO] [stderr]    Compiling ahash v0.8.11
[INFO] [stderr]    Compiling time-macros v0.2.19
[INFO] [stderr]    Compiling anstream v0.6.18
[INFO] [stderr]    Compiling fxhash v0.2.1
[INFO] [stderr]    Compiling servo_arc v0.3.0
[INFO] [stderr]    Compiling syn v2.0.90
[INFO] [stderr]    Compiling parking_lot_core v0.9.10
[INFO] [stderr]    Compiling signal-hook-registry v1.4.2
[INFO] [stderr]    Compiling mio v1.0.3
[INFO] [stderr]    Compiling getrandom v0.2.15
[INFO] [stderr]    Compiling parking_lot v0.12.3
[INFO] [stderr]    Compiling socket2 v0.5.8
[INFO] [stderr]    Compiling indexmap v2.7.0
[INFO] [stderr]    Compiling rand_core v0.6.4
[INFO] [stderr]    Compiling http-body v0.4.6
[INFO] [stderr]    Compiling heck v0.5.0
[INFO] [stderr]    Compiling anyhow v1.0.94
[INFO] [stderr]    Compiling overload v0.1.1
[INFO] [stderr]    Compiling base64 v0.21.7
[INFO] [stderr]    Compiling strsim v0.11.1
[INFO] [stderr]    Compiling clap_lex v0.7.3
[INFO] [stderr]    Compiling nu-ansi-term v0.46.0
[INFO] [stderr]    Compiling clap_builder v4.5.22
[INFO] [stderr]    Compiling console v0.15.8
[INFO] [stderr]    Compiling getopts v0.2.21
[INFO] [stderr]    Compiling sharded-slab v0.1.7
[INFO] [stderr]    Compiling rustls-pemfile v1.0.4
[INFO] [stderr]    Compiling tracing-log v0.2.0
[INFO] [stderr]    Compiling thread_local v1.1.8
[INFO] [stderr]    Compiling encoding_rs v0.8.35
[INFO] [stderr]    Compiling openssl-sys v0.9.104
[INFO] [stderr]    Compiling instant v0.1.13
[INFO] [stderr]    Compiling regex-automata v0.4.9
[INFO] [stderr]    Compiling number_prefix v0.4.0
[INFO] [stderr]    Compiling unicode-width v0.2.0
[INFO] [stderr]    Compiling ego-tree v0.6.3
[INFO] [stderr]    Compiling sync_wrapper v0.1.2
[INFO] [stderr]    Compiling ipnet v2.10.1
[INFO] [stderr]    Compiling indicatif v0.17.9
[INFO] [stderr]    Compiling urlencoding v2.1.3
[INFO] [stderr]    Compiling time v0.3.37
[INFO] [stderr]    Compiling regex-automata v0.1.10
[INFO] [stderr]    Compiling matchers v0.1.0
[INFO] [stderr]    Compiling regex v1.11.1
[INFO] [stderr]    Compiling synstructure v0.13.1
[INFO] [stderr]    Compiling zerocopy-derive v0.7.35
[INFO] [stderr]    Compiling zerovec-derive v0.10.3
[INFO] [stderr]    Compiling displaydoc v0.2.5
[INFO] [stderr]    Compiling tokio-macros v2.4.0
[INFO] [stderr]    Compiling icu_provider_macros v1.5.0
[INFO] [stderr]    Compiling serde_derive v1.0.215
[INFO] [stderr]    Compiling futures-macro v0.3.31
[INFO] [stderr]    Compiling tracing-attributes v0.1.28
[INFO] [stderr]    Compiling openssl-macros v0.1.1
[INFO] [stderr]    Compiling cssparser-macros v0.6.1
[INFO] [stderr]    Compiling derive_more v0.99.18
[INFO] [stderr]    Compiling clap_derive v4.5.18
[INFO] [stderr]    Compiling zerofrom-derive v0.1.5
[INFO] [stderr]    Compiling yoke-derive v0.7.5
[INFO] [stderr]    Compiling html5ever v0.26.0
[INFO] [stderr]    Compiling futures-util v0.3.31
[INFO] [stderr]    Compiling tokio v1.42.0
[INFO] [stderr]    Compiling zerocopy v0.7.35
[INFO] [stderr]    Compiling ppv-lite86 v0.2.20
[INFO] [stderr]    Compiling zerofrom v0.1.5
[INFO] [stderr]    Compiling tracing v0.1.41
[INFO] [stderr]    Compiling yoke v0.7.5
[INFO] [stderr]    Compiling rand_chacha v0.3.1
[INFO] [stderr]    Compiling tracing-subscriber v0.3.19
[INFO] [stderr]    Compiling zerovec v0.10.4
[INFO] [stderr]    Compiling rand v0.8.5
[INFO] [stderr]    Compiling clap v4.5.22
[INFO] [stderr]    Compiling tinystr v0.7.6
[INFO] [stderr]    Compiling icu_collections v1.5.0
[INFO] [stderr]    Compiling icu_locid v1.5.0
[INFO] [stderr]    Compiling phf_generator v0.10.0
[INFO] [stderr]    Compiling phf_generator v0.11.2
[INFO] [stderr]    Compiling phf_macros v0.11.2
[INFO] [stderr]    Compiling phf_codegen v0.10.0
[INFO] [stderr]    Compiling string_cache_codegen v0.5.2
[INFO] [stderr]    Compiling selectors v0.25.0
[INFO] [stderr]    Compiling markup5ever v0.11.0
[INFO] [stderr]    Compiling icu_provider v1.5.0
[INFO] [stderr]    Compiling phf v0.11.2
[INFO] [stderr]    Compiling cssparser v0.31.2
[INFO] [stderr]    Compiling icu_locid_transform v1.5.0
[INFO] [stderr]    Compiling icu_properties v1.5.1
[INFO] [stderr]    Compiling futures-executor v0.3.31
[INFO] [stderr]    Compiling futures v0.3.31
[INFO] [stderr]    Compiling tokio-util v0.7.13
[INFO] [stderr]    Compiling tokio-native-tls v0.3.1
[INFO] [stderr]    Compiling backoff v0.4.0
[INFO] [stderr]    Compiling string_cache v0.8.7
[INFO] [stderr]    Compiling serde_urlencoded v0.7.1
[INFO] [stderr]    Compiling h2 v0.3.26
[INFO] [stderr]    Compiling icu_normalizer v1.5.0
[INFO] [stderr]    Compiling idna_adapter v1.2.0
[INFO] [stderr]    Compiling idna v1.0.3
[INFO] [stderr]    Compiling scraper v0.18.1
[INFO] [stderr]    Compiling url v2.5.4
[INFO] [stderr]    Compiling hyper v0.14.31
[INFO] [stderr]    Compiling hyper-tls v0.5.0
[INFO] [stderr]    Compiling reqwest v0.11.27
[INFO] [stderr]    Compiling adoc v0.0.2 (/opt/rustwide/workdir)
[INFO] [stdout] warning: unused import: `error`
[INFO] [stdout]   --> src/crawler.rs:11:34
[INFO] [stdout]    |
[INFO] [stdout] 11 | use tracing::{info, warn, debug, error, instrument};
[INFO] [stdout]    |                                  ^^^^^
[INFO] [stdout]    |
[INFO] [stdout]    = note: `#[warn(unused_imports)]` on by default
[INFO] [stdout] 
[INFO] [stdout] 
[INFO] [stdout] warning: unused import: `Parser`
[INFO] [stdout]  --> src/output.rs:2:23
[INFO] [stdout]   |
[INFO] [stdout] 2 | use clap::{ValueEnum, Parser};
[INFO] [stdout]   |                       ^^^^^^
[INFO] [stdout] 
[INFO] [stdout] 
[INFO] [stdout] warning: unused variable: `start`
[INFO] [stdout]    --> src/crawler.rs:123:21
[INFO] [stdout]     |
[INFO] [stdout] 123 |                 let start = std::time::Instant::now();
[INFO] [stdout]     |                     ^^^^^ help: if this is intentional, prefix it with an underscore: `_start`
[INFO] [stdout]     |
[INFO] [stdout]     = note: `#[warn(unused_variables)]` on by default
[INFO] [stdout] 
[INFO] [stdout] 
[INFO] [stdout] warning: method `fetch_page_with_client` is never used
[INFO] [stdout]    --> src/crawler.rs:311:14
[INFO] [stdout]     |
[INFO] [stdout] 35  | impl Crawler {
[INFO] [stdout]     | ------------ method in this implementation
[INFO] [stdout] ...
[INFO] [stdout] 311 |     async fn fetch_page_with_client(&self, url: &str, client: &Client) -> Result<DocPage> {
[INFO] [stdout]     |              ^^^^^^^^^^^^^^^^^^^^^^
[INFO] [stdout]     |
[INFO] [stdout]     = note: `#[warn(dead_code)]` on by default
[INFO] [stdout] 
[INFO] [stdout] 
[INFO] [stdout] warning: unused import: `error`
[INFO] [stdout]   --> src/crawler.rs:11:34
[INFO] [stdout]    |
[INFO] [stdout] 11 | use tracing::{info, warn, debug, error, instrument};
[INFO] [stdout]    |                                  ^^^^^
[INFO] [stdout]    |
[INFO] [stdout]    = note: `#[warn(unused_imports)]` on by default
[INFO] [stdout] 
[INFO] [stdout] 
[INFO] [stdout] warning: unused import: `Parser`
[INFO] [stdout]  --> src/output.rs:2:23
[INFO] [stdout]   |
[INFO] [stdout] 2 | use clap::{ValueEnum, Parser};
[INFO] [stdout]   |                       ^^^^^^
[INFO] [stdout] 
[INFO] [stdout] 
[INFO] [stdout] warning: unused variable: `start`
[INFO] [stdout]    --> src/crawler.rs:123:21
[INFO] [stdout]     |
[INFO] [stdout] 123 |                 let start = std::time::Instant::now();
[INFO] [stdout]     |                     ^^^^^ help: if this is intentional, prefix it with an underscore: `_start`
[INFO] [stdout]     |
[INFO] [stdout]     = note: `#[warn(unused_variables)]` on by default
[INFO] [stdout] 
[INFO] [stdout] 
[INFO] [stdout] warning: method `fetch_page_with_client` is never used
[INFO] [stdout]    --> src/crawler.rs:311:14
[INFO] [stdout]     |
[INFO] [stdout] 35  | impl Crawler {
[INFO] [stdout]     | ------------ method in this implementation
[INFO] [stdout] ...
[INFO] [stdout] 311 |     async fn fetch_page_with_client(&self, url: &str, client: &Client) -> Result<DocPage> {
[INFO] [stdout]     |              ^^^^^^^^^^^^^^^^^^^^^^
[INFO] [stdout]     |
[INFO] [stdout]     = note: `#[warn(dead_code)]` on by default
[INFO] [stdout] 
[INFO] [stdout] 
[INFO] [stderr]     Finished `dev` profile [unoptimized + debuginfo] target(s) in 1m 12s
[INFO] running `Command { std: "docker" "inspect" "1919ef6d4adeec4a777a37c4ea60def4a2531e31e07dbc32492592210d203eda", kill_on_drop: false }`
[INFO] running `Command { std: "docker" "rm" "-f" "1919ef6d4adeec4a777a37c4ea60def4a2531e31e07dbc32492592210d203eda", kill_on_drop: false }`
[INFO] [stdout] 1919ef6d4adeec4a777a37c4ea60def4a2531e31e07dbc32492592210d203eda
[INFO] running `Command { std: "docker" "create" "-v" "/var/lib/crater-agent-workspace/builds/worker-1-tc2/target:/opt/rustwide/target:rw,Z" "-v" "/var/lib/crater-agent-workspace/builds/worker-1-tc2/source:/opt/rustwide/workdir:ro,Z" "-v" "/var/lib/crater-agent-workspace/cargo-home:/opt/rustwide/cargo-home:ro,Z" "-v" "/var/lib/crater-agent-workspace/rustup-home:/opt/rustwide/rustup-home:ro,Z" "-e" "SOURCE_DIR=/opt/rustwide/workdir" "-e" "CARGO_TARGET_DIR=/opt/rustwide/target" "-e" "CARGO_INCREMENTAL=0" "-e" "RUST_BACKTRACE=full" "-e" "RUSTFLAGS=--cap-lints=forbid -Zrandomize-layout" "-e" "RUSTDOCFLAGS=--cap-lints=forbid" "-e" "CARGO_HOME=/opt/rustwide/cargo-home" "-e" "RUSTUP_HOME=/opt/rustwide/rustup-home" "-w" "/opt/rustwide/workdir" "-m" "1610612736" "--user" "0:0" "--network" "none" "ghcr.io/rust-lang/crates-build-env/linux@sha256:819108c5571ea2e421544af4d832f968d213c87fbe3707a016657f43d2f853bc" "/opt/rustwide/cargo-home/bin/cargo" "+nightly-2025-01-18" "test" "--frozen" "--no-run" "--message-format=json", kill_on_drop: false }`
[INFO] [stdout] f429047f05a02f6648f6fdfa37247345098a8d4585f52ada57a9e9f23d5a3df3
[INFO] running `Command { std: "docker" "start" "-a" "f429047f05a02f6648f6fdfa37247345098a8d4585f52ada57a9e9f23d5a3df3", kill_on_drop: false }`
[INFO] [stderr]    Compiling adoc v0.0.2 (/opt/rustwide/workdir)
[INFO] [stdout] warning: unused import: `error`
[INFO] [stdout]   --> src/crawler.rs:11:34
[INFO] [stdout]    |
[INFO] [stdout] 11 | use tracing::{info, warn, debug, error, instrument};
[INFO] [stdout]    |                                  ^^^^^
[INFO] [stdout]    |
[INFO] [stdout]    = note: `#[warn(unused_imports)]` on by default
[INFO] [stdout] 
[INFO] [stdout] 
[INFO] [stdout] warning: unused import: `Parser`
[INFO] [stdout]  --> src/output.rs:2:23
[INFO] [stdout]   |
[INFO] [stdout] 2 | use clap::{ValueEnum, Parser};
[INFO] [stdout]   |                       ^^^^^^
[INFO] [stdout] 
[INFO] [stdout] 
[INFO] [stdout] warning: unused variable: `start`
[INFO] [stdout]    --> src/crawler.rs:123:21
[INFO] [stdout]     |
[INFO] [stdout] 123 |                 let start = std::time::Instant::now();
[INFO] [stdout]     |                     ^^^^^ help: if this is intentional, prefix it with an underscore: `_start`
[INFO] [stdout]     |
[INFO] [stdout]     = note: `#[warn(unused_variables)]` on by default
[INFO] [stdout] 
[INFO] [stdout] 
[INFO] [stdout] warning: method `fetch_page_with_client` is never used
[INFO] [stdout]    --> src/crawler.rs:311:14
[INFO] [stdout]     |
[INFO] [stdout] 35  | impl Crawler {
[INFO] [stdout]     | ------------ method in this implementation
[INFO] [stdout] ...
[INFO] [stdout] 311 |     async fn fetch_page_with_client(&self, url: &str, client: &Client) -> Result<DocPage> {
[INFO] [stdout]     |              ^^^^^^^^^^^^^^^^^^^^^^
[INFO] [stdout]     |
[INFO] [stdout]     = note: `#[warn(dead_code)]` on by default
[INFO] [stdout] 
[INFO] [stdout] 
[INFO] [stdout] warning: unused import: `error`
[INFO] [stdout]   --> src/crawler.rs:11:34
[INFO] [stdout]    |
[INFO] [stdout] 11 | use tracing::{info, warn, debug, error, instrument};
[INFO] [stdout]    |                                  ^^^^^
[INFO] [stdout]    |
[INFO] [stdout]    = note: `#[warn(unused_imports)]` on by default
[INFO] [stdout] 
[INFO] [stdout] 
[INFO] [stdout] warning: unused import: `Parser`
[INFO] [stdout]  --> src/output.rs:2:23
[INFO] [stdout]   |
[INFO] [stdout] 2 | use clap::{ValueEnum, Parser};
[INFO] [stdout]   |                       ^^^^^^
[INFO] [stdout] 
[INFO] [stdout] 
[INFO] [stdout] warning: unused variable: `start`
[INFO] [stdout]    --> src/crawler.rs:123:21
[INFO] [stdout]     |
[INFO] [stdout] 123 |                 let start = std::time::Instant::now();
[INFO] [stdout]     |                     ^^^^^ help: if this is intentional, prefix it with an underscore: `_start`
[INFO] [stdout]     |
[INFO] [stdout]     = note: `#[warn(unused_variables)]` on by default
[INFO] [stdout] 
[INFO] [stdout] 
[INFO] [stdout] warning: method `fetch_page_with_client` is never used
[INFO] [stdout]    --> src/crawler.rs:311:14
[INFO] [stdout]     |
[INFO] [stdout] 35  | impl Crawler {
[INFO] [stdout]     | ------------ method in this implementation
[INFO] [stdout] ...
[INFO] [stdout] 311 |     async fn fetch_page_with_client(&self, url: &str, client: &Client) -> Result<DocPage> {
[INFO] [stdout]     |              ^^^^^^^^^^^^^^^^^^^^^^
[INFO] [stdout]     |
[INFO] [stdout]     = note: `#[warn(dead_code)]` on by default
[INFO] [stdout] 
[INFO] [stdout] 
[INFO] [stdout] warning: unused import: `DocPage`
[INFO] [stdout]  --> tests/crawler_test.rs:1:45
[INFO] [stdout]   |
[INFO] [stdout] 1 | use adoc::crawler::{Crawler, CrawlerConfig, DocPage};
[INFO] [stdout]   |                                             ^^^^^^^
[INFO] [stdout]   |
[INFO] [stdout]   = note: `#[warn(unused_imports)]` on by default
[INFO] [stdout] 
[INFO] [stdout] 
[INFO] [stdout] warning: unused import: `error`
[INFO] [stdout]   --> src/crawler.rs:11:34
[INFO] [stdout]    |
[INFO] [stdout] 11 | use tracing::{info, warn, debug, error, instrument};
[INFO] [stdout]    |                                  ^^^^^
[INFO] [stdout]    |
[INFO] [stdout]    = note: `#[warn(unused_imports)]` on by default
[INFO] [stdout] 
[INFO] [stdout] 
[INFO] [stdout] warning: unused import: `Parser`
[INFO] [stdout]  --> src/output.rs:2:23
[INFO] [stdout]   |
[INFO] [stdout] 2 | use clap::{ValueEnum, Parser};
[INFO] [stdout]   |                       ^^^^^^
[INFO] [stdout] 
[INFO] [stdout] 
[INFO] [stdout] warning: unused variable: `subscriber`
[INFO] [stdout]  --> tests/crawler_test.rs:7:9
[INFO] [stdout]   |
[INFO] [stdout] 7 |     let subscriber = tracing_subscriber::fmt()
[INFO] [stdout]   |         ^^^^^^^^^^ help: if this is intentional, prefix it with an underscore: `_subscriber`
[INFO] [stdout]   |
[INFO] [stdout]   = note: `#[warn(unused_variables)]` on by default
[INFO] [stdout] 
[INFO] [stdout] 
[INFO] [stdout] warning: unused import: `error`
[INFO] [stdout]   --> src/crawler.rs:11:34
[INFO] [stdout]    |
[INFO] [stdout] 11 | use tracing::{info, warn, debug, error, instrument};
[INFO] [stdout]    |                                  ^^^^^
[INFO] [stdout]    |
[INFO] [stdout]    = note: `#[warn(unused_imports)]` on by default
[INFO] [stdout] 
[INFO] [stdout] 
[INFO] [stdout] warning: unused import: `Parser`
[INFO] [stdout]  --> src/output.rs:2:23
[INFO] [stdout]   |
[INFO] [stdout] 2 | use clap::{ValueEnum, Parser};
[INFO] [stdout]   |                       ^^^^^^
[INFO] [stdout] 
[INFO] [stdout] 
[INFO] [stdout] warning: unused variable: `start`
[INFO] [stdout]    --> src/crawler.rs:123:21
[INFO] [stdout]     |
[INFO] [stdout] 123 |                 let start = std::time::Instant::now();
[INFO] [stdout]     |                     ^^^^^ help: if this is intentional, prefix it with an underscore: `_start`
[INFO] [stdout]     |
[INFO] [stdout]     = note: `#[warn(unused_variables)]` on by default
[INFO] [stdout] 
[INFO] [stdout] 
[INFO] [stdout] warning: unused variable: `start`
[INFO] [stdout]    --> src/crawler.rs:123:21
[INFO] [stdout]     |
[INFO] [stdout] 123 |                 let start = std::time::Instant::now();
[INFO] [stdout]     |                     ^^^^^ help: if this is intentional, prefix it with an underscore: `_start`
[INFO] [stdout]     |
[INFO] [stdout]     = note: `#[warn(unused_variables)]` on by default
[INFO] [stdout] 
[INFO] [stdout] 
[INFO] [stdout] warning: method `fetch_page_with_client` is never used
[INFO] [stdout]    --> src/crawler.rs:311:14
[INFO] [stdout]     |
[INFO] [stdout] 35  | impl Crawler {
[INFO] [stdout]     | ------------ method in this implementation
[INFO] [stdout] ...
[INFO] [stdout] 311 |     async fn fetch_page_with_client(&self, url: &str, client: &Client) -> Result<DocPage> {
[INFO] [stdout]     |              ^^^^^^^^^^^^^^^^^^^^^^
[INFO] [stdout]     |
[INFO] [stdout]     = note: `#[warn(dead_code)]` on by default
[INFO] [stdout] 
[INFO] [stdout] 
[INFO] [stdout] warning: method `fetch_page_with_client` is never used
[INFO] [stdout]    --> src/crawler.rs:311:14
[INFO] [stdout]     |
[INFO] [stdout] 35  | impl Crawler {
[INFO] [stdout]     | ------------ method in this implementation
[INFO] [stdout] ...
[INFO] [stdout] 311 |     async fn fetch_page_with_client(&self, url: &str, client: &Client) -> Result<DocPage> {
[INFO] [stdout]     |              ^^^^^^^^^^^^^^^^^^^^^^
[INFO] [stdout]     |
[INFO] [stdout]     = note: `#[warn(dead_code)]` on by default
[INFO] [stdout] 
[INFO] [stdout] 
[INFO] [stderr]     Finished `test` profile [unoptimized + debuginfo] target(s) in 3.30s
[INFO] running `Command { std: "docker" "inspect" "f429047f05a02f6648f6fdfa37247345098a8d4585f52ada57a9e9f23d5a3df3", kill_on_drop: false }`
[INFO] running `Command { std: "docker" "rm" "-f" "f429047f05a02f6648f6fdfa37247345098a8d4585f52ada57a9e9f23d5a3df3", kill_on_drop: false }`
[INFO] [stdout] f429047f05a02f6648f6fdfa37247345098a8d4585f52ada57a9e9f23d5a3df3
[INFO] running `Command { std: "docker" "create" "-v" "/var/lib/crater-agent-workspace/builds/worker-1-tc2/target:/opt/rustwide/target:rw,Z" "-v" "/var/lib/crater-agent-workspace/builds/worker-1-tc2/source:/opt/rustwide/workdir:ro,Z" "-v" "/var/lib/crater-agent-workspace/cargo-home:/opt/rustwide/cargo-home:ro,Z" "-v" "/var/lib/crater-agent-workspace/rustup-home:/opt/rustwide/rustup-home:ro,Z" "-e" "SOURCE_DIR=/opt/rustwide/workdir" "-e" "CARGO_TARGET_DIR=/opt/rustwide/target" "-e" "CARGO_INCREMENTAL=0" "-e" "RUST_BACKTRACE=full" "-e" "RUSTFLAGS=--cap-lints=forbid -Zrandomize-layout" "-e" "RUSTDOCFLAGS=--cap-lints=forbid" "-e" "CARGO_HOME=/opt/rustwide/cargo-home" "-e" "RUSTUP_HOME=/opt/rustwide/rustup-home" "-w" "/opt/rustwide/workdir" "-m" "1610612736" "--user" "0:0" "--network" "none" "ghcr.io/rust-lang/crates-build-env/linux@sha256:819108c5571ea2e421544af4d832f968d213c87fbe3707a016657f43d2f853bc" "/opt/rustwide/cargo-home/bin/cargo" "+nightly-2025-01-18" "test" "--frozen", kill_on_drop: false }`
[INFO] [stdout] b6a1f1f113ef881b0f2993ee5307226f79177e2867fa0e908973ec00cd514180
[INFO] running `Command { std: "docker" "start" "-a" "b6a1f1f113ef881b0f2993ee5307226f79177e2867fa0e908973ec00cd514180", kill_on_drop: false }`
[INFO] [stderr] warning: unused import: `error`
[INFO] [stderr]   --> src/crawler.rs:11:34
[INFO] [stderr]    |
[INFO] [stderr] 11 | use tracing::{info, warn, debug, error, instrument};
[INFO] [stderr]    |                                  ^^^^^
[INFO] [stderr]    |
[INFO] [stderr]    = note: `#[warn(unused_imports)]` on by default
[INFO] [stderr] 
[INFO] [stderr] warning: unused import: `Parser`
[INFO] [stderr]  --> src/output.rs:2:23
[INFO] [stderr]   |
[INFO] [stderr] 2 | use clap::{ValueEnum, Parser};
[INFO] [stderr]   |                       ^^^^^^
[INFO] [stderr] 
[INFO] [stderr] warning: unused variable: `start`
[INFO] [stderr]    --> src/crawler.rs:123:21
[INFO] [stderr]     |
[INFO] [stderr] 123 |                 let start = std::time::Instant::now();
[INFO] [stderr]     |                     ^^^^^ help: if this is intentional, prefix it with an underscore: `_start`
[INFO] [stderr]     |
[INFO] [stderr]     = note: `#[warn(unused_variables)]` on by default
[INFO] [stderr] 
[INFO] [stderr] warning: method `fetch_page_with_client` is never used
[INFO] [stderr]    --> src/crawler.rs:311:14
[INFO] [stderr]     |
[INFO] [stderr] 35  | impl Crawler {
[INFO] [stderr]     | ------------ method in this implementation
[INFO] [stderr] ...
[INFO] [stderr] 311 |     async fn fetch_page_with_client(&self, url: &str, client: &Client) -> Result<DocPage> {
[INFO] [stderr]     |              ^^^^^^^^^^^^^^^^^^^^^^
[INFO] [stderr]     |
[INFO] [stderr]     = note: `#[warn(dead_code)]` on by default
[INFO] [stderr] 
[INFO] [stderr] warning: `adoc` (lib) generated 4 warnings (run `cargo fix --lib -p adoc` to apply 2 suggestions)
[INFO] [stderr] warning: `adoc` (lib test) generated 4 warnings (4 duplicates)
[INFO] [stderr] warning: unused import: `DocPage`
[INFO] [stderr]  --> tests/crawler_test.rs:1:45
[INFO] [stderr]   |
[INFO] [stderr] 1 | use adoc::crawler::{Crawler, CrawlerConfig, DocPage};
[INFO] [stderr]   |                                             ^^^^^^^
[INFO] [stderr]   |
[INFO] [stderr]   = note: `#[warn(unused_imports)]` on by default
[INFO] [stderr] 
[INFO] [stderr] warning: unused variable: `subscriber`
[INFO] [stderr]  --> tests/crawler_test.rs:7:9
[INFO] [stderr]   |
[INFO] [stderr] 7 |     let subscriber = tracing_subscriber::fmt()
[INFO] [stderr]   |         ^^^^^^^^^^ help: if this is intentional, prefix it with an underscore: `_subscriber`
[INFO] [stderr]   |
[INFO] [stderr]   = note: `#[warn(unused_variables)]` on by default
[INFO] [stderr] 
[INFO] [stderr] warning: `adoc` (test "crawler_test") generated 2 warnings (run `cargo fix --test "crawler_test"` to apply 1 suggestion)
[INFO] [stderr] warning: `adoc` (bin "adoc" test) generated 4 warnings (4 duplicates)
[INFO] [stderr] warning: `adoc` (bin "adoc") generated 4 warnings (4 duplicates)
[INFO] [stderr]     Finished `test` profile [unoptimized + debuginfo] target(s) in 0.30s
[INFO] [stderr]      Running unittests src/lib.rs (/opt/rustwide/target/debug/deps/adoc-e94e1da61cbb326d)
[INFO] [stdout] 
[INFO] [stdout] running 0 tests
[INFO] [stdout] 
[INFO] [stdout] test result: ok. 0 passed; 0 failed; 0 ignored; 0 measured; 0 filtered out; finished in 0.00s
[INFO] [stdout] 
[INFO] [stderr]      Running unittests src/main.rs (/opt/rustwide/target/debug/deps/adoc-5e7873655e8c77c3)
[INFO] [stdout] 
[INFO] [stdout] running 0 tests
[INFO] [stdout] 
[INFO] [stdout] test result: ok. 0 passed; 0 failed; 0 ignored; 0 measured; 0 filtered out; finished in 0.00s
[INFO] [stdout] 
[INFO] [stderr]      Running tests/crawler_test.rs (/opt/rustwide/target/debug/deps/crawler_test-bd97cd04e8a4980d)
[INFO] [stdout] 
[INFO] [stdout] running 2 tests
[INFO] [stdout] test test_search_and_crawl ... FAILED
[INFO] [stdout] test test_crawler_with_logging ... FAILED
[INFO] [stdout] 
[INFO] [stdout] failures:
[INFO] [stdout] 
[INFO] [stdout] ---- test_search_and_crawl stdout ----
[INFO] [stdout] [2m2025-01-20T15:38:26.795354Z[0m [34mDEBUG[0m [1mcrawl_url[0m[1m{[0m[3murl[0m[2m=[0m"https://developer.apple.com/search/index.php?q=SwiftUI" [3mrecursive[0m[2m=[0mfalse[1m}[0m[2m:[0m [2madoc::crawler[0m[2m:[0m 添加 URL 到已访问列表: https://developer.apple.com/search/index.php?q=SwiftUI
[INFO] [stdout] [2m2025-01-20T15:38:26.795414Z[0m [34mDEBUG[0m [1mcrawl_url[0m[1m{[0m[3murl[0m[2m=[0m"https://developer.apple.com/search/index.php?q=SwiftUI" [3mrecursive[0m[2m=[0mfalse[1m}[0m[2m:[0m [2madoc::crawler[0m[2m:[0m 开始求页面: https://developer.apple.com/search/index.php?q=SwiftUI
[INFO] [stdout] [2m2025-01-20T15:38:26.795824Z[0m [34mDEBUG[0m [1mcrawl_url[0m[1m{[0m[3murl[0m[2m=[0m"https://developer.apple.com/search/index.php?q=SwiftUI" [3mrecursive[0m[2m=[0mfalse[1m}[0m[2m:[0m [2mreqwest::connect[0m[2m:[0m starting new connection: https://developer.apple.com/    
[INFO] [stdout] [2m2025-01-20T15:38:26.796111Z[0m [34mDEBUG[0m [2mhyper::client::connect::dns[0m[2m:[0m resolving host="developer.apple.com"
[INFO] [stdout] [2m2025-01-20T15:38:26.798650Z[0m [33m WARN[0m [1mcrawl_url[0m[1m{[0m[3murl[0m[2m=[0m"https://developer.apple.com/search/index.php?q=SwiftUI" [3mrecursive[0m[2m=[0mfalse[1m}[0m[2m:[0m [2madoc::crawler[0m[2m:[0m 请求失败，准备重试: https://developer.apple.com/search/index.php?q=SwiftUI, 错误: error sending request for url (https://developer.apple.com/search/index.php?q=SwiftUI): error trying to connect: dns error: failed to lookup address information: Temporary failure in name resolution
[INFO] [stdout] [2m2025-01-20T15:38:27.353699Z[0m [34mDEBUG[0m [1mcrawl_url[0m[1m{[0m[3murl[0m[2m=[0m"https://developer.apple.com/search/index.php?q=SwiftUI" [3mrecursive[0m[2m=[0mfalse[1m}[0m[2m:[0m [2mreqwest::connect[0m[2m:[0m starting new connection: https://developer.apple.com/    
[INFO] [stdout] [2m2025-01-20T15:38:27.353901Z[0m [34mDEBUG[0m [2mhyper::client::connect::dns[0m[2m:[0m resolving host="developer.apple.com"
[INFO] [stdout] [2m2025-01-20T15:38:27.354279Z[0m [33m WARN[0m [1mcrawl_url[0m[1m{[0m[3murl[0m[2m=[0m"https://developer.apple.com/search/index.php?q=SwiftUI" [3mrecursive[0m[2m=[0mfalse[1m}[0m[2m:[0m [2madoc::crawler[0m[2m:[0m 请求失败，准备重试: https://developer.apple.com/search/index.php?q=SwiftUI, 错误: error sending request for url (https://developer.apple.com/search/index.php?q=SwiftUI): error trying to connect: dns error: failed to lookup address information: Temporary failure in name resolution
[INFO] [stdout] [2m2025-01-20T15:38:27.964479Z[0m [34mDEBUG[0m [1mcrawl_url[0m[1m{[0m[3murl[0m[2m=[0m"https://developer.apple.com/search/index.php?q=SwiftUI" [3mrecursive[0m[2m=[0mfalse[1m}[0m[2m:[0m [2mreqwest::connect[0m[2m:[0m starting new connection: https://developer.apple.com/    
[INFO] [stdout] [2m2025-01-20T15:38:27.964706Z[0m [34mDEBUG[0m [2mhyper::client::connect::dns[0m[2m:[0m resolving host="developer.apple.com"
[INFO] [stdout] [2m2025-01-20T15:38:27.965041Z[0m [33m WARN[0m [1mcrawl_url[0m[1m{[0m[3murl[0m[2m=[0m"https://developer.apple.com/search/index.php?q=SwiftUI" [3mrecursive[0m[2m=[0mfalse[1m}[0m[2m:[0m [2madoc::crawler[0m[2m:[0m 请求失败，准备重试: https://developer.apple.com/search/index.php?q=SwiftUI, 错误: error sending request for url (https://developer.apple.com/search/index.php?q=SwiftUI): error trying to connect: dns error: failed to lookup address information: Temporary failure in name resolution
[INFO] [stdout] [2m2025-01-20T15:38:28.579666Z[0m [34mDEBUG[0m [1mcrawl_url[0m[1m{[0m[3murl[0m[2m=[0m"https://developer.apple.com/search/index.php?q=SwiftUI" [3mrecursive[0m[2m=[0mfalse[1m}[0m[2m:[0m [2mreqwest::connect[0m[2m:[0m starting new connection: https://developer.apple.com/    
[INFO] [stdout] [2m2025-01-20T15:38:28.579838Z[0m [34mDEBUG[0m [2mhyper::client::connect::dns[0m[2m:[0m resolving host="developer.apple.com"
[INFO] [stdout] [2m2025-01-20T15:38:28.580191Z[0m [33m WARN[0m [1mcrawl_url[0m[1m{[0m[3murl[0m[2m=[0m"https://developer.apple.com/search/index.php?q=SwiftUI" [3mrecursive[0m[2m=[0mfalse[1m}[0m[2m:[0m [2madoc::crawler[0m[2m:[0m 请求失败，准备重试: https://developer.apple.com/search/index.php?q=SwiftUI, 错误: error sending request for url (https://developer.apple.com/search/index.php?q=SwiftUI): error trying to connect: dns error: failed to lookup address information: Temporary failure in name resolution
[INFO] [stdout] [2m2025-01-20T15:38:30.427540Z[0m [34mDEBUG[0m [1mcrawl_url[0m[1m{[0m[3murl[0m[2m=[0m"https://developer.apple.com/search/index.php?q=SwiftUI" [3mrecursive[0m[2m=[0mfalse[1m}[0m[2m:[0m [2mreqwest::connect[0m[2m:[0m starting new connection: https://developer.apple.com/    
[INFO] [stdout] [2m2025-01-20T15:38:30.427778Z[0m [34mDEBUG[0m [2mhyper::client::connect::dns[0m[2m:[0m resolving host="developer.apple.com"
[INFO] [stdout] [2m2025-01-20T15:38:30.428106Z[0m [33m WARN[0m [1mcrawl_url[0m[1m{[0m[3murl[0m[2m=[0m"https://developer.apple.com/search/index.php?q=SwiftUI" [3mrecursive[0m[2m=[0mfalse[1m}[0m[2m:[0m [2madoc::crawler[0m[2m:[0m 请求失败，准备重试: https://developer.apple.com/search/index.php?q=SwiftUI, 错误: error sending request for url (https://developer.apple.com/search/index.php?q=SwiftUI): error trying to connect: dns error: failed to lookup address information: Temporary failure in name resolution
[INFO] [stdout] [2m2025-01-20T15:38:31.977623Z[0m [34mDEBUG[0m [1mcrawl_url[0m[1m{[0m[3murl[0m[2m=[0m"https://developer.apple.com/search/index.php?q=SwiftUI" [3mrecursive[0m[2m=[0mfalse[1m}[0m[2m:[0m [2mreqwest::connect[0m[2m:[0m starting new connection: https://developer.apple.com/    
[INFO] [stdout] [2m2025-01-20T15:38:31.977777Z[0m [34mDEBUG[0m [2mhyper::client::connect::dns[0m[2m:[0m resolving host="developer.apple.com"
[INFO] [stdout] [2m2025-01-20T15:38:31.978037Z[0m [33m WARN[0m [1mcrawl_url[0m[1m{[0m[3murl[0m[2m=[0m"https://developer.apple.com/search/index.php?q=SwiftUI" [3mrecursive[0m[2m=[0mfalse[1m}[0m[2m:[0m [2madoc::crawler[0m[2m:[0m 请求失败，准备重试: https://developer.apple.com/search/index.php?q=SwiftUI, 错误: error sending request for url (https://developer.apple.com/search/index.php?q=SwiftUI): error trying to connect: dns error: failed to lookup address information: Temporary failure in name resolution
[INFO] [stdout] [2m2025-01-20T15:38:34.746664Z[0m [34mDEBUG[0m [1mcrawl_url[0m[1m{[0m[3murl[0m[2m=[0m"https://developer.apple.com/search/index.php?q=SwiftUI" [3mrecursive[0m[2m=[0mfalse[1m}[0m[2m:[0m [2mreqwest::connect[0m[2m:[0m starting new connection: https://developer.apple.com/    
[INFO] [stdout] [2m2025-01-20T15:38:34.746860Z[0m [34mDEBUG[0m [2mhyper::client::connect::dns[0m[2m:[0m resolving host="developer.apple.com"
[INFO] [stdout] [2m2025-01-20T15:38:34.747172Z[0m [33m WARN[0m [1mcrawl_url[0m[1m{[0m[3murl[0m[2m=[0m"https://developer.apple.com/search/index.php?q=SwiftUI" [3mrecursive[0m[2m=[0mfalse[1m}[0m[2m:[0m [2madoc::crawler[0m[2m:[0m 请求失败，准备重试: https://developer.apple.com/search/index.php?q=SwiftUI, 错误: error sending request for url (https://developer.apple.com/search/index.php?q=SwiftUI): error trying to connect: dns error: failed to lookup address information: Temporary failure in name resolution
[INFO] [stdout] [2m2025-01-20T15:38:39.519291Z[0m [34mDEBUG[0m [1mcrawl_url[0m[1m{[0m[3murl[0m[2m=[0m"https://developer.apple.com/search/index.php?q=SwiftUI" [3mrecursive[0m[2m=[0mfalse[1m}[0m[2m:[0m [2mreqwest::connect[0m[2m:[0m starting new connection: https://developer.apple.com/    
[INFO] [stdout] [2m2025-01-20T15:38:39.519506Z[0m [34mDEBUG[0m [2mhyper::client::connect::dns[0m[2m:[0m resolving host="developer.apple.com"
[INFO] [stdout] [2m2025-01-20T15:38:39.519803Z[0m [33m WARN[0m [1mcrawl_url[0m[1m{[0m[3murl[0m[2m=[0m"https://developer.apple.com/search/index.php?q=SwiftUI" [3mrecursive[0m[2m=[0mfalse[1m}[0m[2m:[0m [2madoc::crawler[0m[2m:[0m 请求失败，准备重试: https://developer.apple.com/search/index.php?q=SwiftUI, 错误: error sending request for url (https://developer.apple.com/search/index.php?q=SwiftUI): error trying to connect: dns error: failed to lookup address information: Temporary failure in name resolution
[INFO] [stdout] [2m2025-01-20T15:38:47.849488Z[0m [34mDEBUG[0m [1mcrawl_url[0m[1m{[0m[3murl[0m[2m=[0m"https://developer.apple.com/search/index.php?q=SwiftUI" [3mrecursive[0m[2m=[0mfalse[1m}[0m[2m:[0m [2mreqwest::connect[0m[2m:[0m starting new connection: https://developer.apple.com/    
[INFO] [stdout] [2m2025-01-20T15:38:47.849655Z[0m [34mDEBUG[0m [2mhyper::client::connect::dns[0m[2m:[0m resolving host="developer.apple.com"
[INFO] [stdout] [2m2025-01-20T15:38:47.849909Z[0m [33m WARN[0m [1mcrawl_url[0m[1m{[0m[3murl[0m[2m=[0m"https://developer.apple.com/search/index.php?q=SwiftUI" [3mrecursive[0m[2m=[0mfalse[1m}[0m[2m:[0m [2madoc::crawler[0m[2m:[0m 请求失败，准备重试: https://developer.apple.com/search/index.php?q=SwiftUI, 错误: error sending request for url (https://developer.apple.com/search/index.php?q=SwiftUI): error trying to connect: dns error: failed to lookup address information: Temporary failure in name resolution
[INFO] [stdout] 
[INFO] [stdout] thread 'test_search_and_crawl' panicked at tests/crawler_test.rs:49:68:
[INFO] [stdout] called `Result::unwrap()` on an `Err` value: error sending request for url (https://developer.apple.com/search/index.php?q=SwiftUI): error trying to connect: dns error: failed to lookup address information: Temporary failure in name resolution
[INFO] [stdout] 
[INFO] [stdout] Caused by:
[INFO] [stdout]     0: error trying to connect: dns error: failed to lookup address information: Temporary failure in name resolution
[INFO] [stdout]     1: dns error: failed to lookup address information: Temporary failure in name resolution
[INFO] [stdout]     2: failed to lookup address information: Temporary failure in name resolution
[INFO] [stdout] 
[INFO] [stdout] Stack backtrace:
[INFO] [stdout]    0: anyhow::error::<impl core::convert::From<E> for anyhow::Error>::from
[INFO] [stdout]              at /opt/rustwide/cargo-home/registry/src/index.crates.io-1949cf8c6b5b557f/anyhow-1.0.94/src/backtrace.rs:27:14
[INFO] [stdout]    1: <core::result::Result<T,F> as core::ops::try_trait::FromResidual<core::result::Result<core::convert::Infallible,E>>>::from_residual
[INFO] [stdout]              at /rustc/6067b36314ab5eb2eb47cecc464545ba58e1ad24/library/core/src/result.rs:2014:27
[INFO] [stdout]    2: adoc::crawler::Crawler::fetch_page::{{closure}}
[INFO] [stdout]              at ./src/crawler.rs:246:24
[INFO] [stdout]    3: adoc::crawler::Crawler::crawl_url::{{closure}}::{{closure}}
[INFO] [stdout]              at ./src/crawler.rs:83:41
[INFO] [stdout]    4: <tracing::instrument::Instrumented<T> as core::future::future::Future>::poll
[INFO] [stdout]              at /opt/rustwide/cargo-home/registry/src/index.crates.io-1949cf8c6b5b557f/tracing-0.1.41/src/instrument.rs:321:9
[INFO] [stdout]    5: adoc::crawler::Crawler::crawl_url::{{closure}}
[INFO] [stdout]              at ./src/crawler.rs:59:5
[INFO] [stdout]    6: adoc::crawler::Crawler::search_and_crawl::{{closure}}
[INFO] [stdout]              at ./src/crawler.rs:236:48
[INFO] [stdout]    7: crawler_test::test_search_and_crawl::{{closure}}
[INFO] [stdout]              at ./tests/crawler_test.rs:49:62
[INFO] [stdout]    8: <core::pin::Pin<P> as core::future::future::Future>::poll
[INFO] [stdout]              at /rustc/6067b36314ab5eb2eb47cecc464545ba58e1ad24/library/core/src/future/future.rs:124:9
[INFO] [stdout]    9: <core::pin::Pin<P> as core::future::future::Future>::poll
[INFO] [stdout]              at /rustc/6067b36314ab5eb2eb47cecc464545ba58e1ad24/library/core/src/future/future.rs:124:9
[INFO] [stdout]   10: tokio::runtime::scheduler::current_thread::CoreGuard::block_on::{{closure}}::{{closure}}::{{closure}}
[INFO] [stdout]              at /opt/rustwide/cargo-home/registry/src/index.crates.io-1949cf8c6b5b557f/tokio-1.42.0/src/runtime/scheduler/current_thread/mod.rs:729:57
[INFO] [stdout]   11: tokio::runtime::coop::with_budget
[INFO] [stdout]              at /opt/rustwide/cargo-home/registry/src/index.crates.io-1949cf8c6b5b557f/tokio-1.42.0/src/runtime/coop.rs:107:5
[INFO] [stdout]   12: tokio::runtime::coop::budget
[INFO] [stdout]              at /opt/rustwide/cargo-home/registry/src/index.crates.io-1949cf8c6b5b557f/tokio-1.42.0/src/runtime/coop.rs:73:5
[INFO] [stdout]   13: tokio::runtime::scheduler::current_thread::CoreGuard::block_on::{{closure}}::{{closure}}
[INFO] [stdout]              at /opt/rustwide/cargo-home/registry/src/index.crates.io-1949cf8c6b5b557f/tokio-1.42.0/src/runtime/scheduler/current_thread/mod.rs:729:25
[INFO] [stdout]   14: tokio::runtime::scheduler::current_thread::Context::enter
[INFO] [stdout]              at /opt/rustwide/cargo-home/registry/src/index.crates.io-1949cf8c6b5b557f/tokio-1.42.0/src/runtime/scheduler/current_thread/mod.rs:428:19
[INFO] [stdout]   15: tokio::runtime::scheduler::current_thread::CoreGuard::block_on::{{closure}}
[INFO] [stdout]              at /opt/rustwide/cargo-home/registry/src/index.crates.io-1949cf8c6b5b557f/tokio-1.42.0/src/runtime/scheduler/current_thread/mod.rs:728:36
[INFO] [stdout]   16: tokio::runtime::scheduler::current_thread::CoreGuard::enter::{{closure}}
[INFO] [stdout]              at /opt/rustwide/cargo-home/registry/src/index.crates.io-1949cf8c6b5b557f/tokio-1.42.0/src/runtime/scheduler/current_thread/mod.rs:807:68
[INFO] [stdout]   17: tokio::runtime::context::scoped::Scoped<T>::set
[INFO] [stdout]              at /opt/rustwide/cargo-home/registry/src/index.crates.io-1949cf8c6b5b557f/tokio-1.42.0/src/runtime/context/scoped.rs:40:9
[INFO] [stdout]   18: tokio::runtime::context::set_scheduler::{{closure}}
[INFO] [stdout]              at /opt/rustwide/cargo-home/registry/src/index.crates.io-1949cf8c6b5b557f/tokio-1.42.0/src/runtime/context.rs:180:26
[INFO] [stdout]   19: std::thread::local::LocalKey<T>::try_with
[INFO] [stdout]              at /rustc/6067b36314ab5eb2eb47cecc464545ba58e1ad24/library/std/src/thread/local.rs:308:12
[INFO] [stdout]   20: std::thread::local::LocalKey<T>::with
[INFO] [stdout]              at /rustc/6067b36314ab5eb2eb47cecc464545ba58e1ad24/library/std/src/thread/local.rs:272:9
[INFO] [stdout]   21: tokio::runtime::context::set_scheduler
[INFO] [stdout]              at /opt/rustwide/cargo-home/registry/src/index.crates.io-1949cf8c6b5b557f/tokio-1.42.0/src/runtime/context.rs:180:9
[INFO] [stdout]   22: tokio::runtime::scheduler::current_thread::CoreGuard::enter
[INFO] [stdout]              at /opt/rustwide/cargo-home/registry/src/index.crates.io-1949cf8c6b5b557f/tokio-1.42.0/src/runtime/scheduler/current_thread/mod.rs:807:27
[INFO] [stdout]   23: tokio::runtime::scheduler::current_thread::CoreGuard::block_on
[INFO] [stdout]              at /opt/rustwide/cargo-home/registry/src/index.crates.io-1949cf8c6b5b557f/tokio-1.42.0/src/runtime/scheduler/current_thread/mod.rs:716:19
[INFO] [stdout]   24: tokio::runtime::scheduler::current_thread::CurrentThread::block_on::{{closure}}
[INFO] [stdout]              at /opt/rustwide/cargo-home/registry/src/index.crates.io-1949cf8c6b5b557f/tokio-1.42.0/src/runtime/scheduler/current_thread/mod.rs:196:28
[INFO] [stdout]   25: tokio::runtime::context::runtime::enter_runtime
[INFO] [stdout]              at /opt/rustwide/cargo-home/registry/src/index.crates.io-1949cf8c6b5b557f/tokio-1.42.0/src/runtime/context/runtime.rs:65:16
[INFO] [stdout]   26: tokio::runtime::scheduler::current_thread::CurrentThread::block_on
[INFO] [stdout]              at /opt/rustwide/cargo-home/registry/src/index.crates.io-1949cf8c6b5b557f/tokio-1.42.0/src/runtime/scheduler/current_thread/mod.rs:184:9
[INFO] [stdout]   27: tokio::runtime::runtime::Runtime::block_on_inner
[INFO] [stdout]              at /opt/rustwide/cargo-home/registry/src/index.crates.io-1949cf8c6b5b557f/tokio-1.42.0/src/runtime/runtime.rs:368:47
[INFO] [stdout]   28: tokio::runtime::runtime::Runtime::block_on
[INFO] [stdout]              at /opt/rustwide/cargo-home/registry/src/index.crates.io-1949cf8c6b5b557f/tokio-1.42.0/src/runtime/runtime.rs:342:13
[INFO] [stdout]   29: crawler_test::test_search_and_crawl
[INFO] [stdout]              at ./tests/crawler_test.rs:51:5
[INFO] [stdout]   30: crawler_test::test_search_and_crawl::{{closure}}
[INFO] [stdout]              at ./tests/crawler_test.rs:40:33
[INFO] [stdout]   31: core::ops::function::FnOnce::call_once
[INFO] [stdout]              at /rustc/6067b36314ab5eb2eb47cecc464545ba58e1ad24/library/core/src/ops/function.rs:250:5
[INFO] [stdout]   32: core::ops::function::FnOnce::call_once
[INFO] [stdout]              at /rustc/6067b36314ab5eb2eb47cecc464545ba58e1ad24/library/core/src/ops/function.rs:250:5
[INFO] [stdout]   33: test::__rust_begin_short_backtrace
[INFO] [stdout]              at /rustc/6067b36314ab5eb2eb47cecc464545ba58e1ad24/library/test/src/lib.rs:632:18
[INFO] [stdout]   34: test::run_test_in_process::{{closure}}
[INFO] [stdout]              at /rustc/6067b36314ab5eb2eb47cecc464545ba58e1ad24/library/test/src/lib.rs:655:60
[INFO] [stdout]   35: <core::panic::unwind_safe::AssertUnwindSafe<F> as core::ops::function::FnOnce<()>>::call_once
[INFO] [stdout]              at /rustc/6067b36314ab5eb2eb47cecc464545ba58e1ad24/library/core/src/panic/unwind_safe.rs:272:9
[INFO] [stdout]   36: std::panicking::try::do_call
[INFO] [stdout]              at /rustc/6067b36314ab5eb2eb47cecc464545ba58e1ad24/library/std/src/panicking.rs:587:40
[INFO] [stdout]   37: std::panicking::try
[INFO] [stdout]              at /rustc/6067b36314ab5eb2eb47cecc464545ba58e1ad24/library/std/src/panicking.rs:550:19
[INFO] [stdout]   38: std::panic::catch_unwind
[INFO] [stdout]              at /rustc/6067b36314ab5eb2eb47cecc464545ba58e1ad24/library/std/src/panic.rs:358:14
[INFO] [stdout]   39: test::run_test_in_process
[INFO] [stdout]              at /rustc/6067b36314ab5eb2eb47cecc464545ba58e1ad24/library/test/src/lib.rs:655:27
[INFO] [stdout]   40: test::run_test::{{closure}}
[INFO] [stdout]              at /rustc/6067b36314ab5eb2eb47cecc464545ba58e1ad24/library/test/src/lib.rs:576:43
[INFO] [stdout]   41: test::run_test::{{closure}}
[INFO] [stdout]              at /rustc/6067b36314ab5eb2eb47cecc464545ba58e1ad24/library/test/src/lib.rs:606:41
[INFO] [stdout]   42: std::sys::backtrace::__rust_begin_short_backtrace
[INFO] [stdout]              at /rustc/6067b36314ab5eb2eb47cecc464545ba58e1ad24/library/std/src/sys/backtrace.rs:152:18
[INFO] [stdout]   43: std::thread::Builder::spawn_unchecked_::{{closure}}::{{closure}}
[INFO] [stdout]              at /rustc/6067b36314ab5eb2eb47cecc464545ba58e1ad24/library/std/src/thread/mod.rs:559:17
[INFO] [stdout]   44: <core::panic::unwind_safe::AssertUnwindSafe<F> as core::ops::function::FnOnce<()>>::call_once
[INFO] [stdout]              at /rustc/6067b36314ab5eb2eb47cecc464545ba58e1ad24/library/core/src/panic/unwind_safe.rs:272:9
[INFO] [stdout]   45: std::panicking::try::do_call
[INFO] [stdout]              at /rustc/6067b36314ab5eb2eb47cecc464545ba58e1ad24/library/std/src/panicking.rs:587:40
[INFO] [stdout]   46: std::panicking::try
[INFO] [stdout]              at /rustc/6067b36314ab5eb2eb47cecc464545ba58e1ad24/library/std/src/panicking.rs:550:19
[INFO] [stdout]   47: std::panic::catch_unwind
[INFO] [stdout]              at /rustc/6067b36314ab5eb2eb47cecc464545ba58e1ad24/library/std/src/panic.rs:358:14
[INFO] [stdout]   48: std::thread::Builder::spawn_unchecked_::{{closure}}
[INFO] [stdout]              at /rustc/6067b36314ab5eb2eb47cecc464545ba58e1ad24/library/std/src/thread/mod.rs:557:30
[INFO] [stdout]   49: core::ops::function::FnOnce::call_once{{vtable.shim}}
[INFO] [stdout]              at /rustc/6067b36314ab5eb2eb47cecc464545ba58e1ad24/library/core/src/ops/function.rs:250:5
[INFO] [stdout]   50: <alloc::boxed::Box<F,A> as core::ops::function::FnOnce<Args>>::call_once
[INFO] [stdout]              at /rustc/6067b36314ab5eb2eb47cecc464545ba58e1ad24/library/alloc/src/boxed.rs:2013:9
[INFO] [stdout]   51: <alloc::boxed::Box<F,A> as core::ops::function::FnOnce<Args>>::call_once
[INFO] [stdout]              at /rustc/6067b36314ab5eb2eb47cecc464545ba58e1ad24/library/alloc/src/boxed.rs:2013:9
[INFO] [stdout]   52: std::sys::pal::unix::thread::Thread::new::thread_start
[INFO] [stdout]              at /rustc/6067b36314ab5eb2eb47cecc464545ba58e1ad24/library/std/src/sys/pal/unix/thread.rs:106:17
[INFO] [stdout]   53: <unknown>
[INFO] [stdout]   54: clone
[INFO] [stdout] stack backtrace:
[INFO] [stdout]    0:     0x56aabfc6c6ca - std::backtrace_rs::backtrace::libunwind::trace::hb059275cfc8d6126
[INFO] [stdout]                                at /rustc/6067b36314ab5eb2eb47cecc464545ba58e1ad24/library/std/src/../../backtrace/src/backtrace/libunwind.rs:116:5
[INFO] [stdout]    1:     0x56aabfc6c6ca - std::backtrace_rs::backtrace::trace_unsynchronized::h2da071e4327ce3ee
[INFO] [stdout]                                at /rustc/6067b36314ab5eb2eb47cecc464545ba58e1ad24/library/std/src/../../backtrace/src/backtrace/mod.rs:66:5
[INFO] [stdout]    2:     0x56aabfc6c6ca - std::sys::backtrace::_print_fmt::h842a1474e6f8d23f
[INFO] [stdout]                                at /rustc/6067b36314ab5eb2eb47cecc464545ba58e1ad24/library/std/src/sys/backtrace.rs:66:9
[INFO] [stdout]    3:     0x56aabfc6c6ca - <std::sys::backtrace::BacktraceLock::print::DisplayBacktrace as core::fmt::Display>::fmt::h71a62eb3b9696b12
[INFO] [stdout]                                at /rustc/6067b36314ab5eb2eb47cecc464545ba58e1ad24/library/std/src/sys/backtrace.rs:39:26
[INFO] [stdout]    4:     0x56aabfc99b23 - core::fmt::rt::Argument::fmt::hdb6b616786b41dc1
[INFO] [stdout]                                at /rustc/6067b36314ab5eb2eb47cecc464545ba58e1ad24/library/core/src/fmt/rt.rs:177:76
[INFO] [stdout]    5:     0x56aabfc99b23 - core::fmt::write::h2cc1698af7e2d686
[INFO] [stdout]                                at /rustc/6067b36314ab5eb2eb47cecc464545ba58e1ad24/library/core/src/fmt/mod.rs:1440:21
[INFO] [stdout]    6:     0x56aabfc68303 - std::io::Write::write_fmt::hab1b4cd059a79022
[INFO] [stdout]                                at /rustc/6067b36314ab5eb2eb47cecc464545ba58e1ad24/library/std/src/io/mod.rs:1887:15
[INFO] [stdout]    7:     0x56aabfc6c512 - std::sys::backtrace::BacktraceLock::print::h147fe35b4ea13b08
[INFO] [stdout]                                at /rustc/6067b36314ab5eb2eb47cecc464545ba58e1ad24/library/std/src/sys/backtrace.rs:42:9
[INFO] [stdout]    8:     0x56aabfc6daef - std::panicking::default_hook::{{closure}}::hbd44223dbdc0d208
[INFO] [stdout]                                at /rustc/6067b36314ab5eb2eb47cecc464545ba58e1ad24/library/std/src/panicking.rs:298:22
[INFO] [stdout]    9:     0x56aabfc6d908 - std::panicking::default_hook::h20f81eb0576efcec
[INFO] [stdout]                                at /rustc/6067b36314ab5eb2eb47cecc464545ba58e1ad24/library/std/src/panicking.rs:322:9
[INFO] [stdout]   10:     0x56aabf6a4bd3 - <alloc::boxed::Box<F,A> as core::ops::function::Fn<Args>>::call::hdb53814c496a4d34
[INFO] [stdout]                                at /rustc/6067b36314ab5eb2eb47cecc464545ba58e1ad24/library/alloc/src/boxed.rs:2027:9
[INFO] [stdout]   11:     0x56aabf6a4bd3 - test::test_main::{{closure}}::hc0a4963c59427c24
[INFO] [stdout]                                at /rustc/6067b36314ab5eb2eb47cecc464545ba58e1ad24/library/test/src/lib.rs:134:21
[INFO] [stdout]   12:     0x56aabfc6e5e3 - <alloc::boxed::Box<F,A> as core::ops::function::Fn<Args>>::call::h591b2225413a77e9
[INFO] [stdout]                                at /rustc/6067b36314ab5eb2eb47cecc464545ba58e1ad24/library/alloc/src/boxed.rs:2027:9
[INFO] [stdout]   13:     0x56aabfc6e5e3 - std::panicking::rust_panic_with_hook::h625eea43051b2edc
[INFO] [stdout]                                at /rustc/6067b36314ab5eb2eb47cecc464545ba58e1ad24/library/std/src/panicking.rs:839:13
[INFO] [stdout]   14:     0x56aabfc6e29a - std::panicking::begin_panic_handler::{{closure}}::h4f9159cfbc3f6bd3
[INFO] [stdout]                                at /rustc/6067b36314ab5eb2eb47cecc464545ba58e1ad24/library/std/src/panicking.rs:704:13
[INFO] [stdout]   15:     0x56aabfc6cbc9 - std::sys::backtrace::__rust_end_short_backtrace::h0390abce48353151
[INFO] [stdout]                                at /rustc/6067b36314ab5eb2eb47cecc464545ba58e1ad24/library/std/src/sys/backtrace.rs:168:18
[INFO] [stdout]   16:     0x56aabfc6df2d - rust_begin_unwind
[INFO] [stdout]                                at /rustc/6067b36314ab5eb2eb47cecc464545ba58e1ad24/library/std/src/panicking.rs:695:5
[INFO] [stdout]   17:     0x56aabfc96970 - core::panicking::panic_fmt::h9e7c637e9e5f29c9
[INFO] [stdout]                                at /rustc/6067b36314ab5eb2eb47cecc464545ba58e1ad24/library/core/src/panicking.rs:75:14
[INFO] [stdout]   18:     0x56aabfc96e46 - core::result::unwrap_failed::h7979f09313fe1849
[INFO] [stdout]                                at /rustc/6067b36314ab5eb2eb47cecc464545ba58e1ad24/library/core/src/result.rs:1704:5
[INFO] [stdout]   19:     0x56aabf42b8e5 - core::result::Result<T,E>::unwrap::he6daf79be838cb5e
[INFO] [stdout]                                at /rustc/6067b36314ab5eb2eb47cecc464545ba58e1ad24/library/core/src/result.rs:1109:23
[INFO] [stdout]   20:     0x56aabf42b8e5 - crawler_test::test_search_and_crawl::{{closure}}::hda2ee266bd444fdf
[INFO] [stdout]                                at /opt/rustwide/workdir/tests/crawler_test.rs:49:19
[INFO] [stdout]   21:     0x56aabf42a892 - <core::pin::Pin<P> as core::future::future::Future>::poll::hc9bda5e2dbdb694c
[INFO] [stdout]                                at /rustc/6067b36314ab5eb2eb47cecc464545ba58e1ad24/library/core/src/future/future.rs:124:9
[INFO] [stdout]   22:     0x56aabf42a7cd - <core::pin::Pin<P> as core::future::future::Future>::poll::h638b8c1becf82383
[INFO] [stdout]                                at /rustc/6067b36314ab5eb2eb47cecc464545ba58e1ad24/library/core/src/future/future.rs:124:9
[INFO] [stdout]   23:     0x56aabf42a19f - tokio::runtime::scheduler::current_thread::CoreGuard::block_on::{{closure}}::{{closure}}::{{closure}}::hdb0e31696d5e8a73
[INFO] [stdout]                                at /opt/rustwide/cargo-home/registry/src/index.crates.io-1949cf8c6b5b557f/tokio-1.42.0/src/runtime/scheduler/current_thread/mod.rs:729:57
[INFO] [stdout]   24:     0x56aabf429ee5 - tokio::runtime::coop::with_budget::h5b73854dd4102eb2
[INFO] [stdout]                                at /opt/rustwide/cargo-home/registry/src/index.crates.io-1949cf8c6b5b557f/tokio-1.42.0/src/runtime/coop.rs:107:5
[INFO] [stdout]   25:     0x56aabf429ee5 - tokio::runtime::coop::budget::h9eaad87ecbb480c5
[INFO] [stdout]                                at /opt/rustwide/cargo-home/registry/src/index.crates.io-1949cf8c6b5b557f/tokio-1.42.0/src/runtime/coop.rs:73:5
[INFO] [stdout]   26:     0x56aabf429ee5 - tokio::runtime::scheduler::current_thread::CoreGuard::block_on::{{closure}}::{{closure}}::h4f958731c24d77ce
[INFO] [stdout]                                at /opt/rustwide/cargo-home/registry/src/index.crates.io-1949cf8c6b5b557f/tokio-1.42.0/src/runtime/scheduler/current_thread/mod.rs:729:25
[INFO] [stdout]   27:     0x56aabf4273d0 - tokio::runtime::scheduler::current_thread::Context::enter::h51001f64b97ad606
[INFO] [stdout]                                at /opt/rustwide/cargo-home/registry/src/index.crates.io-1949cf8c6b5b557f/tokio-1.42.0/src/runtime/scheduler/current_thread/mod.rs:428:19
[INFO] [stdout]   28:     0x56aabf42974e - tokio::runtime::scheduler::current_thread::CoreGuard::block_on::{{closure}}::hf7f01dad866dc338
[INFO] [stdout]                                at /opt/rustwide/cargo-home/registry/src/index.crates.io-1949cf8c6b5b557f/tokio-1.42.0/src/runtime/scheduler/current_thread/mod.rs:728:36
[INFO] [stdout]   29:     0x56aabf428bc4 - tokio::runtime::scheduler::current_thread::CoreGuard::enter::{{closure}}::h390bdeb0793ae76c
[INFO] [stdout]                                at /opt/rustwide/cargo-home/registry/src/index.crates.io-1949cf8c6b5b557f/tokio-1.42.0/src/runtime/scheduler/current_thread/mod.rs:807:68
[INFO] [stdout]   30:     0x56aabf42658b - tokio::runtime::context::scoped::Scoped<T>::set::h5072266581dc17ee
[INFO] [stdout]                                at /opt/rustwide/cargo-home/registry/src/index.crates.io-1949cf8c6b5b557f/tokio-1.42.0/src/runtime/context/scoped.rs:40:9
[INFO] [stdout]   31:     0x56aabf4421e9 - tokio::runtime::context::set_scheduler::{{closure}}::h11dd8db300e9c715
[INFO] [stdout]                                at /opt/rustwide/cargo-home/registry/src/index.crates.io-1949cf8c6b5b557f/tokio-1.42.0/src/runtime/context.rs:180:26
[INFO] [stdout]   32:     0x56aabf42c512 - std::thread::local::LocalKey<T>::try_with::h632eab6a6e2b5620
[INFO] [stdout]                                at /rustc/6067b36314ab5eb2eb47cecc464545ba58e1ad24/library/std/src/thread/local.rs:308:12
[INFO] [stdout]   33:     0x56aabf42bd4a - std::thread::local::LocalKey<T>::with::h74228c2fb1d99d1c
[INFO] [stdout]                                at /rustc/6067b36314ab5eb2eb47cecc464545ba58e1ad24/library/std/src/thread/local.rs:272:9
[INFO] [stdout]   34:     0x56aabf44215d - tokio::runtime::context::set_scheduler::ha0b9124fe80161b4
[INFO] [stdout]                                at /opt/rustwide/cargo-home/registry/src/index.crates.io-1949cf8c6b5b557f/tokio-1.42.0/src/runtime/context.rs:180:9
[INFO] [stdout]   35:     0x56aabf428538 - tokio::runtime::scheduler::current_thread::CoreGuard::enter::h4682891b72c9b3e8
[INFO] [stdout]                                at /opt/rustwide/cargo-home/registry/src/index.crates.io-1949cf8c6b5b557f/tokio-1.42.0/src/runtime/scheduler/current_thread/mod.rs:807:27
[INFO] [stdout]   36:     0x56aabf428be3 - tokio::runtime::scheduler::current_thread::CoreGuard::block_on::h92c8d5b7f1d2f292
[INFO] [stdout]                                at /opt/rustwide/cargo-home/registry/src/index.crates.io-1949cf8c6b5b557f/tokio-1.42.0/src/runtime/scheduler/current_thread/mod.rs:716:19
[INFO] [stdout]   37:     0x56aabf4269ac - tokio::runtime::scheduler::current_thread::CurrentThread::block_on::{{closure}}::h6c81c49297b08da7
[INFO] [stdout]                                at /opt/rustwide/cargo-home/registry/src/index.crates.io-1949cf8c6b5b557f/tokio-1.42.0/src/runtime/scheduler/current_thread/mod.rs:196:28
[INFO] [stdout]   38:     0x56aabf434da6 - tokio::runtime::context::runtime::enter_runtime::heb8a8dc9dabbb5d3
[INFO] [stdout]                                at /opt/rustwide/cargo-home/registry/src/index.crates.io-1949cf8c6b5b557f/tokio-1.42.0/src/runtime/context/runtime.rs:65:16
[INFO] [stdout]   39:     0x56aabf4266b1 - tokio::runtime::scheduler::current_thread::CurrentThread::block_on::h64a27be64562774e
[INFO] [stdout]                                at /opt/rustwide/cargo-home/registry/src/index.crates.io-1949cf8c6b5b557f/tokio-1.42.0/src/runtime/scheduler/current_thread/mod.rs:184:9
[INFO] [stdout]   40:     0x56aabf435743 - tokio::runtime::runtime::Runtime::block_on_inner::h6844040d5ae9ba5e
[INFO] [stdout]                                at /opt/rustwide/cargo-home/registry/src/index.crates.io-1949cf8c6b5b557f/tokio-1.42.0/src/runtime/runtime.rs:368:47
[INFO] [stdout]   41:     0x56aabf435937 - tokio::runtime::runtime::Runtime::block_on::he123327353dd352d
[INFO] [stdout]                                at /opt/rustwide/cargo-home/registry/src/index.crates.io-1949cf8c6b5b557f/tokio-1.42.0/src/runtime/runtime.rs:342:13
[INFO] [stdout]   42:     0x56aabf42b583 - crawler_test::test_search_and_crawl::ha2f474d2109899bf
[INFO] [stdout]                                at /opt/rustwide/workdir/tests/crawler_test.rs:51:5
[INFO] [stdout]   43:     0x56aabf42b427 - crawler_test::test_search_and_crawl::{{closure}}::h573ea2654166073c
[INFO] [stdout]                                at /opt/rustwide/workdir/tests/crawler_test.rs:40:33
[INFO] [stdout]   44:     0x56aabf420a56 - core::ops::function::FnOnce::call_once::h7b3cb240c2ad9c5e
[INFO] [stdout]                                at /rustc/6067b36314ab5eb2eb47cecc464545ba58e1ad24/library/core/src/ops/function.rs:250:5
[INFO] [stdout]   45:     0x56aabf6aa32b - core::ops::function::FnOnce::call_once::he27718dfdd183f43
[INFO] [stdout]                                at /rustc/6067b36314ab5eb2eb47cecc464545ba58e1ad24/library/core/src/ops/function.rs:250:5
[INFO] [stdout]   46:     0x56aabf6aa32b - test::__rust_begin_short_backtrace::h4e84902998457a5d
[INFO] [stdout]                                at /rustc/6067b36314ab5eb2eb47cecc464545ba58e1ad24/library/test/src/lib.rs:632:18
[INFO] [stdout]   47:     0x56aabf6a9263 - test::run_test_in_process::{{closure}}::h7176fd18fc1feca0
[INFO] [stdout]                                at /rustc/6067b36314ab5eb2eb47cecc464545ba58e1ad24/library/test/src/lib.rs:655:60
[INFO] [stdout]   48:     0x56aabf6a9263 - <core::panic::unwind_safe::AssertUnwindSafe<F> as core::ops::function::FnOnce<()>>::call_once::hf79cff2a624d8cf7
[INFO] [stdout]                                at /rustc/6067b36314ab5eb2eb47cecc464545ba58e1ad24/library/core/src/panic/unwind_safe.rs:272:9
[INFO] [stdout]   49:     0x56aabf6a9263 - std::panicking::try::do_call::h3da0561d9ab99c25
[INFO] [stdout]                                at /rustc/6067b36314ab5eb2eb47cecc464545ba58e1ad24/library/std/src/panicking.rs:587:40
[INFO] [stdout]   50:     0x56aabf6a9263 - std::panicking::try::h41c9fa508bc61df6
[INFO] [stdout]                                at /rustc/6067b36314ab5eb2eb47cecc464545ba58e1ad24/library/std/src/panicking.rs:550:19
[INFO] [stdout]   51:     0x56aabf6a9263 - std::panic::catch_unwind::h6b3ff07bb5afad93
[INFO] [stdout]                                at /rustc/6067b36314ab5eb2eb47cecc464545ba58e1ad24/library/std/src/panic.rs:358:14
[INFO] [stdout]   52:     0x56aabf6a9263 - test::run_test_in_process::hc7253dd11b39b9f4
[INFO] [stdout]                                at /rustc/6067b36314ab5eb2eb47cecc464545ba58e1ad24/library/test/src/lib.rs:655:27
[INFO] [stdout]   53:     0x56aabf6a9263 - test::run_test::{{closure}}::hfb2007f8649c30bb
[INFO] [stdout]                                at /rustc/6067b36314ab5eb2eb47cecc464545ba58e1ad24/library/test/src/lib.rs:576:43
[INFO] [stdout]   54:     0x56aabf66c345 - test::run_test::{{closure}}::h56a17aa7a282a9f4
[INFO] [stdout]                                at /rustc/6067b36314ab5eb2eb47cecc464545ba58e1ad24/library/test/src/lib.rs:606:41
[INFO] [stdout]   55:     0x56aabf66c345 - std::sys::backtrace::__rust_begin_short_backtrace::hd2d2d2fb8e8c6aac
[INFO] [stdout]                                at /rustc/6067b36314ab5eb2eb47cecc464545ba58e1ad24/library/std/src/sys/backtrace.rs:152:18
[INFO] [stdout]   56:     0x56aabf66fc2a - std::thread::Builder::spawn_unchecked_::{{closure}}::{{closure}}::h4faa3f9db6133423
[INFO] [stdout]                                at /rustc/6067b36314ab5eb2eb47cecc464545ba58e1ad24/library/std/src/thread/mod.rs:559:17
[INFO] [stdout]   57:     0x56aabf66fc2a - <core::panic::unwind_safe::AssertUnwindSafe<F> as core::ops::function::FnOnce<()>>::call_once::hf2e855a36a4ea846
[INFO] [stdout]                                at /rustc/6067b36314ab5eb2eb47cecc464545ba58e1ad24/library/core/src/panic/unwind_safe.rs:272:9
[INFO] [stdout]   58:     0x56aabf66fc2a - std::panicking::try::do_call::h2f73af3616c35465
[INFO] [stdout]                                at /rustc/6067b36314ab5eb2eb47cecc464545ba58e1ad24/library/std/src/panicking.rs:587:40
[INFO] [stdout]   59:     0x56aabf66fc2a - std::panicking::try::hd1660ce9efadef5a
[INFO] [stdout]                                at /rustc/6067b36314ab5eb2eb47cecc464545ba58e1ad24/library/std/src/panicking.rs:550:19
[INFO] [stdout]   60:     0x56aabf66fc2a - std::panic::catch_unwind::h5ee8d7823b8ca744
[INFO] [stdout]                                at /rustc/6067b36314ab5eb2eb47cecc464545ba58e1ad24/library/std/src/panic.rs:358:14
[INFO] [stdout]   61:     0x56aabf66fc2a - std::thread::Builder::spawn_unchecked_::{{closure}}::h53c3a1894dce8407
[INFO] [stdout]                                at /rustc/6067b36314ab5eb2eb47cecc464545ba58e1ad24/library/std/src/thread/mod.rs:557:30
[INFO] [stdout]   62:     0x56aabf66fc2a - core::ops::function::FnOnce::call_once{{vtable.shim}}::h048ce291ad4f62bf
[INFO] [stdout]                                at /rustc/6067b36314ab5eb2eb47cecc464545ba58e1ad24/library/core/src/ops/function.rs:250:5
[INFO] [stderr] error: test failed, to rerun pass `--test crawler_test`
[INFO] [stdout]   63:     0x56aabfc72a8b - <alloc::boxed::Box<F,A> as core::ops::function::FnOnce<Args>>::call_once::ha52bedf99a3b4981
[INFO] [stdout]                                at /rustc/6067b36314ab5eb2eb47cecc464545ba58e1ad24/library/alloc/src/boxed.rs:2013:9
[INFO] [stdout]   64:     0x56aabfc72a8b - <alloc::boxed::Box<F,A> as core::ops::function::FnOnce<Args>>::call_once::h567748934d80ccf8
[INFO] [stdout]                                at /rustc/6067b36314ab5eb2eb47cecc464545ba58e1ad24/library/alloc/src/boxed.rs:2013:9
[INFO] [stdout]   65:     0x56aabfc72a8b - std::sys::pal::unix::thread::Thread::new::thread_start::h2d970728ae887adc
[INFO] [stdout]                                at /rustc/6067b36314ab5eb2eb47cecc464545ba58e1ad24/library/std/src/sys/pal/unix/thread.rs:106:17
[INFO] [stdout]   66:     0x7486d996dac3 - <unknown>
[INFO] [stdout]   67:     0x7486d99fea04 - clone
[INFO] [stdout]   68:                0x0 - <unknown>
[INFO] [stdout] 
[INFO] [stdout] ---- test_crawler_with_logging stdout ----
[INFO] [stdout] [2m2025-01-20T15:38:26.796746Z[0m [34mDEBUG[0m [1mcrawl_url[0m[1m{[0m[3murl[0m[2m=[0m"https://developer.apple.com/documentation/swift" [3mrecursive[0m[2m=[0mfalse[1m}[0m[2m:[0m [2madoc::crawler[0m[2m:[0m 添加 URL 到已访问列表: https://developer.apple.com/documentation/swift
[INFO] [stdout] [2m2025-01-20T15:38:26.796796Z[0m [34mDEBUG[0m [1mcrawl_url[0m[1m{[0m[3murl[0m[2m=[0m"https://developer.apple.com/documentation/swift" [3mrecursive[0m[2m=[0mfalse[1m}[0m[2m:[0m [2madoc::crawler[0m[2m:[0m 开始求页面: https://developer.apple.com/documentation/swift
[INFO] [stdout] [2m2025-01-20T15:38:26.796988Z[0m [34mDEBUG[0m [1mcrawl_url[0m[1m{[0m[3murl[0m[2m=[0m"https://developer.apple.com/documentation/swift" [3mrecursive[0m[2m=[0mfalse[1m}[0m[2m:[0m [2mreqwest::connect[0m[2m:[0m starting new connection: https://developer.apple.com/    
[INFO] [stdout] [2m2025-01-20T15:38:26.797322Z[0m [34mDEBUG[0m [2mhyper::client::connect::dns[0m[2m:[0m resolving host="developer.apple.com"
[INFO] [stdout] [2m2025-01-20T15:38:26.798571Z[0m [33m WARN[0m [1mcrawl_url[0m[1m{[0m[3murl[0m[2m=[0m"https://developer.apple.com/documentation/swift" [3mrecursive[0m[2m=[0mfalse[1m}[0m[2m:[0m [2madoc::crawler[0m[2m:[0m 请求失败，准备重试: https://developer.apple.com/documentation/swift, 错误: error sending request for url (https://developer.apple.com/documentation/swift): error trying to connect: dns error: failed to lookup address information: Temporary failure in name resolution
[INFO] [stdout] [2m2025-01-20T15:38:27.425658Z[0m [34mDEBUG[0m [1mcrawl_url[0m[1m{[0m[3murl[0m[2m=[0m"https://developer.apple.com/documentation/swift" [3mrecursive[0m[2m=[0mfalse[1m}[0m[2m:[0m [2mreqwest::connect[0m[2m:[0m starting new connection: https://developer.apple.com/    
[INFO] [stdout] [2m2025-01-20T15:38:27.425876Z[0m [34mDEBUG[0m [2mhyper::client::connect::dns[0m[2m:[0m resolving host="developer.apple.com"
[INFO] [stdout] [2m2025-01-20T15:38:27.426257Z[0m [33m WARN[0m [1mcrawl_url[0m[1m{[0m[3murl[0m[2m=[0m"https://developer.apple.com/documentation/swift" [3mrecursive[0m[2m=[0mfalse[1m}[0m[2m:[0m [2madoc::crawler[0m[2m:[0m 请求失败，准备重试: https://developer.apple.com/documentation/swift, 错误: error sending request for url (https://developer.apple.com/documentation/swift): error trying to connect: dns error: failed to lookup address information: Temporary failure in name resolution
[INFO] [stdout] [2m2025-01-20T15:38:27.916555Z[0m [34mDEBUG[0m [1mcrawl_url[0m[1m{[0m[3murl[0m[2m=[0m"https://developer.apple.com/documentation/swift" [3mrecursive[0m[2m=[0mfalse[1m}[0m[2m:[0m [2mreqwest::connect[0m[2m:[0m starting new connection: https://developer.apple.com/    
[INFO] [stdout] [2m2025-01-20T15:38:27.916751Z[0m [34mDEBUG[0m [2mhyper::client::connect::dns[0m[2m:[0m resolving host="developer.apple.com"
[INFO] [stdout] [2m2025-01-20T15:38:27.917103Z[0m [33m WARN[0m [1mcrawl_url[0m[1m{[0m[3murl[0m[2m=[0m"https://developer.apple.com/documentation/swift" [3mrecursive[0m[2m=[0mfalse[1m}[0m[2m:[0m [2madoc::crawler[0m[2m:[0m 请求失败，准备重试: https://developer.apple.com/documentation/swift, 错误: error sending request for url (https://developer.apple.com/documentation/swift): error trying to connect: dns error: failed to lookup address information: Temporary failure in name resolution
[INFO] [stdout] [2m2025-01-20T15:38:28.654466Z[0m [34mDEBUG[0m [1mcrawl_url[0m[1m{[0m[3murl[0m[2m=[0m"https://developer.apple.com/documentation/swift" [3mrecursive[0m[2m=[0mfalse[1m}[0m[2m:[0m [2mreqwest::connect[0m[2m:[0m starting new connection: https://developer.apple.com/    
[INFO] [stdout] [2m2025-01-20T15:38:28.654687Z[0m [34mDEBUG[0m [2mhyper::client::connect::dns[0m[2m:[0m resolving host="developer.apple.com"
[INFO] [stdout] [2m2025-01-20T15:38:28.655022Z[0m [33m WARN[0m [1mcrawl_url[0m[1m{[0m[3murl[0m[2m=[0m"https://developer.apple.com/documentation/swift" [3mrecursive[0m[2m=[0mfalse[1m}[0m[2m:[0m [2madoc::crawler[0m[2m:[0m 请求失败，准备重试: https://developer.apple.com/documentation/swift, 错误: error sending request for url (https://developer.apple.com/documentation/swift): error trying to connect: dns error: failed to lookup address information: Temporary failure in name resolution
[INFO] [stdout] [2m2025-01-20T15:38:31.019953Z[0m [34mDEBUG[0m [1mcrawl_url[0m[1m{[0m[3murl[0m[2m=[0m"https://developer.apple.com/documentation/swift" [3mrecursive[0m[2m=[0mfalse[1m}[0m[2m:[0m [2mreqwest::connect[0m[2m:[0m starting new connection: https://developer.apple.com/    
[INFO] [stdout] [2m2025-01-20T15:38:31.020121Z[0m [34mDEBUG[0m [2mhyper::client::connect::dns[0m[2m:[0m resolving host="developer.apple.com"
[INFO] [stdout] [2m2025-01-20T15:38:31.020453Z[0m [33m WARN[0m [1mcrawl_url[0m[1m{[0m[3murl[0m[2m=[0m"https://developer.apple.com/documentation/swift" [3mrecursive[0m[2m=[0mfalse[1m}[0m[2m:[0m [2madoc::crawler[0m[2m:[0m 请求失败，准备重试: https://developer.apple.com/documentation/swift, 错误: error sending request for url (https://developer.apple.com/documentation/swift): error trying to connect: dns error: failed to lookup address information: Temporary failure in name resolution
[INFO] [stdout] [2m2025-01-20T15:38:34.578649Z[0m [34mDEBUG[0m [1mcrawl_url[0m[1m{[0m[3murl[0m[2m=[0m"https://developer.apple.com/documentation/swift" [3mrecursive[0m[2m=[0mfalse[1m}[0m[2m:[0m [2mreqwest::connect[0m[2m:[0m starting new connection: https://developer.apple.com/    
[INFO] [stdout] [2m2025-01-20T15:38:34.578832Z[0m [34mDEBUG[0m [2mhyper::client::connect::dns[0m[2m:[0m resolving host="developer.apple.com"
[INFO] [stdout] [2m2025-01-20T15:38:34.579160Z[0m [33m WARN[0m [1mcrawl_url[0m[1m{[0m[3murl[0m[2m=[0m"https://developer.apple.com/documentation/swift" [3mrecursive[0m[2m=[0mfalse[1m}[0m[2m:[0m [2madoc::crawler[0m[2m:[0m 请求失败，准备重试: https://developer.apple.com/documentation/swift, 错误: error sending request for url (https://developer.apple.com/documentation/swift): error trying to connect: dns error: failed to lookup address information: Temporary failure in name resolution
[INFO] [stdout] [2m2025-01-20T15:38:38.364685Z[0m [34mDEBUG[0m [1mcrawl_url[0m[1m{[0m[3murl[0m[2m=[0m"https://developer.apple.com/documentation/swift" [3mrecursive[0m[2m=[0mfalse[1m}[0m[2m:[0m [2mreqwest::connect[0m[2m:[0m starting new connection: https://developer.apple.com/    
[INFO] [stdout] [2m2025-01-20T15:38:38.364874Z[0m [34mDEBUG[0m [2mhyper::client::connect::dns[0m[2m:[0m resolving host="developer.apple.com"
[INFO] [stdout] [2m2025-01-20T15:38:38.365247Z[0m [33m WARN[0m [1mcrawl_url[0m[1m{[0m[3murl[0m[2m=[0m"https://developer.apple.com/documentation/swift" [3mrecursive[0m[2m=[0mfalse[1m}[0m[2m:[0m [2madoc::crawler[0m[2m:[0m 请求失败，准备重试: https://developer.apple.com/documentation/swift, 错误: error sending request for url (https://developer.apple.com/documentation/swift): error trying to connect: dns error: failed to lookup address information: Temporary failure in name resolution
[INFO] [stdout] [2m2025-01-20T15:38:45.393669Z[0m [34mDEBUG[0m [1mcrawl_url[0m[1m{[0m[3murl[0m[2m=[0m"https://developer.apple.com/documentation/swift" [3mrecursive[0m[2m=[0mfalse[1m}[0m[2m:[0m [2mreqwest::connect[0m[2m:[0m starting new connection: https://developer.apple.com/    
[INFO] [stdout] [2m2025-01-20T15:38:45.393866Z[0m [34mDEBUG[0m [2mhyper::client::connect::dns[0m[2m:[0m resolving host="developer.apple.com"
[INFO] [stdout] [2m2025-01-20T15:38:45.394202Z[0m [33m WARN[0m [1mcrawl_url[0m[1m{[0m[3murl[0m[2m=[0m"https://developer.apple.com/documentation/swift" [3mrecursive[0m[2m=[0mfalse[1m}[0m[2m:[0m [2madoc::crawler[0m[2m:[0m 请求失败，准备重试: https://developer.apple.com/documentation/swift, 错误: error sending request for url (https://developer.apple.com/documentation/swift): error trying to connect: dns error: failed to lookup address information: Temporary failure in name resolution
[INFO] [stdout] [2m2025-01-20T15:38:53.772672Z[0m [34mDEBUG[0m [1mcrawl_url[0m[1m{[0m[3murl[0m[2m=[0m"https://developer.apple.com/documentation/swift" [3mrecursive[0m[2m=[0mfalse[1m}[0m[2m:[0m [2mreqwest::connect[0m[2m:[0m starting new connection: https://developer.apple.com/    
[INFO] [stdout] [2m2025-01-20T15:38:53.772848Z[0m [34mDEBUG[0m [2mhyper::client::connect::dns[0m[2m:[0m resolving host="developer.apple.com"
[INFO] [stdout] [2m2025-01-20T15:38:53.773182Z[0m [33m WARN[0m [1mcrawl_url[0m[1m{[0m[3murl[0m[2m=[0m"https://developer.apple.com/documentation/swift" [3mrecursive[0m[2m=[0mfalse[1m}[0m[2m:[0m [2madoc::crawler[0m[2m:[0m 请求失败，准备重试: https://developer.apple.com/documentation/swift, 错误: error sending request for url (https://developer.apple.com/documentation/swift): error trying to connect: dns error: failed to lookup address information: Temporary failure in name resolution
[INFO] [stdout] 
[INFO] [stdout] thread 'test_crawler_with_logging' panicked at tests/crawler_test.rs:25:10:
[INFO] [stdout] called `Result::unwrap()` on an `Err` value: error sending request for url (https://developer.apple.com/documentation/swift): error trying to connect: dns error: failed to lookup address information: Temporary failure in name resolution
[INFO] [stdout] 
[INFO] [stdout] Caused by:
[INFO] [stdout]     0: error trying to connect: dns error: failed to lookup address information: Temporary failure in name resolution
[INFO] [stdout]     1: dns error: failed to lookup address information: Temporary failure in name resolution
[INFO] [stdout]     2: failed to lookup address information: Temporary failure in name resolution
[INFO] [stdout] 
[INFO] [stdout] Stack backtrace:
[INFO] [stdout]    0: anyhow::error::<impl core::convert::From<E> for anyhow::Error>::from
[INFO] [stdout]              at /opt/rustwide/cargo-home/registry/src/index.crates.io-1949cf8c6b5b557f/anyhow-1.0.94/src/backtrace.rs:27:14
[INFO] [stdout]    1: <core::result::Result<T,F> as core::ops::try_trait::FromResidual<core::result::Result<core::convert::Infallible,E>>>::from_residual
[INFO] [stdout]              at /rustc/6067b36314ab5eb2eb47cecc464545ba58e1ad24/library/core/src/result.rs:2014:27
[INFO] [stdout]    2: adoc::crawler::Crawler::fetch_page::{{closure}}
[INFO] [stdout]              at ./src/crawler.rs:246:24
[INFO] [stdout]    3: adoc::crawler::Crawler::crawl_url::{{closure}}::{{closure}}
[INFO] [stdout]              at ./src/crawler.rs:83:41
[INFO] [stdout]    4: <tracing::instrument::Instrumented<T> as core::future::future::Future>::poll
[INFO] [stdout]              at /opt/rustwide/cargo-home/registry/src/index.crates.io-1949cf8c6b5b557f/tracing-0.1.41/src/instrument.rs:321:9
[INFO] [stdout]    5: adoc::crawler::Crawler::crawl_url::{{closure}}
[INFO] [stdout]              at ./src/crawler.rs:59:5
[INFO] [stdout]    6: crawler_test::test_crawler_with_logging::{{closure}}
[INFO] [stdout]              at ./tests/crawler_test.rs:24:10
[INFO] [stdout]    7: <core::pin::Pin<P> as core::future::future::Future>::poll
[INFO] [stdout]              at /rustc/6067b36314ab5eb2eb47cecc464545ba58e1ad24/library/core/src/future/future.rs:124:9
[INFO] [stdout]    8: <core::pin::Pin<P> as core::future::future::Future>::poll
[INFO] [stdout]              at /rustc/6067b36314ab5eb2eb47cecc464545ba58e1ad24/library/core/src/future/future.rs:124:9
[INFO] [stdout]    9: tokio::runtime::scheduler::current_thread::CoreGuard::block_on::{{closure}}::{{closure}}::{{closure}}
[INFO] [stdout]              at /opt/rustwide/cargo-home/registry/src/index.crates.io-1949cf8c6b5b557f/tokio-1.42.0/src/runtime/scheduler/current_thread/mod.rs:729:57
[INFO] [stdout]   10: tokio::runtime::coop::with_budget
[INFO] [stdout]              at /opt/rustwide/cargo-home/registry/src/index.crates.io-1949cf8c6b5b557f/tokio-1.42.0/src/runtime/coop.rs:107:5
[INFO] [stdout]   11: tokio::runtime::coop::budget
[INFO] [stdout]              at /opt/rustwide/cargo-home/registry/src/index.crates.io-1949cf8c6b5b557f/tokio-1.42.0/src/runtime/coop.rs:73:5
[INFO] [stdout]   12: tokio::runtime::scheduler::current_thread::CoreGuard::block_on::{{closure}}::{{closure}}
[INFO] [stdout]              at /opt/rustwide/cargo-home/registry/src/index.crates.io-1949cf8c6b5b557f/tokio-1.42.0/src/runtime/scheduler/current_thread/mod.rs:729:25
[INFO] [stdout]   13: tokio::runtime::scheduler::current_thread::Context::enter
[INFO] [stdout]              at /opt/rustwide/cargo-home/registry/src/index.crates.io-1949cf8c6b5b557f/tokio-1.42.0/src/runtime/scheduler/current_thread/mod.rs:428:19
[INFO] [stdout]   14: tokio::runtime::scheduler::current_thread::CoreGuard::block_on::{{closure}}
[INFO] [stdout]              at /opt/rustwide/cargo-home/registry/src/index.crates.io-1949cf8c6b5b557f/tokio-1.42.0/src/runtime/scheduler/current_thread/mod.rs:728:36
[INFO] [stdout]   15: tokio::runtime::scheduler::current_thread::CoreGuard::enter::{{closure}}
[INFO] [stdout]              at /opt/rustwide/cargo-home/registry/src/index.crates.io-1949cf8c6b5b557f/tokio-1.42.0/src/runtime/scheduler/current_thread/mod.rs:807:68
[INFO] [stdout]   16: tokio::runtime::context::scoped::Scoped<T>::set
[INFO] [stdout]              at /opt/rustwide/cargo-home/registry/src/index.crates.io-1949cf8c6b5b557f/tokio-1.42.0/src/runtime/context/scoped.rs:40:9
[INFO] [stdout]   17: tokio::runtime::context::set_scheduler::{{closure}}
[INFO] [stdout]              at /opt/rustwide/cargo-home/registry/src/index.crates.io-1949cf8c6b5b557f/tokio-1.42.0/src/runtime/context.rs:180:26
[INFO] [stdout]   18: std::thread::local::LocalKey<T>::try_with
[INFO] [stdout]              at /rustc/6067b36314ab5eb2eb47cecc464545ba58e1ad24/library/std/src/thread/local.rs:308:12
[INFO] [stdout]   19: std::thread::local::LocalKey<T>::with
[INFO] [stdout]              at /rustc/6067b36314ab5eb2eb47cecc464545ba58e1ad24/library/std/src/thread/local.rs:272:9
[INFO] [stdout]   20: tokio::runtime::context::set_scheduler
[INFO] [stdout]              at /opt/rustwide/cargo-home/registry/src/index.crates.io-1949cf8c6b5b557f/tokio-1.42.0/src/runtime/context.rs:180:9
[INFO] [stdout]   21: tokio::runtime::scheduler::current_thread::CoreGuard::enter
[INFO] [stdout]              at /opt/rustwide/cargo-home/registry/src/index.crates.io-1949cf8c6b5b557f/tokio-1.42.0/src/runtime/scheduler/current_thread/mod.rs:807:27
[INFO] [stdout]   22: tokio::runtime::scheduler::current_thread::CoreGuard::block_on
[INFO] [stdout]              at /opt/rustwide/cargo-home/registry/src/index.crates.io-1949cf8c6b5b557f/tokio-1.42.0/src/runtime/scheduler/current_thread/mod.rs:716:19
[INFO] [stdout]   23: tokio::runtime::scheduler::current_thread::CurrentThread::block_on::{{closure}}
[INFO] [stdout]              at /opt/rustwide/cargo-home/registry/src/index.crates.io-1949cf8c6b5b557f/tokio-1.42.0/src/runtime/scheduler/current_thread/mod.rs:196:28
[INFO] [stdout]   24: tokio::runtime::context::runtime::enter_runtime
[INFO] [stdout]              at /opt/rustwide/cargo-home/registry/src/index.crates.io-1949cf8c6b5b557f/tokio-1.42.0/src/runtime/context/runtime.rs:65:16
[INFO] [stdout]   25: tokio::runtime::scheduler::current_thread::CurrentThread::block_on
[INFO] [stdout]              at /opt/rustwide/cargo-home/registry/src/index.crates.io-1949cf8c6b5b557f/tokio-1.42.0/src/runtime/scheduler/current_thread/mod.rs:184:9
[INFO] [stdout]   26: tokio::runtime::runtime::Runtime::block_on_inner
[INFO] [stdout]              at /opt/rustwide/cargo-home/registry/src/index.crates.io-1949cf8c6b5b557f/tokio-1.42.0/src/runtime/runtime.rs:368:47
[INFO] [stdout]   27: tokio::runtime::runtime::Runtime::block_on
[INFO] [stdout]              at /opt/rustwide/cargo-home/registry/src/index.crates.io-1949cf8c6b5b557f/tokio-1.42.0/src/runtime/runtime.rs:342:13
[INFO] [stdout]   28: crawler_test::test_crawler_with_logging
[INFO] [stdout]              at ./tests/crawler_test.rs:36:5
[INFO] [stdout]   29: crawler_test::test_crawler_with_logging::{{closure}}
[INFO] [stdout]              at ./tests/crawler_test.rs:5:37
[INFO] [stdout]   30: core::ops::function::FnOnce::call_once
[INFO] [stdout]              at /rustc/6067b36314ab5eb2eb47cecc464545ba58e1ad24/library/core/src/ops/function.rs:250:5
[INFO] [stdout]   31: core::ops::function::FnOnce::call_once
[INFO] [stdout]              at /rustc/6067b36314ab5eb2eb47cecc464545ba58e1ad24/library/core/src/ops/function.rs:250:5
[INFO] [stdout]   32: test::__rust_begin_short_backtrace
[INFO] [stdout]              at /rustc/6067b36314ab5eb2eb47cecc464545ba58e1ad24/library/test/src/lib.rs:632:18
[INFO] [stdout]   33: test::run_test_in_process::{{closure}}
[INFO] [stdout]              at /rustc/6067b36314ab5eb2eb47cecc464545ba58e1ad24/library/test/src/lib.rs:655:60
[INFO] [stdout]   34: <core::panic::unwind_safe::AssertUnwindSafe<F> as core::ops::function::FnOnce<()>>::call_once
[INFO] [stdout]              at /rustc/6067b36314ab5eb2eb47cecc464545ba58e1ad24/library/core/src/panic/unwind_safe.rs:272:9
[INFO] [stdout]   35: std::panicking::try::do_call
[INFO] [stdout]              at /rustc/6067b36314ab5eb2eb47cecc464545ba58e1ad24/library/std/src/panicking.rs:587:40
[INFO] [stdout]   36: std::panicking::try
[INFO] [stdout]              at /rustc/6067b36314ab5eb2eb47cecc464545ba58e1ad24/library/std/src/panicking.rs:550:19
[INFO] [stdout]   37: std::panic::catch_unwind
[INFO] [stdout]              at /rustc/6067b36314ab5eb2eb47cecc464545ba58e1ad24/library/std/src/panic.rs:358:14
[INFO] [stdout]   38: test::run_test_in_process
[INFO] [stdout]              at /rustc/6067b36314ab5eb2eb47cecc464545ba58e1ad24/library/test/src/lib.rs:655:27
[INFO] [stdout]   39: test::run_test::{{closure}}
[INFO] [stdout]              at /rustc/6067b36314ab5eb2eb47cecc464545ba58e1ad24/library/test/src/lib.rs:576:43
[INFO] [stdout]   40: test::run_test::{{closure}}
[INFO] [stdout]              at /rustc/6067b36314ab5eb2eb47cecc464545ba58e1ad24/library/test/src/lib.rs:606:41
[INFO] [stdout]   41: std::sys::backtrace::__rust_begin_short_backtrace
[INFO] [stdout]              at /rustc/6067b36314ab5eb2eb47cecc464545ba58e1ad24/library/std/src/sys/backtrace.rs:152:18
[INFO] [stdout]   42: std::thread::Builder::spawn_unchecked_::{{closure}}::{{closure}}
[INFO] [stdout]              at /rustc/6067b36314ab5eb2eb47cecc464545ba58e1ad24/library/std/src/thread/mod.rs:559:17
[INFO] [stdout]   43: <core::panic::unwind_safe::AssertUnwindSafe<F> as core::ops::function::FnOnce<()>>::call_once
[INFO] [stdout]              at /rustc/6067b36314ab5eb2eb47cecc464545ba58e1ad24/library/core/src/panic/unwind_safe.rs:272:9
[INFO] [stdout]   44: std::panicking::try::do_call
[INFO] [stdout]              at /rustc/6067b36314ab5eb2eb47cecc464545ba58e1ad24/library/std/src/panicking.rs:587:40
[INFO] [stdout]   45: std::panicking::try
[INFO] [stdout]              at /rustc/6067b36314ab5eb2eb47cecc464545ba58e1ad24/library/std/src/panicking.rs:550:19
[INFO] [stdout]   46: std::panic::catch_unwind
[INFO] [stdout]              at /rustc/6067b36314ab5eb2eb47cecc464545ba58e1ad24/library/std/src/panic.rs:358:14
[INFO] [stdout]   47: std::thread::Builder::spawn_unchecked_::{{closure}}
[INFO] [stdout]              at /rustc/6067b36314ab5eb2eb47cecc464545ba58e1ad24/library/std/src/thread/mod.rs:557:30
[INFO] [stdout]   48: core::ops::function::FnOnce::call_once{{vtable.shim}}
[INFO] [stdout]              at /rustc/6067b36314ab5eb2eb47cecc464545ba58e1ad24/library/core/src/ops/function.rs:250:5
[INFO] [stdout]   49: <alloc::boxed::Box<F,A> as core::ops::function::FnOnce<Args>>::call_once
[INFO] [stdout]              at /rustc/6067b36314ab5eb2eb47cecc464545ba58e1ad24/library/alloc/src/boxed.rs:2013:9
[INFO] [stdout]   50: <alloc::boxed::Box<F,A> as core::ops::function::FnOnce<Args>>::call_once
[INFO] [stdout]              at /rustc/6067b36314ab5eb2eb47cecc464545ba58e1ad24/library/alloc/src/boxed.rs:2013:9
[INFO] [stdout]   51: std::sys::pal::unix::thread::Thread::new::thread_start
[INFO] [stdout]              at /rustc/6067b36314ab5eb2eb47cecc464545ba58e1ad24/library/std/src/sys/pal/unix/thread.rs:106:17
[INFO] [stdout]   52: <unknown>
[INFO] [stdout]   53: clone
[INFO] [stdout] stack backtrace:
[INFO] [stdout]    0:     0x56aabfc6c6ca - std::backtrace_rs::backtrace::libunwind::trace::hb059275cfc8d6126
[INFO] [stdout]                                at /rustc/6067b36314ab5eb2eb47cecc464545ba58e1ad24/library/std/src/../../backtrace/src/backtrace/libunwind.rs:116:5
[INFO] [stdout]    1:     0x56aabfc6c6ca - std::backtrace_rs::backtrace::trace_unsynchronized::h2da071e4327ce3ee
[INFO] [stdout]                                at /rustc/6067b36314ab5eb2eb47cecc464545ba58e1ad24/library/std/src/../../backtrace/src/backtrace/mod.rs:66:5
[INFO] [stdout]    2:     0x56aabfc6c6ca - std::sys::backtrace::_print_fmt::h842a1474e6f8d23f
[INFO] [stdout]                                at /rustc/6067b36314ab5eb2eb47cecc464545ba58e1ad24/library/std/src/sys/backtrace.rs:66:9
[INFO] [stdout]    3:     0x56aabfc6c6ca - <std::sys::backtrace::BacktraceLock::print::DisplayBacktrace as core::fmt::Display>::fmt::h71a62eb3b9696b12
[INFO] [stdout]                                at /rustc/6067b36314ab5eb2eb47cecc464545ba58e1ad24/library/std/src/sys/backtrace.rs:39:26
[INFO] [stdout]    4:     0x56aabfc99b23 - core::fmt::rt::Argument::fmt::hdb6b616786b41dc1
[INFO] [stdout]                                at /rustc/6067b36314ab5eb2eb47cecc464545ba58e1ad24/library/core/src/fmt/rt.rs:177:76
[INFO] [stdout]    5:     0x56aabfc99b23 - core::fmt::write::h2cc1698af7e2d686
[INFO] [stdout]                                at /rustc/6067b36314ab5eb2eb47cecc464545ba58e1ad24/library/core/src/fmt/mod.rs:1440:21
[INFO] [stdout]    6:     0x56aabfc68303 - std::io::Write::write_fmt::hab1b4cd059a79022
[INFO] [stdout]                                at /rustc/6067b36314ab5eb2eb47cecc464545ba58e1ad24/library/std/src/io/mod.rs:1887:15
[INFO] [stdout]    7:     0x56aabfc6c512 - std::sys::backtrace::BacktraceLock::print::h147fe35b4ea13b08
[INFO] [stdout]                                at /rustc/6067b36314ab5eb2eb47cecc464545ba58e1ad24/library/std/src/sys/backtrace.rs:42:9
[INFO] [stdout]    8:     0x56aabfc6daef - std::panicking::default_hook::{{closure}}::hbd44223dbdc0d208
[INFO] [stdout]                                at /rustc/6067b36314ab5eb2eb47cecc464545ba58e1ad24/library/std/src/panicking.rs:298:22
[INFO] [stdout]    9:     0x56aabfc6d908 - std::panicking::default_hook::h20f81eb0576efcec
[INFO] [stdout]                                at /rustc/6067b36314ab5eb2eb47cecc464545ba58e1ad24/library/std/src/panicking.rs:322:9
[INFO] [stdout]   10:     0x56aabf6a4bd3 - <alloc::boxed::Box<F,A> as core::ops::function::Fn<Args>>::call::hdb53814c496a4d34
[INFO] [stdout]                                at /rustc/6067b36314ab5eb2eb47cecc464545ba58e1ad24/library/alloc/src/boxed.rs:2027:9
[INFO] [stdout]   11:     0x56aabf6a4bd3 - test::test_main::{{closure}}::hc0a4963c59427c24
[INFO] [stdout]                                at /rustc/6067b36314ab5eb2eb47cecc464545ba58e1ad24/library/test/src/lib.rs:134:21
[INFO] [stdout]   12:     0x56aabfc6e5e3 - <alloc::boxed::Box<F,A> as core::ops::function::Fn<Args>>::call::h591b2225413a77e9
[INFO] [stdout]                                at /rustc/6067b36314ab5eb2eb47cecc464545ba58e1ad24/library/alloc/src/boxed.rs:2027:9
[INFO] [stdout]   13:     0x56aabfc6e5e3 - std::panicking::rust_panic_with_hook::h625eea43051b2edc
[INFO] [stdout]                                at /rustc/6067b36314ab5eb2eb47cecc464545ba58e1ad24/library/std/src/panicking.rs:839:13
[INFO] [stdout]   14:     0x56aabfc6e29a - std::panicking::begin_panic_handler::{{closure}}::h4f9159cfbc3f6bd3
[INFO] [stdout]                                at /rustc/6067b36314ab5eb2eb47cecc464545ba58e1ad24/library/std/src/panicking.rs:704:13
[INFO] [stdout]   15:     0x56aabfc6cbc9 - std::sys::backtrace::__rust_end_short_backtrace::h0390abce48353151
[INFO] [stdout]                                at /rustc/6067b36314ab5eb2eb47cecc464545ba58e1ad24/library/std/src/sys/backtrace.rs:168:18
[INFO] [stdout]   16:     0x56aabfc6df2d - rust_begin_unwind
[INFO] [stdout]                                at /rustc/6067b36314ab5eb2eb47cecc464545ba58e1ad24/library/std/src/panicking.rs:695:5
[INFO] [stdout]   17:     0x56aabfc96970 - core::panicking::panic_fmt::h9e7c637e9e5f29c9
[INFO] [stdout]                                at /rustc/6067b36314ab5eb2eb47cecc464545ba58e1ad24/library/core/src/panicking.rs:75:14
[INFO] [stdout]   18:     0x56aabfc96e46 - core::result::unwrap_failed::h7979f09313fe1849
[INFO] [stdout]                                at /rustc/6067b36314ab5eb2eb47cecc464545ba58e1ad24/library/core/src/result.rs:1704:5
[INFO] [stdout]   19:     0x56aabf42af9f - core::result::Result<T,E>::unwrap::he6daf79be838cb5e
[INFO] [stdout]                                at /rustc/6067b36314ab5eb2eb47cecc464545ba58e1ad24/library/core/src/result.rs:1109:23
[INFO] [stdout]   20:     0x56aabf42af9f - crawler_test::test_crawler_with_logging::{{closure}}::h567ab61fef2eadb2
[INFO] [stdout]                                at /opt/rustwide/workdir/tests/crawler_test.rs:22:19
[INFO] [stdout]   21:     0x56aabf42a892 - <core::pin::Pin<P> as core::future::future::Future>::poll::hc9bda5e2dbdb694c
[INFO] [stdout]                                at /rustc/6067b36314ab5eb2eb47cecc464545ba58e1ad24/library/core/src/future/future.rs:124:9
[INFO] [stdout]   22:     0x56aabf42a7cd - <core::pin::Pin<P> as core::future::future::Future>::poll::h638b8c1becf82383
[INFO] [stdout]                                at /rustc/6067b36314ab5eb2eb47cecc464545ba58e1ad24/library/core/src/future/future.rs:124:9
[INFO] [stdout]   23:     0x56aabf42a19f - tokio::runtime::scheduler::current_thread::CoreGuard::block_on::{{closure}}::{{closure}}::{{closure}}::hdb0e31696d5e8a73
[INFO] [stdout]                                at /opt/rustwide/cargo-home/registry/src/index.crates.io-1949cf8c6b5b557f/tokio-1.42.0/src/runtime/scheduler/current_thread/mod.rs:729:57
[INFO] [stdout]   24:     0x56aabf429ee5 - tokio::runtime::coop::with_budget::h5b73854dd4102eb2
[INFO] [stdout]                                at /opt/rustwide/cargo-home/registry/src/index.crates.io-1949cf8c6b5b557f/tokio-1.42.0/src/runtime/coop.rs:107:5
[INFO] [stdout]   25:     0x56aabf429ee5 - tokio::runtime::coop::budget::h9eaad87ecbb480c5
[INFO] [stdout]                                at /opt/rustwide/cargo-home/registry/src/index.crates.io-1949cf8c6b5b557f/tokio-1.42.0/src/runtime/coop.rs:73:5
[INFO] [stdout]   26:     0x56aabf429ee5 - tokio::runtime::scheduler::current_thread::CoreGuard::block_on::{{closure}}::{{closure}}::h4f958731c24d77ce
[INFO] [stdout]                                at /opt/rustwide/cargo-home/registry/src/index.crates.io-1949cf8c6b5b557f/tokio-1.42.0/src/runtime/scheduler/current_thread/mod.rs:729:25
[INFO] [stdout]   27:     0x56aabf4273d0 - tokio::runtime::scheduler::current_thread::Context::enter::h51001f64b97ad606
[INFO] [stdout]                                at /opt/rustwide/cargo-home/registry/src/index.crates.io-1949cf8c6b5b557f/tokio-1.42.0/src/runtime/scheduler/current_thread/mod.rs:428:19
[INFO] [stdout]   28:     0x56aabf42974e - tokio::runtime::scheduler::current_thread::CoreGuard::block_on::{{closure}}::hf7f01dad866dc338
[INFO] [stdout]                                at /opt/rustwide/cargo-home/registry/src/index.crates.io-1949cf8c6b5b557f/tokio-1.42.0/src/runtime/scheduler/current_thread/mod.rs:728:36
[INFO] [stdout]   29:     0x56aabf428bc4 - tokio::runtime::scheduler::current_thread::CoreGuard::enter::{{closure}}::h390bdeb0793ae76c
[INFO] [stdout]                                at /opt/rustwide/cargo-home/registry/src/index.crates.io-1949cf8c6b5b557f/tokio-1.42.0/src/runtime/scheduler/current_thread/mod.rs:807:68
[INFO] [stdout]   30:     0x56aabf42658b - tokio::runtime::context::scoped::Scoped<T>::set::h5072266581dc17ee
[INFO] [stdout]                                at /opt/rustwide/cargo-home/registry/src/index.crates.io-1949cf8c6b5b557f/tokio-1.42.0/src/runtime/context/scoped.rs:40:9
[INFO] [stdout]   31:     0x56aabf4421e9 - tokio::runtime::context::set_scheduler::{{closure}}::h11dd8db300e9c715
[INFO] [stdout]                                at /opt/rustwide/cargo-home/registry/src/index.crates.io-1949cf8c6b5b557f/tokio-1.42.0/src/runtime/context.rs:180:26
[INFO] [stdout]   32:     0x56aabf42c512 - std::thread::local::LocalKey<T>::try_with::h632eab6a6e2b5620
[INFO] [stdout]                                at /rustc/6067b36314ab5eb2eb47cecc464545ba58e1ad24/library/std/src/thread/local.rs:308:12
[INFO] [stdout]   33:     0x56aabf42bd4a - std::thread::local::LocalKey<T>::with::h74228c2fb1d99d1c
[INFO] [stdout]                                at /rustc/6067b36314ab5eb2eb47cecc464545ba58e1ad24/library/std/src/thread/local.rs:272:9
[INFO] [stdout]   34:     0x56aabf44215d - tokio::runtime::context::set_scheduler::ha0b9124fe80161b4
[INFO] [stdout]                                at /opt/rustwide/cargo-home/registry/src/index.crates.io-1949cf8c6b5b557f/tokio-1.42.0/src/runtime/context.rs:180:9
[INFO] [stdout]   35:     0x56aabf428538 - tokio::runtime::scheduler::current_thread::CoreGuard::enter::h4682891b72c9b3e8
[INFO] [stdout]                                at /opt/rustwide/cargo-home/registry/src/index.crates.io-1949cf8c6b5b557f/tokio-1.42.0/src/runtime/scheduler/current_thread/mod.rs:807:27
[INFO] [stdout]   36:     0x56aabf428be3 - tokio::runtime::scheduler::current_thread::CoreGuard::block_on::h92c8d5b7f1d2f292
[INFO] [stdout]                                at /opt/rustwide/cargo-home/registry/src/index.crates.io-1949cf8c6b5b557f/tokio-1.42.0/src/runtime/scheduler/current_thread/mod.rs:716:19
[INFO] [stdout]   37:     0x56aabf4269ac - tokio::runtime::scheduler::current_thread::CurrentThread::block_on::{{closure}}::h6c81c49297b08da7
[INFO] [stdout]                                at /opt/rustwide/cargo-home/registry/src/index.crates.io-1949cf8c6b5b557f/tokio-1.42.0/src/runtime/scheduler/current_thread/mod.rs:196:28
[INFO] [stdout]   38:     0x56aabf434da6 - tokio::runtime::context::runtime::enter_runtime::heb8a8dc9dabbb5d3
[INFO] [stdout]                                at /opt/rustwide/cargo-home/registry/src/index.crates.io-1949cf8c6b5b557f/tokio-1.42.0/src/runtime/context/runtime.rs:65:16
[INFO] [stdout]   39:     0x56aabf4266b1 - tokio::runtime::scheduler::current_thread::CurrentThread::block_on::h64a27be64562774e
[INFO] [stdout]                                at /opt/rustwide/cargo-home/registry/src/index.crates.io-1949cf8c6b5b557f/tokio-1.42.0/src/runtime/scheduler/current_thread/mod.rs:184:9
[INFO] [stdout]   40:     0x56aabf435743 - tokio::runtime::runtime::Runtime::block_on_inner::h6844040d5ae9ba5e
[INFO] [stdout]                                at /opt/rustwide/cargo-home/registry/src/index.crates.io-1949cf8c6b5b557f/tokio-1.42.0/src/runtime/runtime.rs:368:47
[INFO] [stdout]   41:     0x56aabf435937 - tokio::runtime::runtime::Runtime::block_on::he123327353dd352d
[INFO] [stdout]                                at /opt/rustwide/cargo-home/registry/src/index.crates.io-1949cf8c6b5b557f/tokio-1.42.0/src/runtime/runtime.rs:342:13
[INFO] [stdout]   42:     0x56aabf42ab80 - crawler_test::test_crawler_with_logging::hfdb98991f4f58ac4
[INFO] [stdout]                                at /opt/rustwide/workdir/tests/crawler_test.rs:36:5
[INFO] [stdout]   43:     0x56aabf42aa27 - crawler_test::test_crawler_with_logging::{{closure}}::h16080769f42d030f
[INFO] [stdout]                                at /opt/rustwide/workdir/tests/crawler_test.rs:5:37
[INFO] [stdout]   44:     0x56aabf4209d6 - core::ops::function::FnOnce::call_once::h2af00e2d4c90cefa
[INFO] [stdout]                                at /rustc/6067b36314ab5eb2eb47cecc464545ba58e1ad24/library/core/src/ops/function.rs:250:5
[INFO] [stdout]   45:     0x56aabf6aa32b - core::ops::function::FnOnce::call_once::he27718dfdd183f43
[INFO] [stdout]                                at /rustc/6067b36314ab5eb2eb47cecc464545ba58e1ad24/library/core/src/ops/function.rs:250:5
[INFO] [stdout]   46:     0x56aabf6aa32b - test::__rust_begin_short_backtrace::h4e84902998457a5d
[INFO] [stdout]                                at /rustc/6067b36314ab5eb2eb47cecc464545ba58e1ad24/library/test/src/lib.rs:632:18
[INFO] [stdout]   47:     0x56aabf6a9263 - test::run_test_in_process::{{closure}}::h7176fd18fc1feca0
[INFO] [stdout]                                at /rustc/6067b36314ab5eb2eb47cecc464545ba58e1ad24/library/test/src/lib.rs:655:60
[INFO] [stdout]   48:     0x56aabf6a9263 - <core::panic::unwind_safe::AssertUnwindSafe<F> as core::ops::function::FnOnce<()>>::call_once::hf79cff2a624d8cf7
[INFO] [stdout]                                at /rustc/6067b36314ab5eb2eb47cecc464545ba58e1ad24/library/core/src/panic/unwind_safe.rs:272:9
[INFO] [stdout]   49:     0x56aabf6a9263 - std::panicking::try::do_call::h3da0561d9ab99c25
[INFO] [stdout]                                at /rustc/6067b36314ab5eb2eb47cecc464545ba58e1ad24/library/std/src/panicking.rs:587:40
[INFO] [stdout]   50:     0x56aabf6a9263 - std::panicking::try::h41c9fa508bc61df6
[INFO] [stdout]                                at /rustc/6067b36314ab5eb2eb47cecc464545ba58e1ad24/library/std/src/panicking.rs:550:19
[INFO] [stdout]   51:     0x56aabf6a9263 - std::panic::catch_unwind::h6b3ff07bb5afad93
[INFO] [stdout]                                at /rustc/6067b36314ab5eb2eb47cecc464545ba58e1ad24/library/std/src/panic.rs:358:14
[INFO] [stdout]   52:     0x56aabf6a9263 - test::run_test_in_process::hc7253dd11b39b9f4
[INFO] [stdout]                                at /rustc/6067b36314ab5eb2eb47cecc464545ba58e1ad24/library/test/src/lib.rs:655:27
[INFO] [stdout]   53:     0x56aabf6a9263 - test::run_test::{{closure}}::hfb2007f8649c30bb
[INFO] [stdout]                                at /rustc/6067b36314ab5eb2eb47cecc464545ba58e1ad24/library/test/src/lib.rs:576:43
[INFO] [stdout]   54:     0x56aabf66c345 - test::run_test::{{closure}}::h56a17aa7a282a9f4
[INFO] [stdout]                                at /rustc/6067b36314ab5eb2eb47cecc464545ba58e1ad24/library/test/src/lib.rs:606:41
[INFO] [stdout]   55:     0x56aabf66c345 - std::sys::backtrace::__rust_begin_short_backtrace::hd2d2d2fb8e8c6aac
[INFO] [stdout]                                at /rustc/6067b36314ab5eb2eb47cecc464545ba58e1ad24/library/std/src/sys/backtrace.rs:152:18
[INFO] [stdout]   56:     0x56aabf66fc2a - std::thread::Builder::spawn_unchecked_::{{closure}}::{{closure}}::h4faa3f9db6133423
[INFO] [stdout]                                at /rustc/6067b36314ab5eb2eb47cecc464545ba58e1ad24/library/std/src/thread/mod.rs:559:17
[INFO] [stdout]   57:     0x56aabf66fc2a - <core::panic::unwind_safe::AssertUnwindSafe<F> as core::ops::function::FnOnce<()>>::call_once::hf2e855a36a4ea846
[INFO] [stdout]                                at /rustc/6067b36314ab5eb2eb47cecc464545ba58e1ad24/library/core/src/panic/unwind_safe.rs:272:9
[INFO] [stdout]   58:     0x56aabf66fc2a - std::panicking::try::do_call::h2f73af3616c35465
[INFO] [stdout]                                at /rustc/6067b36314ab5eb2eb47cecc464545ba58e1ad24/library/std/src/panicking.rs:587:40
[INFO] [stdout]   59:     0x56aabf66fc2a - std::panicking::try::hd1660ce9efadef5a
[INFO] [stdout]                                at /rustc/6067b36314ab5eb2eb47cecc464545ba58e1ad24/library/std/src/panicking.rs:550:19
[INFO] [stdout]   60:     0x56aabf66fc2a - std::panic::catch_unwind::h5ee8d7823b8ca744
[INFO] [stdout]                                at /rustc/6067b36314ab5eb2eb47cecc464545ba58e1ad24/library/std/src/panic.rs:358:14
[INFO] [stdout]   61:     0x56aabf66fc2a - std::thread::Builder::spawn_unchecked_::{{closure}}::h53c3a1894dce8407
[INFO] [stdout]                                at /rustc/6067b36314ab5eb2eb47cecc464545ba58e1ad24/library/std/src/thread/mod.rs:557:30
[INFO] [stdout]   62:     0x56aabf66fc2a - core::ops::function::FnOnce::call_once{{vtable.shim}}::h048ce291ad4f62bf
[INFO] [stdout]                                at /rustc/6067b36314ab5eb2eb47cecc464545ba58e1ad24/library/core/src/ops/function.rs:250:5
[INFO] [stdout]   63:     0x56aabfc72a8b - <alloc::boxed::Box<F,A> as core::ops::function::FnOnce<Args>>::call_once::ha52bedf99a3b4981
[INFO] [stdout]                                at /rustc/6067b36314ab5eb2eb47cecc464545ba58e1ad24/library/alloc/src/boxed.rs:2013:9
[INFO] [stdout]   64:     0x56aabfc72a8b - <alloc::boxed::Box<F,A> as core::ops::function::FnOnce<Args>>::call_once::h567748934d80ccf8
[INFO] [stdout]                                at /rustc/6067b36314ab5eb2eb47cecc464545ba58e1ad24/library/alloc/src/boxed.rs:2013:9
[INFO] [stdout]   65:     0x56aabfc72a8b - std::sys::pal::unix::thread::Thread::new::thread_start::h2d970728ae887adc
[INFO] [stdout]                                at /rustc/6067b36314ab5eb2eb47cecc464545ba58e1ad24/library/std/src/sys/pal/unix/thread.rs:106:17
[INFO] [stdout]   66:     0x7486d996dac3 - <unknown>
[INFO] [stdout]   67:     0x7486d99fea04 - clone
[INFO] [stdout]   68:                0x0 - <unknown>
[INFO] [stdout] 
[INFO] [stdout] 
[INFO] [stdout] failures:
[INFO] [stdout]     test_crawler_with_logging
[INFO] [stdout]     test_search_and_crawl
[INFO] [stdout] 
[INFO] [stdout] test result: FAILED. 0 passed; 2 failed; 0 ignored; 0 measured; 0 filtered out; finished in 27.12s
[INFO] [stdout] 
[INFO] running `Command { std: "docker" "inspect" "b6a1f1f113ef881b0f2993ee5307226f79177e2867fa0e908973ec00cd514180", kill_on_drop: false }`
[INFO] running `Command { std: "docker" "rm" "-f" "b6a1f1f113ef881b0f2993ee5307226f79177e2867fa0e908973ec00cd514180", kill_on_drop: false }`
[INFO] [stdout] b6a1f1f113ef881b0f2993ee5307226f79177e2867fa0e908973ec00cd514180
