[INFO] cloning repository https://github.com/kindermax/pingcap-course-kvs
[INFO] running `Command { std: "git" "-c" "credential.helper=" "-c" "credential.helper=/workspace/cargo-home/bin/git-credential-null" "clone" "--bare" "https://github.com/kindermax/pingcap-course-kvs" "/workspace/cache/git-repos/https%3A%2F%2Fgithub.com%2Fkindermax%2Fpingcap-course-kvs", kill_on_drop: false }`
[INFO] [stderr] Cloning into bare repository '/workspace/cache/git-repos/https%3A%2F%2Fgithub.com%2Fkindermax%2Fpingcap-course-kvs'...
[INFO] running `Command { std: "git" "rev-parse" "HEAD", kill_on_drop: false }`
[INFO] [stdout] 6969eb530f8ccfaf8235b915f4ae16775ea42b5d
[INFO] testing kindermax/pingcap-course-kvs against nightly-2025-01-18 for randomize-layout-2
[INFO] running `Command { std: "git" "clone" "/workspace/cache/git-repos/https%3A%2F%2Fgithub.com%2Fkindermax%2Fpingcap-course-kvs" "/workspace/builds/worker-0-tc1/source", kill_on_drop: false }`
[INFO] [stderr] Cloning into '/workspace/builds/worker-0-tc1/source'...
[INFO] [stderr] done.
[INFO] validating manifest of git repo https://github.com/kindermax/pingcap-course-kvs on toolchain nightly-2025-01-18
[INFO] running `Command { std: CARGO_HOME="/workspace/cargo-home" RUSTUP_HOME="/workspace/rustup-home" "/workspace/cargo-home/bin/cargo" "+nightly-2025-01-18" "metadata" "--manifest-path" "Cargo.toml" "--no-deps", kill_on_drop: false }`
[INFO] started tweaking git repo https://github.com/kindermax/pingcap-course-kvs
[INFO] finished tweaking git repo https://github.com/kindermax/pingcap-course-kvs
[INFO] tweaked toml for git repo https://github.com/kindermax/pingcap-course-kvs written to /workspace/builds/worker-0-tc1/source/Cargo.toml
[INFO] crate git repo https://github.com/kindermax/pingcap-course-kvs already has a lockfile, it will not be regenerated
[INFO] running `Command { std: CARGO_HOME="/workspace/cargo-home" RUSTUP_HOME="/workspace/rustup-home" "/workspace/cargo-home/bin/cargo" "+nightly-2025-01-18" "fetch" "--manifest-path" "Cargo.toml", kill_on_drop: false }`
[INFO] [stderr]     Updating crates.io index
[INFO] [stderr]     Updating git repository `https://github.com/crossbeam-rs/crossbeam.git`
[INFO] [stderr]  Downloading crates ...
[INFO] [stderr]   Downloaded fastrand v1.7.0
[INFO] [stderr]   Downloaded redox_syscall v0.2.13
[INFO] [stderr]   Downloaded lock_api v0.4.7
[INFO] [stderr]   Downloaded parking_lot_core v0.8.5
[INFO] [stderr]   Downloaded walkdir v2.3.2
[INFO] [stderr]   Downloaded smallvec v1.8.0
[INFO] [stderr]   Downloaded sled v0.34.7
[INFO] [stderr]   Downloaded serde_cbor v0.11.2
[INFO] [stderr]   Downloaded half v1.8.2
[INFO] [stderr]   Downloaded object v0.28.4
[INFO] [stderr]   Downloaded termtree v0.2.4
[INFO] [stderr]   Downloaded escargot v0.4.0
[INFO] [stderr]   Downloaded indexmap v1.8.1
[INFO] [stderr]   Downloaded bumpalo v3.9.1
[INFO] [stderr]   Downloaded rayon-core v1.9.3
[INFO] [stderr]   Downloaded js-sys v0.3.57
[INFO] [stderr]   Downloaded crossbeam-channel v0.5.4
[INFO] [stderr]   Downloaded ryu v1.0.9
[INFO] [stderr]   Downloaded difference v2.0.0
[INFO] [stderr]   Downloaded wasm-bindgen v0.2.80
[INFO] [stderr]   Downloaded clap v2.34.0
[INFO] [stderr]   Downloaded rayon v1.5.3
[INFO] [stderr]   Downloaded clap v3.1.18
[INFO] [stderr]   Downloaded regex v1.5.5
[INFO] [stderr]   Downloaded syn v1.0.94
[INFO] [stderr]   Downloaded proc-macro2 v1.0.38
[INFO] [stderr]   Downloaded bstr v0.2.17
[INFO] [stderr]   Downloaded regex-syntax v0.6.25
[INFO] [stderr]   Downloaded crossbeam-epoch v0.9.8
[INFO] [stderr]   Downloaded predicates v1.0.8
[INFO] [stderr]   Downloaded textwrap v0.15.0
[INFO] [stderr]   Downloaded wasm-bindgen-backend v0.2.80
[INFO] [stderr]   Downloaded crossbeam-utils v0.8.8
[INFO] [stderr]   Downloaded assert_cmd v0.11.1
[INFO] [stderr]   Downloaded clap_derive v3.1.18
[INFO] [stderr]   Downloaded os_str_bytes v6.0.1
[INFO] [stderr]   Downloaded clap_lex v0.2.0
[INFO] [stderr]   Downloaded semver v1.0.9
[INFO] [stderr]   Downloaded rustc_version v0.4.0
[INFO] [stderr]   Downloaded cast v0.2.7
[INFO] [stderr]   Downloaded criterion-plot v0.4.4
[INFO] [stderr]   Downloaded csv-core v0.1.10
[INFO] [stderr]   Downloaded oorandom v11.1.3
[INFO] [stderr]   Downloaded plotters-backend v0.3.2
[INFO] [stderr]   Downloaded plotters-svg v0.3.1
[INFO] [stderr]   Downloaded wasm-bindgen-macro-support v0.2.80
[INFO] [stderr]   Downloaded wasm-bindgen-macro v0.2.80
[INFO] [stderr]   Downloaded float-cmp v0.8.0
[INFO] [stderr]   Downloaded normalize-line-endings v0.3.0
[INFO] [stderr]   Downloaded predicates-core v1.0.3
[INFO] [stderr]   Downloaded autocfg v0.1.8
[INFO] [stderr]   Downloaded crossbeam-deque v0.8.1
[INFO] [stderr]   Downloaded num_cpus v1.13.1
[INFO] [stderr]   Downloaded itoa v1.0.1
[INFO] [stderr]   Downloaded unicode-xid v0.2.3
[INFO] [stderr]   Downloaded memoffset v0.6.5
[INFO] [stderr]   Downloaded fs2 v0.4.3
[INFO] [stderr]   Downloaded predicates-tree v1.0.5
[INFO] [stderr]   Downloaded heck v0.4.0
[INFO] [stderr]   Downloaded csv v1.1.6
[INFO] [stderr]   Downloaded unicode-width v0.1.9
[INFO] [stderr]   Downloaded itoa v0.4.8
[INFO] [stderr]   Downloaded wasm-bindgen-shared v0.2.80
[INFO] [stderr]   Downloaded web-sys v0.3.57
[INFO] [stderr]   Downloaded criterion v0.3.5
[INFO] [stderr]   Downloaded crossbeam v0.8.1
[INFO] [stderr]   Downloaded once_cell v1.12.0
[INFO] [stderr]   Downloaded crossbeam-utils v0.6.6
[INFO] [stderr]   Downloaded env_logger v0.9.0
[INFO] [stderr]   Downloaded gimli v0.26.1
[INFO] [stderr]   Downloaded addr2line v0.17.0
[INFO] [stderr]   Downloaded cc v1.0.73
[INFO] [stderr]   Downloaded miniz_oxide v0.5.1
[INFO] [stderr]   Downloaded failure v0.1.8
[INFO] [stderr]   Downloaded panic-control v0.1.4
[INFO] [stderr]   Downloaded libc v0.2.125
[INFO] [stderr]   Downloaded tinytemplate v1.2.1
[INFO] [stderr]   Downloaded crossbeam-queue v0.3.5
[INFO] [stderr]   Downloaded rustc-demangle v0.1.21
[INFO] [stderr]   Downloaded backtrace v0.3.65
[INFO] [stderr]   Downloaded synstructure v0.12.6
[INFO] [stderr]   Downloaded failure_derive v0.1.8
[INFO] [stderr]   Downloaded plotters v0.3.1
[INFO] running `Command { std: "docker" "create" "-v" "/var/lib/crater-agent-workspace/builds/worker-0-tc1/target:/opt/rustwide/target:rw,Z" "-v" "/var/lib/crater-agent-workspace/builds/worker-0-tc1/source:/opt/rustwide/workdir:ro,Z" "-v" "/var/lib/crater-agent-workspace/cargo-home:/opt/rustwide/cargo-home:ro,Z" "-v" "/var/lib/crater-agent-workspace/rustup-home:/opt/rustwide/rustup-home:ro,Z" "-e" "SOURCE_DIR=/opt/rustwide/workdir" "-e" "CARGO_TARGET_DIR=/opt/rustwide/target" "-e" "CARGO_HOME=/opt/rustwide/cargo-home" "-e" "RUSTUP_HOME=/opt/rustwide/rustup-home" "-w" "/opt/rustwide/workdir" "-m" "1610612736" "--user" "0:0" "--network" "none" "ghcr.io/rust-lang/crates-build-env/linux@sha256:819108c5571ea2e421544af4d832f968d213c87fbe3707a016657f43d2f853bc" "/opt/rustwide/cargo-home/bin/cargo" "+nightly-2025-01-18" "metadata" "--no-deps" "--format-version=1", kill_on_drop: false }`
[INFO] [stdout] d8098585fa5a29c21f9f51cfb0e5379a558502f2a158ff5d8edf62a33ac93caa
[INFO] running `Command { std: "docker" "start" "-a" "d8098585fa5a29c21f9f51cfb0e5379a558502f2a158ff5d8edf62a33ac93caa", kill_on_drop: false }`
[INFO] running `Command { std: "docker" "inspect" "d8098585fa5a29c21f9f51cfb0e5379a558502f2a158ff5d8edf62a33ac93caa", kill_on_drop: false }`
[INFO] running `Command { std: "docker" "rm" "-f" "d8098585fa5a29c21f9f51cfb0e5379a558502f2a158ff5d8edf62a33ac93caa", kill_on_drop: false }`
[INFO] [stdout] d8098585fa5a29c21f9f51cfb0e5379a558502f2a158ff5d8edf62a33ac93caa
[INFO] running `Command { std: "docker" "create" "-v" "/var/lib/crater-agent-workspace/builds/worker-0-tc1/target:/opt/rustwide/target:rw,Z" "-v" "/var/lib/crater-agent-workspace/builds/worker-0-tc1/source:/opt/rustwide/workdir:ro,Z" "-v" "/var/lib/crater-agent-workspace/cargo-home:/opt/rustwide/cargo-home:ro,Z" "-v" "/var/lib/crater-agent-workspace/rustup-home:/opt/rustwide/rustup-home:ro,Z" "-e" "SOURCE_DIR=/opt/rustwide/workdir" "-e" "CARGO_TARGET_DIR=/opt/rustwide/target" "-e" "CARGO_INCREMENTAL=0" "-e" "RUST_BACKTRACE=full" "-e" "RUSTFLAGS=--cap-lints=forbid" "-e" "RUSTDOCFLAGS=--cap-lints=forbid" "-e" "CARGO_HOME=/opt/rustwide/cargo-home" "-e" "RUSTUP_HOME=/opt/rustwide/rustup-home" "-w" "/opt/rustwide/workdir" "-m" "1610612736" "--user" "0:0" "--network" "none" "ghcr.io/rust-lang/crates-build-env/linux@sha256:819108c5571ea2e421544af4d832f968d213c87fbe3707a016657f43d2f853bc" "/opt/rustwide/cargo-home/bin/cargo" "+nightly-2025-01-18" "build" "--frozen" "--message-format=json", kill_on_drop: false }`
[INFO] [stdout] 0ca2167d407fd1d0a111f87a7448d02dc70057a4569b6bad35c42890d3fb0456
[INFO] running `Command { std: "docker" "start" "-a" "0ca2167d407fd1d0a111f87a7448d02dc70057a4569b6bad35c42890d3fb0456", kill_on_drop: false }`
[INFO] [stderr]    Compiling libc v0.2.125
[INFO] [stderr]    Compiling proc-macro2 v1.0.38
[INFO] [stderr]    Compiling unicode-xid v0.2.3
[INFO] [stderr]    Compiling syn v1.0.94
[INFO] [stderr]    Compiling memoffset v0.6.5
[INFO] [stderr]    Compiling crossbeam-utils v0.8.8
[INFO] [stderr]    Compiling crossbeam-epoch v0.9.8
[INFO] [stderr]    Compiling lock_api v0.4.7
[INFO] [stderr]    Compiling crossbeam-utils v0.8.10 (https://github.com/crossbeam-rs/crossbeam.git?branch=master#4b949c2b)
[INFO] [stderr]    Compiling rayon-core v1.9.3
[INFO] [stderr]    Compiling parking_lot_core v0.8.5
[INFO] [stderr]    Compiling proc-macro-error-attr v1.0.4
[INFO] [stderr]    Compiling proc-macro-error v1.0.4
[INFO] [stderr]    Compiling serde_derive v1.0.137
[INFO] [stderr]    Compiling cc v1.0.73
[INFO] [stderr]    Compiling instant v0.1.12
[INFO] [stderr]    Compiling indexmap v1.8.1
[INFO] [stderr]    Compiling crossbeam-epoch v0.9.9 (https://github.com/crossbeam-rs/crossbeam.git?branch=master#4b949c2b)
[INFO] [stderr]    Compiling once_cell v1.12.0
[INFO] [stderr]    Compiling serde v1.0.137
[INFO] [stderr]    Compiling smallvec v1.8.0
[INFO] [stderr]    Compiling gimli v0.26.1
[INFO] [stderr]    Compiling failure_derive v0.1.8
[INFO] [stderr]    Compiling crossbeam-queue v0.3.5
[INFO] [stderr]    Compiling miniz_oxide v0.5.1
[INFO] [stderr]    Compiling aho-corasick v0.7.18
[INFO] [stderr]    Compiling object v0.28.4
[INFO] [stderr]    Compiling rayon v1.5.3
[INFO] [stderr]    Compiling regex-syntax v0.6.25
[INFO] [stderr]    Compiling byteorder v1.4.3
[INFO] [stderr]    Compiling termcolor v1.1.3
[INFO] [stderr]    Compiling rustc-demangle v0.1.21
[INFO] [stderr]    Compiling os_str_bytes v6.0.1
[INFO] [stderr]    Compiling serde_json v1.0.81
[INFO] [stderr]    Compiling crossbeam-skiplist v0.0.0 (https://github.com/crossbeam-rs/crossbeam.git?branch=master#4b949c2b)
[INFO] [stderr]    Compiling hashbrown v0.11.2
[INFO] [stderr]    Compiling quote v1.0.18
[INFO] [stderr]    Compiling crossbeam-channel v0.5.4
[INFO] [stderr]    Compiling atty v0.2.14
[INFO] [stderr]    Compiling num_cpus v1.13.1
[INFO] [stderr]    Compiling heck v0.4.0
[INFO] [stderr]    Compiling parking_lot v0.11.2
[INFO] [stderr]    Compiling backtrace v0.3.65
[INFO] [stderr]    Compiling crossbeam-deque v0.8.1
[INFO] [stderr]    Compiling fs2 v0.4.3
[INFO] [stderr]    Compiling clap_lex v0.2.0
[INFO] [stderr]    Compiling fxhash v0.2.1
[INFO] [stderr]    Compiling crc32fast v1.3.2
[INFO] [stderr]    Compiling humantime v2.1.0
[INFO] [stderr]    Compiling either v1.6.1
[INFO] [stderr]    Compiling strsim v0.10.0
[INFO] [stderr]    Compiling textwrap v0.15.0
[INFO] [stderr]    Compiling regex v1.5.5
[INFO] [stderr]    Compiling ryu v1.0.9
[INFO] [stderr]    Compiling itoa v1.0.1
[INFO] [stderr]    Compiling sled v0.34.7
[INFO] [stderr]    Compiling crossbeam v0.8.1
[INFO] [stderr]    Compiling env_logger v0.9.0
[INFO] [stderr]    Compiling addr2line v0.17.0
[INFO] [stderr]    Compiling synstructure v0.12.6
[INFO] [stderr]    Compiling clap_derive v3.1.18
[INFO] [stderr]    Compiling failure v0.1.8
[INFO] [stderr]    Compiling clap v3.1.18
[INFO] [stderr]    Compiling kvs v0.1.0 (/opt/rustwide/workdir)
[INFO] [stdout] warning: non-local `impl` definition, `impl` blocks should be written at the same level as their item
[INFO] [stdout]  --> src/error.rs:6:10
[INFO] [stdout]   |
[INFO] [stdout] 6 | #[derive(Fail, Debug)]
[INFO] [stdout]   |          ^---
[INFO] [stdout]   |          |
[INFO] [stdout]   |          `Fail` is not local
[INFO] [stdout]   |          move the `impl` block outside of this constant `_DERIVE_failure_Fail_FOR_KvsError`
[INFO] [stdout] 7 | pub enum KvsError {
[INFO] [stdout]   |          -------- `KvsError` is not local
[INFO] [stdout]   |
[INFO] [stdout]   = note: the derive macro `Fail` defines the non-local `impl`, and may need to be changed
[INFO] [stdout]   = note: the derive macro `Fail` may come from an old version of the `failure_derive` crate, try updating your dependency with `cargo update -p failure_derive`
[INFO] [stdout]   = note: an `impl` is never scoped, even when it is nested inside an item, as it may impact type checking outside of that item, which can be the case if neither the trait or the self type are at the same nesting level as the `impl`
[INFO] [stdout]   = note: items in an anonymous const item (`const _: () = { ... }`) are treated as in the same scope as the anonymous const's declaration for the purpose of this lint
[INFO] [stdout]   = note: `#[warn(non_local_definitions)]` on by default
[INFO] [stdout]   = note: this warning originates in the derive macro `Fail` (in Nightly builds, run with -Z macro-backtrace for more info)
[INFO] [stdout] 
[INFO] [stdout] 
[INFO] [stdout] warning: non-local `impl` definition, `impl` blocks should be written at the same level as their item
[INFO] [stdout]  --> src/error.rs:6:10
[INFO] [stdout]   |
[INFO] [stdout] 6 | #[derive(Fail, Debug)]
[INFO] [stdout]   |          ^---
[INFO] [stdout]   |          |
[INFO] [stdout]   |          `Display` is not local
[INFO] [stdout]   |          move the `impl` block outside of this constant `_DERIVE_failure_core_fmt_Display_FOR_KvsError`
[INFO] [stdout] 7 | pub enum KvsError {
[INFO] [stdout]   |          -------- `KvsError` is not local
[INFO] [stdout]   |
[INFO] [stdout]   = note: the derive macro `Fail` defines the non-local `impl`, and may need to be changed
[INFO] [stdout]   = note: the derive macro `Fail` may come from an old version of the `failure_derive` crate, try updating your dependency with `cargo update -p failure_derive`
[INFO] [stdout]   = note: an `impl` is never scoped, even when it is nested inside an item, as it may impact type checking outside of that item, which can be the case if neither the trait or the self type are at the same nesting level as the `impl`
[INFO] [stdout]   = note: items in an anonymous const item (`const _: () = { ... }`) are treated as in the same scope as the anonymous const's declaration for the purpose of this lint
[INFO] [stdout]   = note: this warning originates in the derive macro `Fail` (in Nightly builds, run with -Z macro-backtrace for more info)
[INFO] [stdout] 
[INFO] [stdout] 
[INFO] [stderr]     Finished `dev` profile [unoptimized + debuginfo] target(s) in 29.36s
[INFO] running `Command { std: "docker" "inspect" "0ca2167d407fd1d0a111f87a7448d02dc70057a4569b6bad35c42890d3fb0456", kill_on_drop: false }`
[INFO] running `Command { std: "docker" "rm" "-f" "0ca2167d407fd1d0a111f87a7448d02dc70057a4569b6bad35c42890d3fb0456", kill_on_drop: false }`
[INFO] [stdout] 0ca2167d407fd1d0a111f87a7448d02dc70057a4569b6bad35c42890d3fb0456
[INFO] running `Command { std: "docker" "create" "-v" "/var/lib/crater-agent-workspace/builds/worker-0-tc1/target:/opt/rustwide/target:rw,Z" "-v" "/var/lib/crater-agent-workspace/builds/worker-0-tc1/source:/opt/rustwide/workdir:ro,Z" "-v" "/var/lib/crater-agent-workspace/cargo-home:/opt/rustwide/cargo-home:ro,Z" "-v" "/var/lib/crater-agent-workspace/rustup-home:/opt/rustwide/rustup-home:ro,Z" "-e" "SOURCE_DIR=/opt/rustwide/workdir" "-e" "CARGO_TARGET_DIR=/opt/rustwide/target" "-e" "CARGO_INCREMENTAL=0" "-e" "RUST_BACKTRACE=full" "-e" "RUSTFLAGS=--cap-lints=forbid" "-e" "RUSTDOCFLAGS=--cap-lints=forbid" "-e" "CARGO_HOME=/opt/rustwide/cargo-home" "-e" "RUSTUP_HOME=/opt/rustwide/rustup-home" "-w" "/opt/rustwide/workdir" "-m" "1610612736" "--user" "0:0" "--network" "none" "ghcr.io/rust-lang/crates-build-env/linux@sha256:819108c5571ea2e421544af4d832f968d213c87fbe3707a016657f43d2f853bc" "/opt/rustwide/cargo-home/bin/cargo" "+nightly-2025-01-18" "test" "--frozen" "--no-run" "--message-format=json", kill_on_drop: false }`
[INFO] [stdout] 5c2be2711700e177d3b9f8e345347cf7ce0492a856251aaf0b3454c5fb155a2d
[INFO] running `Command { std: "docker" "start" "-a" "5c2be2711700e177d3b9f8e345347cf7ce0492a856251aaf0b3454c5fb155a2d", kill_on_drop: false }`
[INFO] [stderr]    Compiling autocfg v0.1.8
[INFO] [stderr]    Compiling rand_core v0.4.2
[INFO] [stderr]    Compiling regex-syntax v0.6.25
[INFO] [stderr]    Compiling semver v1.0.9
[INFO] [stderr]    Compiling num-traits v0.2.15
[INFO] [stderr]    Compiling escargot v0.4.0
[INFO] [stderr]    Compiling predicates-core v1.0.3
[INFO] [stderr]    Compiling regex-automata v0.1.10
[INFO] [stderr]    Compiling plotters-backend v0.3.2
[INFO] [stderr]    Compiling unicode-width v0.1.9
[INFO] [stderr]    Compiling itertools v0.10.3
[INFO] [stderr]    Compiling csv-core v0.1.10
[INFO] [stderr]    Compiling normalize-line-endings v0.3.0
[INFO] [stderr]    Compiling difference v2.0.0
[INFO] [stderr]    Compiling termtree v0.2.4
[INFO] [stderr]    Compiling itoa v0.4.8
[INFO] [stderr]    Compiling rand_chacha v0.1.1
[INFO] [stderr]    Compiling rand_pcg v0.1.2
[INFO] [stderr]    Compiling textwrap v0.11.0
[INFO] [stderr]    Compiling rand v0.6.5
[INFO] [stderr]    Compiling half v1.8.2
[INFO] [stderr]    Compiling same-file v1.0.6
[INFO] [stderr]    Compiling rand_core v0.3.1
[INFO] [stderr]    Compiling clap v2.34.0
[INFO] [stderr]    Compiling rand_hc v0.1.0
[INFO] [stderr]    Compiling rand_xorshift v0.1.1
[INFO] [stderr]    Compiling walkdir v2.3.2
[INFO] [stderr]    Compiling rustc_version v0.4.0
[INFO] [stderr]    Compiling plotters-svg v0.3.1
[INFO] [stderr]    Compiling rand_isaac v0.1.1
[INFO] [stderr]    Compiling rand_os v0.1.3
[INFO] [stderr]    Compiling rand_jitter v0.1.4
[INFO] [stderr]    Compiling predicates-tree v1.0.5
[INFO] [stderr]    Compiling tinytemplate v1.2.1
[INFO] [stderr]    Compiling bstr v0.2.17
[INFO] [stderr]    Compiling serde_cbor v0.11.2
[INFO] [stderr]    Compiling fastrand v1.7.0
[INFO] [stderr]    Compiling remove_dir_all v0.5.3
[INFO] [stderr]    Compiling oorandom v11.1.3
[INFO] [stderr]    Compiling crossbeam-utils v0.6.6
[INFO] [stderr]    Compiling panic-control v0.1.4
[INFO] [stderr]    Compiling cast v0.2.7
[INFO] [stderr]    Compiling tempfile v3.3.0
[INFO] [stderr]    Compiling float-cmp v0.8.0
[INFO] [stderr]    Compiling plotters v0.3.1
[INFO] [stderr]    Compiling csv v1.1.6
[INFO] [stderr]    Compiling criterion-plot v0.4.4
[INFO] [stderr]    Compiling regex v1.5.5
[INFO] [stderr]    Compiling env_logger v0.9.0
[INFO] [stderr]    Compiling predicates v1.0.8
[INFO] [stderr]    Compiling criterion v0.3.5
[INFO] [stderr]    Compiling kvs v0.1.0 (/opt/rustwide/workdir)
[INFO] [stderr]    Compiling assert_cmd v0.11.1
[INFO] [stdout] warning: non-local `impl` definition, `impl` blocks should be written at the same level as their item
[INFO] [stdout]  --> src/error.rs:6:10
[INFO] [stdout]   |
[INFO] [stdout] 6 | #[derive(Fail, Debug)]
[INFO] [stdout]   |          ^---
[INFO] [stdout]   |          |
[INFO] [stdout]   |          `Fail` is not local
[INFO] [stdout]   |          move the `impl` block outside of this constant `_DERIVE_failure_Fail_FOR_KvsError`
[INFO] [stdout] 7 | pub enum KvsError {
[INFO] [stdout]   |          -------- `KvsError` is not local
[INFO] [stdout]   |
[INFO] [stdout]   = note: the derive macro `Fail` defines the non-local `impl`, and may need to be changed
[INFO] [stdout]   = note: the derive macro `Fail` may come from an old version of the `failure_derive` crate, try updating your dependency with `cargo update -p failure_derive`
[INFO] [stdout]   = note: an `impl` is never scoped, even when it is nested inside an item, as it may impact type checking outside of that item, which can be the case if neither the trait or the self type are at the same nesting level as the `impl`
[INFO] [stdout]   = note: items in an anonymous const item (`const _: () = { ... }`) are treated as in the same scope as the anonymous const's declaration for the purpose of this lint
[INFO] [stdout]   = note: `#[warn(non_local_definitions)]` on by default
[INFO] [stdout]   = note: this warning originates in the derive macro `Fail` (in Nightly builds, run with -Z macro-backtrace for more info)
[INFO] [stdout] 
[INFO] [stdout] 
[INFO] [stdout] warning: non-local `impl` definition, `impl` blocks should be written at the same level as their item
[INFO] [stdout]  --> src/error.rs:6:10
[INFO] [stdout]   |
[INFO] [stdout] 6 | #[derive(Fail, Debug)]
[INFO] [stdout]   |          ^---
[INFO] [stdout]   |          |
[INFO] [stdout]   |          `Display` is not local
[INFO] [stdout]   |          move the `impl` block outside of this constant `_DERIVE_failure_core_fmt_Display_FOR_KvsError`
[INFO] [stdout] 7 | pub enum KvsError {
[INFO] [stdout]   |          -------- `KvsError` is not local
[INFO] [stdout]   |
[INFO] [stdout]   = note: the derive macro `Fail` defines the non-local `impl`, and may need to be changed
[INFO] [stdout]   = note: the derive macro `Fail` may come from an old version of the `failure_derive` crate, try updating your dependency with `cargo update -p failure_derive`
[INFO] [stdout]   = note: an `impl` is never scoped, even when it is nested inside an item, as it may impact type checking outside of that item, which can be the case if neither the trait or the self type are at the same nesting level as the `impl`
[INFO] [stdout]   = note: items in an anonymous const item (`const _: () = { ... }`) are treated as in the same scope as the anonymous const's declaration for the purpose of this lint
[INFO] [stdout]   = note: this warning originates in the derive macro `Fail` (in Nightly builds, run with -Z macro-backtrace for more info)
[INFO] [stdout] 
[INFO] [stdout] 
[INFO] [stdout] warning: non-local `impl` definition, `impl` blocks should be written at the same level as their item
[INFO] [stdout]  --> src/error.rs:6:10
[INFO] [stdout]   |
[INFO] [stdout] 6 | #[derive(Fail, Debug)]
[INFO] [stdout]   |          ^---
[INFO] [stdout]   |          |
[INFO] [stdout]   |          `Fail` is not local
[INFO] [stdout]   |          move the `impl` block outside of this constant `_DERIVE_failure_Fail_FOR_KvsError`
[INFO] [stdout] 7 | pub enum KvsError {
[INFO] [stdout]   |          -------- `KvsError` is not local
[INFO] [stdout]   |
[INFO] [stdout]   = note: the derive macro `Fail` defines the non-local `impl`, and may need to be changed
[INFO] [stdout]   = note: the derive macro `Fail` may come from an old version of the `failure_derive` crate, try updating your dependency with `cargo update -p failure_derive`
[INFO] [stdout]   = note: an `impl` is never scoped, even when it is nested inside an item, as it may impact type checking outside of that item, which can be the case if neither the trait or the self type are at the same nesting level as the `impl`
[INFO] [stdout]   = note: items in an anonymous const item (`const _: () = { ... }`) are treated as in the same scope as the anonymous const's declaration for the purpose of this lint
[INFO] [stdout]   = note: `#[warn(non_local_definitions)]` on by default
[INFO] [stdout]   = note: this warning originates in the derive macro `Fail` (in Nightly builds, run with -Z macro-backtrace for more info)
[INFO] [stdout] 
[INFO] [stdout] 
[INFO] [stdout] warning: non-local `impl` definition, `impl` blocks should be written at the same level as their item
[INFO] [stdout]  --> src/error.rs:6:10
[INFO] [stdout]   |
[INFO] [stdout] 6 | #[derive(Fail, Debug)]
[INFO] [stdout]   |          ^---
[INFO] [stdout]   |          |
[INFO] [stdout]   |          `Display` is not local
[INFO] [stdout]   |          move the `impl` block outside of this constant `_DERIVE_failure_core_fmt_Display_FOR_KvsError`
[INFO] [stdout] 7 | pub enum KvsError {
[INFO] [stdout]   |          -------- `KvsError` is not local
[INFO] [stdout]   |
[INFO] [stdout]   = note: the derive macro `Fail` defines the non-local `impl`, and may need to be changed
[INFO] [stdout]   = note: the derive macro `Fail` may come from an old version of the `failure_derive` crate, try updating your dependency with `cargo update -p failure_derive`
[INFO] [stdout]   = note: an `impl` is never scoped, even when it is nested inside an item, as it may impact type checking outside of that item, which can be the case if neither the trait or the self type are at the same nesting level as the `impl`
[INFO] [stdout]   = note: items in an anonymous const item (`const _: () = { ... }`) are treated as in the same scope as the anonymous const's declaration for the purpose of this lint
[INFO] [stdout]   = note: this warning originates in the derive macro `Fail` (in Nightly builds, run with -Z macro-backtrace for more info)
[INFO] [stdout] 
[INFO] [stdout] 
[INFO] [stderr]     Finished `test` profile [unoptimized + debuginfo] target(s) in 19.54s
[INFO] [stderr] warning: the following packages contain code that will be rejected by a future version of Rust: criterion v0.3.5
[INFO] [stderr] note: to see what the problems were, use the option `--future-incompat-report`, or run `cargo report future-incompatibilities --id 1`
[INFO] running `Command { std: "docker" "inspect" "5c2be2711700e177d3b9f8e345347cf7ce0492a856251aaf0b3454c5fb155a2d", kill_on_drop: false }`
[INFO] running `Command { std: "docker" "rm" "-f" "5c2be2711700e177d3b9f8e345347cf7ce0492a856251aaf0b3454c5fb155a2d", kill_on_drop: false }`
[INFO] [stdout] 5c2be2711700e177d3b9f8e345347cf7ce0492a856251aaf0b3454c5fb155a2d
[INFO] running `Command { std: "docker" "create" "-v" "/var/lib/crater-agent-workspace/builds/worker-0-tc1/target:/opt/rustwide/target:rw,Z" "-v" "/var/lib/crater-agent-workspace/builds/worker-0-tc1/source:/opt/rustwide/workdir:ro,Z" "-v" "/var/lib/crater-agent-workspace/cargo-home:/opt/rustwide/cargo-home:ro,Z" "-v" "/var/lib/crater-agent-workspace/rustup-home:/opt/rustwide/rustup-home:ro,Z" "-e" "SOURCE_DIR=/opt/rustwide/workdir" "-e" "CARGO_TARGET_DIR=/opt/rustwide/target" "-e" "CARGO_INCREMENTAL=0" "-e" "RUST_BACKTRACE=full" "-e" "RUSTFLAGS=--cap-lints=forbid" "-e" "RUSTDOCFLAGS=--cap-lints=forbid" "-e" "CARGO_HOME=/opt/rustwide/cargo-home" "-e" "RUSTUP_HOME=/opt/rustwide/rustup-home" "-w" "/opt/rustwide/workdir" "-m" "1610612736" "--user" "0:0" "--network" "none" "ghcr.io/rust-lang/crates-build-env/linux@sha256:819108c5571ea2e421544af4d832f968d213c87fbe3707a016657f43d2f853bc" "/opt/rustwide/cargo-home/bin/cargo" "+nightly-2025-01-18" "test" "--frozen", kill_on_drop: false }`
[INFO] [stdout] 3b8d8a71270392ba18a44e5860a43fe38dc836189bece19106fd29e28e612e92
[INFO] running `Command { std: "docker" "start" "-a" "3b8d8a71270392ba18a44e5860a43fe38dc836189bece19106fd29e28e612e92", kill_on_drop: false }`
[INFO] [stderr] warning: non-local `impl` definition, `impl` blocks should be written at the same level as their item
[INFO] [stderr]  --> src/error.rs:6:10
[INFO] [stderr]   |
[INFO] [stderr] 6 | #[derive(Fail, Debug)]
[INFO] [stderr]   |          ^---
[INFO] [stderr]   |          |
[INFO] [stderr]   |          `Fail` is not local
[INFO] [stderr]   |          move the `impl` block outside of this constant `_DERIVE_failure_Fail_FOR_KvsError`
[INFO] [stderr] 7 | pub enum KvsError {
[INFO] [stderr]   |          -------- `KvsError` is not local
[INFO] [stderr]   |
[INFO] [stderr]   = note: the derive macro `Fail` defines the non-local `impl`, and may need to be changed
[INFO] [stderr]   = note: the derive macro `Fail` may come from an old version of the `failure_derive` crate, try updating your dependency with `cargo update -p failure_derive`
[INFO] [stderr]   = note: an `impl` is never scoped, even when it is nested inside an item, as it may impact type checking outside of that item, which can be the case if neither the trait or the self type are at the same nesting level as the `impl`
[INFO] [stderr]   = note: items in an anonymous const item (`const _: () = { ... }`) are treated as in the same scope as the anonymous const's declaration for the purpose of this lint
[INFO] [stderr]   = note: `#[warn(non_local_definitions)]` on by default
[INFO] [stderr]   = note: this warning originates in the derive macro `Fail` (in Nightly builds, run with -Z macro-backtrace for more info)
[INFO] [stderr] 
[INFO] [stderr] warning: non-local `impl` definition, `impl` blocks should be written at the same level as their item
[INFO] [stderr]  --> src/error.rs:6:10
[INFO] [stderr]   |
[INFO] [stderr] 6 | #[derive(Fail, Debug)]
[INFO] [stderr]   |          ^---
[INFO] [stderr]   |          |
[INFO] [stderr]   |          `Display` is not local
[INFO] [stderr]   |          move the `impl` block outside of this constant `_DERIVE_failure_core_fmt_Display_FOR_KvsError`
[INFO] [stderr] 7 | pub enum KvsError {
[INFO] [stderr]   |          -------- `KvsError` is not local
[INFO] [stderr]   |
[INFO] [stderr]   = note: the derive macro `Fail` defines the non-local `impl`, and may need to be changed
[INFO] [stderr]   = note: the derive macro `Fail` may come from an old version of the `failure_derive` crate, try updating your dependency with `cargo update -p failure_derive`
[INFO] [stderr]   = note: an `impl` is never scoped, even when it is nested inside an item, as it may impact type checking outside of that item, which can be the case if neither the trait or the self type are at the same nesting level as the `impl`
[INFO] [stderr]   = note: items in an anonymous const item (`const _: () = { ... }`) are treated as in the same scope as the anonymous const's declaration for the purpose of this lint
[INFO] [stderr]   = note: this warning originates in the derive macro `Fail` (in Nightly builds, run with -Z macro-backtrace for more info)
[INFO] [stderr] 
[INFO] [stderr] warning: `kvs` (lib) generated 2 warnings
[INFO] [stderr] warning: `kvs` (lib test) generated 2 warnings (2 duplicates)
[INFO] [stderr]     Finished `test` profile [unoptimized + debuginfo] target(s) in 0.54s
[INFO] [stderr] warning: the following packages contain code that will be rejected by a future version of Rust: criterion v0.3.5
[INFO] [stderr] note: to see what the problems were, use the option `--future-incompat-report`, or run `cargo report future-incompatibilities --id 1`
[INFO] [stderr]      Running unittests src/lib.rs (/opt/rustwide/target/debug/deps/kvs-e2933746a90bb3b0)
[INFO] [stdout] 
[INFO] [stdout] running 0 tests
[INFO] [stdout] 
[INFO] [stdout] test result: ok. 0 passed; 0 failed; 0 ignored; 0 measured; 0 filtered out; finished in 0.00s
[INFO] [stdout] 
[INFO] [stderr]      Running unittests src/bin/kvs-client.rs (/opt/rustwide/target/debug/deps/kvs_client-e10fb43e5f721f9c)
[INFO] [stdout] 
[INFO] [stdout] running 0 tests
[INFO] [stdout] 
[INFO] [stdout] test result: ok. 0 passed; 0 failed; 0 ignored; 0 measured; 0 filtered out; finished in 0.00s
[INFO] [stdout] 
[INFO] [stderr]      Running unittests src/bin/kvs-server.rs (/opt/rustwide/target/debug/deps/kvs_server-e710b8a31f32b9c1)
[INFO] [stdout] 
[INFO] [stdout] running 0 tests
[INFO] [stdout] 
[INFO] [stdout] test result: ok. 0 passed; 0 failed; 0 ignored; 0 measured; 0 filtered out; finished in 0.00s
[INFO] [stdout] 
[INFO] [stderr]      Running tests/cli.rs (/opt/rustwide/target/debug/deps/cli-30c86177add69bbe)
[INFO] [stdout] 
[INFO] [stdout] running 11 tests
[INFO] [stderr] [2025-01-20T15:36:16Z INFO  kvs_server] kvs-server 0.1.0
[INFO] [stderr] [2025-01-20T15:36:16Z INFO  kvs_server] kvs-server 0.1.0
[INFO] [stderr] [2025-01-20T15:36:16Z INFO  kvs_server] Storage engine: sled
[INFO] [stderr] [2025-01-20T15:36:16Z INFO  kvs_server] Storage engine: sled
[INFO] [stderr] [2025-01-20T15:36:16Z INFO  kvs_server] Listening on 127.0.0.1:4005
[INFO] [stderr] [2025-01-20T15:36:16Z INFO  kvs_server] Listening on 127.0.0.1:4002
[INFO] [stderr] [2025-01-20T15:36:16Z INFO  kvs_server] kvs-server 0.1.0
[INFO] [stderr] [2025-01-20T15:36:16Z INFO  kvs_server] Storage engine: kvs
[INFO] [stderr] [2025-01-20T15:36:16Z INFO  kvs_server] Listening on 127.0.0.1:4004
[INFO] [stdout] test client_cli_no_args ... ok
[INFO] [stdout] test server_cli_version ... ok
[INFO] [stdout] test client_cli_invalid_subcommand ... ok
[INFO] [stdout] test client_cli_version ... ok
[INFO] [stdout] test client_cli_invalid_rm ... ok
[INFO] [stdout] test client_cli_invalid_get ... ok
[INFO] [stdout] test client_cli_invalid_set ... ok
[INFO] [stdout] test cli_log_configuration ... ok
[INFO] [stderr] [2025-01-20T15:36:17Z INFO  kvs::server] Accepted connection from 127.0.0.1:52888
[INFO] [stderr] [2025-01-20T15:36:17Z INFO  kvs::server] Accepted connection from 127.0.0.1:44550
[INFO] [stderr] 
[INFO] [stderr] thread '<unnamed>' panicked at library/core/src/panicking.rs:218:5:
[INFO] [stderr] unsafe precondition(s) violated: slice::get_unchecked requires that the index is within the slice
[INFO] [stderr] stack backtrace:
[INFO] [stderr] [2025-01-20T15:36:17Z INFO  kvs::server] Accepted connection from 127.0.0.1:52902
[INFO] [stderr] [2025-01-20T15:36:17Z INFO  kvs_server] kvs-server 0.1.0
[INFO] [stderr] [2025-01-20T15:36:17Z INFO  kvs_server] Storage engine: kvs
[INFO] [stderr] [2025-01-20T15:36:17Z INFO  kvs_server] Listening on 127.0.0.1:4002
[INFO] [stderr] [2025-01-20T15:36:17Z INFO  kvs::server] Accepted connection from 127.0.0.1:52904
[INFO] [stderr] [2025-01-20T15:36:17Z INFO  kvs::server] Accepted connection from 127.0.0.1:52906
[INFO] [stderr] [2025-01-20T15:36:17Z INFO  kvs::server] Accepted connection from 127.0.0.1:52922
[INFO] [stderr] [2025-01-20T15:36:17Z INFO  kvs::server] Accepted connection from 127.0.0.1:52932
[INFO] [stderr] [2025-01-20T15:36:17Z INFO  kvs::server] Accepted connection from 127.0.0.1:52944
[INFO] [stderr] [2025-01-20T15:36:17Z INFO  kvs::server] Accepted connection from 127.0.0.1:52954
[INFO] [stderr] [2025-01-20T15:36:17Z INFO  kvs_server] kvs-server 0.1.0
[INFO] [stderr] [2025-01-20T15:36:17Z INFO  kvs_server] Storage engine: sled
[INFO] [stderr] [2025-01-20T15:36:17Z INFO  kvs_server] Listening on 127.0.0.1:4005
[INFO] [stderr]    0:     0x57c28c8eb8ca - std::backtrace_rs::backtrace::libunwind::trace::hb059275cfc8d6126
[INFO] [stderr]                                at /rustc/6067b36314ab5eb2eb47cecc464545ba58e1ad24/library/std/src/../../backtrace/src/backtrace/libunwind.rs:116:5
[INFO] [stderr]    1:     0x57c28c8eb8ca - std::backtrace_rs::backtrace::trace_unsynchronized::h2da071e4327ce3ee
[INFO] [stderr]                                at /rustc/6067b36314ab5eb2eb47cecc464545ba58e1ad24/library/std/src/../../backtrace/src/backtrace/mod.rs:66:5
[INFO] [stderr]    2:     0x57c28c8eb8ca - std::sys::backtrace::_print_fmt::h842a1474e6f8d23f
[INFO] [stderr]                                at /rustc/6067b36314ab5eb2eb47cecc464545ba58e1ad24/library/std/src/sys/backtrace.rs:66:9
[INFO] [stderr]    3:     0x57c28c8eb8ca - <std::sys::backtrace::BacktraceLock::print::DisplayBacktrace as core::fmt::Display>::fmt::h71a62eb3b9696b12
[INFO] [stderr]                                at /rustc/6067b36314ab5eb2eb47cecc464545ba58e1ad24/library/std/src/sys/backtrace.rs:39:26
[INFO] [stderr]    4:     0x57c28c913c63 - core::fmt::rt::Argument::fmt::hdb6b616786b41dc1
[INFO] [stderr]                                at /rustc/6067b36314ab5eb2eb47cecc464545ba58e1ad24/library/core/src/fmt/rt.rs:177:76
[INFO] [stderr]    5:     0x57c28c913c63 - core::fmt::write::h2cc1698af7e2d686
[INFO] [stderr]                                at /rustc/6067b36314ab5eb2eb47cecc464545ba58e1ad24/library/core/src/fmt/mod.rs:1440:21
[INFO] [stderr]    6:     0x57c28c8e7593 - std::io::Write::write_fmt::h00c8700df393f328
[INFO] [stderr]                                at /rustc/6067b36314ab5eb2eb47cecc464545ba58e1ad24/library/std/src/io/mod.rs:1887:15
[INFO] [stderr]    7:     0x57c28c8eb712 - std::sys::backtrace::BacktraceLock::print::h147fe35b4ea13b08
[INFO] [stderr]                                at /rustc/6067b36314ab5eb2eb47cecc464545ba58e1ad24/library/std/src/sys/backtrace.rs:42:9
[INFO] [stderr]    8:     0x57c28c8ec66f - std::panicking::default_hook::{{closure}}::hbd44223dbdc0d208
[INFO] [stderr]                                at /rustc/6067b36314ab5eb2eb47cecc464545ba58e1ad24/library/std/src/panicking.rs:298:22
[INFO] [stderr]    9:     0x57c28c8ec4da - std::panicking::default_hook::h20f81eb0576efcec
[INFO] [stderr]                                at /rustc/6067b36314ab5eb2eb47cecc464545ba58e1ad24/library/std/src/panicking.rs:325:9
[INFO] [stderr]   10:     0x57c28c8ed092 - std::panicking::rust_panic_with_hook::h625eea43051b2edc
[INFO] [stderr]                                at /rustc/6067b36314ab5eb2eb47cecc464545ba58e1ad24/library/std/src/panicking.rs:831:13
[INFO] [stderr]   11:     0x57c28c8ecde6 - std::panicking::begin_panic_handler::{{closure}}::h4f9159cfbc3f6bd3
[INFO] [stderr]                                at /rustc/6067b36314ab5eb2eb47cecc464545ba58e1ad24/library/std/src/panicking.rs:697:13
[INFO] [stderr]   12:     0x57c28c8ebdc9 - std::sys::backtrace::__rust_end_short_backtrace::h0390abce48353151
[INFO] [stderr]                                at /rustc/6067b36314ab5eb2eb47cecc464545ba58e1ad24/library/std/src/sys/backtrace.rs:168:18
[INFO] [stderr]   13:     0x57c28c8ecaad - rust_begin_unwind
[INFO] [stderr]                                at /rustc/6067b36314ab5eb2eb47cecc464545ba58e1ad24/library/std/src/panicking.rs:695:5
[INFO] [stderr]   14:     0x57c28c9119ad - core::panicking::panic_nounwind_fmt::runtime::hff07b4bc76d03a4c
[INFO] [stderr]                                at /rustc/6067b36314ab5eb2eb47cecc464545ba58e1ad24/library/core/src/panicking.rs:117:22
[INFO] [stderr]   15:     0x57c28c9119ad - core::panicking::panic_nounwind_fmt::hbd5e8c40c5ce07f6
[INFO] [stderr]                                at /rustc/6067b36314ab5eb2eb47cecc464545ba58e1ad24/library/core/src/intrinsics/mod.rs:3861:9
[INFO] [stderr]   16:     0x57c28c911a42 - core::panicking::panic_nounwind::h87bcbf062a0b0104
[INFO] [stderr]                                at /rustc/6067b36314ab5eb2eb47cecc464545ba58e1ad24/library/core/src/panicking.rs:218:5
[INFO] [stderr]   17:     0x57c28c54e148 - <usize as core::slice::index::SliceIndex<[T]>>::get_unchecked::precondition_check::hf9ef79ad76c6ce83
[INFO] [stderr]                                at /rustc/6067b36314ab5eb2eb47cecc464545ba58e1ad24/library/core/src/ub_checks.rs:68:21
[INFO] [stderr]   18:     0x57c28c54e101 - <usize as core::slice::index::SliceIndex<[T]>>::get_unchecked::h266892ac8f9a0cdd
[INFO] [stderr]                                at /rustc/6067b36314ab5eb2eb47cecc464545ba58e1ad24/library/core/src/ub_checks.rs:75:17
[INFO] [stderr]   19:     0x57c28c575c79 - core::slice::<impl [T]>::get_unchecked::h3702d031ea0c3f7f
[INFO] [stderr]                                at /rustc/6067b36314ab5eb2eb47cecc464545ba58e1ad24/library/core/src/slice/mod.rs:665:20
[INFO] [stderr]   20:     0x57c28c571a1e - <crossbeam_skiplist::base::Tower<K,V> as core::ops::index::Index<usize>>::index::h800f853c24d143e3
[INFO] [stderr]                                at /opt/rustwide/cargo-home/git/checkouts/crossbeam-1f6364e0f7f9e51e/4b949c2/crossbeam-skiplist/src/base.rs:39:18
[INFO] [stderr]   21:     0x57c28c57396e - crossbeam_skiplist::base::SkipList<K,V>::search_bound::h444f4bd7570336df
[INFO] [stderr]                                at /opt/rustwide/cargo-home/git/checkouts/crossbeam-1f6364e0f7f9e51e/4b949c2/crossbeam-skiplist/src/base.rs:692:33
[INFO] [stderr]   22:     0x57c28c57538f - crossbeam_skiplist::base::SkipList<K,V>::get::hbb5309cae4ebd4a3
[INFO] [stderr]                                at /opt/rustwide/cargo-home/git/checkouts/crossbeam-1f6364e0f7f9e51e/4b949c2/crossbeam-skiplist/src/base.rs:419:17
[INFO] [stderr]   23:     0x57c28c5723de - crossbeam_skiplist::map::SkipMap<K,V>::get::{{closure}}::headc680fab10a7c7
[INFO] [stderr]                                at /opt/rustwide/cargo-home/git/checkouts/crossbeam-1f6364e0f7f9e51e/4b949c2/crossbeam-skiplist/src/map.rs:165:25
[INFO] [stderr]   24:     0x57c28c5726c2 - crossbeam_skiplist::base::try_pin_loop::h144476cc37ecb0f8
[INFO] [stderr]                                at /opt/rustwide/cargo-home/git/checkouts/crossbeam-1f6364e0f7f9e51e/4b949c2/crossbeam-skiplist/src/base.rs:2072:26
[INFO] [stderr]   25:     0x57c28c57232e - crossbeam_skiplist::map::SkipMap<K,V>::get::hf09395df1d41266c
[INFO] [stderr]                                at /opt/rustwide/cargo-home/git/checkouts/crossbeam-1f6364e0f7f9e51e/4b949c2/crossbeam-skiplist/src/map.rs:165:9
[INFO] [stderr]   26:     0x57c28c581389 - kvs::engines::kvs::KvStoreWriter::set::h98b2e1c33a5f0ceb
[INFO] [stderr]                                at /opt/rustwide/workdir/src/engines/kvs.rs:225:36
[INFO] [stderr]   27:     0x57c28c57f902 - <kvs::engines::kvs::KvStore as kvs::engines::KvsEngine>::set::h73437404997fcf59
[INFO] [stderr]                                at /opt/rustwide/workdir/src/engines/kvs.rs:107:9
[INFO] [stderr]   28:     0x57c28c410178 - kvs::server::serve::h8581ce20ad22cbdb
[INFO] [stderr]                                at /opt/rustwide/workdir/src/server.rs:72:34
[INFO] [stderr]   29:     0x57c28c40e08c - kvs::server::KvsServer<E,T>::run::{{closure}}::hcb6e4a0b4c23c9be
[INFO] [stderr]                                at /opt/rustwide/workdir/src/server.rs:30:37
[INFO] [stderr]   30:     0x57c28c3f73d0 - rayon_core::thread_pool::ThreadPool::install::{{closure}}::h9417bde5d42468f9
[INFO] [stderr]                                at /opt/rustwide/cargo-home/registry/src/index.crates.io-1949cf8c6b5b557f/rayon-core-1.9.3/src/thread_pool/mod.rs:111:40
[INFO] [stderr]   31:     0x57c28c3f7bd0 - rayon_core::registry::Registry::in_worker_cold::{{closure}}::{{closure}}::h7435dec4d7279c0b
[INFO] [stderr]                                at /opt/rustwide/cargo-home/registry/src/index.crates.io-1949cf8c6b5b557f/rayon-core-1.9.3/src/registry.rs:468:21
[INFO] [stderr]   32:     0x57c28c413cc5 - <rayon_core::job::StackJob<L,F,R> as rayon_core::job::Job>::execute::call::{{closure}}::he96ea8a85c7caf86
[INFO] [stderr]                                at /opt/rustwide/cargo-home/registry/src/index.crates.io-1949cf8c6b5b557f/rayon-core-1.9.3/src/job.rs:113:21
[INFO] [stderr]   33:     0x57c28c3f8b70 - <core::panic::unwind_safe::AssertUnwindSafe<F> as core::ops::function::FnOnce<()>>::call_once::hc2862f1aa6de3f6f
[INFO] [stderr]                                at /rustc/6067b36314ab5eb2eb47cecc464545ba58e1ad24/library/core/src/panic/unwind_safe.rs:272:9
[INFO] [stderr]   34:     0x57c28c3f458f - std::panicking::try::do_call::hd26f17c03e10bac7
[INFO] [stderr]                                at /rustc/6067b36314ab5eb2eb47cecc464545ba58e1ad24/library/std/src/panicking.rs:587:40
[INFO] [stderr]   35:     0x57c28c3f721b - __rust_try
[INFO] [stderr]   36:     0x57c28c3f4482 - std::panicking::try::h291eb3c5afc8f593
[INFO] [stderr]                                at /rustc/6067b36314ab5eb2eb47cecc464545ba58e1ad24/library/std/src/panicking.rs:550:19
[INFO] [stderr]   37:     0x57c28c3f4482 - std::panic::catch_unwind::hb18e14fec614414b
[INFO] [stderr]                                at /rustc/6067b36314ab5eb2eb47cecc464545ba58e1ad24/library/std/src/panic.rs:358:14
[INFO] [stderr]   38:     0x57c28c40d417 - rayon_core::unwind::halt_unwinding::h422a262b44986bb1
[INFO] [stderr]                                at /opt/rustwide/cargo-home/registry/src/index.crates.io-1949cf8c6b5b557f/rayon-core-1.9.3/src/unwind.rs:17:5
[INFO] [stderr]   39:     0x57c28c4139b1 - <rayon_core::job::StackJob<L,F,R> as rayon_core::job::Job>::execute::hd70dffe89941e82c
[INFO] [stderr]                                at /opt/rustwide/cargo-home/registry/src/index.crates.io-1949cf8c6b5b557f/rayon-core-1.9.3/src/job.rs:119:38
[INFO] [stderr]   40:     0x57c28c59f7ce - rayon_core::job::JobRef::execute::h3f48e7214ffa158b
[INFO] [stderr]                                at /opt/rustwide/cargo-home/registry/src/index.crates.io-1949cf8c6b5b557f/rayon-core-1.9.3/src/job.rs:59:9
[INFO] [stderr]   41:     0x57c28c59050a - rayon_core::registry::WorkerThread::execute::h672f0ff12b43717c
[INFO] [stderr]                                at /opt/rustwide/cargo-home/registry/src/index.crates.io-1949cf8c6b5b557f/rayon-core-1.9.3/src/registry.rs:752:9
[INFO] [stderr]   42:     0x57c28c5902b6 - rayon_core::registry::WorkerThread::wait_until_cold::h28aa312be9a5462b
[INFO] [stderr]                                at /opt/rustwide/cargo-home/registry/src/index.crates.io-1949cf8c6b5b557f/rayon-core-1.9.3/src/registry.rs:729:17
[INFO] [stderr]   43:     0x57c28c59004b - rayon_core::registry::WorkerThread::wait_until::h678097b9c0fc1ada
[INFO] [stderr]                                at /opt/rustwide/cargo-home/registry/src/index.crates.io-1949cf8c6b5b557f/rayon-core-1.9.3/src/registry.rs:703:13
[INFO] [stderr]   44:     0x57c28c590b48 - rayon_core::registry::main_loop::h8b233afd983023dd
[INFO] [stderr]                                at /opt/rustwide/cargo-home/registry/src/index.crates.io-1949cf8c6b5b557f/rayon-core-1.9.3/src/registry.rs:836:5
[INFO] [stderr]   45:     0x57c28c58e2ed - rayon_core::registry::ThreadBuilder::run::hef9d916f08b8161d
[INFO] [stderr]                                at /opt/rustwide/cargo-home/registry/src/index.crates.io-1949cf8c6b5b557f/rayon-core-1.9.3/src/registry.rs:55:18
[INFO] [stderr]   46:     0x57c28c58e7bd - <rayon_core::registry::DefaultSpawn as rayon_core::registry::ThreadSpawn>::spawn::{{closure}}::hfe2040fb3b05e951
[INFO] [stderr]                                at /opt/rustwide/cargo-home/registry/src/index.crates.io-1949cf8c6b5b557f/rayon-core-1.9.3/src/registry.rs:100:20
[INFO] [stderr]   47:     0x57c28c5a5186 - std::sys::backtrace::__rust_begin_short_backtrace::h379d3195d7ae59ed
[INFO] [stderr]                                at /rustc/6067b36314ab5eb2eb47cecc464545ba58e1ad24/library/std/src/sys/backtrace.rs:152:18
[INFO] [stderr]   48:     0x57c28c5988cf - std::thread::Builder::spawn_unchecked_::{{closure}}::{{closure}}::heaa9b80ca06c3e0e
[INFO] [stderr]                                at /rustc/6067b36314ab5eb2eb47cecc464545ba58e1ad24/library/std/src/thread/mod.rs:559:17
[INFO] [stderr]   49:     0x57c28c59bad4 - <core::panic::unwind_safe::AssertUnwindSafe<F> as core::ops::function::FnOnce<()>>::call_once::h63e370c278e8b60f
[INFO] [stderr]                                at /rustc/6067b36314ab5eb2eb47cecc464545ba58e1ad24/library/core/src/panic/unwind_safe.rs:272:9
[INFO] [stderr]   50:     0x57c28c5a5285 - std::panicking::try::do_call::h85ef3f02b05950d7
[INFO] [stderr]                                at /rustc/6067b36314ab5eb2eb47cecc464545ba58e1ad24/library/std/src/panicking.rs:587:40
[INFO] [stderr]   51:     0x57c28c598f7b - __rust_try
[INFO] [stderr]   52:     0x57c28c596658 - std::panicking::try::hd02fdd3a1f6fc73b
[INFO] [stderr]                                at /rustc/6067b36314ab5eb2eb47cecc464545ba58e1ad24/library/std/src/panicking.rs:550:19
[INFO] [stderr]   53:     0x57c28c596658 - std::panic::catch_unwind::h9960bba92d23e5ba
[INFO] [stderr]                                at /rustc/6067b36314ab5eb2eb47cecc464545ba58e1ad24/library/std/src/panic.rs:358:14
[INFO] [stderr]   54:     0x57c28c596658 - std::thread::Builder::spawn_unchecked_::{{closure}}::h0d7570c8b6ad87b3
[INFO] [stderr]                                at /rustc/6067b36314ab5eb2eb47cecc464545ba58e1ad24/library/std/src/thread/mod.rs:557:30
[INFO] [stderr]   55:     0x57c28c5b2d8f - core::ops::function::FnOnce::call_once{{vtable.shim}}::he3422f8103a91f09
[INFO] [stderr]                                at /rustc/6067b36314ab5eb2eb47cecc464545ba58e1ad24/library/core/src/ops/function.rs:250:5
[INFO] [stderr]   56:     0x57c28c8f046b - <alloc::boxed::Box<F,A> as core::ops::function::FnOnce<Args>>::call_once::ha52bedf99a3b4981
[INFO] [stderr]                                at /rustc/6067b36314ab5eb2eb47cecc464545ba58e1ad24/library/alloc/src/boxed.rs:2013:9
[INFO] [stderr]   57:     0x57c28c8f046b - <alloc::boxed::Box<F,A> as core::ops::function::FnOnce<Args>>::call_once::h567748934d80ccf8
[INFO] [stderr]                                at /rustc/6067b36314ab5eb2eb47cecc464545ba58e1ad24/library/alloc/src/boxed.rs:2013:9
[INFO] [stderr]   58:     0x57c28c8f046b - std::sys::pal::unix::thread::Thread::new::thread_start::h2d970728ae887adc
[INFO] [stderr]                                at /rustc/6067b36314ab5eb2eb47cecc464545ba58e1ad24/library/std/src/sys/pal/unix/thread.rs:106:17
[INFO] [stderr]   59:     0x72857d0e2ac3 - <unknown>
[INFO] [stderr]   60:     0x72857d173a04 - clone
[INFO] [stderr]   61:                0x0 - <unknown>
[INFO] [stderr] thread caused non-unwinding panic. aborting.
[INFO] [stdout] test cli_access_server_kvs_engine ... FAILED
[INFO] [stdout] test cli_wrong_engine ... ok
[INFO] [stderr] [2025-01-20T15:36:18Z INFO  kvs::server] Accepted connection from 127.0.0.1:52956
[INFO] [stderr] [2025-01-20T15:36:18Z INFO  kvs::server] Accepted connection from 127.0.0.1:52968
[INFO] [stdout] test cli_access_server_sled_engine ... ok
[INFO] [stdout] 
[INFO] [stdout] failures:
[INFO] [stdout] 
[INFO] [stdout] ---- cli_access_server_kvs_engine stdout ----
[INFO] [stdout] 
[INFO] [stdout] thread 'cli_access_server_kvs_engine' panicked at /opt/rustwide/cargo-home/registry/src/index.crates.io-1949cf8c6b5b557f/assert_cmd-0.11.1/src/assert.rs:154:13:
[INFO] [stdout] Unexpected failure.
[INFO] [stdout] code-1
[INFO] [stdout] stderr=```EOF while parsing a value at line 1 column 0
[INFO] [stdout] ```
[INFO] [stdout] command=`cd "/tmp/.tmpQ7TqU7" && "/opt/rustwide/target/debug/kvs-client" "set" "key1" "value1" "--addr" "127.0.0.1:4004"`
[INFO] [stdout] code=1
[INFO] [stdout] stdout=``````
[INFO] [stdout] stderr=```EOF while parsing a value at line 1 column 0
[INFO] [stdout] ```
[INFO] [stdout] 
[INFO] [stdout] stack backtrace:
[INFO] [stdout]    0:     0x607b3ac3475a - std::backtrace_rs::backtrace::libunwind::trace::hb059275cfc8d6126
[INFO] [stdout]                                at /rustc/6067b36314ab5eb2eb47cecc464545ba58e1ad24/library/std/src/../../backtrace/src/backtrace/libunwind.rs:116:5
[INFO] [stdout]    1:     0x607b3ac3475a - std::backtrace_rs::backtrace::trace_unsynchronized::h2da071e4327ce3ee
[INFO] [stdout]                                at /rustc/6067b36314ab5eb2eb47cecc464545ba58e1ad24/library/std/src/../../backtrace/src/backtrace/mod.rs:66:5
[INFO] [stdout]    2:     0x607b3ac3475a - std::sys::backtrace::_print_fmt::h842a1474e6f8d23f
[INFO] [stdout]                                at /rustc/6067b36314ab5eb2eb47cecc464545ba58e1ad24/library/std/src/sys/backtrace.rs:66:9
[INFO] [stdout]    3:     0x607b3ac3475a - <std::sys::backtrace::BacktraceLock::print::DisplayBacktrace as core::fmt::Display>::fmt::h71a62eb3b9696b12
[INFO] [stdout]                                at /rustc/6067b36314ab5eb2eb47cecc464545ba58e1ad24/library/std/src/sys/backtrace.rs:39:26
[INFO] [stdout]    4:     0x607b3ac5d953 - core::fmt::rt::Argument::fmt::hdb6b616786b41dc1
[INFO] [stdout]                                at /rustc/6067b36314ab5eb2eb47cecc464545ba58e1ad24/library/core/src/fmt/rt.rs:177:76
[INFO] [stdout]    5:     0x607b3ac5d953 - core::fmt::write::h2cc1698af7e2d686
[INFO] [stdout]                                at /rustc/6067b36314ab5eb2eb47cecc464545ba58e1ad24/library/core/src/fmt/mod.rs:1440:21
[INFO] [stdout]    6:     0x607b3ac30d53 - std::io::Write::write_fmt::hab1b4cd059a79022
[INFO] [stdout]                                at /rustc/6067b36314ab5eb2eb47cecc464545ba58e1ad24/library/std/src/io/mod.rs:1887:15
[INFO] [stdout]    7:     0x607b3ac345a2 - std::sys::backtrace::BacktraceLock::print::h147fe35b4ea13b08
[INFO] [stdout]                                at /rustc/6067b36314ab5eb2eb47cecc464545ba58e1ad24/library/std/src/sys/backtrace.rs:42:9
[INFO] [stdout]    8:     0x607b3ac35bff - std::panicking::default_hook::{{closure}}::hbd44223dbdc0d208
[INFO] [stdout]                                at /rustc/6067b36314ab5eb2eb47cecc464545ba58e1ad24/library/std/src/panicking.rs:298:22
[INFO] [stdout]    9:     0x607b3ac35a18 - std::panicking::default_hook::h20f81eb0576efcec
[INFO] [stdout]                                at /rustc/6067b36314ab5eb2eb47cecc464545ba58e1ad24/library/std/src/panicking.rs:322:9
[INFO] [stdout]   10:     0x607b3abcdfc3 - <alloc::boxed::Box<F,A> as core::ops::function::Fn<Args>>::call::hdb53814c496a4d34
[INFO] [stdout]                                at /rustc/6067b36314ab5eb2eb47cecc464545ba58e1ad24/library/alloc/src/boxed.rs:2027:9
[INFO] [stdout]   11:     0x607b3abcdfc3 - test::test_main::{{closure}}::hc0a4963c59427c24
[INFO] [stdout]                                at /rustc/6067b36314ab5eb2eb47cecc464545ba58e1ad24/library/test/src/lib.rs:134:21
[INFO] [stdout]   12:     0x607b3ac366f3 - <alloc::boxed::Box<F,A> as core::ops::function::Fn<Args>>::call::h591b2225413a77e9
[INFO] [stdout]                                at /rustc/6067b36314ab5eb2eb47cecc464545ba58e1ad24/library/alloc/src/boxed.rs:2027:9
[INFO] [stdout]   13:     0x607b3ac366f3 - std::panicking::rust_panic_with_hook::h625eea43051b2edc
[INFO] [stdout]                                at /rustc/6067b36314ab5eb2eb47cecc464545ba58e1ad24/library/std/src/panicking.rs:839:13
[INFO] [stdout]   14:     0x607b3ac363aa - std::panicking::begin_panic_handler::{{closure}}::h4f9159cfbc3f6bd3
[INFO] [stdout]                                at /rustc/6067b36314ab5eb2eb47cecc464545ba58e1ad24/library/std/src/panicking.rs:704:13
[INFO] [stdout]   15:     0x607b3ac34c59 - std::sys::backtrace::__rust_end_short_backtrace::h0390abce48353151
[INFO] [stdout]                                at /rustc/6067b36314ab5eb2eb47cecc464545ba58e1ad24/library/std/src/sys/backtrace.rs:168:18
[INFO] [stdout]   16:     0x607b3ac3603d - rust_begin_unwind
[INFO] [stdout]                                at /rustc/6067b36314ab5eb2eb47cecc464545ba58e1ad24/library/std/src/panicking.rs:695:5
[INFO] [stdout]   17:     0x607b3ac5c020 - core::panicking::panic_fmt::h9e7c637e9e5f29c9
[INFO] [stdout]                                at /rustc/6067b36314ab5eb2eb47cecc464545ba58e1ad24/library/core/src/panicking.rs:75:14
[INFO] [stdout]   18:     0x607b3abe0a72 - assert_cmd::assert::Assert::success::h619e6b2f5d86e88b
[INFO] [stdout]                                at /opt/rustwide/cargo-home/registry/src/index.crates.io-1949cf8c6b5b557f/assert_cmd-0.11.1/src/assert.rs:154:13
[INFO] [stdout]   19:     0x607b3ab7f2ee - cli::cli_access_server::h6fd8b35f34cd049c
[INFO] [stdout]                                at /opt/rustwide/workdir/tests/cli.rs:230:5
[INFO] [stdout]   20:     0x607b3ab8537e - cli::cli_access_server_kvs_engine::h7488c2ca66d6fa8d
[INFO] [stdout]                                at /opt/rustwide/workdir/tests/cli.rs:331:5
[INFO] [stdout]   21:     0x607b3ab85347 - cli::cli_access_server_kvs_engine::{{closure}}::hc5c1618e862c4520
[INFO] [stdout]                                at /opt/rustwide/workdir/tests/cli.rs:330:34
[INFO] [stdout]   22:     0x607b3ab7bb76 - core::ops::function::FnOnce::call_once::h49308dec21cd367d
[INFO] [stdout]                                at /rustc/6067b36314ab5eb2eb47cecc464545ba58e1ad24/library/core/src/ops/function.rs:250:5
[INFO] [stdout]   23:     0x607b3abd371b - core::ops::function::FnOnce::call_once::he27718dfdd183f43
[INFO] [stdout]                                at /rustc/6067b36314ab5eb2eb47cecc464545ba58e1ad24/library/core/src/ops/function.rs:250:5
[INFO] [stdout]   24:     0x607b3abd371b - test::__rust_begin_short_backtrace::h4e84902998457a5d
[INFO] [stdout]                                at /rustc/6067b36314ab5eb2eb47cecc464545ba58e1ad24/library/test/src/lib.rs:632:18
[INFO] [stdout]   25:     0x607b3abd2653 - test::run_test_in_process::{{closure}}::h7176fd18fc1feca0
[INFO] [stdout]                                at /rustc/6067b36314ab5eb2eb47cecc464545ba58e1ad24/library/test/src/lib.rs:655:60
[INFO] [stdout]   26:     0x607b3abd2653 - <core::panic::unwind_safe::AssertUnwindSafe<F> as core::ops::function::FnOnce<()>>::call_once::hf79cff2a624d8cf7
[INFO] [stdout]                                at /rustc/6067b36314ab5eb2eb47cecc464545ba58e1ad24/library/core/src/panic/unwind_safe.rs:272:9
[INFO] [stdout]   27:     0x607b3abd2653 - std::panicking::try::do_call::h3da0561d9ab99c25
[INFO] [stdout]                                at /rustc/6067b36314ab5eb2eb47cecc464545ba58e1ad24/library/std/src/panicking.rs:587:40
[INFO] [stdout]   28:     0x607b3abd2653 - std::panicking::try::h41c9fa508bc61df6
[INFO] [stdout]                                at /rustc/6067b36314ab5eb2eb47cecc464545ba58e1ad24/library/std/src/panicking.rs:550:19
[INFO] [stdout]   29:     0x607b3abd2653 - std::panic::catch_unwind::h6b3ff07bb5afad93
[INFO] [stdout]                                at /rustc/6067b36314ab5eb2eb47cecc464545ba58e1ad24/library/std/src/panic.rs:358:14
[INFO] [stdout]   30:     0x607b3abd2653 - test::run_test_in_process::hc7253dd11b39b9f4
[INFO] [stdout]                                at /rustc/6067b36314ab5eb2eb47cecc464545ba58e1ad24/library/test/src/lib.rs:655:27
[INFO] [stdout]   31:     0x607b3abd2653 - test::run_test::{{closure}}::hfb2007f8649c30bb
[INFO] [stdout]                                at /rustc/6067b36314ab5eb2eb47cecc464545ba58e1ad24/library/test/src/lib.rs:576:43
[INFO] [stdout]   32:     0x607b3ab95735 - test::run_test::{{closure}}::h56a17aa7a282a9f4
[INFO] [stdout]                                at /rustc/6067b36314ab5eb2eb47cecc464545ba58e1ad24/library/test/src/lib.rs:606:41
[INFO] [stdout]   33:     0x607b3ab95735 - std::sys::backtrace::__rust_begin_short_backtrace::hd2d2d2fb8e8c6aac
[INFO] [stdout]                                at /rustc/6067b36314ab5eb2eb47cecc464545ba58e1ad24/library/std/src/sys/backtrace.rs:152:18
[INFO] [stdout]   34:     0x607b3ab9901a - std::thread::Builder::spawn_unchecked_::{{closure}}::{{closure}}::h4faa3f9db6133423
[INFO] [stdout]                                at /rustc/6067b36314ab5eb2eb47cecc464545ba58e1ad24/library/std/src/thread/mod.rs:559:17
[INFO] [stdout]   35:     0x607b3ab9901a - <core::panic::unwind_safe::AssertUnwindSafe<F> as core::ops::function::FnOnce<()>>::call_once::hf2e855a36a4ea846
[INFO] [stdout]                                at /rustc/6067b36314ab5eb2eb47cecc464545ba58e1ad24/library/core/src/panic/unwind_safe.rs:272:9
[INFO] [stdout]   36:     0x607b3ab9901a - std::panicking::try::do_call::h2f73af3616c35465
[INFO] [stdout]                                at /rustc/6067b36314ab5eb2eb47cecc464545ba58e1ad24/library/std/src/panicking.rs:587:40
[INFO] [stdout]   37:     0x607b3ab9901a - std::panicking::try::hd1660ce9efadef5a
[INFO] [stdout]                                at /rustc/6067b36314ab5eb2eb47cecc464545ba58e1ad24/library/std/src/panicking.rs:550:19
[INFO] [stdout]   38:     0x607b3ab9901a - std::panic::catch_unwind::h5ee8d7823b8ca744
[INFO] [stdout]                                at /rustc/6067b36314ab5eb2eb47cecc464545ba58e1ad24/library/std/src/panic.rs:358:14
[INFO] [stdout]   39:     0x607b3ab9901a - std::thread::Builder::spawn_unchecked_::{{closure}}::h53c3a1894dce8407
[INFO] [stdout]                                at /rustc/6067b36314ab5eb2eb47cecc464545ba58e1ad24/library/std/src/thread/mod.rs:557:30
[INFO] [stdout]   40:     0x607b3ab9901a - core::ops::function::FnOnce::call_once{{vtable.shim}}::h048ce291ad4f62bf
[INFO] [stdout]                                at /rustc/6067b36314ab5eb2eb47cecc464545ba58e1ad24/library/core/src/ops/function.rs:250:5
[INFO] [stdout]   41:     0x607b3ac3bb2b - <alloc::boxed::Box<F,A> as core::ops::function::FnOnce<Args>>::call_once::ha52bedf99a3b4981
[INFO] [stdout]                                at /rustc/6067b36314ab5eb2eb47cecc464545ba58e1ad24/library/alloc/src/boxed.rs:2013:9
[INFO] [stdout]   42:     0x607b3ac3bb2b - <alloc::boxed::Box<F,A> as core::ops::function::FnOnce<Args>>::call_once::h567748934d80ccf8
[INFO] [stdout]                                at /rustc/6067b36314ab5eb2eb47cecc464545ba58e1ad24/library/alloc/src/boxed.rs:2013:9
[INFO] [stdout]   43:     0x607b3ac3bb2b - std::sys::pal::unix::thread::Thread::new::thread_start::h2d970728ae887adc
[INFO] [stdout]                                at /rustc/6067b36314ab5eb2eb47cecc464545ba58e1ad24/library/std/src/sys/pal/unix/thread.rs:106:17
[INFO] [stdout]   44:     0x70fa59b87ac3 - <unknown>
[INFO] [stdout]   45:     0x70fa59c18a04 - clone
[INFO] [stdout]   46:                0x0 - <unknown>
[INFO] [stdout] 
[INFO] [stdout] 
[INFO] [stdout] failures:
[INFO] [stdout]     cli_access_server_kvs_engine
[INFO] [stdout] 
[INFO] [stdout] test result: FAILED. 10 passed; 1 failed; 0 ignored; 0 measured; 0 filtered out; finished in 2.07s
[INFO] [stdout] 
[INFO] [stderr] error: test failed, to rerun pass `--test cli`
[INFO] running `Command { std: "docker" "inspect" "3b8d8a71270392ba18a44e5860a43fe38dc836189bece19106fd29e28e612e92", kill_on_drop: false }`
[INFO] running `Command { std: "docker" "rm" "-f" "3b8d8a71270392ba18a44e5860a43fe38dc836189bece19106fd29e28e612e92", kill_on_drop: false }`
[INFO] [stdout] 3b8d8a71270392ba18a44e5860a43fe38dc836189bece19106fd29e28e612e92
