[INFO] cloning repository https://github.com/killpop3770/test_zone
[INFO] running `Command { std: "git" "-c" "credential.helper=" "-c" "credential.helper=/workspace/cargo-home/bin/git-credential-null" "clone" "--bare" "https://github.com/killpop3770/test_zone" "/workspace/cache/git-repos/https%3A%2F%2Fgithub.com%2Fkillpop3770%2Ftest_zone", kill_on_drop: false }`
[INFO] [stderr] Cloning into bare repository '/workspace/cache/git-repos/https%3A%2F%2Fgithub.com%2Fkillpop3770%2Ftest_zone'...
[INFO] running `Command { std: "git" "rev-parse" "HEAD", kill_on_drop: false }`
[INFO] [stdout] 06cbd6c876a13cd8467b6299f9663dc104292c5f
[INFO] testing killpop3770/test_zone against nightly-2025-01-18+rustflags=-Zrandomize-layout for randomize-layout-2
[INFO] running `Command { std: "git" "clone" "/workspace/cache/git-repos/https%3A%2F%2Fgithub.com%2Fkillpop3770%2Ftest_zone" "/workspace/builds/worker-3-tc2/source", kill_on_drop: false }`
[INFO] [stderr] Cloning into '/workspace/builds/worker-3-tc2/source'...
[INFO] [stderr] done.
[INFO] validating manifest of git repo https://github.com/killpop3770/test_zone on toolchain nightly-2025-01-18
[INFO] running `Command { std: CARGO_HOME="/workspace/cargo-home" RUSTUP_HOME="/workspace/rustup-home" "/workspace/cargo-home/bin/cargo" "+nightly-2025-01-18" "metadata" "--manifest-path" "Cargo.toml" "--no-deps", kill_on_drop: false }`
[INFO] started tweaking git repo https://github.com/killpop3770/test_zone
[INFO] finished tweaking git repo https://github.com/killpop3770/test_zone
[INFO] tweaked toml for git repo https://github.com/killpop3770/test_zone written to /workspace/builds/worker-3-tc2/source/Cargo.toml
[INFO] crate git repo https://github.com/killpop3770/test_zone already has a lockfile, it will not be regenerated
[INFO] running `Command { std: CARGO_HOME="/workspace/cargo-home" RUSTUP_HOME="/workspace/rustup-home" "/workspace/cargo-home/bin/cargo" "+nightly-2025-01-18" "fetch" "--manifest-path" "Cargo.toml", kill_on_drop: false }`
[INFO] [stderr]     Updating crates.io index
[INFO] [stderr]      Locking 9 packages to latest compatible versions
[INFO] [stderr]       Adding block-buffer v0.10.4
[INFO] [stderr]       Adding cpufeatures v0.2.16
[INFO] [stderr]       Adding crypto-common v0.1.6
[INFO] [stderr]       Adding digest v0.10.7
[INFO] [stderr]       Adding generic-array v0.14.7
[INFO] [stderr]       Adding hex v0.4.3
[INFO] [stderr]       Adding sha2 v0.10.8
[INFO] [stderr]       Adding typenum v1.17.0
[INFO] [stderr]       Adding uuid v1.12.0
[INFO] running `Command { std: "docker" "create" "-v" "/var/lib/crater-agent-workspace/builds/worker-3-tc2/target:/opt/rustwide/target:rw,Z" "-v" "/var/lib/crater-agent-workspace/builds/worker-3-tc2/source:/opt/rustwide/workdir:ro,Z" "-v" "/var/lib/crater-agent-workspace/cargo-home:/opt/rustwide/cargo-home:ro,Z" "-v" "/var/lib/crater-agent-workspace/rustup-home:/opt/rustwide/rustup-home:ro,Z" "-e" "SOURCE_DIR=/opt/rustwide/workdir" "-e" "CARGO_TARGET_DIR=/opt/rustwide/target" "-e" "CARGO_HOME=/opt/rustwide/cargo-home" "-e" "RUSTUP_HOME=/opt/rustwide/rustup-home" "-w" "/opt/rustwide/workdir" "-m" "1610612736" "--user" "0:0" "--network" "none" "ghcr.io/rust-lang/crates-build-env/linux@sha256:819108c5571ea2e421544af4d832f968d213c87fbe3707a016657f43d2f853bc" "/opt/rustwide/cargo-home/bin/cargo" "+nightly-2025-01-18" "metadata" "--no-deps" "--format-version=1", kill_on_drop: false }`
[INFO] [stdout] 74866922f9c569bf9a0489ddd898de1cc88ef5a4744b3adbd24287a057dc06e3
[INFO] running `Command { std: "docker" "start" "-a" "74866922f9c569bf9a0489ddd898de1cc88ef5a4744b3adbd24287a057dc06e3", kill_on_drop: false }`
[INFO] running `Command { std: "docker" "inspect" "74866922f9c569bf9a0489ddd898de1cc88ef5a4744b3adbd24287a057dc06e3", kill_on_drop: false }`
[INFO] running `Command { std: "docker" "rm" "-f" "74866922f9c569bf9a0489ddd898de1cc88ef5a4744b3adbd24287a057dc06e3", kill_on_drop: false }`
[INFO] [stdout] 74866922f9c569bf9a0489ddd898de1cc88ef5a4744b3adbd24287a057dc06e3
[INFO] running `Command { std: "docker" "create" "-v" "/var/lib/crater-agent-workspace/builds/worker-3-tc2/target:/opt/rustwide/target:rw,Z" "-v" "/var/lib/crater-agent-workspace/builds/worker-3-tc2/source:/opt/rustwide/workdir:ro,Z" "-v" "/var/lib/crater-agent-workspace/cargo-home:/opt/rustwide/cargo-home:ro,Z" "-v" "/var/lib/crater-agent-workspace/rustup-home:/opt/rustwide/rustup-home:ro,Z" "-e" "SOURCE_DIR=/opt/rustwide/workdir" "-e" "CARGO_TARGET_DIR=/opt/rustwide/target" "-e" "CARGO_INCREMENTAL=0" "-e" "RUST_BACKTRACE=full" "-e" "RUSTFLAGS=--cap-lints=forbid -Zrandomize-layout" "-e" "RUSTDOCFLAGS=--cap-lints=forbid" "-e" "CARGO_HOME=/opt/rustwide/cargo-home" "-e" "RUSTUP_HOME=/opt/rustwide/rustup-home" "-w" "/opt/rustwide/workdir" "-m" "1610612736" "--user" "0:0" "--network" "none" "ghcr.io/rust-lang/crates-build-env/linux@sha256:819108c5571ea2e421544af4d832f968d213c87fbe3707a016657f43d2f853bc" "/opt/rustwide/cargo-home/bin/cargo" "+nightly-2025-01-18" "build" "--frozen" "--message-format=json", kill_on_drop: false }`
[INFO] [stdout] ef12ca3ae168035a20d3c8052a2b5b64b5a77b07ff3bb44401665350bfb92382
[INFO] running `Command { std: "docker" "start" "-a" "ef12ca3ae168035a20d3c8052a2b5b64b5a77b07ff3bb44401665350bfb92382", kill_on_drop: false }`
[INFO] [stderr]    Compiling libc v0.2.155
[INFO] [stderr]    Compiling proc-macro2 v1.0.86
[INFO] [stderr]    Compiling autocfg v1.3.0
[INFO] [stderr]    Compiling memchr v2.7.4
[INFO] [stderr]    Compiling version_check v0.9.4
[INFO] [stderr]    Compiling cc v1.1.6
[INFO] [stderr]    Compiling pin-project-lite v0.2.14
[INFO] [stderr]    Compiling bytes v1.6.1
[INFO] [stderr]    Compiling parking_lot_core v0.9.10
[INFO] [stderr]    Compiling itoa v1.0.11
[INFO] [stderr]    Compiling smallvec v1.13.2
[INFO] [stderr]    Compiling vcpkg v0.2.15
[INFO] [stderr]    Compiling futures-channel v0.3.30
[INFO] [stderr]    Compiling futures-io v0.3.30
[INFO] [stderr]    Compiling futures-task v0.3.30
[INFO] [stderr]    Compiling typenum v1.17.0
[INFO] [stderr]    Compiling crossbeam-utils v0.8.20
[INFO] [stderr]    Compiling serde v1.0.204
[INFO] [stderr]    Compiling openssl v0.10.65
[INFO] [stderr]    Compiling hashbrown v0.14.5
[INFO] [stderr]    Compiling bitflags v2.6.0
[INFO] [stderr]    Compiling httparse v1.9.4
[INFO] [stderr]    Compiling zerocopy v0.8.0-alpha.6
[INFO] [stderr]    Compiling foreign-types-shared v0.1.1
[INFO] [stderr]    Compiling foreign-types v0.3.2
[INFO] [stderr]    Compiling slab v0.4.9
[INFO] [stderr]    Compiling lock_api v0.4.12
[INFO] [stderr]    Compiling http v1.1.0
[INFO] [stderr]    Compiling generic-array v0.14.7
[INFO] [stderr]    Compiling tracing v0.1.40
[INFO] [stderr]    Compiling tinyvec_macros v0.1.1
[INFO] [stderr]    Compiling native-tls v0.2.12
[INFO] [stderr]    Compiling atomic-waker v1.1.2
[INFO] [stderr]    Compiling tinyvec v1.8.0
[INFO] [stderr]    Compiling rayon-core v1.12.1
[INFO] [stderr]    Compiling ryu v1.0.18
[INFO] [stderr]    Compiling log v0.4.22
[INFO] [stderr]    Compiling form_urlencoded v1.2.1
[INFO] [stderr]    Compiling unicase v2.7.0
[INFO] [stderr]    Compiling serde_json v1.0.120
[INFO] [stderr]    Compiling quote v1.0.36
[INFO] [stderr]    Compiling crossbeam-epoch v0.9.18
[INFO] [stderr]    Compiling gimli v0.29.0
[INFO] [stderr]    Compiling adler v1.0.2
[INFO] [stderr]    Compiling unicode-bidi v0.3.15
[INFO] [stderr]    Compiling syn v2.0.71
[INFO] [stderr]    Compiling socket2 v0.5.7
[INFO] [stderr]    Compiling num_cpus v1.16.0
[INFO] [stderr]    Compiling mio v0.8.11
[INFO] [stderr]    Compiling signal-hook-registry v1.4.2
[INFO] [stderr]    Compiling parking_lot v0.12.3
[INFO] [stderr]    Compiling getrandom v0.2.15
[INFO] [stderr]    Compiling http-body v1.0.1
[INFO] [stderr]    Compiling indexmap v2.2.6
[INFO] [stderr]    Compiling crossbeam-deque v0.8.5
[INFO] [stderr]    Compiling miniz_oxide v0.7.4
[INFO] [stderr]    Compiling rand_core v0.9.0-alpha.1
[INFO] [stderr]    Compiling object v0.36.1
[INFO] [stderr]    Compiling unicode-normalization v0.1.23
[INFO] [stderr]    Compiling error-chain v0.12.4
[INFO] [stderr]    Compiling base64 v0.22.1
[INFO] [stderr]    Compiling virtue v0.0.13
[INFO] [stderr]    Compiling pulldown-cmark v0.11.0
[INFO] [stderr]    Compiling rand_chacha v0.9.0-alpha.1
[INFO] [stderr]    Compiling unicode-width v0.1.13
[INFO] [stderr]    Compiling rustls-pki-types v1.7.0
[INFO] [stderr]    Compiling rustc-demangle v0.1.24
[INFO] [stderr]    Compiling either v1.13.0
[INFO] [stderr]    Compiling rustls-pemfile v2.1.2
[INFO] [stderr]    Compiling getopts v0.2.21
[INFO] [stderr]    Compiling openssl-sys v0.9.103
[INFO] [stderr]    Compiling backtrace v0.3.73
[INFO] [stderr]    Compiling idna v0.5.0
[INFO] [stderr]    Compiling block-buffer v0.10.4
[INFO] [stderr]    Compiling crypto-common v0.1.6
[INFO] [stderr]    Compiling rand v0.9.0-alpha.1
[INFO] [stderr]    Compiling thread-id v4.2.2
[INFO] [stderr]    Compiling csv-core v0.1.11
[INFO] [stderr]    Compiling encoding_rs v0.8.34
[INFO] [stderr]    Compiling rayon v1.10.0
[INFO] [stderr]    Compiling digest v0.10.7
[INFO] [stderr]    Compiling ipnet v2.9.0
[INFO] [stderr]    Compiling bincode_derive v2.0.0-rc.3
[INFO] [stderr]    Compiling cpufeatures v0.2.16
[INFO] [stderr]    Compiling sync_wrapper v1.0.1
[INFO] [stderr]    Compiling pulldown-cmark-escape v0.11.0
[INFO] [stderr]    Compiling sha2 v0.10.8
[INFO] [stderr]    Compiling uuid v1.12.0
[INFO] [stderr]    Compiling url v2.5.2
[INFO] [stderr]    Compiling hex v0.4.3
[INFO] [stderr]    Compiling shortening_url_service v0.1.0 (/opt/rustwide/workdir/examples/shortening_url_service)
[INFO] [stderr]    Compiling bincode v2.0.0-rc.3
[INFO] [stderr]    Compiling addr2line v0.22.0
[INFO] [stderr]    Compiling futures-macro v0.3.30
[INFO] [stderr]    Compiling tokio-macros v2.3.0
[INFO] [stderr]    Compiling pin-project-internal v1.1.5
[INFO] [stderr]    Compiling openssl-macros v0.1.1
[INFO] [stderr]    Compiling serde_derive v1.0.204
[INFO] [stderr]    Compiling tokio v1.38.1
[INFO] [stderr]    Compiling something v0.1.0 (/opt/rustwide/workdir/examples/something)
[INFO] [stderr]    Compiling futures-util v0.3.30
[INFO] [stderr]    Compiling pin-project v1.1.5
[INFO] [stderr]    Compiling http-body-util v0.1.2
[INFO] [stderr]    Compiling futures-executor v0.3.30
[INFO] [stderr]    Compiling futures v0.3.30
[INFO] [stderr]    Compiling tokio-util v0.7.11
[INFO] [stderr]    Compiling tower v0.4.13
[INFO] [stderr]    Compiling tokio-native-tls v0.3.1
[INFO] [stderr]    Compiling h2 v0.4.5
[INFO] [stderr]    Compiling serde_urlencoded v0.7.1
[INFO] [stderr]    Compiling csv v1.3.0
[INFO] [stderr]    Compiling hyper v1.4.1
[INFO] [stderr]    Compiling hyper-util v0.1.6
[INFO] [stderr]    Compiling hyper-tls v0.6.0
[INFO] [stderr]    Compiling reqwest v0.12.5
[INFO] [stderr]    Compiling test_zone v0.1.0 (/opt/rustwide/workdir/main)
[INFO] [stdout] warning: unused import: `std::error::Error`
[INFO] [stdout]  --> main/src/main.rs:1:5
[INFO] [stdout]   |
[INFO] [stdout] 1 | use std::error::Error;
[INFO] [stdout]   |     ^^^^^^^^^^^^^^^^^
[INFO] [stdout]   |
[INFO] [stdout]   = note: `#[warn(unused_imports)]` on by default
[INFO] [stdout] 
[INFO] [stdout] 
[INFO] [stdout] warning: unused import: `Hash`
[INFO] [stdout]  --> main/src/main.rs:3:17
[INFO] [stdout]   |
[INFO] [stdout] 3 | use std::hash::{Hash, Hasher};
[INFO] [stdout]   |                 ^^^^
[INFO] [stdout] 
[INFO] [stdout] 
[INFO] [stdout] warning: unused import: `std::ops::Deref`
[INFO] [stdout]  --> main/src/main.rs:5:5
[INFO] [stdout]   |
[INFO] [stdout] 5 | use std::ops::Deref;
[INFO] [stdout]   |     ^^^^^^^^^^^^^^^
[INFO] [stdout] 
[INFO] [stdout] 
[INFO] [stdout] warning: unused import: `std::os::fd::AsRawFd`
[INFO] [stdout]  --> main/src/main.rs:6:5
[INFO] [stdout]   |
[INFO] [stdout] 6 | use std::os::fd::AsRawFd;
[INFO] [stdout]   |     ^^^^^^^^^^^^^^^^^^^^
[INFO] [stdout] 
[INFO] [stdout] 
[INFO] [stdout] warning: unused import: `rand::Rng`
[INFO] [stdout]   --> main/src/main.rs:10:5
[INFO] [stdout]    |
[INFO] [stdout] 10 | use rand::Rng;
[INFO] [stdout]    |     ^^^^^^^^^
[INFO] [stdout] 
[INFO] [stdout] 
[INFO] [stdout] warning: unused import: `rayon::iter::ParallelIterator`
[INFO] [stdout]   --> main/src/main.rs:11:5
[INFO] [stdout]    |
[INFO] [stdout] 11 | use rayon::iter::ParallelIterator;
[INFO] [stdout]    |     ^^^^^^^^^^^^^^^^^^^^^^^^^^^^^
[INFO] [stdout] 
[INFO] [stdout] 
[INFO] [stdout] warning: unused imports: `Animal`, `OutlinePrint`, `Pilot`, and `Wizard`
[INFO] [stdout]   --> main/src/main.rs:18:22
[INFO] [stdout]    |
[INFO] [stdout] 18 | use crate::structs::{Animal, OutlinePrint, Pilot, Wizard};
[INFO] [stdout]    |                      ^^^^^^  ^^^^^^^^^^^^  ^^^^^  ^^^^^^
[INFO] [stdout] 
[INFO] [stdout] 
[INFO] [stdout] warning: unused import: `Paragraph`
[INFO] [stdout]  --> main/src/readers.rs:5:36
[INFO] [stdout]   |
[INFO] [stdout] 5 | use crate::structs::{Article, Cat, Paragraph};
[INFO] [stdout]   |                                    ^^^^^^^^^
[INFO] [stdout] 
[INFO] [stdout] 
[INFO] [stdout] warning: unused imports: `Deserialize` and `Serialize`
[INFO] [stdout]  --> main/src/readers.rs:7:13
[INFO] [stdout]   |
[INFO] [stdout] 7 | use serde::{Deserialize, Serialize};
[INFO] [stdout]   |             ^^^^^^^^^^^  ^^^^^^^^^
[INFO] [stdout] 
[INFO] [stdout] 
[INFO] [stdout] warning: unused import: `Path`
[INFO] [stdout]  --> main/src/readers.rs:9:17
[INFO] [stdout]   |
[INFO] [stdout] 9 | use std::path::{Path, PathBuf};
[INFO] [stdout]   |                 ^^^^
[INFO] [stdout] 
[INFO] [stdout] 
[INFO] [stdout] warning: unused import: `Pointer`
[INFO] [stdout]  --> main/src/structs.rs:5:43
[INFO] [stdout]   |
[INFO] [stdout] 5 | use std::fmt::{Debug, Display, Formatter, Pointer, Write};
[INFO] [stdout]   |                                           ^^^^^^^
[INFO] [stdout] 
[INFO] [stdout] 
[INFO] [stdout] warning: unused import: `Write`
[INFO] [stdout]  --> main/src/structs.rs:5:52
[INFO] [stdout]   |
[INFO] [stdout] 5 | use std::fmt::{Debug, Display, Formatter, Pointer, Write};
[INFO] [stdout]   |                                                    ^^^^^
[INFO] [stdout] 
[INFO] [stdout] 
[INFO] [stdout] warning: unused import: `Hasher`
[INFO] [stdout]  --> main/src/main.rs:3:23
[INFO] [stdout]   |
[INFO] [stdout] 3 | use std::hash::{Hash, Hasher};
[INFO] [stdout]   |                       ^^^^^^
[INFO] [stdout] 
[INFO] [stdout] 
[INFO] [stdout] warning: unused variable: `post`
[INFO] [stdout]    --> main/src/structs.rs:312:27
[INFO] [stdout]     |
[INFO] [stdout] 312 |     fn content<'a>(&self, post: &'a Post) -> &'a str {
[INFO] [stdout]     |                           ^^^^ help: if this is intentional, prefix it with an underscore: `_post`
[INFO] [stdout]     |
[INFO] [stdout]     = note: `#[warn(unused_variables)]` on by default
[INFO] [stdout] 
[INFO] [stdout] 
[INFO] [stdout] warning: unused variable: `i`
[INFO] [stdout]    --> main/src/main.rs:931:9
[INFO] [stdout]     |
[INFO] [stdout] 931 |     for i in test.iter(){}
[INFO] [stdout]     |         ^ help: if this is intentional, prefix it with an underscore: `_i`
[INFO] [stdout] 
[INFO] [stdout] 
[INFO] [stdout] warning: unused variable: `i`
[INFO] [stdout]    --> main/src/main.rs:932:9
[INFO] [stdout]     |
[INFO] [stdout] 932 |     for i in test.iter_mut(){}
[INFO] [stdout]     |         ^ help: if this is intentional, prefix it with an underscore: `_i`
[INFO] [stdout] 
[INFO] [stdout] 
[INFO] [stdout] warning: unused variable: `i`
[INFO] [stdout]    --> main/src/main.rs:933:9
[INFO] [stdout]     |
[INFO] [stdout] 933 |     for i in test.into_iter() {}// consume vec! ownership on all values
[INFO] [stdout]     |         ^ help: if this is intentional, prefix it with an underscore: `_i`
[INFO] [stdout] 
[INFO] [stdout] 
[INFO] [stdout] warning: field `1` is never read
[INFO] [stdout]    --> main/src/main.rs:899:13
[INFO] [stdout]     |
[INFO] [stdout] 899 |     Cons(T, &'a List<'a, T>),
[INFO] [stdout]     |     ----    ^^^^^^^^^^^^^^^
[INFO] [stdout]     |     |
[INFO] [stdout]     |     field in this variant
[INFO] [stdout]     |
[INFO] [stdout]     = note: `List` has a derived impl for the trait `Debug`, but this is intentionally ignored during dead code analysis
[INFO] [stdout]     = note: `#[warn(dead_code)]` on by default
[INFO] [stdout] help: consider changing the field to be of unit type to suppress this warning while preserving the field numbering, or remove the field
[INFO] [stdout]     |
[INFO] [stdout] 899 |     Cons(T, ()),
[INFO] [stdout]     |             ~~
[INFO] [stdout] 
[INFO] [stdout] 
[INFO] [stdout] warning: struct `DefaultUser` is never constructed
[INFO] [stdout]    --> main/src/main.rs:903:8
[INFO] [stdout]     |
[INFO] [stdout] 903 | struct DefaultUser {
[INFO] [stdout]     |        ^^^^^^^^^^^
[INFO] [stdout] 
[INFO] [stdout] 
[INFO] [stdout] warning: trait `SomethingCool` is never used
[INFO] [stdout]    --> main/src/main.rs:907:7
[INFO] [stdout]     |
[INFO] [stdout] 907 | trait SomethingCool {
[INFO] [stdout]     |       ^^^^^^^^^^^^^
[INFO] [stdout] 
[INFO] [stdout] 
[INFO] [stdout] warning: function `convert_md_to_html_parallel` is never used
[INFO] [stdout]   --> main/src/converters.rs:10:8
[INFO] [stdout]    |
[INFO] [stdout] 10 | pub fn convert_md_to_html_parallel(
[INFO] [stdout]    |        ^^^^^^^^^^^^^^^^^^^^^^^^^^^
[INFO] [stdout] 
[INFO] [stdout] 
[INFO] [stdout] warning: function `converter_celcius_and_fahrenheit` is never used
[INFO] [stdout]   --> main/src/converters.rs:67:8
[INFO] [stdout]    |
[INFO] [stdout] 67 | pub fn converter_celcius_and_fahrenheit() -> Result<f32, &'static str> {
[INFO] [stdout]    |        ^^^^^^^^^^^^^^^^^^^^^^^^^^^^^^^^
[INFO] [stdout] 
[INFO] [stdout] 
[INFO] [stdout] warning: function `get_parent_recursively` is never used
[INFO] [stdout]   --> main/src/readers.rs:12:8
[INFO] [stdout]    |
[INFO] [stdout] 12 | pub fn get_parent_recursively(cat: &Rc<RefCell<Cat>>) {
[INFO] [stdout]    |        ^^^^^^^^^^^^^^^^^^^^^^
[INFO] [stdout] 
[INFO] [stdout] 
[INFO] [stdout] warning: function `read_md_files` is never used
[INFO] [stdout]   --> main/src/readers.rs:32:8
[INFO] [stdout]    |
[INFO] [stdout] 32 | pub fn read_md_files() -> Result<Vec<PathBuf>, io::Error> {
[INFO] [stdout]    |        ^^^^^^^^^^^^^
[INFO] [stdout] 
[INFO] [stdout] 
[INFO] [stdout] warning: function `write_to_json` is never used
[INFO] [stdout]   --> main/src/readers.rs:46:8
[INFO] [stdout]    |
[INFO] [stdout] 46 | pub fn write_to_json(obj: &Article) -> String {
[INFO] [stdout]    |        ^^^^^^^^^^^^^
[INFO] [stdout] 
[INFO] [stdout] 
[INFO] [stdout] warning: function `read_from_file_by_csv` is never used
[INFO] [stdout]   --> main/src/readers.rs:51:8
[INFO] [stdout]    |
[INFO] [stdout] 51 | pub fn read_from_file_by_csv(file_path: &str) -> Result<(), Box<dyn Error>> {
[INFO] [stdout]    |        ^^^^^^^^^^^^^^^^^^^^^
[INFO] [stdout] 
[INFO] [stdout] 
[INFO] [stdout] warning: function `read_from_json` is never used
[INFO] [stdout]   --> main/src/readers.rs:64:8
[INFO] [stdout]    |
[INFO] [stdout] 64 | pub fn read_from_json(json: &str) -> Result<Article, Box<dyn Error>> {
[INFO] [stdout]    |        ^^^^^^^^^^^^^^
[INFO] [stdout] 
[INFO] [stdout] 
[INFO] [stdout] warning: function `get_request` is never used
[INFO] [stdout]   --> main/src/readers.rs:70:8
[INFO] [stdout]    |
[INFO] [stdout] 70 | pub fn get_request(addr: &str) -> Result<reqwest::blocking::Response, Box<dyn Error>> {
[INFO] [stdout]    |        ^^^^^^^^^^^
[INFO] [stdout] 
[INFO] [stdout] 
[INFO] [stdout] warning: methods `add_foo` and `bad_method` are never used
[INFO] [stdout]   --> main/src/structs.rs:17:12
[INFO] [stdout]    |
[INFO] [stdout] 16 | impl Foo {
[INFO] [stdout]    | -------- methods in this implementation
[INFO] [stdout] 17 |     pub fn add_foo(&mut self) {
[INFO] [stdout]    |            ^^^^^^^
[INFO] [stdout] ...
[INFO] [stdout] 21 |     pub fn bad_method(self) {
[INFO] [stdout]    |            ^^^^^^^^^^
[INFO] [stdout] 
[INFO] [stdout] 
[INFO] [stdout] warning: trait `OutlinePrint` is never used
[INFO] [stdout]   --> main/src/structs.rs:83:11
[INFO] [stdout]    |
[INFO] [stdout] 83 | pub trait OutlinePrint: Display {
[INFO] [stdout]    |           ^^^^^^^^^^^^
[INFO] [stdout] 
[INFO] [stdout] 
[INFO] [stdout] warning: trait `Animal` is never used
[INFO] [stdout]    --> main/src/structs.rs:109:11
[INFO] [stdout]     |
[INFO] [stdout] 109 | pub trait Animal {
[INFO] [stdout]     |           ^^^^^^
[INFO] [stdout] 
[INFO] [stdout] 
[INFO] [stdout] warning: struct `Dog` is never constructed
[INFO] [stdout]    --> main/src/structs.rs:113:12
[INFO] [stdout]     |
[INFO] [stdout] 113 | pub struct Dog;
[INFO] [stdout]     |            ^^^
[INFO] [stdout] 
[INFO] [stdout] 
[INFO] [stdout] warning: associated function `baby_name` is never used
[INFO] [stdout]    --> main/src/structs.rs:116:12
[INFO] [stdout]     |
[INFO] [stdout] 115 | impl Dog {
[INFO] [stdout]     | -------- associated function in this implementation
[INFO] [stdout] 116 |     pub fn baby_name() -> String {
[INFO] [stdout]     |            ^^^^^^^^^
[INFO] [stdout] 
[INFO] [stdout] 
[INFO] [stdout] warning: method `fly` is never used
[INFO] [stdout]    --> main/src/structs.rs:128:8
[INFO] [stdout]     |
[INFO] [stdout] 127 | pub trait Pilot {
[INFO] [stdout]     |           ----- method in this trait
[INFO] [stdout] 128 |     fn fly(&self);
[INFO] [stdout]     |        ^^^
[INFO] [stdout] 
[INFO] [stdout] 
[INFO] [stdout] warning: method `fly` is never used
[INFO] [stdout]    --> main/src/structs.rs:132:8
[INFO] [stdout]     |
[INFO] [stdout] 131 | pub trait Wizard {
[INFO] [stdout]     |           ------ method in this trait
[INFO] [stdout] 132 |     fn fly(&self);
[INFO] [stdout]     |        ^^^
[INFO] [stdout] 
[INFO] [stdout] 
[INFO] [stdout] warning: method `fly` is never used
[INFO] [stdout]    --> main/src/structs.rs:150:12
[INFO] [stdout]     |
[INFO] [stdout] 149 | impl Human {
[INFO] [stdout]     | ---------- method in this implementation
[INFO] [stdout] 150 |     pub fn fly(&self) {
[INFO] [stdout]     |            ^^^
[INFO] [stdout] 
[INFO] [stdout] 
[INFO] [stdout] warning: struct `EPost` is never constructed
[INFO] [stdout]    --> main/src/structs.rs:155:12
[INFO] [stdout]     |
[INFO] [stdout] 155 | pub struct EPost {
[INFO] [stdout]     |            ^^^^^
[INFO] [stdout] 
[INFO] [stdout] 
[INFO] [stdout] warning: associated items `new`, `content`, `add_text`, `request_review`, `reject`, and `approve` are never used
[INFO] [stdout]    --> main/src/structs.rs:162:12
[INFO] [stdout]     |
[INFO] [stdout] 161 | impl EPost {
[INFO] [stdout]     | ---------- associated items in this implementation
[INFO] [stdout] 162 |     pub fn new() -> EPost {
[INFO] [stdout]     |            ^^^
[INFO] [stdout] ...
[INFO] [stdout] 170 |     pub fn content(&self) -> &str {
[INFO] [stdout]     |            ^^^^^^^
[INFO] [stdout] ...
[INFO] [stdout] 174 |     pub fn add_text(&mut self, text: &str) {
[INFO] [stdout]     |            ^^^^^^^^
[INFO] [stdout] ...
[INFO] [stdout] 181 |     pub fn request_review(&mut self) {
[INFO] [stdout]     |            ^^^^^^^^^^^^^^
[INFO] [stdout] ...
[INFO] [stdout] 189 |     pub fn reject(&mut self) {
[INFO] [stdout]     |            ^^^^^^
[INFO] [stdout] ...
[INFO] [stdout] 198 |     pub fn approve(&mut self) {
[INFO] [stdout]     |            ^^^^^^^
[INFO] [stdout] 
[INFO] [stdout] 
[INFO] [stdout] warning: enum `PostState` is never used
[INFO] [stdout]    --> main/src/structs.rs:214:6
[INFO] [stdout]     |
[INFO] [stdout] 214 | enum PostState {
[INFO] [stdout]     |      ^^^^^^^^^
[INFO] [stdout] 
[INFO] [stdout] 
[INFO] [stdout] warning: struct `NPost` is never constructed
[INFO] [stdout]    --> main/src/structs.rs:220:12
[INFO] [stdout]     |
[INFO] [stdout] 220 | pub struct NPost {
[INFO] [stdout]     |            ^^^^^
[INFO] [stdout] 
[INFO] [stdout] 
[INFO] [stdout] warning: associated items `new` and `content` are never used
[INFO] [stdout]    --> main/src/structs.rs:225:12
[INFO] [stdout]     |
[INFO] [stdout] 224 | impl NPost {
[INFO] [stdout]     | ---------- associated items in this implementation
[INFO] [stdout] 225 |     pub fn new() -> DraftPost {
[INFO] [stdout]     |            ^^^
[INFO] [stdout] ...
[INFO] [stdout] 231 |     pub fn content(&self) -> &str {
[INFO] [stdout]     |            ^^^^^^^
[INFO] [stdout] 
[INFO] [stdout] 
[INFO] [stdout] warning: struct `DraftPost` is never constructed
[INFO] [stdout]    --> main/src/structs.rs:236:12
[INFO] [stdout]     |
[INFO] [stdout] 236 | pub struct DraftPost {
[INFO] [stdout]     |            ^^^^^^^^^
[INFO] [stdout] 
[INFO] [stdout] 
[INFO] [stdout] warning: methods `add_text` and `request_review` are never used
[INFO] [stdout]    --> main/src/structs.rs:241:12
[INFO] [stdout]     |
[INFO] [stdout] 240 | impl DraftPost {
[INFO] [stdout]     | -------------- methods in this implementation
[INFO] [stdout] 241 |     pub fn add_text(&mut self, text: &str) {
[INFO] [stdout]     |            ^^^^^^^^
[INFO] [stdout] ...
[INFO] [stdout] 245 |     pub fn request_review(self) -> PendingReviewPost {
[INFO] [stdout]     |            ^^^^^^^^^^^^^^
[INFO] [stdout] 
[INFO] [stdout] 
[INFO] [stdout] warning: struct `PendingReviewPost` is never constructed
[INFO] [stdout]    --> main/src/structs.rs:252:12
[INFO] [stdout]     |
[INFO] [stdout] 252 | pub struct PendingReviewPost {
[INFO] [stdout]     |            ^^^^^^^^^^^^^^^^^
[INFO] [stdout] 
[INFO] [stdout] 
[INFO] [stdout] warning: method `approve` is never used
[INFO] [stdout]    --> main/src/structs.rs:257:12
[INFO] [stdout]     |
[INFO] [stdout] 256 | impl PendingReviewPost {
[INFO] [stdout]     | ---------------------- method in this implementation
[INFO] [stdout] 257 |     pub fn approve(self) -> NPost {
[INFO] [stdout]     |            ^^^^^^^
[INFO] [stdout] 
[INFO] [stdout] 
[INFO] [stdout] warning: struct `Post` is never constructed
[INFO] [stdout]    --> main/src/structs.rs:264:12
[INFO] [stdout]     |
[INFO] [stdout] 264 | pub struct Post {
[INFO] [stdout]     |            ^^^^
[INFO] [stdout] 
[INFO] [stdout] 
[INFO] [stdout] warning: associated items `new`, `add_text`, `content`, `request_review`, `reject`, and `approve` are never used
[INFO] [stdout]    --> main/src/structs.rs:271:12
[INFO] [stdout]     |
[INFO] [stdout] 270 | impl Post {
[INFO] [stdout]     | --------- associated items in this implementation
[INFO] [stdout] 271 |     pub fn new() -> Post {
[INFO] [stdout]     |            ^^^
[INFO] [stdout] ...
[INFO] [stdout] 280 |     pub fn add_text(&mut self, text: &str) {
[INFO] [stdout]     |            ^^^^^^^^
[INFO] [stdout] ...
[INFO] [stdout] 285 |     pub fn content(&self) -> &str {
[INFO] [stdout]     |            ^^^^^^^
[INFO] [stdout] ...
[INFO] [stdout] 289 |     pub fn request_review(&mut self) {
[INFO] [stdout]     |            ^^^^^^^^^^^^^^
[INFO] [stdout] ...
[INFO] [stdout] 295 |     pub fn reject(&mut self) {
[INFO] [stdout]     |            ^^^^^^
[INFO] [stdout] ...
[INFO] [stdout] 301 |     pub fn approve(&mut self) {
[INFO] [stdout]     |            ^^^^^^^
[INFO] [stdout] 
[INFO] [stdout] 
[INFO] [stdout] warning: trait `State` is never used
[INFO] [stdout]    --> main/src/structs.rs:308:7
[INFO] [stdout]     |
[INFO] [stdout] 308 | trait State {
[INFO] [stdout]     |       ^^^^^
[INFO] [stdout] 
[INFO] [stdout] 
[INFO] [stdout] warning: struct `Draft` is never constructed
[INFO] [stdout]    --> main/src/structs.rs:317:8
[INFO] [stdout]     |
[INFO] [stdout] 317 | struct Draft {}
[INFO] [stdout]     |        ^^^^^
[INFO] [stdout] 
[INFO] [stdout] 
[INFO] [stdout] warning: struct `PendingReview` is never constructed
[INFO] [stdout]    --> main/src/structs.rs:336:8
[INFO] [stdout]     |
[INFO] [stdout] 336 | struct PendingReview {}
[INFO] [stdout]     |        ^^^^^^^^^^^^^
[INFO] [stdout] 
[INFO] [stdout] 
[INFO] [stdout] warning: struct `Published` is never constructed
[INFO] [stdout]    --> main/src/structs.rs:355:8
[INFO] [stdout]     |
[INFO] [stdout] 355 | struct Published {}
[INFO] [stdout]     |        ^^^^^^^^^
[INFO] [stdout] 
[INFO] [stdout] 
[INFO] [stdout] warning: struct `Node` is never constructed
[INFO] [stdout]    --> main/src/structs.rs:379:12
[INFO] [stdout]     |
[INFO] [stdout] 379 | pub struct Node {
[INFO] [stdout]     |            ^^^^
[INFO] [stdout]     |
[INFO] [stdout]     = note: `Node` has a derived impl for the trait `Debug`, but this is intentionally ignored during dead code analysis
[INFO] [stdout] 
[INFO] [stdout] 
[INFO] [stdout] warning: associated items `new`, `print_field`, and `hello` are never used
[INFO] [stdout]    --> main/src/structs.rs:390:12
[INFO] [stdout]     |
[INFO] [stdout] 389 | impl<T: Debug + Display> MyBox<T> {
[INFO] [stdout]     | --------------------------------- associated items in this implementation
[INFO] [stdout] 390 |     pub fn new(refer: T) -> MyBox<T> {
[INFO] [stdout]     |            ^^^
[INFO] [stdout] ...
[INFO] [stdout] 394 |     pub fn print_field(&self) {
[INFO] [stdout]     |            ^^^^^^^^^^^
[INFO] [stdout] ...
[INFO] [stdout] 398 |     pub fn hello(name: &str) {
[INFO] [stdout]     |            ^^^^^
[INFO] [stdout] 
[INFO] [stdout] 
[INFO] [stdout] warning: struct `Cat` is never constructed
[INFO] [stdout]    --> main/src/structs.rs:437:12
[INFO] [stdout]     |
[INFO] [stdout] 437 | pub struct Cat {
[INFO] [stdout]     |            ^^^
[INFO] [stdout]     |
[INFO] [stdout]     = note: `Cat` has derived impls for the traits `Clone` and `Debug`, but these are intentionally ignored during dead code analysis
[INFO] [stdout] 
[INFO] [stdout] 
[INFO] [stdout] warning: enum `ProcessorMessage` is never used
[INFO] [stdout]    --> main/src/structs.rs:443:10
[INFO] [stdout]     |
[INFO] [stdout] 443 | pub enum ProcessorMessage {
[INFO] [stdout]     |          ^^^^^^^^^^^^^^^^
[INFO] [stdout] 
[INFO] [stdout] 
[INFO] [stderr]     Finished `dev` profile [unoptimized + debuginfo] target(s) in 42.79s
[INFO] running `Command { std: "docker" "inspect" "ef12ca3ae168035a20d3c8052a2b5b64b5a77b07ff3bb44401665350bfb92382", kill_on_drop: false }`
[INFO] running `Command { std: "docker" "rm" "-f" "ef12ca3ae168035a20d3c8052a2b5b64b5a77b07ff3bb44401665350bfb92382", kill_on_drop: false }`
[INFO] [stdout] ef12ca3ae168035a20d3c8052a2b5b64b5a77b07ff3bb44401665350bfb92382
[INFO] running `Command { std: "docker" "create" "-v" "/var/lib/crater-agent-workspace/builds/worker-3-tc2/target:/opt/rustwide/target:rw,Z" "-v" "/var/lib/crater-agent-workspace/builds/worker-3-tc2/source:/opt/rustwide/workdir:ro,Z" "-v" "/var/lib/crater-agent-workspace/cargo-home:/opt/rustwide/cargo-home:ro,Z" "-v" "/var/lib/crater-agent-workspace/rustup-home:/opt/rustwide/rustup-home:ro,Z" "-e" "SOURCE_DIR=/opt/rustwide/workdir" "-e" "CARGO_TARGET_DIR=/opt/rustwide/target" "-e" "CARGO_INCREMENTAL=0" "-e" "RUST_BACKTRACE=full" "-e" "RUSTFLAGS=--cap-lints=forbid -Zrandomize-layout" "-e" "RUSTDOCFLAGS=--cap-lints=forbid" "-e" "CARGO_HOME=/opt/rustwide/cargo-home" "-e" "RUSTUP_HOME=/opt/rustwide/rustup-home" "-w" "/opt/rustwide/workdir" "-m" "1610612736" "--user" "0:0" "--network" "none" "ghcr.io/rust-lang/crates-build-env/linux@sha256:819108c5571ea2e421544af4d832f968d213c87fbe3707a016657f43d2f853bc" "/opt/rustwide/cargo-home/bin/cargo" "+nightly-2025-01-18" "test" "--frozen" "--no-run" "--message-format=json", kill_on_drop: false }`
[INFO] [stdout] 14610767265a90c7544925dbbf0d1593adf3598f64dd4d2f3b90e42159a9ac3a
[INFO] running `Command { std: "docker" "start" "-a" "14610767265a90c7544925dbbf0d1593adf3598f64dd4d2f3b90e42159a9ac3a", kill_on_drop: false }`
[INFO] [stderr]    Compiling something v0.1.0 (/opt/rustwide/workdir/examples/something)
[INFO] [stderr]    Compiling shortening_url_service v0.1.0 (/opt/rustwide/workdir/examples/shortening_url_service)
[INFO] [stderr]    Compiling test_zone v0.1.0 (/opt/rustwide/workdir/main)
[INFO] [stdout] warning: unused import: `std::error::Error`
[INFO] [stdout]  --> main/src/main.rs:1:5
[INFO] [stdout]   |
[INFO] [stdout] 1 | use std::error::Error;
[INFO] [stdout]   |     ^^^^^^^^^^^^^^^^^
[INFO] [stdout]   |
[INFO] [stdout]   = note: `#[warn(unused_imports)]` on by default
[INFO] [stdout] 
[INFO] [stdout] 
[INFO] [stdout] warning: unused import: `Hash`
[INFO] [stdout]  --> main/src/main.rs:3:17
[INFO] [stdout]   |
[INFO] [stdout] 3 | use std::hash::{Hash, Hasher};
[INFO] [stdout]   |                 ^^^^
[INFO] [stdout] 
[INFO] [stdout] 
[INFO] [stdout] warning: unused import: `std::ops::Deref`
[INFO] [stdout]  --> main/src/main.rs:5:5
[INFO] [stdout]   |
[INFO] [stdout] 5 | use std::ops::Deref;
[INFO] [stdout]   |     ^^^^^^^^^^^^^^^
[INFO] [stdout] 
[INFO] [stdout] 
[INFO] [stdout] warning: unused import: `std::os::fd::AsRawFd`
[INFO] [stdout]  --> main/src/main.rs:6:5
[INFO] [stdout]   |
[INFO] [stdout] 6 | use std::os::fd::AsRawFd;
[INFO] [stdout]   |     ^^^^^^^^^^^^^^^^^^^^
[INFO] [stdout] 
[INFO] [stdout] 
[INFO] [stdout] warning: unused import: `rand::Rng`
[INFO] [stdout]   --> main/src/main.rs:10:5
[INFO] [stdout]    |
[INFO] [stdout] 10 | use rand::Rng;
[INFO] [stdout]    |     ^^^^^^^^^
[INFO] [stdout] 
[INFO] [stdout] 
[INFO] [stdout] warning: unused import: `rayon::iter::ParallelIterator`
[INFO] [stdout]   --> main/src/main.rs:11:5
[INFO] [stdout]    |
[INFO] [stdout] 11 | use rayon::iter::ParallelIterator;
[INFO] [stdout]    |     ^^^^^^^^^^^^^^^^^^^^^^^^^^^^^
[INFO] [stdout] 
[INFO] [stdout] 
[INFO] [stdout] warning: unused imports: `Animal`, `OutlinePrint`, `Pilot`, and `Wizard`
[INFO] [stdout]   --> main/src/main.rs:18:22
[INFO] [stdout]    |
[INFO] [stdout] 18 | use crate::structs::{Animal, OutlinePrint, Pilot, Wizard};
[INFO] [stdout]    |                      ^^^^^^  ^^^^^^^^^^^^  ^^^^^  ^^^^^^
[INFO] [stdout] 
[INFO] [stdout] 
[INFO] [stdout] warning: unused imports: `Deserialize` and `Serialize`
[INFO] [stdout]  --> main/src/readers.rs:7:13
[INFO] [stdout]   |
[INFO] [stdout] 7 | use serde::{Deserialize, Serialize};
[INFO] [stdout]   |             ^^^^^^^^^^^  ^^^^^^^^^
[INFO] [stdout] 
[INFO] [stdout] 
[INFO] [stdout] warning: unused import: `Path`
[INFO] [stdout]  --> main/src/readers.rs:9:17
[INFO] [stdout]   |
[INFO] [stdout] 9 | use std::path::{Path, PathBuf};
[INFO] [stdout]   |                 ^^^^
[INFO] [stdout] 
[INFO] [stdout] 
[INFO] [stdout] warning: unused import: `Pointer`
[INFO] [stdout]  --> main/src/structs.rs:5:43
[INFO] [stdout]   |
[INFO] [stdout] 5 | use std::fmt::{Debug, Display, Formatter, Pointer, Write};
[INFO] [stdout]   |                                           ^^^^^^^
[INFO] [stdout] 
[INFO] [stdout] 
[INFO] [stdout] warning: unused import: `Write`
[INFO] [stdout]  --> main/src/structs.rs:5:52
[INFO] [stdout]   |
[INFO] [stdout] 5 | use std::fmt::{Debug, Display, Formatter, Pointer, Write};
[INFO] [stdout]   |                                                    ^^^^^
[INFO] [stdout] 
[INFO] [stdout] 
[INFO] [stdout] warning: unused import: `Hasher`
[INFO] [stdout]  --> main/src/main.rs:3:23
[INFO] [stdout]   |
[INFO] [stdout] 3 | use std::hash::{Hash, Hasher};
[INFO] [stdout]   |                       ^^^^^^
[INFO] [stdout] 
[INFO] [stdout] 
[INFO] [stdout] warning: unused variable: `post`
[INFO] [stdout]    --> main/src/structs.rs:312:27
[INFO] [stdout]     |
[INFO] [stdout] 312 |     fn content<'a>(&self, post: &'a Post) -> &'a str {
[INFO] [stdout]     |                           ^^^^ help: if this is intentional, prefix it with an underscore: `_post`
[INFO] [stdout]     |
[INFO] [stdout]     = note: `#[warn(unused_variables)]` on by default
[INFO] [stdout] 
[INFO] [stdout] 
[INFO] [stdout] warning: unused variable: `i`
[INFO] [stdout]    --> main/src/main.rs:931:9
[INFO] [stdout]     |
[INFO] [stdout] 931 |     for i in test.iter(){}
[INFO] [stdout]     |         ^ help: if this is intentional, prefix it with an underscore: `_i`
[INFO] [stdout] 
[INFO] [stdout] 
[INFO] [stdout] warning: unused variable: `i`
[INFO] [stdout]    --> main/src/main.rs:932:9
[INFO] [stdout]     |
[INFO] [stdout] 932 |     for i in test.iter_mut(){}
[INFO] [stdout]     |         ^ help: if this is intentional, prefix it with an underscore: `_i`
[INFO] [stdout] 
[INFO] [stdout] 
[INFO] [stdout] warning: unused variable: `i`
[INFO] [stdout]    --> main/src/main.rs:933:9
[INFO] [stdout]     |
[INFO] [stdout] 933 |     for i in test.into_iter() {}// consume vec! ownership on all values
[INFO] [stdout]     |         ^ help: if this is intentional, prefix it with an underscore: `_i`
[INFO] [stdout] 
[INFO] [stdout] 
[INFO] [stdout] warning: field `1` is never read
[INFO] [stdout]    --> main/src/main.rs:899:13
[INFO] [stdout]     |
[INFO] [stdout] 899 |     Cons(T, &'a List<'a, T>),
[INFO] [stdout]     |     ----    ^^^^^^^^^^^^^^^
[INFO] [stdout]     |     |
[INFO] [stdout]     |     field in this variant
[INFO] [stdout]     |
[INFO] [stdout]     = note: `List` has a derived impl for the trait `Debug`, but this is intentionally ignored during dead code analysis
[INFO] [stdout]     = note: `#[warn(dead_code)]` on by default
[INFO] [stdout] help: consider changing the field to be of unit type to suppress this warning while preserving the field numbering, or remove the field
[INFO] [stdout]     |
[INFO] [stdout] 899 |     Cons(T, ()),
[INFO] [stdout]     |             ~~
[INFO] [stdout] 
[INFO] [stdout] 
[INFO] [stdout] warning: struct `DefaultUser` is never constructed
[INFO] [stdout]    --> main/src/main.rs:903:8
[INFO] [stdout]     |
[INFO] [stdout] 903 | struct DefaultUser {
[INFO] [stdout]     |        ^^^^^^^^^^^
[INFO] [stdout] 
[INFO] [stdout] 
[INFO] [stdout] warning: trait `SomethingCool` is never used
[INFO] [stdout]    --> main/src/main.rs:907:7
[INFO] [stdout]     |
[INFO] [stdout] 907 | trait SomethingCool {
[INFO] [stdout]     |       ^^^^^^^^^^^^^
[INFO] [stdout] 
[INFO] [stdout] 
[INFO] [stdout] warning: function `convert_md_to_html_parallel` is never used
[INFO] [stdout]   --> main/src/converters.rs:10:8
[INFO] [stdout]    |
[INFO] [stdout] 10 | pub fn convert_md_to_html_parallel(
[INFO] [stdout]    |        ^^^^^^^^^^^^^^^^^^^^^^^^^^^
[INFO] [stdout] 
[INFO] [stdout] 
[INFO] [stdout] warning: function `converter_celcius_and_fahrenheit` is never used
[INFO] [stdout]   --> main/src/converters.rs:67:8
[INFO] [stdout]    |
[INFO] [stdout] 67 | pub fn converter_celcius_and_fahrenheit() -> Result<f32, &'static str> {
[INFO] [stdout]    |        ^^^^^^^^^^^^^^^^^^^^^^^^^^^^^^^^
[INFO] [stdout] 
[INFO] [stdout] 
[INFO] [stdout] warning: function `get_parent_recursively` is never used
[INFO] [stdout]   --> main/src/readers.rs:12:8
[INFO] [stdout]    |
[INFO] [stdout] 12 | pub fn get_parent_recursively(cat: &Rc<RefCell<Cat>>) {
[INFO] [stdout]    |        ^^^^^^^^^^^^^^^^^^^^^^
[INFO] [stdout] 
[INFO] [stdout] 
[INFO] [stdout] warning: function `read_md_files` is never used
[INFO] [stdout]   --> main/src/readers.rs:32:8
[INFO] [stdout]    |
[INFO] [stdout] 32 | pub fn read_md_files() -> Result<Vec<PathBuf>, io::Error> {
[INFO] [stdout]    |        ^^^^^^^^^^^^^
[INFO] [stdout] 
[INFO] [stdout] 
[INFO] [stdout] warning: function `get_request` is never used
[INFO] [stdout]   --> main/src/readers.rs:70:8
[INFO] [stdout]    |
[INFO] [stdout] 70 | pub fn get_request(addr: &str) -> Result<reqwest::blocking::Response, Box<dyn Error>> {
[INFO] [stdout]    |        ^^^^^^^^^^^
[INFO] [stdout] 
[INFO] [stdout] 
[INFO] [stdout] warning: methods `add_foo` and `bad_method` are never used
[INFO] [stdout]   --> main/src/structs.rs:17:12
[INFO] [stdout]    |
[INFO] [stdout] 16 | impl Foo {
[INFO] [stdout]    | -------- methods in this implementation
[INFO] [stdout] 17 |     pub fn add_foo(&mut self) {
[INFO] [stdout]    |            ^^^^^^^
[INFO] [stdout] ...
[INFO] [stdout] 21 |     pub fn bad_method(self) {
[INFO] [stdout]    |            ^^^^^^^^^^
[INFO] [stdout] 
[INFO] [stdout] 
[INFO] [stdout] warning: trait `OutlinePrint` is never used
[INFO] [stdout]   --> main/src/structs.rs:83:11
[INFO] [stdout]    |
[INFO] [stdout] 83 | pub trait OutlinePrint: Display {
[INFO] [stdout]    |           ^^^^^^^^^^^^
[INFO] [stdout] 
[INFO] [stdout] 
[INFO] [stdout] warning: trait `Animal` is never used
[INFO] [stdout]    --> main/src/structs.rs:109:11
[INFO] [stdout]     |
[INFO] [stdout] 109 | pub trait Animal {
[INFO] [stdout]     |           ^^^^^^
[INFO] [stdout] 
[INFO] [stdout] 
[INFO] [stdout] warning: struct `Dog` is never constructed
[INFO] [stdout]    --> main/src/structs.rs:113:12
[INFO] [stdout]     |
[INFO] [stdout] 113 | pub struct Dog;
[INFO] [stdout]     |            ^^^
[INFO] [stdout] 
[INFO] [stdout] 
[INFO] [stdout] warning: associated function `baby_name` is never used
[INFO] [stdout]    --> main/src/structs.rs:116:12
[INFO] [stdout]     |
[INFO] [stdout] 115 | impl Dog {
[INFO] [stdout]     | -------- associated function in this implementation
[INFO] [stdout] 116 |     pub fn baby_name() -> String {
[INFO] [stdout]     |            ^^^^^^^^^
[INFO] [stdout] 
[INFO] [stdout] 
[INFO] [stdout] warning: method `fly` is never used
[INFO] [stdout]    --> main/src/structs.rs:128:8
[INFO] [stdout]     |
[INFO] [stdout] 127 | pub trait Pilot {
[INFO] [stdout]     |           ----- method in this trait
[INFO] [stdout] 128 |     fn fly(&self);
[INFO] [stdout]     |        ^^^
[INFO] [stdout] 
[INFO] [stdout] 
[INFO] [stdout] warning: method `fly` is never used
[INFO] [stdout]    --> main/src/structs.rs:132:8
[INFO] [stdout]     |
[INFO] [stdout] 131 | pub trait Wizard {
[INFO] [stdout]     |           ------ method in this trait
[INFO] [stdout] 132 |     fn fly(&self);
[INFO] [stdout]     |        ^^^
[INFO] [stdout] 
[INFO] [stdout] 
[INFO] [stdout] warning: method `fly` is never used
[INFO] [stdout]    --> main/src/structs.rs:150:12
[INFO] [stdout]     |
[INFO] [stdout] 149 | impl Human {
[INFO] [stdout]     | ---------- method in this implementation
[INFO] [stdout] 150 |     pub fn fly(&self) {
[INFO] [stdout]     |            ^^^
[INFO] [stdout] 
[INFO] [stdout] 
[INFO] [stdout] warning: struct `EPost` is never constructed
[INFO] [stdout]    --> main/src/structs.rs:155:12
[INFO] [stdout]     |
[INFO] [stdout] 155 | pub struct EPost {
[INFO] [stdout]     |            ^^^^^
[INFO] [stdout] 
[INFO] [stdout] 
[INFO] [stdout] warning: associated items `new`, `content`, `add_text`, `request_review`, `reject`, and `approve` are never used
[INFO] [stdout]    --> main/src/structs.rs:162:12
[INFO] [stdout]     |
[INFO] [stdout] 161 | impl EPost {
[INFO] [stdout]     | ---------- associated items in this implementation
[INFO] [stdout] 162 |     pub fn new() -> EPost {
[INFO] [stdout]     |            ^^^
[INFO] [stdout] ...
[INFO] [stdout] 170 |     pub fn content(&self) -> &str {
[INFO] [stdout]     |            ^^^^^^^
[INFO] [stdout] ...
[INFO] [stdout] 174 |     pub fn add_text(&mut self, text: &str) {
[INFO] [stdout]     |            ^^^^^^^^
[INFO] [stdout] ...
[INFO] [stdout] 181 |     pub fn request_review(&mut self) {
[INFO] [stdout]     |            ^^^^^^^^^^^^^^
[INFO] [stdout] ...
[INFO] [stdout] 189 |     pub fn reject(&mut self) {
[INFO] [stdout]     |            ^^^^^^
[INFO] [stdout] ...
[INFO] [stdout] 198 |     pub fn approve(&mut self) {
[INFO] [stdout]     |            ^^^^^^^
[INFO] [stdout] 
[INFO] [stdout] 
[INFO] [stdout] warning: enum `PostState` is never used
[INFO] [stdout]    --> main/src/structs.rs:214:6
[INFO] [stdout]     |
[INFO] [stdout] 214 | enum PostState {
[INFO] [stdout]     |      ^^^^^^^^^
[INFO] [stdout] 
[INFO] [stdout] 
[INFO] [stdout] warning: struct `NPost` is never constructed
[INFO] [stdout]    --> main/src/structs.rs:220:12
[INFO] [stdout]     |
[INFO] [stdout] 220 | pub struct NPost {
[INFO] [stdout]     |            ^^^^^
[INFO] [stdout] 
[INFO] [stdout] 
[INFO] [stdout] warning: associated items `new` and `content` are never used
[INFO] [stdout]    --> main/src/structs.rs:225:12
[INFO] [stdout]     |
[INFO] [stdout] 224 | impl NPost {
[INFO] [stdout]     | ---------- associated items in this implementation
[INFO] [stdout] 225 |     pub fn new() -> DraftPost {
[INFO] [stdout]     |            ^^^
[INFO] [stdout] ...
[INFO] [stdout] 231 |     pub fn content(&self) -> &str {
[INFO] [stdout]     |            ^^^^^^^
[INFO] [stdout] 
[INFO] [stdout] 
[INFO] [stdout] warning: struct `DraftPost` is never constructed
[INFO] [stdout]    --> main/src/structs.rs:236:12
[INFO] [stdout]     |
[INFO] [stdout] 236 | pub struct DraftPost {
[INFO] [stdout]     |            ^^^^^^^^^
[INFO] [stdout] 
[INFO] [stdout] 
[INFO] [stdout] warning: methods `add_text` and `request_review` are never used
[INFO] [stdout]    --> main/src/structs.rs:241:12
[INFO] [stdout]     |
[INFO] [stdout] 240 | impl DraftPost {
[INFO] [stdout]     | -------------- methods in this implementation
[INFO] [stdout] 241 |     pub fn add_text(&mut self, text: &str) {
[INFO] [stdout]     |            ^^^^^^^^
[INFO] [stdout] ...
[INFO] [stdout] 245 |     pub fn request_review(self) -> PendingReviewPost {
[INFO] [stdout]     |            ^^^^^^^^^^^^^^
[INFO] [stdout] 
[INFO] [stdout] 
[INFO] [stdout] warning: struct `PendingReviewPost` is never constructed
[INFO] [stdout]    --> main/src/structs.rs:252:12
[INFO] [stdout]     |
[INFO] [stdout] 252 | pub struct PendingReviewPost {
[INFO] [stdout]     |            ^^^^^^^^^^^^^^^^^
[INFO] [stdout] 
[INFO] [stdout] 
[INFO] [stdout] warning: method `approve` is never used
[INFO] [stdout]    --> main/src/structs.rs:257:12
[INFO] [stdout]     |
[INFO] [stdout] 256 | impl PendingReviewPost {
[INFO] [stdout]     | ---------------------- method in this implementation
[INFO] [stdout] 257 |     pub fn approve(self) -> NPost {
[INFO] [stdout]     |            ^^^^^^^
[INFO] [stdout] 
[INFO] [stdout] 
[INFO] [stdout] warning: struct `Post` is never constructed
[INFO] [stdout]    --> main/src/structs.rs:264:12
[INFO] [stdout]     |
[INFO] [stdout] 264 | pub struct Post {
[INFO] [stdout]     |            ^^^^
[INFO] [stdout] 
[INFO] [stdout] 
[INFO] [stdout] warning: associated items `new`, `add_text`, `content`, `request_review`, `reject`, and `approve` are never used
[INFO] [stdout]    --> main/src/structs.rs:271:12
[INFO] [stdout]     |
[INFO] [stdout] 270 | impl Post {
[INFO] [stdout]     | --------- associated items in this implementation
[INFO] [stdout] 271 |     pub fn new() -> Post {
[INFO] [stdout]     |            ^^^
[INFO] [stdout] ...
[INFO] [stdout] 280 |     pub fn add_text(&mut self, text: &str) {
[INFO] [stdout]     |            ^^^^^^^^
[INFO] [stdout] ...
[INFO] [stdout] 285 |     pub fn content(&self) -> &str {
[INFO] [stdout]     |            ^^^^^^^
[INFO] [stdout] ...
[INFO] [stdout] 289 |     pub fn request_review(&mut self) {
[INFO] [stdout]     |            ^^^^^^^^^^^^^^
[INFO] [stdout] ...
[INFO] [stdout] 295 |     pub fn reject(&mut self) {
[INFO] [stdout]     |            ^^^^^^
[INFO] [stdout] ...
[INFO] [stdout] 301 |     pub fn approve(&mut self) {
[INFO] [stdout]     |            ^^^^^^^
[INFO] [stdout] 
[INFO] [stdout] 
[INFO] [stdout] warning: trait `State` is never used
[INFO] [stdout]    --> main/src/structs.rs:308:7
[INFO] [stdout]     |
[INFO] [stdout] 308 | trait State {
[INFO] [stdout]     |       ^^^^^
[INFO] [stdout] 
[INFO] [stdout] 
[INFO] [stdout] warning: struct `Draft` is never constructed
[INFO] [stdout]    --> main/src/structs.rs:317:8
[INFO] [stdout]     |
[INFO] [stdout] 317 | struct Draft {}
[INFO] [stdout]     |        ^^^^^
[INFO] [stdout] 
[INFO] [stdout] 
[INFO] [stdout] warning: struct `PendingReview` is never constructed
[INFO] [stdout]    --> main/src/structs.rs:336:8
[INFO] [stdout]     |
[INFO] [stdout] 336 | struct PendingReview {}
[INFO] [stdout]     |        ^^^^^^^^^^^^^
[INFO] [stdout] 
[INFO] [stdout] 
[INFO] [stdout] warning: struct `Published` is never constructed
[INFO] [stdout]    --> main/src/structs.rs:355:8
[INFO] [stdout]     |
[INFO] [stdout] 355 | struct Published {}
[INFO] [stdout]     |        ^^^^^^^^^
[INFO] [stdout] 
[INFO] [stdout] 
[INFO] [stdout] warning: struct `Node` is never constructed
[INFO] [stdout]    --> main/src/structs.rs:379:12
[INFO] [stdout]     |
[INFO] [stdout] 379 | pub struct Node {
[INFO] [stdout]     |            ^^^^
[INFO] [stdout]     |
[INFO] [stdout]     = note: `Node` has a derived impl for the trait `Debug`, but this is intentionally ignored during dead code analysis
[INFO] [stdout] 
[INFO] [stdout] 
[INFO] [stdout] warning: associated items `new`, `print_field`, and `hello` are never used
[INFO] [stdout]    --> main/src/structs.rs:390:12
[INFO] [stdout]     |
[INFO] [stdout] 389 | impl<T: Debug + Display> MyBox<T> {
[INFO] [stdout]     | --------------------------------- associated items in this implementation
[INFO] [stdout] 390 |     pub fn new(refer: T) -> MyBox<T> {
[INFO] [stdout]     |            ^^^
[INFO] [stdout] ...
[INFO] [stdout] 394 |     pub fn print_field(&self) {
[INFO] [stdout]     |            ^^^^^^^^^^^
[INFO] [stdout] ...
[INFO] [stdout] 398 |     pub fn hello(name: &str) {
[INFO] [stdout]     |            ^^^^^
[INFO] [stdout] 
[INFO] [stdout] 
[INFO] [stdout] warning: struct `Cat` is never constructed
[INFO] [stdout]    --> main/src/structs.rs:437:12
[INFO] [stdout]     |
[INFO] [stdout] 437 | pub struct Cat {
[INFO] [stdout]     |            ^^^
[INFO] [stdout]     |
[INFO] [stdout]     = note: `Cat` has derived impls for the traits `Clone` and `Debug`, but these are intentionally ignored during dead code analysis
[INFO] [stdout] 
[INFO] [stdout] 
[INFO] [stdout] warning: enum `ProcessorMessage` is never used
[INFO] [stdout]    --> main/src/structs.rs:443:10
[INFO] [stdout]     |
[INFO] [stdout] 443 | pub enum ProcessorMessage {
[INFO] [stdout]     |          ^^^^^^^^^^^^^^^^
[INFO] [stdout] 
[INFO] [stdout] 
[INFO] [stderr]     Finished `test` profile [unoptimized + debuginfo] target(s) in 1.90s
[INFO] running `Command { std: "docker" "inspect" "14610767265a90c7544925dbbf0d1593adf3598f64dd4d2f3b90e42159a9ac3a", kill_on_drop: false }`
[INFO] running `Command { std: "docker" "rm" "-f" "14610767265a90c7544925dbbf0d1593adf3598f64dd4d2f3b90e42159a9ac3a", kill_on_drop: false }`
[INFO] [stdout] 14610767265a90c7544925dbbf0d1593adf3598f64dd4d2f3b90e42159a9ac3a
[INFO] running `Command { std: "docker" "create" "-v" "/var/lib/crater-agent-workspace/builds/worker-3-tc2/target:/opt/rustwide/target:rw,Z" "-v" "/var/lib/crater-agent-workspace/builds/worker-3-tc2/source:/opt/rustwide/workdir:ro,Z" "-v" "/var/lib/crater-agent-workspace/cargo-home:/opt/rustwide/cargo-home:ro,Z" "-v" "/var/lib/crater-agent-workspace/rustup-home:/opt/rustwide/rustup-home:ro,Z" "-e" "SOURCE_DIR=/opt/rustwide/workdir" "-e" "CARGO_TARGET_DIR=/opt/rustwide/target" "-e" "CARGO_INCREMENTAL=0" "-e" "RUST_BACKTRACE=full" "-e" "RUSTFLAGS=--cap-lints=forbid -Zrandomize-layout" "-e" "RUSTDOCFLAGS=--cap-lints=forbid" "-e" "CARGO_HOME=/opt/rustwide/cargo-home" "-e" "RUSTUP_HOME=/opt/rustwide/rustup-home" "-w" "/opt/rustwide/workdir" "-m" "1610612736" "--user" "0:0" "--network" "none" "ghcr.io/rust-lang/crates-build-env/linux@sha256:819108c5571ea2e421544af4d832f968d213c87fbe3707a016657f43d2f853bc" "/opt/rustwide/cargo-home/bin/cargo" "+nightly-2025-01-18" "test" "--frozen", kill_on_drop: false }`
[INFO] [stdout] 8560fee540f73d141c240111a9c55557b59fd61840cb561f85983d8a88ab7ba8
[INFO] running `Command { std: "docker" "start" "-a" "8560fee540f73d141c240111a9c55557b59fd61840cb561f85983d8a88ab7ba8", kill_on_drop: false }`
[INFO] [stderr] warning: unused import: `std::error::Error`
[INFO] [stderr]  --> main/src/main.rs:1:5
[INFO] [stderr]   |
[INFO] [stderr] 1 | use std::error::Error;
[INFO] [stderr]   |     ^^^^^^^^^^^^^^^^^
[INFO] [stderr]   |
[INFO] [stderr]   = note: `#[warn(unused_imports)]` on by default
[INFO] [stderr] 
[INFO] [stderr] warning: unused import: `Hash`
[INFO] [stderr]  --> main/src/main.rs:3:17
[INFO] [stderr]   |
[INFO] [stderr] 3 | use std::hash::{Hash, Hasher};
[INFO] [stderr]   |                 ^^^^
[INFO] [stderr] 
[INFO] [stderr] warning: unused import: `std::ops::Deref`
[INFO] [stderr]  --> main/src/main.rs:5:5
[INFO] [stderr]   |
[INFO] [stderr] 5 | use std::ops::Deref;
[INFO] [stderr]   |     ^^^^^^^^^^^^^^^
[INFO] [stderr] 
[INFO] [stderr] warning: unused import: `std::os::fd::AsRawFd`
[INFO] [stderr]  --> main/src/main.rs:6:5
[INFO] [stderr]   |
[INFO] [stderr] 6 | use std::os::fd::AsRawFd;
[INFO] [stderr]   |     ^^^^^^^^^^^^^^^^^^^^
[INFO] [stderr] 
[INFO] [stderr] warning: unused import: `rand::Rng`
[INFO] [stderr]   --> main/src/main.rs:10:5
[INFO] [stderr]    |
[INFO] [stderr] 10 | use rand::Rng;
[INFO] [stderr]    |     ^^^^^^^^^
[INFO] [stderr] 
[INFO] [stderr] warning: unused import: `rayon::iter::ParallelIterator`
[INFO] [stderr]   --> main/src/main.rs:11:5
[INFO] [stderr]    |
[INFO] [stderr] 11 | use rayon::iter::ParallelIterator;
[INFO] [stderr]    |     ^^^^^^^^^^^^^^^^^^^^^^^^^^^^^
[INFO] [stderr] 
[INFO] [stderr] warning: unused imports: `Animal`, `OutlinePrint`, `Pilot`, and `Wizard`
[INFO] [stderr]   --> main/src/main.rs:18:22
[INFO] [stderr]    |
[INFO] [stderr] 18 | use crate::structs::{Animal, OutlinePrint, Pilot, Wizard};
[INFO] [stderr]    |                      ^^^^^^  ^^^^^^^^^^^^  ^^^^^  ^^^^^^
[INFO] [stderr] 
[INFO] [stderr] warning: unused imports: `Deserialize` and `Serialize`
[INFO] [stderr]  --> main/src/readers.rs:7:13
[INFO] [stderr]   |
[INFO] [stderr] 7 | use serde::{Deserialize, Serialize};
[INFO] [stderr]   |             ^^^^^^^^^^^  ^^^^^^^^^
[INFO] [stderr] 
[INFO] [stderr] warning: unused import: `Path`
[INFO] [stderr]  --> main/src/readers.rs:9:17
[INFO] [stderr]   |
[INFO] [stderr] 9 | use std::path::{Path, PathBuf};
[INFO] [stderr]   |                 ^^^^
[INFO] [stderr] 
[INFO] [stderr] warning: unused import: `Pointer`
[INFO] [stderr]  --> main/src/structs.rs:5:43
[INFO] [stderr]   |
[INFO] [stderr] 5 | use std::fmt::{Debug, Display, Formatter, Pointer, Write};
[INFO] [stderr]   |                                           ^^^^^^^
[INFO] [stderr] 
[INFO] [stderr] warning: unused import: `Write`
[INFO] [stderr]  --> main/src/structs.rs:5:52
[INFO] [stderr]   |
[INFO] [stderr] 5 | use std::fmt::{Debug, Display, Formatter, Pointer, Write};
[INFO] [stderr]   |                                                    ^^^^^
[INFO] [stderr] 
[INFO] [stderr] warning: unused import: `Hasher`
[INFO] [stderr]  --> main/src/main.rs:3:23
[INFO] [stderr]   |
[INFO] [stderr] 3 | use std::hash::{Hash, Hasher};
[INFO] [stderr]   |                       ^^^^^^
[INFO] [stderr] 
[INFO] [stderr] warning: unused variable: `post`
[INFO] [stderr]    --> main/src/structs.rs:312:27
[INFO] [stderr]     |
[INFO] [stderr] 312 |     fn content<'a>(&self, post: &'a Post) -> &'a str {
[INFO] [stderr]     |                           ^^^^ help: if this is intentional, prefix it with an underscore: `_post`
[INFO] [stderr]     |
[INFO] [stderr]     = note: `#[warn(unused_variables)]` on by default
[INFO] [stderr] 
[INFO] [stderr] warning: unused variable: `i`
[INFO] [stderr]    --> main/src/main.rs:931:9
[INFO] [stderr]     |
[INFO] [stderr] 931 |     for i in test.iter(){}
[INFO] [stderr]     |         ^ help: if this is intentional, prefix it with an underscore: `_i`
[INFO] [stderr] 
[INFO] [stderr] warning: unused variable: `i`
[INFO] [stderr]    --> main/src/main.rs:932:9
[INFO] [stderr]     |
[INFO] [stderr] 932 |     for i in test.iter_mut(){}
[INFO] [stderr]     |         ^ help: if this is intentional, prefix it with an underscore: `_i`
[INFO] [stderr] 
[INFO] [stderr] warning: unused variable: `i`
[INFO] [stderr]    --> main/src/main.rs:933:9
[INFO] [stderr]     |
[INFO] [stderr] 933 |     for i in test.into_iter() {}// consume vec! ownership on all values
[INFO] [stderr]     |         ^ help: if this is intentional, prefix it with an underscore: `_i`
[INFO] [stderr] 
[INFO] [stderr] warning: field `1` is never read
[INFO] [stderr]    --> main/src/main.rs:899:13
[INFO] [stderr]     |
[INFO] [stderr] 899 |     Cons(T, &'a List<'a, T>),
[INFO] [stderr]     |     ----    ^^^^^^^^^^^^^^^
[INFO] [stderr]     |     |
[INFO] [stderr]     |     field in this variant
[INFO] [stderr]     |
[INFO] [stderr]     = note: `List` has a derived impl for the trait `Debug`, but this is intentionally ignored during dead code analysis
[INFO] [stderr]     = note: `#[warn(dead_code)]` on by default
[INFO] [stderr] help: consider changing the field to be of unit type to suppress this warning while preserving the field numbering, or remove the field
[INFO] [stderr]     |
[INFO] [stderr] 899 |     Cons(T, ()),
[INFO] [stderr]     |             ~~
[INFO] [stderr] 
[INFO] [stderr] warning: struct `DefaultUser` is never constructed
[INFO] [stderr]    --> main/src/main.rs:903:8
[INFO] [stderr]     |
[INFO] [stderr] 903 | struct DefaultUser {
[INFO] [stderr]     |        ^^^^^^^^^^^
[INFO] [stderr] 
[INFO] [stderr] warning: trait `SomethingCool` is never used
[INFO] [stderr]    --> main/src/main.rs:907:7
[INFO] [stderr]     |
[INFO] [stderr] 907 | trait SomethingCool {
[INFO] [stderr]     |       ^^^^^^^^^^^^^
[INFO] [stderr] 
[INFO] [stderr] warning: function `convert_md_to_html_parallel` is never used
[INFO] [stderr]   --> main/src/converters.rs:10:8
[INFO] [stderr]    |
[INFO] [stderr] 10 | pub fn convert_md_to_html_parallel(
[INFO] [stderr]    |        ^^^^^^^^^^^^^^^^^^^^^^^^^^^
[INFO] [stderr] 
[INFO] [stderr] warning: function `converter_celcius_and_fahrenheit` is never used
[INFO] [stderr]   --> main/src/converters.rs:67:8
[INFO] [stderr]    |
[INFO] [stderr] 67 | pub fn converter_celcius_and_fahrenheit() -> Result<f32, &'static str> {
[INFO] [stderr]    |        ^^^^^^^^^^^^^^^^^^^^^^^^^^^^^^^^
[INFO] [stderr] 
[INFO] [stderr] warning: function `get_parent_recursively` is never used
[INFO] [stderr]   --> main/src/readers.rs:12:8
[INFO] [stderr]    |
[INFO] [stderr] 12 | pub fn get_parent_recursively(cat: &Rc<RefCell<Cat>>) {
[INFO] [stderr]    |        ^^^^^^^^^^^^^^^^^^^^^^
[INFO] [stderr] 
[INFO] [stderr] warning: function `read_md_files` is never used
[INFO] [stderr]   --> main/src/readers.rs:32:8
[INFO] [stderr]    |
[INFO] [stderr] 32 | pub fn read_md_files() -> Result<Vec<PathBuf>, io::Error> {
[INFO] [stderr]    |        ^^^^^^^^^^^^^
[INFO] [stderr] 
[INFO] [stderr] warning: function `get_request` is never used
[INFO] [stderr]   --> main/src/readers.rs:70:8
[INFO] [stderr]    |
[INFO] [stderr] 70 | pub fn get_request(addr: &str) -> Result<reqwest::blocking::Response, Box<dyn Error>> {
[INFO] [stderr]    |        ^^^^^^^^^^^
[INFO] [stderr] 
[INFO] [stderr] warning: methods `add_foo` and `bad_method` are never used
[INFO] [stderr]   --> main/src/structs.rs:17:12
[INFO] [stderr]    |
[INFO] [stderr] 16 | impl Foo {
[INFO] [stderr]    | -------- methods in this implementation
[INFO] [stderr] 17 |     pub fn add_foo(&mut self) {
[INFO] [stderr]    |            ^^^^^^^
[INFO] [stderr] ...
[INFO] [stderr] 21 |     pub fn bad_method(self) {
[INFO] [stderr]    |            ^^^^^^^^^^
[INFO] [stderr] 
[INFO] [stderr] warning: trait `OutlinePrint` is never used
[INFO] [stderr]   --> main/src/structs.rs:83:11
[INFO] [stderr]    |
[INFO] [stderr] 83 | pub trait OutlinePrint: Display {
[INFO] [stderr]    |           ^^^^^^^^^^^^
[INFO] [stderr] 
[INFO] [stderr] warning: trait `Animal` is never used
[INFO] [stderr]    --> main/src/structs.rs:109:11
[INFO] [stderr]     |
[INFO] [stderr] 109 | pub trait Animal {
[INFO] [stderr]     |           ^^^^^^
[INFO] [stderr] 
[INFO] [stderr] warning: struct `Dog` is never constructed
[INFO] [stderr]    --> main/src/structs.rs:113:12
[INFO] [stderr]     |
[INFO] [stderr] 113 | pub struct Dog;
[INFO] [stderr]     |            ^^^
[INFO] [stderr] 
[INFO] [stderr] warning: associated function `baby_name` is never used
[INFO] [stderr]    --> main/src/structs.rs:116:12
[INFO] [stderr]     |
[INFO] [stderr] 115 | impl Dog {
[INFO] [stderr]     | -------- associated function in this implementation
[INFO] [stderr] 116 |     pub fn baby_name() -> String {
[INFO] [stderr]     |            ^^^^^^^^^
[INFO] [stderr] 
[INFO] [stderr] warning: method `fly` is never used
[INFO] [stderr]    --> main/src/structs.rs:128:8
[INFO] [stderr]     |
[INFO] [stderr] 127 | pub trait Pilot {
[INFO] [stderr]     |           ----- method in this trait
[INFO] [stderr] 128 |     fn fly(&self);
[INFO] [stderr]     |        ^^^
[INFO] [stderr] 
[INFO] [stderr] warning: method `fly` is never used
[INFO] [stderr]    --> main/src/structs.rs:132:8
[INFO] [stderr]     |
[INFO] [stderr] 131 | pub trait Wizard {
[INFO] [stderr]     |           ------ method in this trait
[INFO] [stderr] 132 |     fn fly(&self);
[INFO] [stderr]     |        ^^^
[INFO] [stderr] 
[INFO] [stderr] warning: method `fly` is never used
[INFO] [stderr]    --> main/src/structs.rs:150:12
[INFO] [stderr]     |
[INFO] [stderr] 149 | impl Human {
[INFO] [stderr]     | ---------- method in this implementation
[INFO] [stderr] 150 |     pub fn fly(&self) {
[INFO] [stderr]     |            ^^^
[INFO] [stderr] 
[INFO] [stderr] warning: struct `EPost` is never constructed
[INFO] [stderr]    --> main/src/structs.rs:155:12
[INFO] [stderr]     |
[INFO] [stderr] 155 | pub struct EPost {
[INFO] [stderr]     |            ^^^^^
[INFO] [stderr] 
[INFO] [stderr] warning: associated items `new`, `content`, `add_text`, `request_review`, `reject`, and `approve` are never used
[INFO] [stderr]    --> main/src/structs.rs:162:12
[INFO] [stderr]     |
[INFO] [stderr] 161 | impl EPost {
[INFO] [stderr]     | ---------- associated items in this implementation
[INFO] [stderr] 162 |     pub fn new() -> EPost {
[INFO] [stderr]     |            ^^^
[INFO] [stderr] ...
[INFO] [stderr] 170 |     pub fn content(&self) -> &str {
[INFO] [stderr]     |            ^^^^^^^
[INFO] [stderr] ...
[INFO] [stderr] 174 |     pub fn add_text(&mut self, text: &str) {
[INFO] [stderr]     |            ^^^^^^^^
[INFO] [stderr] ...
[INFO] [stderr] 181 |     pub fn request_review(&mut self) {
[INFO] [stderr]     |            ^^^^^^^^^^^^^^
[INFO] [stderr] ...
[INFO] [stderr] 189 |     pub fn reject(&mut self) {
[INFO] [stderr]     |            ^^^^^^
[INFO] [stderr] ...
[INFO] [stderr] 198 |     pub fn approve(&mut self) {
[INFO] [stderr]     |            ^^^^^^^
[INFO] [stderr] 
[INFO] [stderr] warning: enum `PostState` is never used
[INFO] [stderr]    --> main/src/structs.rs:214:6
[INFO] [stderr]     |
[INFO] [stderr] 214 | enum PostState {
[INFO] [stderr]     |      ^^^^^^^^^
[INFO] [stderr] 
[INFO] [stderr] warning: struct `NPost` is never constructed
[INFO] [stderr]    --> main/src/structs.rs:220:12
[INFO] [stderr]     |
[INFO] [stderr] 220 | pub struct NPost {
[INFO] [stderr]     |            ^^^^^
[INFO] [stderr] 
[INFO] [stderr] warning: associated items `new` and `content` are never used
[INFO] [stderr]    --> main/src/structs.rs:225:12
[INFO] [stderr]     |
[INFO] [stderr] 224 | impl NPost {
[INFO] [stderr]     | ---------- associated items in this implementation
[INFO] [stderr] 225 |     pub fn new() -> DraftPost {
[INFO] [stderr]     |            ^^^
[INFO] [stderr] ...
[INFO] [stderr] 231 |     pub fn content(&self) -> &str {
[INFO] [stderr]     |            ^^^^^^^
[INFO] [stderr] 
[INFO] [stderr] warning: struct `DraftPost` is never constructed
[INFO] [stderr]    --> main/src/structs.rs:236:12
[INFO] [stderr]     |
[INFO] [stderr] 236 | pub struct DraftPost {
[INFO] [stderr]     |            ^^^^^^^^^
[INFO] [stderr] 
[INFO] [stderr] warning: methods `add_text` and `request_review` are never used
[INFO] [stderr]    --> main/src/structs.rs:241:12
[INFO] [stderr]     |
[INFO] [stderr] 240 | impl DraftPost {
[INFO] [stderr]     | -------------- methods in this implementation
[INFO] [stderr] 241 |     pub fn add_text(&mut self, text: &str) {
[INFO] [stderr]     |            ^^^^^^^^
[INFO] [stderr] ...
[INFO] [stderr] 245 |     pub fn request_review(self) -> PendingReviewPost {
[INFO] [stderr]     |            ^^^^^^^^^^^^^^
[INFO] [stderr] 
[INFO] [stderr] warning: struct `PendingReviewPost` is never constructed
[INFO] [stderr]    --> main/src/structs.rs:252:12
[INFO] [stderr]     |
[INFO] [stderr] 252 | pub struct PendingReviewPost {
[INFO] [stderr]     |            ^^^^^^^^^^^^^^^^^
[INFO] [stderr] 
[INFO] [stderr] warning: method `approve` is never used
[INFO] [stderr]    --> main/src/structs.rs:257:12
[INFO] [stderr]     |
[INFO] [stderr] 256 | impl PendingReviewPost {
[INFO] [stderr]     | ---------------------- method in this implementation
[INFO] [stderr] 257 |     pub fn approve(self) -> NPost {
[INFO] [stderr]     |            ^^^^^^^
[INFO] [stderr] 
[INFO] [stderr] warning: struct `Post` is never constructed
[INFO] [stderr]    --> main/src/structs.rs:264:12
[INFO] [stderr]     |
[INFO] [stderr] 264 | pub struct Post {
[INFO] [stderr]     |            ^^^^
[INFO] [stderr] 
[INFO] [stderr] warning: associated items `new`, `add_text`, `content`, `request_review`, `reject`, and `approve` are never used
[INFO] [stderr]    --> main/src/structs.rs:271:12
[INFO] [stderr]     |
[INFO] [stderr] 270 | impl Post {
[INFO] [stderr]     | --------- associated items in this implementation
[INFO] [stderr] 271 |     pub fn new() -> Post {
[INFO] [stderr]     |            ^^^
[INFO] [stderr] ...
[INFO] [stderr] 280 |     pub fn add_text(&mut self, text: &str) {
[INFO] [stderr]     |            ^^^^^^^^
[INFO] [stderr] ...
[INFO] [stderr] 285 |     pub fn content(&self) -> &str {
[INFO] [stderr]     |            ^^^^^^^
[INFO] [stderr] ...
[INFO] [stderr] 289 |     pub fn request_review(&mut self) {
[INFO] [stderr]     |            ^^^^^^^^^^^^^^
[INFO] [stderr] ...
[INFO] [stderr] 295 |     pub fn reject(&mut self) {
[INFO] [stderr]     |            ^^^^^^
[INFO] [stderr] ...
[INFO] [stderr] 301 |     pub fn approve(&mut self) {
[INFO] [stderr]     |            ^^^^^^^
[INFO] [stderr] 
[INFO] [stderr] warning: trait `State` is never used
[INFO] [stderr]    --> main/src/structs.rs:308:7
[INFO] [stderr]     |
[INFO] [stderr] 308 | trait State {
[INFO] [stderr]     |       ^^^^^
[INFO] [stderr] 
[INFO] [stderr] warning: struct `Draft` is never constructed
[INFO] [stderr]    --> main/src/structs.rs:317:8
[INFO] [stderr]     |
[INFO] [stderr] 317 | struct Draft {}
[INFO] [stderr]     |        ^^^^^
[INFO] [stderr] 
[INFO] [stderr] warning: struct `PendingReview` is never constructed
[INFO] [stderr]    --> main/src/structs.rs:336:8
[INFO] [stderr]     |
[INFO] [stderr] 336 | struct PendingReview {}
[INFO] [stderr]     |        ^^^^^^^^^^^^^
[INFO] [stderr] 
[INFO] [stderr] warning: struct `Published` is never constructed
[INFO] [stderr]    --> main/src/structs.rs:355:8
[INFO] [stderr]     |
[INFO] [stderr] 355 | struct Published {}
[INFO] [stderr]     |        ^^^^^^^^^
[INFO] [stderr] 
[INFO] [stderr] warning: struct `Node` is never constructed
[INFO] [stderr]    --> main/src/structs.rs:379:12
[INFO] [stderr]     |
[INFO] [stderr] 379 | pub struct Node {
[INFO] [stderr]     |            ^^^^
[INFO] [stderr]     |
[INFO] [stderr]     = note: `Node` has a derived impl for the trait `Debug`, but this is intentionally ignored during dead code analysis
[INFO] [stderr] 
[INFO] [stderr] warning: associated items `new`, `print_field`, and `hello` are never used
[INFO] [stderr]    --> main/src/structs.rs:390:12
[INFO] [stderr]     |
[INFO] [stderr] 389 | impl<T: Debug + Display> MyBox<T> {
[INFO] [stderr]     | --------------------------------- associated items in this implementation
[INFO] [stderr] 390 |     pub fn new(refer: T) -> MyBox<T> {
[INFO] [stderr]     |            ^^^
[INFO] [stderr] ...
[INFO] [stderr] 394 |     pub fn print_field(&self) {
[INFO] [stderr]     |            ^^^^^^^^^^^
[INFO] [stderr] ...
[INFO] [stderr] 398 |     pub fn hello(name: &str) {
[INFO] [stderr]     |            ^^^^^
[INFO] [stderr] 
[INFO] [stderr] warning: struct `Cat` is never constructed
[INFO] [stderr]    --> main/src/structs.rs:437:12
[INFO] [stderr]     |
[INFO] [stderr] 437 | pub struct Cat {
[INFO] [stderr]     |            ^^^
[INFO] [stderr]     |
[INFO] [stderr]     = note: `Cat` has derived impls for the traits `Clone` and `Debug`, but these are intentionally ignored during dead code analysis
[INFO] [stderr] 
[INFO] [stderr] warning: enum `ProcessorMessage` is never used
[INFO] [stderr]    --> main/src/structs.rs:443:10
[INFO] [stderr]     |
[INFO] [stderr] 443 | pub enum ProcessorMessage {
[INFO] [stderr]     |          ^^^^^^^^^^^^^^^^
[INFO] [stderr] 
[INFO] [stderr] warning: `test_zone` (bin "test_zone" test) generated 51 warnings (run `cargo fix --bin "test_zone" --tests` to apply 10 suggestions)
[INFO] [stderr]     Finished `test` profile [unoptimized + debuginfo] target(s) in 0.40s
[INFO] [stderr]      Running unittests src/main.rs (/opt/rustwide/target/debug/deps/shortening_url_service-34ccd107d730af75)
[INFO] [stdout] 
[INFO] [stderr]      Running unittests src/main.rs (/opt/rustwide/target/debug/deps/something-0563be139ca31b85)
[INFO] [stdout] running 0 tests
[INFO] [stdout] 
[INFO] [stdout] test result: ok. 0 passed; 0 failed; 0 ignored; 0 measured; 0 filtered out; finished in 0.00s
[INFO] [stdout] 
[INFO] [stdout] 
[INFO] [stdout] running 0 tests
[INFO] [stdout] 
[INFO] [stdout] test result: ok. 0 passed; 0 failed; 0 ignored; 0 measured; 0 filtered out; finished in 0.00s
[INFO] [stdout] 
[INFO] [stderr]      Running unittests src/main.rs (/opt/rustwide/target/debug/deps/test_zone-3e8df679556e3933)
[INFO] [stdout] 
[INFO] [stdout] running 5 tests
[INFO] [stdout] test readers::tests::test_read_from_json ... ok
[INFO] [stdout] test readers::tests::test_write_to_json ... ok
[INFO] [stdout] test readers::tests::test_read_from_file_by_csv_bad_path ... ok
[INFO] [stdout] test readers::tests::test_read_from_json_bad_data ... ok
[INFO] [stdout] test readers::tests::test_read_from_file_by_csv ... FAILED
[INFO] [stdout] 
[INFO] [stdout] failures:
[INFO] [stdout] 
[INFO] [stdout] ---- readers::tests::test_read_from_file_by_csv stdout ----
[INFO] [stdout] 
[INFO] [stdout] thread 'readers::tests::test_read_from_file_by_csv' panicked at main/src/readers.rs:86:9:
[INFO] [stdout] assertion failed: read_from_file_by_csv("biostats.csv").is_ok()
[INFO] [stdout] stack backtrace:
[INFO] [stdout]    0:     0x595a421b65da - std::backtrace_rs::backtrace::libunwind::trace::hb059275cfc8d6126
[INFO] [stdout]                                at /rustc/6067b36314ab5eb2eb47cecc464545ba58e1ad24/library/std/src/../../backtrace/src/backtrace/libunwind.rs:116:5
[INFO] [stdout]    1:     0x595a421b65da - std::backtrace_rs::backtrace::trace_unsynchronized::h2da071e4327ce3ee
[INFO] [stdout]                                at /rustc/6067b36314ab5eb2eb47cecc464545ba58e1ad24/library/std/src/../../backtrace/src/backtrace/mod.rs:66:5
[INFO] [stdout]    2:     0x595a421b65da - std::sys::backtrace::_print_fmt::h842a1474e6f8d23f
[INFO] [stdout]                                at /rustc/6067b36314ab5eb2eb47cecc464545ba58e1ad24/library/std/src/sys/backtrace.rs:66:9
[INFO] [stdout]    3:     0x595a421b65da - <std::sys::backtrace::BacktraceLock::print::DisplayBacktrace as core::fmt::Display>::fmt::h71a62eb3b9696b12
[INFO] [stdout]                                at /rustc/6067b36314ab5eb2eb47cecc464545ba58e1ad24/library/std/src/sys/backtrace.rs:39:26
[INFO] [stdout]    4:     0x595a421ddc83 - core::fmt::rt::Argument::fmt::hdb6b616786b41dc1
[INFO] [stdout]                                at /rustc/6067b36314ab5eb2eb47cecc464545ba58e1ad24/library/core/src/fmt/rt.rs:177:76
[INFO] [stdout]    5:     0x595a421ddc83 - core::fmt::write::h2cc1698af7e2d686
[INFO] [stdout]                                at /rustc/6067b36314ab5eb2eb47cecc464545ba58e1ad24/library/core/src/fmt/mod.rs:1440:21
[INFO] [stdout]    6:     0x595a421b3133 - std::io::Write::write_fmt::hab1b4cd059a79022
[INFO] [stdout]                                at /rustc/6067b36314ab5eb2eb47cecc464545ba58e1ad24/library/std/src/io/mod.rs:1887:15
[INFO] [stdout]    7:     0x595a421b6422 - std::sys::backtrace::BacktraceLock::print::h147fe35b4ea13b08
[INFO] [stdout]                                at /rustc/6067b36314ab5eb2eb47cecc464545ba58e1ad24/library/std/src/sys/backtrace.rs:42:9
[INFO] [stdout]    8:     0x595a421b79ff - std::panicking::default_hook::{{closure}}::hbd44223dbdc0d208
[INFO] [stdout]                                at /rustc/6067b36314ab5eb2eb47cecc464545ba58e1ad24/library/std/src/panicking.rs:298:22
[INFO] [stdout]    9:     0x595a421b7818 - std::panicking::default_hook::h20f81eb0576efcec
[INFO] [stdout]                                at /rustc/6067b36314ab5eb2eb47cecc464545ba58e1ad24/library/std/src/panicking.rs:322:9
[INFO] [stdout]   10:     0x595a421689d3 - <alloc::boxed::Box<F,A> as core::ops::function::Fn<Args>>::call::hdb53814c496a4d34
[INFO] [stdout]                                at /rustc/6067b36314ab5eb2eb47cecc464545ba58e1ad24/library/alloc/src/boxed.rs:2027:9
[INFO] [stdout]   11:     0x595a421689d3 - test::test_main::{{closure}}::hc0a4963c59427c24
[INFO] [stdout]                                at /rustc/6067b36314ab5eb2eb47cecc464545ba58e1ad24/library/test/src/lib.rs:134:21
[INFO] [stdout]   12:     0x595a421b84f3 - <alloc::boxed::Box<F,A> as core::ops::function::Fn<Args>>::call::h591b2225413a77e9
[INFO] [stdout]                                at /rustc/6067b36314ab5eb2eb47cecc464545ba58e1ad24/library/alloc/src/boxed.rs:2027:9
[INFO] [stdout]   13:     0x595a421b84f3 - std::panicking::rust_panic_with_hook::h625eea43051b2edc
[INFO] [stdout]                                at /rustc/6067b36314ab5eb2eb47cecc464545ba58e1ad24/library/std/src/panicking.rs:839:13
[INFO] [stdout]   14:     0x595a421b8176 - std::panicking::begin_panic_handler::{{closure}}::h4f9159cfbc3f6bd3
[INFO] [stdout]                                at /rustc/6067b36314ab5eb2eb47cecc464545ba58e1ad24/library/std/src/panicking.rs:697:13
[INFO] [stdout]   15:     0x595a421b6ad9 - std::sys::backtrace::__rust_end_short_backtrace::h0390abce48353151
[INFO] [stdout]                                at /rustc/6067b36314ab5eb2eb47cecc464545ba58e1ad24/library/std/src/sys/backtrace.rs:168:18
[INFO] [stdout]   16:     0x595a421b7e3d - rust_begin_unwind
[INFO] [stdout]                                at /rustc/6067b36314ab5eb2eb47cecc464545ba58e1ad24/library/std/src/panicking.rs:695:5
[INFO] [stdout]   17:     0x595a421dc690 - core::panicking::panic_fmt::h9e7c637e9e5f29c9
[INFO] [stdout]                                at /rustc/6067b36314ab5eb2eb47cecc464545ba58e1ad24/library/core/src/panicking.rs:75:14
[INFO] [stdout]   18:     0x595a421dc71c - core::panicking::panic::haa3255ea20181a33
[INFO] [stdout]                                at /rustc/6067b36314ab5eb2eb47cecc464545ba58e1ad24/library/core/src/panicking.rs:145:5
[INFO] [stdout]   19:     0x595a421117bb - test_zone::readers::tests::test_read_from_file_by_csv::h60d0fd2b7363444d
[INFO] [stdout]                                at /opt/rustwide/workdir/main/src/readers.rs:86:9
[INFO] [stdout]   20:     0x595a42111727 - test_zone::readers::tests::test_read_from_file_by_csv::{{closure}}::he374bc2e57f65ee1
[INFO] [stdout]                                at /opt/rustwide/workdir/main/src/readers.rs:85:36
[INFO] [stdout]   21:     0x595a42117a06 - core::ops::function::FnOnce::call_once::h0b31778e75aee726
[INFO] [stdout]                                at /rustc/6067b36314ab5eb2eb47cecc464545ba58e1ad24/library/core/src/ops/function.rs:250:5
[INFO] [stdout]   22:     0x595a4216e12b - core::ops::function::FnOnce::call_once::he27718dfdd183f43
[INFO] [stdout]                                at /rustc/6067b36314ab5eb2eb47cecc464545ba58e1ad24/library/core/src/ops/function.rs:250:5
[INFO] [stdout]   23:     0x595a4216e12b - test::__rust_begin_short_backtrace::h4e84902998457a5d
[INFO] [stdout]                                at /rustc/6067b36314ab5eb2eb47cecc464545ba58e1ad24/library/test/src/lib.rs:632:18
[INFO] [stdout]   24:     0x595a4216d063 - test::run_test_in_process::{{closure}}::h7176fd18fc1feca0
[INFO] [stdout]                                at /rustc/6067b36314ab5eb2eb47cecc464545ba58e1ad24/library/test/src/lib.rs:655:60
[INFO] [stdout]   25:     0x595a4216d063 - <core::panic::unwind_safe::AssertUnwindSafe<F> as core::ops::function::FnOnce<()>>::call_once::hf79cff2a624d8cf7
[INFO] [stdout]                                at /rustc/6067b36314ab5eb2eb47cecc464545ba58e1ad24/library/core/src/panic/unwind_safe.rs:272:9
[INFO] [stdout]   26:     0x595a4216d063 - std::panicking::try::do_call::h3da0561d9ab99c25
[INFO] [stdout]                                at /rustc/6067b36314ab5eb2eb47cecc464545ba58e1ad24/library/std/src/panicking.rs:587:40
[INFO] [stdout]   27:     0x595a4216d063 - std::panicking::try::h41c9fa508bc61df6
[INFO] [stdout]                                at /rustc/6067b36314ab5eb2eb47cecc464545ba58e1ad24/library/std/src/panicking.rs:550:19
[INFO] [stdout]   28:     0x595a4216d063 - std::panic::catch_unwind::h6b3ff07bb5afad93
[INFO] [stdout]                                at /rustc/6067b36314ab5eb2eb47cecc464545ba58e1ad24/library/std/src/panic.rs:358:14
[INFO] [stdout]   29:     0x595a4216d063 - test::run_test_in_process::hc7253dd11b39b9f4
[INFO] [stdout]                                at /rustc/6067b36314ab5eb2eb47cecc464545ba58e1ad24/library/test/src/lib.rs:655:27
[INFO] [stdout]   30:     0x595a4216d063 - test::run_test::{{closure}}::hfb2007f8649c30bb
[INFO] [stdout]                                at /rustc/6067b36314ab5eb2eb47cecc464545ba58e1ad24/library/test/src/lib.rs:576:43
[INFO] [stdout]   31:     0x595a42130145 - test::run_test::{{closure}}::h56a17aa7a282a9f4
[INFO] [stdout]                                at /rustc/6067b36314ab5eb2eb47cecc464545ba58e1ad24/library/test/src/lib.rs:606:41
[INFO] [stdout]   32:     0x595a42130145 - std::sys::backtrace::__rust_begin_short_backtrace::hd2d2d2fb8e8c6aac
[INFO] [stdout]                                at /rustc/6067b36314ab5eb2eb47cecc464545ba58e1ad24/library/std/src/sys/backtrace.rs:152:18
[INFO] [stdout]   33:     0x595a42133a2a - std::thread::Builder::spawn_unchecked_::{{closure}}::{{closure}}::h4faa3f9db6133423
[INFO] [stdout]                                at /rustc/6067b36314ab5eb2eb47cecc464545ba58e1ad24/library/std/src/thread/mod.rs:559:17
[INFO] [stdout]   34:     0x595a42133a2a - <core::panic::unwind_safe::AssertUnwindSafe<F> as core::ops::function::FnOnce<()>>::call_once::hf2e855a36a4ea846
[INFO] [stdout]                                at /rustc/6067b36314ab5eb2eb47cecc464545ba58e1ad24/library/core/src/panic/unwind_safe.rs:272:9
[INFO] [stdout]   35:     0x595a42133a2a - std::panicking::try::do_call::h2f73af3616c35465
[INFO] [stdout]                                at /rustc/6067b36314ab5eb2eb47cecc464545ba58e1ad24/library/std/src/panicking.rs:587:40
[INFO] [stdout]   36:     0x595a42133a2a - std::panicking::try::hd1660ce9efadef5a
[INFO] [stdout]                                at /rustc/6067b36314ab5eb2eb47cecc464545ba58e1ad24/library/std/src/panicking.rs:550:19
[INFO] [stdout]   37:     0x595a42133a2a - std::panic::catch_unwind::h5ee8d7823b8ca744
[INFO] [stdout]                                at /rustc/6067b36314ab5eb2eb47cecc464545ba58e1ad24/library/std/src/panic.rs:358:14
[INFO] [stdout]   38:     0x595a42133a2a - std::thread::Builder::spawn_unchecked_::{{closure}}::h53c3a1894dce8407
[INFO] [stdout]                                at /rustc/6067b36314ab5eb2eb47cecc464545ba58e1ad24/library/std/src/thread/mod.rs:557:30
[INFO] [stdout]   39:     0x595a42133a2a - core::ops::function::FnOnce::call_once{{vtable.shim}}::h048ce291ad4f62bf
[INFO] [stdout]                                at /rustc/6067b36314ab5eb2eb47cecc464545ba58e1ad24/library/core/src/ops/function.rs:250:5
[INFO] [stdout]   40:     0x595a421bc43b - <alloc::boxed::Box<F,A> as core::ops::function::FnOnce<Args>>::call_once::ha52bedf99a3b4981
[INFO] [stdout]                                at /rustc/6067b36314ab5eb2eb47cecc464545ba58e1ad24/library/alloc/src/boxed.rs:2013:9
[INFO] [stdout]   41:     0x595a421bc43b - <alloc::boxed::Box<F,A> as core::ops::function::FnOnce<Args>>::call_once::h567748934d80ccf8
[INFO] [stdout]                                at /rustc/6067b36314ab5eb2eb47cecc464545ba58e1ad24/library/alloc/src/boxed.rs:2013:9
[INFO] [stdout]   42:     0x595a421bc43b - std::sys::pal::unix::thread::Thread::new::thread_start::h2d970728ae887adc
[INFO] [stdout]                                at /rustc/6067b36314ab5eb2eb47cecc464545ba58e1ad24/library/std/src/sys/pal/unix/thread.rs:106:17
[INFO] [stdout]   43:     0x7b79758e8ac3 - <unknown>
[INFO] [stdout]   44:     0x7b7975979a04 - clone
[INFO] [stdout]   45:                0x0 - <unknown>
[INFO] [stdout] 
[INFO] [stdout] 
[INFO] [stdout] failures:
[INFO] [stdout]     readers::tests::test_read_from_file_by_csv
[INFO] [stdout] 
[INFO] [stdout] test result: FAILED. 4 passed; 1 failed; 0 ignored; 0 measured; 0 filtered out; finished in 0.12s
[INFO] [stdout] 
[INFO] [stderr] error: test failed, to rerun pass `-p test_zone --bin test_zone`
[INFO] running `Command { std: "docker" "inspect" "8560fee540f73d141c240111a9c55557b59fd61840cb561f85983d8a88ab7ba8", kill_on_drop: false }`
[INFO] running `Command { std: "docker" "rm" "-f" "8560fee540f73d141c240111a9c55557b59fd61840cb561f85983d8a88ab7ba8", kill_on_drop: false }`
[INFO] [stdout] 8560fee540f73d141c240111a9c55557b59fd61840cb561f85983d8a88ab7ba8
