[INFO] cloning repository https://github.com/kdddl/kdwm
[INFO] running `Command { std: "git" "-c" "credential.helper=" "-c" "credential.helper=/workspace/cargo-home/bin/git-credential-null" "clone" "--bare" "https://github.com/kdddl/kdwm" "/workspace/cache/git-repos/https%3A%2F%2Fgithub.com%2Fkdddl%2Fkdwm", kill_on_drop: false }`
[INFO] [stderr] Cloning into bare repository '/workspace/cache/git-repos/https%3A%2F%2Fgithub.com%2Fkdddl%2Fkdwm'...
[INFO] running `Command { std: "git" "rev-parse" "HEAD", kill_on_drop: false }`
[INFO] [stdout] 7cce37064291e73988f0bd95dd3b55c652efaebf
[INFO] testing kdddl/kdwm against nightly-2025-01-18+rustflags=-Zrandomize-layout for randomize-layout-2
[INFO] running `Command { std: "git" "clone" "/workspace/cache/git-repos/https%3A%2F%2Fgithub.com%2Fkdddl%2Fkdwm" "/workspace/builds/worker-2-tc2/source", kill_on_drop: false }`
[INFO] [stderr] Cloning into '/workspace/builds/worker-2-tc2/source'...
[INFO] [stderr] done.
[INFO] validating manifest of git repo https://github.com/kdddl/kdwm on toolchain nightly-2025-01-18
[INFO] running `Command { std: CARGO_HOME="/workspace/cargo-home" RUSTUP_HOME="/workspace/rustup-home" "/workspace/cargo-home/bin/cargo" "+nightly-2025-01-18" "metadata" "--manifest-path" "Cargo.toml" "--no-deps", kill_on_drop: false }`
[INFO] started tweaking git repo https://github.com/kdddl/kdwm
[INFO] finished tweaking git repo https://github.com/kdddl/kdwm
[INFO] tweaked toml for git repo https://github.com/kdddl/kdwm written to /workspace/builds/worker-2-tc2/source/Cargo.toml
[INFO] crate git repo https://github.com/kdddl/kdwm already has a lockfile, it will not be regenerated
[INFO] running `Command { std: CARGO_HOME="/workspace/cargo-home" RUSTUP_HOME="/workspace/rustup-home" "/workspace/cargo-home/bin/cargo" "+nightly-2025-01-18" "fetch" "--manifest-path" "Cargo.toml", kill_on_drop: false }`
[INFO] running `Command { std: "docker" "create" "-v" "/var/lib/crater-agent-workspace/builds/worker-2-tc2/target:/opt/rustwide/target:rw,Z" "-v" "/var/lib/crater-agent-workspace/builds/worker-2-tc2/source:/opt/rustwide/workdir:ro,Z" "-v" "/var/lib/crater-agent-workspace/cargo-home:/opt/rustwide/cargo-home:ro,Z" "-v" "/var/lib/crater-agent-workspace/rustup-home:/opt/rustwide/rustup-home:ro,Z" "-e" "SOURCE_DIR=/opt/rustwide/workdir" "-e" "CARGO_TARGET_DIR=/opt/rustwide/target" "-e" "CARGO_HOME=/opt/rustwide/cargo-home" "-e" "RUSTUP_HOME=/opt/rustwide/rustup-home" "-w" "/opt/rustwide/workdir" "-m" "1610612736" "--user" "0:0" "--network" "none" "ghcr.io/rust-lang/crates-build-env/linux@sha256:819108c5571ea2e421544af4d832f968d213c87fbe3707a016657f43d2f853bc" "/opt/rustwide/cargo-home/bin/cargo" "+nightly-2025-01-18" "metadata" "--no-deps" "--format-version=1", kill_on_drop: false }`
[INFO] [stdout] cfdb4e20a3b1fa202d9c114695858a58e1997e6819846824a73442b2a700a8cb
[INFO] running `Command { std: "docker" "start" "-a" "cfdb4e20a3b1fa202d9c114695858a58e1997e6819846824a73442b2a700a8cb", kill_on_drop: false }`
[INFO] running `Command { std: "docker" "inspect" "cfdb4e20a3b1fa202d9c114695858a58e1997e6819846824a73442b2a700a8cb", kill_on_drop: false }`
[INFO] running `Command { std: "docker" "rm" "-f" "cfdb4e20a3b1fa202d9c114695858a58e1997e6819846824a73442b2a700a8cb", kill_on_drop: false }`
[INFO] [stdout] cfdb4e20a3b1fa202d9c114695858a58e1997e6819846824a73442b2a700a8cb
[INFO] running `Command { std: "docker" "create" "-v" "/var/lib/crater-agent-workspace/builds/worker-2-tc2/target:/opt/rustwide/target:rw,Z" "-v" "/var/lib/crater-agent-workspace/builds/worker-2-tc2/source:/opt/rustwide/workdir:ro,Z" "-v" "/var/lib/crater-agent-workspace/cargo-home:/opt/rustwide/cargo-home:ro,Z" "-v" "/var/lib/crater-agent-workspace/rustup-home:/opt/rustwide/rustup-home:ro,Z" "-e" "SOURCE_DIR=/opt/rustwide/workdir" "-e" "CARGO_TARGET_DIR=/opt/rustwide/target" "-e" "CARGO_INCREMENTAL=0" "-e" "RUST_BACKTRACE=full" "-e" "RUSTFLAGS=--cap-lints=forbid -Zrandomize-layout" "-e" "RUSTDOCFLAGS=--cap-lints=forbid" "-e" "CARGO_HOME=/opt/rustwide/cargo-home" "-e" "RUSTUP_HOME=/opt/rustwide/rustup-home" "-w" "/opt/rustwide/workdir" "-m" "1610612736" "--user" "0:0" "--network" "none" "ghcr.io/rust-lang/crates-build-env/linux@sha256:819108c5571ea2e421544af4d832f968d213c87fbe3707a016657f43d2f853bc" "/opt/rustwide/cargo-home/bin/cargo" "+nightly-2025-01-18" "build" "--frozen" "--message-format=json", kill_on_drop: false }`
[INFO] [stdout] 61029ec43958230e4ff75e0baac027177e23886077075680657781e09685bc0f
[INFO] running `Command { std: "docker" "start" "-a" "61029ec43958230e4ff75e0baac027177e23886077075680657781e09685bc0f", kill_on_drop: false }`
[INFO] [stderr]    Compiling proc-macro2 v1.0.75
[INFO] [stderr]    Compiling unicode-ident v1.0.12
[INFO] [stderr]    Compiling autocfg v1.1.0
[INFO] [stderr]    Compiling cfg-if v1.0.0
[INFO] [stderr]    Compiling libc v0.2.151
[INFO] [stderr]    Compiling once_cell v1.19.0
[INFO] [stderr]    Compiling serde v1.0.194
[INFO] [stderr]    Compiling pkg-config v0.3.28
[INFO] [stderr]    Compiling rustversion v1.0.14
[INFO] [stderr]    Compiling heck v0.4.1
[INFO] [stderr]    Compiling bitflags v1.3.2
[INFO] [stderr]    Compiling pin-project-lite v0.2.13
[INFO] [stderr]    Compiling x11rb v0.12.0
[INFO] [stderr]    Compiling thiserror v1.0.56
[INFO] [stderr]    Compiling regex-syntax v0.8.2
[INFO] [stderr]    Compiling serde_json v1.0.111
[INFO] [stderr]    Compiling libloading v0.8.1
[INFO] [stderr]    Compiling regex-syntax v0.6.29
[INFO] [stderr]    Compiling lazy_static v1.4.0
[INFO] [stderr]    Compiling const-cstr v0.3.0
[INFO] [stderr]    Compiling dlib v0.5.2
[INFO] [stderr]    Compiling anymap v0.12.1
[INFO] [stderr]    Compiling anyhow v1.0.79
[INFO] [stderr]    Compiling itoa v1.0.10
[INFO] [stderr]    Compiling tracing-core v0.1.32
[INFO] [stderr]    Compiling log v0.4.20
[INFO] [stderr]    Compiling overload v0.1.1
[INFO] [stderr]    Compiling ryu v1.0.16
[INFO] [stderr]    Compiling thread_local v1.1.7
[INFO] [stderr]    Compiling nu-ansi-term v0.46.0
[INFO] [stderr]    Compiling sharded-slab v0.1.7
[INFO] [stderr]    Compiling iana-time-zone v0.1.59
[INFO] [stderr]    Compiling smallvec v1.11.2
[INFO] [stderr]    Compiling memoffset v0.7.1
[INFO] [stderr]    Compiling num-traits v0.2.17
[INFO] [stderr]    Compiling tracing-log v0.2.0
[INFO] [stderr]    Compiling x11 v2.21.0
[INFO] [stderr]    Compiling yeslogic-fontconfig-sys v4.0.1
[INFO] [stderr]    Compiling quote v1.0.35
[INFO] [stderr]    Compiling syn v2.0.48
[INFO] [stderr]    Compiling regex-automata v0.1.10
[INFO] [stderr]    Compiling regex-automata v0.4.3
[INFO] [stderr]    Compiling chrono v0.4.31
[INFO] [stderr]    Compiling nix v0.26.4
[INFO] [stderr]    Compiling gethostname v0.3.0
[INFO] [stderr]    Compiling matchers v0.1.0
[INFO] [stderr]    Compiling bitflags v2.4.1
[INFO] [stderr]    Compiling tracing-serde v0.1.3
[INFO] [stderr]    Compiling regex v1.10.2
[INFO] [stderr]    Compiling x11rb-protocol v0.12.0
[INFO] [stderr]    Compiling strum_macros v0.25.3
[INFO] [stderr]    Compiling tracing-attributes v0.1.27
[INFO] [stderr]    Compiling thiserror-impl v1.0.56
[INFO] [stderr]    Compiling strum v0.25.0
[INFO] [stderr]    Compiling tracing v0.1.40
[INFO] [stderr]    Compiling penrose_keysyms v0.3.4
[INFO] [stderr]    Compiling tracing-subscriber v0.3.18
[INFO] [stderr]    Compiling penrose v0.3.4
[INFO] [stderr]    Compiling penrose_ui v0.3.4
[INFO] [stderr]    Compiling kdwm v0.1.0 (/opt/rustwide/workdir)
[INFO] [stdout] warning: unused import: `spawn_for_output`
[INFO] [stdout]  --> src/main.rs:3:21
[INFO] [stdout]   |
[INFO] [stdout] 3 | use penrose::util::{spawn_for_output, spawn_for_output_with_args, spawn_with_args};
[INFO] [stdout]   |                     ^^^^^^^^^^^^^^^^
[INFO] [stdout]   |
[INFO] [stdout]   = note: `#[warn(unused_imports)]` on by default
[INFO] [stdout] 
[INFO] [stdout] 
[INFO] [stdout] warning: unused import: `spawn_with_args`
[INFO] [stdout]  --> src/bar.rs:3:49
[INFO] [stdout]   |
[INFO] [stdout] 3 | use penrose::util::{spawn_for_output_with_args, spawn_with_args};
[INFO] [stdout]   |                                                 ^^^^^^^^^^^^^^^
[INFO] [stdout] 
[INFO] [stdout] 
[INFO] [stdout] warning: unused import: `battery_summary`
[INFO] [stdout]  --> src/bar.rs:5:32
[INFO] [stdout]   |
[INFO] [stdout] 5 | use penrose_ui::bar::widgets::{battery_summary, Widget};
[INFO] [stdout]   |                                ^^^^^^^^^^^^^^^
[INFO] [stdout] 
[INFO] [stdout] 
[INFO] [stdout] warning: unused import: `RefreshText`
[INFO] [stdout]  --> src/bar.rs:7:34
[INFO] [stdout]   |
[INFO] [stdout] 7 |     bar::widgets::{IntervalText, RefreshText},
[INFO] [stdout]   |                                  ^^^^^^^^^^^
[INFO] [stdout] 
[INFO] [stdout] 
[INFO] [stdout] warning: unused variable: `x`
[INFO] [stdout]    --> src/bar.rs:280:67
[INFO] [stdout]     |
[INFO] [stdout] 280 |     fn on_refresh(&mut self, state: &mut penrose::core::State<X>, x: &X) -> Result<()> {
[INFO] [stdout]     |                                                                   ^ help: if this is intentional, prefix it with an underscore: `_x`
[INFO] [stdout]     |
[INFO] [stdout]     = note: `#[warn(unused_variables)]` on by default
[INFO] [stdout] 
[INFO] [stdout] 
[INFO] [stdout] warning: constant `FONT` is never used
[INFO] [stdout]   --> src/main.rs:39:7
[INFO] [stdout]    |
[INFO] [stdout] 39 | const FONT: &str = "Ubuntu Mono";
[INFO] [stdout]    |       ^^^^
[INFO] [stdout]    |
[INFO] [stdout]    = note: `#[warn(dead_code)]` on by default
[INFO] [stdout] 
[INFO] [stdout] 
[INFO] [stdout] warning: constant `BLACK` is never used
[INFO] [stdout]   --> src/main.rs:40:7
[INFO] [stdout]    |
[INFO] [stdout] 40 | const BLACK: u32 = 0x282828ff;
[INFO] [stdout]    |       ^^^^^
[INFO] [stdout] 
[INFO] [stdout] 
[INFO] [stdout] warning: constant `WHITE` is never used
[INFO] [stdout]   --> src/main.rs:41:7
[INFO] [stdout]    |
[INFO] [stdout] 41 | const WHITE: u32 = 0xd5c4a1ff;
[INFO] [stdout]    |       ^^^^^
[INFO] [stdout] 
[INFO] [stdout] 
[INFO] [stdout] warning: constant `GREY` is never used
[INFO] [stdout]   --> src/main.rs:42:7
[INFO] [stdout]    |
[INFO] [stdout] 42 | const GREY: u32 = 0x665c54ff;
[INFO] [stdout]    |       ^^^^
[INFO] [stdout] 
[INFO] [stdout] 
[INFO] [stdout] warning: constant `BLUE` is never used
[INFO] [stdout]   --> src/main.rs:43:7
[INFO] [stdout]    |
[INFO] [stdout] 43 | const BLUE: u32 = 0x83a598ff;
[INFO] [stdout]    |       ^^^^
[INFO] [stdout] 
[INFO] [stdout] 
[INFO] [stdout] warning: struct `MediaText` is never constructed
[INFO] [stdout]    --> src/bar.rs:194:8
[INFO] [stdout]     |
[INFO] [stdout] 194 | struct MediaText {
[INFO] [stdout]     |        ^^^^^^^^^
[INFO] [stdout] 
[INFO] [stdout] 
[INFO] [stdout] warning: struct `MultiText` is never constructed
[INFO] [stdout]    --> src/bar.rs:294:8
[INFO] [stdout]     |
[INFO] [stdout] 294 | struct MultiText {
[INFO] [stdout]     |        ^^^^^^^^^
[INFO] [stdout] 
[INFO] [stdout] 
[INFO] [stdout] warning: associated function `new` is never used
[INFO] [stdout]    --> src/bar.rs:301:12
[INFO] [stdout]     |
[INFO] [stdout] 300 | impl MultiText {
[INFO] [stdout]     | -------------- associated function in this implementation
[INFO] [stdout] 301 |     pub fn new(text: Vec<&str>, styles: Vec<TextStyle>, right_justified: bool) -> Self {
[INFO] [stdout]     |            ^^^
[INFO] [stdout] 
[INFO] [stdout] 
[INFO] [stdout] warning: constant `RED` is never used
[INFO] [stdout]  --> src/theme.rs:8:11
[INFO] [stdout]   |
[INFO] [stdout] 8 | pub const RED: u32 = 0xfb4934ff; // red
[INFO] [stdout]   |           ^^^
[INFO] [stdout] 
[INFO] [stdout] 
[INFO] [stdout] warning: constant `YELLOW` is never used
[INFO] [stdout]   --> src/theme.rs:10:11
[INFO] [stdout]    |
[INFO] [stdout] 10 | pub const YELLOW: u32 = 0xfabd2fff; // yellow
[INFO] [stdout]    |           ^^^^^^
[INFO] [stdout] 
[INFO] [stdout] 
[INFO] [stdout] warning: constant `CYAN` is never used
[INFO] [stdout]   --> src/theme.rs:12:11
[INFO] [stdout]    |
[INFO] [stdout] 12 | pub const CYAN: u32 = 0x8ec07cff; // aqua/cyan
[INFO] [stdout]    |           ^^^^
[INFO] [stdout] 
[INFO] [stdout] 
[INFO] [stdout] warning: constant `PURPLE` is never used
[INFO] [stdout]   --> src/theme.rs:14:11
[INFO] [stdout]    |
[INFO] [stdout] 14 | pub const PURPLE: u32 = 0xd3869bff; // purple
[INFO] [stdout]    |           ^^^^^^
[INFO] [stdout] 
[INFO] [stdout] 
[INFO] [stdout] warning: constant `BROWN` is never used
[INFO] [stdout]   --> src/theme.rs:15:11
[INFO] [stdout]    |
[INFO] [stdout] 15 | pub const BROWN: u32 = 0xd65d0eff; // brown
[INFO] [stdout]    |           ^^^^^
[INFO] [stdout] 
[INFO] [stdout] 
[INFO] [stderr]     Finished `dev` profile [unoptimized + debuginfo] target(s) in 31.16s
[INFO] running `Command { std: "docker" "inspect" "61029ec43958230e4ff75e0baac027177e23886077075680657781e09685bc0f", kill_on_drop: false }`
[INFO] running `Command { std: "docker" "rm" "-f" "61029ec43958230e4ff75e0baac027177e23886077075680657781e09685bc0f", kill_on_drop: false }`
[INFO] [stdout] 61029ec43958230e4ff75e0baac027177e23886077075680657781e09685bc0f
[INFO] running `Command { std: "docker" "create" "-v" "/var/lib/crater-agent-workspace/builds/worker-2-tc2/target:/opt/rustwide/target:rw,Z" "-v" "/var/lib/crater-agent-workspace/builds/worker-2-tc2/source:/opt/rustwide/workdir:ro,Z" "-v" "/var/lib/crater-agent-workspace/cargo-home:/opt/rustwide/cargo-home:ro,Z" "-v" "/var/lib/crater-agent-workspace/rustup-home:/opt/rustwide/rustup-home:ro,Z" "-e" "SOURCE_DIR=/opt/rustwide/workdir" "-e" "CARGO_TARGET_DIR=/opt/rustwide/target" "-e" "CARGO_INCREMENTAL=0" "-e" "RUST_BACKTRACE=full" "-e" "RUSTFLAGS=--cap-lints=forbid -Zrandomize-layout" "-e" "RUSTDOCFLAGS=--cap-lints=forbid" "-e" "CARGO_HOME=/opt/rustwide/cargo-home" "-e" "RUSTUP_HOME=/opt/rustwide/rustup-home" "-w" "/opt/rustwide/workdir" "-m" "1610612736" "--user" "0:0" "--network" "none" "ghcr.io/rust-lang/crates-build-env/linux@sha256:819108c5571ea2e421544af4d832f968d213c87fbe3707a016657f43d2f853bc" "/opt/rustwide/cargo-home/bin/cargo" "+nightly-2025-01-18" "test" "--frozen" "--no-run" "--message-format=json", kill_on_drop: false }`
[INFO] [stdout] dca6e1f96661e4b23e51ccbb6dcc11d139c2621ecef19a09bf8dd12a3fce6fd9
[INFO] running `Command { std: "docker" "start" "-a" "dca6e1f96661e4b23e51ccbb6dcc11d139c2621ecef19a09bf8dd12a3fce6fd9", kill_on_drop: false }`
[INFO] [stderr]    Compiling kdwm v0.1.0 (/opt/rustwide/workdir)
[INFO] [stdout] warning: unused import: `spawn_for_output`
[INFO] [stdout]  --> src/main.rs:3:21
[INFO] [stdout]   |
[INFO] [stdout] 3 | use penrose::util::{spawn_for_output, spawn_for_output_with_args, spawn_with_args};
[INFO] [stdout]   |                     ^^^^^^^^^^^^^^^^
[INFO] [stdout]   |
[INFO] [stdout]   = note: `#[warn(unused_imports)]` on by default
[INFO] [stdout] 
[INFO] [stdout] 
[INFO] [stdout] warning: unused import: `spawn_with_args`
[INFO] [stdout]  --> src/bar.rs:3:49
[INFO] [stdout]   |
[INFO] [stdout] 3 | use penrose::util::{spawn_for_output_with_args, spawn_with_args};
[INFO] [stdout]   |                                                 ^^^^^^^^^^^^^^^
[INFO] [stdout] 
[INFO] [stdout] 
[INFO] [stdout] warning: unused import: `battery_summary`
[INFO] [stdout]  --> src/bar.rs:5:32
[INFO] [stdout]   |
[INFO] [stdout] 5 | use penrose_ui::bar::widgets::{battery_summary, Widget};
[INFO] [stdout]   |                                ^^^^^^^^^^^^^^^
[INFO] [stdout] 
[INFO] [stdout] 
[INFO] [stdout] warning: unused import: `RefreshText`
[INFO] [stdout]  --> src/bar.rs:7:34
[INFO] [stdout]   |
[INFO] [stdout] 7 |     bar::widgets::{IntervalText, RefreshText},
[INFO] [stdout]   |                                  ^^^^^^^^^^^
[INFO] [stdout] 
[INFO] [stdout] 
[INFO] [stdout] warning: unused variable: `x`
[INFO] [stdout]    --> src/bar.rs:280:67
[INFO] [stdout]     |
[INFO] [stdout] 280 |     fn on_refresh(&mut self, state: &mut penrose::core::State<X>, x: &X) -> Result<()> {
[INFO] [stdout]     |                                                                   ^ help: if this is intentional, prefix it with an underscore: `_x`
[INFO] [stdout]     |
[INFO] [stdout]     = note: `#[warn(unused_variables)]` on by default
[INFO] [stdout] 
[INFO] [stdout] 
[INFO] [stdout] warning: constant `FONT` is never used
[INFO] [stdout]   --> src/main.rs:39:7
[INFO] [stdout]    |
[INFO] [stdout] 39 | const FONT: &str = "Ubuntu Mono";
[INFO] [stdout]    |       ^^^^
[INFO] [stdout]    |
[INFO] [stdout]    = note: `#[warn(dead_code)]` on by default
[INFO] [stdout] 
[INFO] [stdout] 
[INFO] [stdout] warning: constant `BLACK` is never used
[INFO] [stdout]   --> src/main.rs:40:7
[INFO] [stdout]    |
[INFO] [stdout] 40 | const BLACK: u32 = 0x282828ff;
[INFO] [stdout]    |       ^^^^^
[INFO] [stdout] 
[INFO] [stdout] 
[INFO] [stdout] warning: constant `WHITE` is never used
[INFO] [stdout]   --> src/main.rs:41:7
[INFO] [stdout]    |
[INFO] [stdout] 41 | const WHITE: u32 = 0xd5c4a1ff;
[INFO] [stdout]    |       ^^^^^
[INFO] [stdout] 
[INFO] [stdout] 
[INFO] [stdout] warning: constant `GREY` is never used
[INFO] [stdout]   --> src/main.rs:42:7
[INFO] [stdout]    |
[INFO] [stdout] 42 | const GREY: u32 = 0x665c54ff;
[INFO] [stdout]    |       ^^^^
[INFO] [stdout] 
[INFO] [stdout] 
[INFO] [stdout] warning: constant `BLUE` is never used
[INFO] [stdout]   --> src/main.rs:43:7
[INFO] [stdout]    |
[INFO] [stdout] 43 | const BLUE: u32 = 0x83a598ff;
[INFO] [stdout]    |       ^^^^
[INFO] [stdout] 
[INFO] [stdout] 
[INFO] [stdout] warning: struct `MediaText` is never constructed
[INFO] [stdout]    --> src/bar.rs:194:8
[INFO] [stdout]     |
[INFO] [stdout] 194 | struct MediaText {
[INFO] [stdout]     |        ^^^^^^^^^
[INFO] [stdout] 
[INFO] [stdout] 
[INFO] [stdout] warning: struct `MultiText` is never constructed
[INFO] [stdout]    --> src/bar.rs:294:8
[INFO] [stdout]     |
[INFO] [stdout] 294 | struct MultiText {
[INFO] [stdout]     |        ^^^^^^^^^
[INFO] [stdout] 
[INFO] [stdout] 
[INFO] [stdout] warning: associated function `new` is never used
[INFO] [stdout]    --> src/bar.rs:301:12
[INFO] [stdout]     |
[INFO] [stdout] 300 | impl MultiText {
[INFO] [stdout]     | -------------- associated function in this implementation
[INFO] [stdout] 301 |     pub fn new(text: Vec<&str>, styles: Vec<TextStyle>, right_justified: bool) -> Self {
[INFO] [stdout]     |            ^^^
[INFO] [stdout] 
[INFO] [stdout] 
[INFO] [stdout] warning: constant `RED` is never used
[INFO] [stdout]  --> src/theme.rs:8:11
[INFO] [stdout]   |
[INFO] [stdout] 8 | pub const RED: u32 = 0xfb4934ff; // red
[INFO] [stdout]   |           ^^^
[INFO] [stdout] 
[INFO] [stdout] 
[INFO] [stdout] warning: constant `YELLOW` is never used
[INFO] [stdout]   --> src/theme.rs:10:11
[INFO] [stdout]    |
[INFO] [stdout] 10 | pub const YELLOW: u32 = 0xfabd2fff; // yellow
[INFO] [stdout]    |           ^^^^^^
[INFO] [stdout] 
[INFO] [stdout] 
[INFO] [stdout] warning: constant `CYAN` is never used
[INFO] [stdout]   --> src/theme.rs:12:11
[INFO] [stdout]    |
[INFO] [stdout] 12 | pub const CYAN: u32 = 0x8ec07cff; // aqua/cyan
[INFO] [stdout]    |           ^^^^
[INFO] [stdout] 
[INFO] [stdout] 
[INFO] [stdout] warning: constant `PURPLE` is never used
[INFO] [stdout]   --> src/theme.rs:14:11
[INFO] [stdout]    |
[INFO] [stdout] 14 | pub const PURPLE: u32 = 0xd3869bff; // purple
[INFO] [stdout]    |           ^^^^^^
[INFO] [stdout] 
[INFO] [stdout] 
[INFO] [stdout] warning: constant `BROWN` is never used
[INFO] [stdout]   --> src/theme.rs:15:11
[INFO] [stdout]    |
[INFO] [stdout] 15 | pub const BROWN: u32 = 0xd65d0eff; // brown
[INFO] [stdout]    |           ^^^^^
[INFO] [stdout] 
[INFO] [stdout] 
[INFO] [stderr]     Finished `test` profile [unoptimized + debuginfo] target(s) in 2.07s
[INFO] running `Command { std: "docker" "inspect" "dca6e1f96661e4b23e51ccbb6dcc11d139c2621ecef19a09bf8dd12a3fce6fd9", kill_on_drop: false }`
[INFO] running `Command { std: "docker" "rm" "-f" "dca6e1f96661e4b23e51ccbb6dcc11d139c2621ecef19a09bf8dd12a3fce6fd9", kill_on_drop: false }`
[INFO] [stdout] dca6e1f96661e4b23e51ccbb6dcc11d139c2621ecef19a09bf8dd12a3fce6fd9
[INFO] running `Command { std: "docker" "create" "-v" "/var/lib/crater-agent-workspace/builds/worker-2-tc2/target:/opt/rustwide/target:rw,Z" "-v" "/var/lib/crater-agent-workspace/builds/worker-2-tc2/source:/opt/rustwide/workdir:ro,Z" "-v" "/var/lib/crater-agent-workspace/cargo-home:/opt/rustwide/cargo-home:ro,Z" "-v" "/var/lib/crater-agent-workspace/rustup-home:/opt/rustwide/rustup-home:ro,Z" "-e" "SOURCE_DIR=/opt/rustwide/workdir" "-e" "CARGO_TARGET_DIR=/opt/rustwide/target" "-e" "CARGO_INCREMENTAL=0" "-e" "RUST_BACKTRACE=full" "-e" "RUSTFLAGS=--cap-lints=forbid -Zrandomize-layout" "-e" "RUSTDOCFLAGS=--cap-lints=forbid" "-e" "CARGO_HOME=/opt/rustwide/cargo-home" "-e" "RUSTUP_HOME=/opt/rustwide/rustup-home" "-w" "/opt/rustwide/workdir" "-m" "1610612736" "--user" "0:0" "--network" "none" "ghcr.io/rust-lang/crates-build-env/linux@sha256:819108c5571ea2e421544af4d832f968d213c87fbe3707a016657f43d2f853bc" "/opt/rustwide/cargo-home/bin/cargo" "+nightly-2025-01-18" "test" "--frozen", kill_on_drop: false }`
[INFO] [stdout] 3e0dbf9b5d8b88fa0a676798b0f5fb88f5f003c856dff02d7df3b5d72043ab5e
[INFO] running `Command { std: "docker" "start" "-a" "3e0dbf9b5d8b88fa0a676798b0f5fb88f5f003c856dff02d7df3b5d72043ab5e", kill_on_drop: false }`
[INFO] [stderr] warning: unused import: `spawn_for_output`
[INFO] [stderr]  --> src/main.rs:3:21
[INFO] [stderr]   |
[INFO] [stderr] 3 | use penrose::util::{spawn_for_output, spawn_for_output_with_args, spawn_with_args};
[INFO] [stderr]   |                     ^^^^^^^^^^^^^^^^
[INFO] [stderr]   |
[INFO] [stderr]   = note: `#[warn(unused_imports)]` on by default
[INFO] [stderr] 
[INFO] [stderr] warning: unused import: `spawn_with_args`
[INFO] [stderr]  --> src/bar.rs:3:49
[INFO] [stderr]   |
[INFO] [stderr] 3 | use penrose::util::{spawn_for_output_with_args, spawn_with_args};
[INFO] [stderr]   |                                                 ^^^^^^^^^^^^^^^
[INFO] [stderr] 
[INFO] [stderr] warning: unused import: `battery_summary`
[INFO] [stderr]  --> src/bar.rs:5:32
[INFO] [stderr]   |
[INFO] [stderr] 5 | use penrose_ui::bar::widgets::{battery_summary, Widget};
[INFO] [stderr]   |                                ^^^^^^^^^^^^^^^
[INFO] [stderr] 
[INFO] [stderr] warning: unused import: `RefreshText`
[INFO] [stderr]  --> src/bar.rs:7:34
[INFO] [stderr]   |
[INFO] [stderr] 7 |     bar::widgets::{IntervalText, RefreshText},
[INFO] [stderr]   |                                  ^^^^^^^^^^^
[INFO] [stderr] 
[INFO] [stderr] warning: unused variable: `x`
[INFO] [stderr]    --> src/bar.rs:280:67
[INFO] [stderr]     |
[INFO] [stderr] 280 |     fn on_refresh(&mut self, state: &mut penrose::core::State<X>, x: &X) -> Result<()> {
[INFO] [stderr]     |                                                                   ^ help: if this is intentional, prefix it with an underscore: `_x`
[INFO] [stderr]     |
[INFO] [stderr]     = note: `#[warn(unused_variables)]` on by default
[INFO] [stderr] 
[INFO] [stderr] warning: constant `FONT` is never used
[INFO] [stderr]   --> src/main.rs:39:7
[INFO] [stderr]    |
[INFO] [stderr] 39 | const FONT: &str = "Ubuntu Mono";
[INFO] [stderr]    |       ^^^^
[INFO] [stderr]    |
[INFO] [stderr]    = note: `#[warn(dead_code)]` on by default
[INFO] [stderr] 
[INFO] [stderr] warning: constant `BLACK` is never used
[INFO] [stderr]   --> src/main.rs:40:7
[INFO] [stderr]    |
[INFO] [stderr] 40 | const BLACK: u32 = 0x282828ff;
[INFO] [stderr]    |       ^^^^^
[INFO] [stderr] 
[INFO] [stderr] warning: constant `WHITE` is never used
[INFO] [stderr]   --> src/main.rs:41:7
[INFO] [stderr]    |
[INFO] [stderr] 41 | const WHITE: u32 = 0xd5c4a1ff;
[INFO] [stderr]    |       ^^^^^
[INFO] [stderr] 
[INFO] [stderr] warning: constant `GREY` is never used
[INFO] [stderr]   --> src/main.rs:42:7
[INFO] [stderr]    |
[INFO] [stderr] 42 | const GREY: u32 = 0x665c54ff;
[INFO] [stderr]    |       ^^^^
[INFO] [stderr] 
[INFO] [stderr] warning: constant `BLUE` is never used
[INFO] [stderr]   --> src/main.rs:43:7
[INFO] [stderr]    |
[INFO] [stderr] 43 | const BLUE: u32 = 0x83a598ff;
[INFO] [stderr]    |       ^^^^
[INFO] [stderr] 
[INFO] [stderr] warning: struct `MediaText` is never constructed
[INFO] [stderr]    --> src/bar.rs:194:8
[INFO] [stderr]     |
[INFO] [stderr] 194 | struct MediaText {
[INFO] [stderr]     |        ^^^^^^^^^
[INFO] [stderr] 
[INFO] [stderr] warning: struct `MultiText` is never constructed
[INFO] [stderr]    --> src/bar.rs:294:8
[INFO] [stderr]     |
[INFO] [stderr] 294 | struct MultiText {
[INFO] [stderr]     |        ^^^^^^^^^
[INFO] [stderr] 
[INFO] [stderr] warning: associated function `new` is never used
[INFO] [stderr]    --> src/bar.rs:301:12
[INFO] [stderr]     |
[INFO] [stderr] 300 | impl MultiText {
[INFO] [stderr]     | -------------- associated function in this implementation
[INFO] [stderr] 301 |     pub fn new(text: Vec<&str>, styles: Vec<TextStyle>, right_justified: bool) -> Self {
[INFO] [stderr]     |            ^^^
[INFO] [stderr] 
[INFO] [stderr] warning: constant `RED` is never used
[INFO] [stderr]  --> src/theme.rs:8:11
[INFO] [stderr]   |
[INFO] [stderr] 8 | pub const RED: u32 = 0xfb4934ff; // red
[INFO] [stderr]   |           ^^^
[INFO] [stderr] 
[INFO] [stderr] warning: constant `YELLOW` is never used
[INFO] [stderr]   --> src/theme.rs:10:11
[INFO] [stderr]    |
[INFO] [stderr] 10 | pub const YELLOW: u32 = 0xfabd2fff; // yellow
[INFO] [stderr]    |           ^^^^^^
[INFO] [stderr] 
[INFO] [stderr] warning: constant `CYAN` is never used
[INFO] [stderr]   --> src/theme.rs:12:11
[INFO] [stderr]    |
[INFO] [stderr] 12 | pub const CYAN: u32 = 0x8ec07cff; // aqua/cyan
[INFO] [stderr]    |           ^^^^
[INFO] [stderr] 
[INFO] [stderr] warning: constant `PURPLE` is never used
[INFO] [stderr]   --> src/theme.rs:14:11
[INFO] [stderr]    |
[INFO] [stderr] 14 | pub const PURPLE: u32 = 0xd3869bff; // purple
[INFO] [stderr]    |           ^^^^^^
[INFO] [stderr] 
[INFO] [stderr] warning: constant `BROWN` is never used
[INFO] [stderr]   --> src/theme.rs:15:11
[INFO] [stderr]    |
[INFO] [stderr] 15 | pub const BROWN: u32 = 0xd65d0eff; // brown
[INFO] [stderr]    |           ^^^^^
[INFO] [stderr] 
[INFO] [stderr] warning: `kdwm` (bin "kdwm" test) generated 18 warnings (run `cargo fix --bin "kdwm" --tests` to apply 4 suggestions)
[INFO] [stderr]     Finished `test` profile [unoptimized + debuginfo] target(s) in 0.08s
[INFO] [stderr]      Running unittests src/main.rs (/opt/rustwide/target/debug/deps/kdwm-95e01a17e2a36e7c)
[INFO] [stdout] 
[INFO] [stdout] running 1 test
[INFO] [stdout] test tests::bindings_parse_correctly_with_xmodmap ... FAILED
[INFO] [stdout] 
[INFO] [stdout] failures:
[INFO] [stdout] 
[INFO] [stdout] ---- tests::bindings_parse_correctly_with_xmodmap stdout ----
[INFO] [stdout] 
[INFO] [stdout] thread 'tests::bindings_parse_correctly_with_xmodmap' panicked at src/main.rs:216:13:
[INFO] [stdout] '2' is not a known key name
[INFO] [stdout] stack backtrace:
[INFO] [stdout]    0:     0x61f552f1267a - std::backtrace_rs::backtrace::libunwind::trace::hb059275cfc8d6126
[INFO] [stdout]                                at /rustc/6067b36314ab5eb2eb47cecc464545ba58e1ad24/library/std/src/../../backtrace/src/backtrace/libunwind.rs:116:5
[INFO] [stdout]    1:     0x61f552f1267a - std::backtrace_rs::backtrace::trace_unsynchronized::h2da071e4327ce3ee
[INFO] [stdout]                                at /rustc/6067b36314ab5eb2eb47cecc464545ba58e1ad24/library/std/src/../../backtrace/src/backtrace/mod.rs:66:5
[INFO] [stdout]    2:     0x61f552f1267a - std::sys::backtrace::_print_fmt::h842a1474e6f8d23f
[INFO] [stdout]                                at /rustc/6067b36314ab5eb2eb47cecc464545ba58e1ad24/library/std/src/sys/backtrace.rs:66:9
[INFO] [stdout]    3:     0x61f552f1267a - <std::sys::backtrace::BacktraceLock::print::DisplayBacktrace as core::fmt::Display>::fmt::h71a62eb3b9696b12
[INFO] [stdout]                                at /rustc/6067b36314ab5eb2eb47cecc464545ba58e1ad24/library/std/src/sys/backtrace.rs:39:26
[INFO] [stdout]    4:     0x61f552f3a483 - core::fmt::rt::Argument::fmt::hdb6b616786b41dc1
[INFO] [stdout]                                at /rustc/6067b36314ab5eb2eb47cecc464545ba58e1ad24/library/core/src/fmt/rt.rs:177:76
[INFO] [stdout]    5:     0x61f552f3a483 - core::fmt::write::h2cc1698af7e2d686
[INFO] [stdout]                                at /rustc/6067b36314ab5eb2eb47cecc464545ba58e1ad24/library/core/src/fmt/mod.rs:1440:21
[INFO] [stdout]    6:     0x61f552f0f083 - std::io::Write::write_fmt::hab1b4cd059a79022
[INFO] [stdout]                                at /rustc/6067b36314ab5eb2eb47cecc464545ba58e1ad24/library/std/src/io/mod.rs:1887:15
[INFO] [stdout]    7:     0x61f552f124c2 - std::sys::backtrace::BacktraceLock::print::h147fe35b4ea13b08
[INFO] [stdout]                                at /rustc/6067b36314ab5eb2eb47cecc464545ba58e1ad24/library/std/src/sys/backtrace.rs:42:9
[INFO] [stdout]    8:     0x61f552f13a9f - std::panicking::default_hook::{{closure}}::hbd44223dbdc0d208
[INFO] [stdout]                                at /rustc/6067b36314ab5eb2eb47cecc464545ba58e1ad24/library/std/src/panicking.rs:298:22
[INFO] [stdout]    9:     0x61f552f138b8 - std::panicking::default_hook::h20f81eb0576efcec
[INFO] [stdout]                                at /rustc/6067b36314ab5eb2eb47cecc464545ba58e1ad24/library/std/src/panicking.rs:322:9
[INFO] [stdout]   10:     0x61f552e478b3 - <alloc::boxed::Box<F,A> as core::ops::function::Fn<Args>>::call::hdb53814c496a4d34
[INFO] [stdout]                                at /rustc/6067b36314ab5eb2eb47cecc464545ba58e1ad24/library/alloc/src/boxed.rs:2027:9
[INFO] [stdout]   11:     0x61f552e478b3 - test::test_main::{{closure}}::hc0a4963c59427c24
[INFO] [stdout]                                at /rustc/6067b36314ab5eb2eb47cecc464545ba58e1ad24/library/test/src/lib.rs:134:21
[INFO] [stdout]   12:     0x61f552f14593 - <alloc::boxed::Box<F,A> as core::ops::function::Fn<Args>>::call::h591b2225413a77e9
[INFO] [stdout]                                at /rustc/6067b36314ab5eb2eb47cecc464545ba58e1ad24/library/alloc/src/boxed.rs:2027:9
[INFO] [stdout]   13:     0x61f552f14593 - std::panicking::rust_panic_with_hook::h625eea43051b2edc
[INFO] [stdout]                                at /rustc/6067b36314ab5eb2eb47cecc464545ba58e1ad24/library/std/src/panicking.rs:839:13
[INFO] [stdout]   14:     0x61f552f1424a - std::panicking::begin_panic_handler::{{closure}}::h4f9159cfbc3f6bd3
[INFO] [stdout]                                at /rustc/6067b36314ab5eb2eb47cecc464545ba58e1ad24/library/std/src/panicking.rs:704:13
[INFO] [stdout]   15:     0x61f552f12b79 - std::sys::backtrace::__rust_end_short_backtrace::h0390abce48353151
[INFO] [stdout]                                at /rustc/6067b36314ab5eb2eb47cecc464545ba58e1ad24/library/std/src/sys/backtrace.rs:168:18
[INFO] [stdout]   16:     0x61f552f13edd - rust_begin_unwind
[INFO] [stdout]                                at /rustc/6067b36314ab5eb2eb47cecc464545ba58e1ad24/library/std/src/panicking.rs:695:5
[INFO] [stdout]   17:     0x61f552f38a90 - core::panicking::panic_fmt::h9e7c637e9e5f29c9
[INFO] [stdout]                                at /rustc/6067b36314ab5eb2eb47cecc464545ba58e1ad24/library/core/src/panicking.rs:75:14
[INFO] [stdout]   18:     0x61f552de1297 - kdwm::tests::bindings_parse_correctly_with_xmodmap::h1b4a9d7e26ffda89
[INFO] [stdout]                                at /opt/rustwide/workdir/src/main.rs:216:13
[INFO] [stdout]   19:     0x61f552de1187 - kdwm::tests::bindings_parse_correctly_with_xmodmap::{{closure}}::h178cc779e2ea1a78
[INFO] [stdout]                                at /opt/rustwide/workdir/src/main.rs:212:47
[INFO] [stdout]   20:     0x61f552de5b46 - core::ops::function::FnOnce::call_once::hbbb02d73e0bff19c
[INFO] [stdout]                                at /rustc/6067b36314ab5eb2eb47cecc464545ba58e1ad24/library/core/src/ops/function.rs:250:5
[INFO] [stdout]   21:     0x61f552e4d00b - core::ops::function::FnOnce::call_once::he27718dfdd183f43
[INFO] [stdout]                                at /rustc/6067b36314ab5eb2eb47cecc464545ba58e1ad24/library/core/src/ops/function.rs:250:5
[INFO] [stdout]   22:     0x61f552e4d00b - test::__rust_begin_short_backtrace::h4e84902998457a5d
[INFO] [stdout]                                at /rustc/6067b36314ab5eb2eb47cecc464545ba58e1ad24/library/test/src/lib.rs:632:18
[INFO] [stdout]   23:     0x61f552e4bf43 - test::run_test_in_process::{{closure}}::h7176fd18fc1feca0
[INFO] [stdout]                                at /rustc/6067b36314ab5eb2eb47cecc464545ba58e1ad24/library/test/src/lib.rs:655:60
[INFO] [stdout]   24:     0x61f552e4bf43 - <core::panic::unwind_safe::AssertUnwindSafe<F> as core::ops::function::FnOnce<()>>::call_once::hf79cff2a624d8cf7
[INFO] [stdout]                                at /rustc/6067b36314ab5eb2eb47cecc464545ba58e1ad24/library/core/src/panic/unwind_safe.rs:272:9
[INFO] [stdout]   25:     0x61f552e4bf43 - std::panicking::try::do_call::h3da0561d9ab99c25
[INFO] [stdout]                                at /rustc/6067b36314ab5eb2eb47cecc464545ba58e1ad24/library/std/src/panicking.rs:587:40
[INFO] [stdout]   26:     0x61f552e4bf43 - std::panicking::try::h41c9fa508bc61df6
[INFO] [stdout]                                at /rustc/6067b36314ab5eb2eb47cecc464545ba58e1ad24/library/std/src/panicking.rs:550:19
[INFO] [stdout]   27:     0x61f552e4bf43 - std::panic::catch_unwind::h6b3ff07bb5afad93
[INFO] [stdout]                                at /rustc/6067b36314ab5eb2eb47cecc464545ba58e1ad24/library/std/src/panic.rs:358:14
[INFO] [stdout]   28:     0x61f552e4bf43 - test::run_test_in_process::hc7253dd11b39b9f4
[INFO] [stdout]                                at /rustc/6067b36314ab5eb2eb47cecc464545ba58e1ad24/library/test/src/lib.rs:655:27
[INFO] [stdout]   29:     0x61f552e4bf43 - test::run_test::{{closure}}::hfb2007f8649c30bb
[INFO] [stdout]                                at /rustc/6067b36314ab5eb2eb47cecc464545ba58e1ad24/library/test/src/lib.rs:576:43
[INFO] [stdout]   30:     0x61f552e0f025 - test::run_test::{{closure}}::h56a17aa7a282a9f4
[INFO] [stdout]                                at /rustc/6067b36314ab5eb2eb47cecc464545ba58e1ad24/library/test/src/lib.rs:606:41
[INFO] [stdout]   31:     0x61f552e0f025 - std::sys::backtrace::__rust_begin_short_backtrace::hd2d2d2fb8e8c6aac
[INFO] [stdout]                                at /rustc/6067b36314ab5eb2eb47cecc464545ba58e1ad24/library/std/src/sys/backtrace.rs:152:18
[INFO] [stdout]   32:     0x61f552e1290a - std::thread::Builder::spawn_unchecked_::{{closure}}::{{closure}}::h4faa3f9db6133423
[INFO] [stdout]                                at /rustc/6067b36314ab5eb2eb47cecc464545ba58e1ad24/library/std/src/thread/mod.rs:559:17
[INFO] [stdout]   33:     0x61f552e1290a - <core::panic::unwind_safe::AssertUnwindSafe<F> as core::ops::function::FnOnce<()>>::call_once::hf2e855a36a4ea846
[INFO] [stdout]                                at /rustc/6067b36314ab5eb2eb47cecc464545ba58e1ad24/library/core/src/panic/unwind_safe.rs:272:9
[INFO] [stdout]   34:     0x61f552e1290a - std::panicking::try::do_call::h2f73af3616c35465
[INFO] [stdout]                                at /rustc/6067b36314ab5eb2eb47cecc464545ba58e1ad24/library/std/src/panicking.rs:587:40
[INFO] [stdout]   35:     0x61f552e1290a - std::panicking::try::hd1660ce9efadef5a
[INFO] [stdout]                                at /rustc/6067b36314ab5eb2eb47cecc464545ba58e1ad24/library/std/src/panicking.rs:550:19
[INFO] [stdout]   36:     0x61f552e1290a - std::panic::catch_unwind::h5ee8d7823b8ca744
[INFO] [stdout]                                at /rustc/6067b36314ab5eb2eb47cecc464545ba58e1ad24/library/std/src/panic.rs:358:14
[INFO] [stdout]   37:     0x61f552e1290a - std::thread::Builder::spawn_unchecked_::{{closure}}::h53c3a1894dce8407
[INFO] [stdout]                                at /rustc/6067b36314ab5eb2eb47cecc464545ba58e1ad24/library/std/src/thread/mod.rs:557:30
[INFO] [stdout]   38:     0x61f552e1290a - core::ops::function::FnOnce::call_once{{vtable.shim}}::h048ce291ad4f62bf
[INFO] [stdout]                                at /rustc/6067b36314ab5eb2eb47cecc464545ba58e1ad24/library/core/src/ops/function.rs:250:5
[INFO] [stdout]   39:     0x61f552f1861b - <alloc::boxed::Box<F,A> as core::ops::function::FnOnce<Args>>::call_once::ha52bedf99a3b4981
[INFO] [stdout]                                at /rustc/6067b36314ab5eb2eb47cecc464545ba58e1ad24/library/alloc/src/boxed.rs:2013:9
[INFO] [stdout]   40:     0x61f552f1861b - <alloc::boxed::Box<F,A> as core::ops::function::FnOnce<Args>>::call_once::h567748934d80ccf8
[INFO] [stdout]                                at /rustc/6067b36314ab5eb2eb47cecc464545ba58e1ad24/library/alloc/src/boxed.rs:2013:9
[INFO] [stdout]   41:     0x61f552f1861b - std::sys::pal::unix::thread::Thread::new::thread_start::h2d970728ae887adc
[INFO] [stdout]                                at /rustc/6067b36314ab5eb2eb47cecc464545ba58e1ad24/library/std/src/sys/pal/unix/thread.rs:106:17
[INFO] [stdout]   42:     0x730880f60ac3 - <unknown>
[INFO] [stdout]   43:     0x730880ff1a04 - clone
[INFO] [stdout]   44:                0x0 - <unknown>
[INFO] [stdout] 
[INFO] [stdout] 
[INFO] [stdout] failures:
[INFO] [stdout]     tests::bindings_parse_correctly_with_xmodmap
[INFO] [stdout] 
[INFO] [stdout] test result: FAILED. 0 passed; 1 failed; 0 ignored; 0 measured; 0 filtered out; finished in 0.09s
[INFO] [stdout] 
[INFO] [stderr] error: test failed, to rerun pass `--bin kdwm`
[INFO] running `Command { std: "docker" "inspect" "3e0dbf9b5d8b88fa0a676798b0f5fb88f5f003c856dff02d7df3b5d72043ab5e", kill_on_drop: false }`
[INFO] running `Command { std: "docker" "rm" "-f" "3e0dbf9b5d8b88fa0a676798b0f5fb88f5f003c856dff02d7df3b5d72043ab5e", kill_on_drop: false }`
[INFO] [stdout] 3e0dbf9b5d8b88fa0a676798b0f5fb88f5f003c856dff02d7df3b5d72043ab5e
