[INFO] cloning repository https://github.com/kcnklub/advent-of-code
[INFO] running `Command { std: "git" "-c" "credential.helper=" "-c" "credential.helper=/workspace/cargo-home/bin/git-credential-null" "clone" "--bare" "https://github.com/kcnklub/advent-of-code" "/workspace/cache/git-repos/https%3A%2F%2Fgithub.com%2Fkcnklub%2Fadvent-of-code", kill_on_drop: false }`
[INFO] [stderr] Cloning into bare repository '/workspace/cache/git-repos/https%3A%2F%2Fgithub.com%2Fkcnklub%2Fadvent-of-code'...
[INFO] running `Command { std: "git" "rev-parse" "HEAD", kill_on_drop: false }`
[INFO] [stdout] 8992a72f56b372933f71d6c388df0ac5879c3677
[INFO] testing kcnklub/advent-of-code against nightly-2025-01-18 for randomize-layout-2
[INFO] running `Command { std: "git" "clone" "/workspace/cache/git-repos/https%3A%2F%2Fgithub.com%2Fkcnklub%2Fadvent-of-code" "/workspace/builds/worker-4-tc1/source", kill_on_drop: false }`
[INFO] [stderr] Cloning into '/workspace/builds/worker-4-tc1/source'...
[INFO] [stderr] done.
[INFO] validating manifest of git repo https://github.com/kcnklub/advent-of-code on toolchain nightly-2025-01-18
[INFO] running `Command { std: CARGO_HOME="/workspace/cargo-home" RUSTUP_HOME="/workspace/rustup-home" "/workspace/cargo-home/bin/cargo" "+nightly-2025-01-18" "metadata" "--manifest-path" "Cargo.toml" "--no-deps", kill_on_drop: false }`
[INFO] started tweaking git repo https://github.com/kcnklub/advent-of-code
[INFO] finished tweaking git repo https://github.com/kcnklub/advent-of-code
[INFO] tweaked toml for git repo https://github.com/kcnklub/advent-of-code written to /workspace/builds/worker-4-tc1/source/Cargo.toml
[INFO] crate git repo https://github.com/kcnklub/advent-of-code already has a lockfile, it will not be regenerated
[INFO] running `Command { std: CARGO_HOME="/workspace/cargo-home" RUSTUP_HOME="/workspace/rustup-home" "/workspace/cargo-home/bin/cargo" "+nightly-2025-01-18" "fetch" "--manifest-path" "Cargo.toml", kill_on_drop: false }`
[INFO] running `Command { std: "docker" "create" "-v" "/var/lib/crater-agent-workspace/builds/worker-4-tc1/target:/opt/rustwide/target:rw,Z" "-v" "/var/lib/crater-agent-workspace/builds/worker-4-tc1/source:/opt/rustwide/workdir:ro,Z" "-v" "/var/lib/crater-agent-workspace/cargo-home:/opt/rustwide/cargo-home:ro,Z" "-v" "/var/lib/crater-agent-workspace/rustup-home:/opt/rustwide/rustup-home:ro,Z" "-e" "SOURCE_DIR=/opt/rustwide/workdir" "-e" "CARGO_TARGET_DIR=/opt/rustwide/target" "-e" "CARGO_HOME=/opt/rustwide/cargo-home" "-e" "RUSTUP_HOME=/opt/rustwide/rustup-home" "-w" "/opt/rustwide/workdir" "-m" "1610612736" "--user" "0:0" "--network" "none" "ghcr.io/rust-lang/crates-build-env/linux@sha256:819108c5571ea2e421544af4d832f968d213c87fbe3707a016657f43d2f853bc" "/opt/rustwide/cargo-home/bin/cargo" "+nightly-2025-01-18" "metadata" "--no-deps" "--format-version=1", kill_on_drop: false }`
[INFO] [stdout] 3be7cb9986041d5dfd9d3ad2bfb46c7125c4a206e59113333aad846234a45d0a
[INFO] running `Command { std: "docker" "start" "-a" "3be7cb9986041d5dfd9d3ad2bfb46c7125c4a206e59113333aad846234a45d0a", kill_on_drop: false }`
[INFO] running `Command { std: "docker" "inspect" "3be7cb9986041d5dfd9d3ad2bfb46c7125c4a206e59113333aad846234a45d0a", kill_on_drop: false }`
[INFO] running `Command { std: "docker" "rm" "-f" "3be7cb9986041d5dfd9d3ad2bfb46c7125c4a206e59113333aad846234a45d0a", kill_on_drop: false }`
[INFO] [stdout] 3be7cb9986041d5dfd9d3ad2bfb46c7125c4a206e59113333aad846234a45d0a
[INFO] running `Command { std: "docker" "create" "-v" "/var/lib/crater-agent-workspace/builds/worker-4-tc1/target:/opt/rustwide/target:rw,Z" "-v" "/var/lib/crater-agent-workspace/builds/worker-4-tc1/source:/opt/rustwide/workdir:ro,Z" "-v" "/var/lib/crater-agent-workspace/cargo-home:/opt/rustwide/cargo-home:ro,Z" "-v" "/var/lib/crater-agent-workspace/rustup-home:/opt/rustwide/rustup-home:ro,Z" "-e" "SOURCE_DIR=/opt/rustwide/workdir" "-e" "CARGO_TARGET_DIR=/opt/rustwide/target" "-e" "CARGO_INCREMENTAL=0" "-e" "RUST_BACKTRACE=full" "-e" "RUSTFLAGS=--cap-lints=forbid" "-e" "RUSTDOCFLAGS=--cap-lints=forbid" "-e" "CARGO_HOME=/opt/rustwide/cargo-home" "-e" "RUSTUP_HOME=/opt/rustwide/rustup-home" "-w" "/opt/rustwide/workdir" "-m" "1610612736" "--user" "0:0" "--network" "none" "ghcr.io/rust-lang/crates-build-env/linux@sha256:819108c5571ea2e421544af4d832f968d213c87fbe3707a016657f43d2f853bc" "/opt/rustwide/cargo-home/bin/cargo" "+nightly-2025-01-18" "build" "--frozen" "--message-format=json", kill_on_drop: false }`
[INFO] [stdout] 13432637b7b38873a671413a55a409da41fa04233239220bc5d5763ae3581a03
[INFO] running `Command { std: "docker" "start" "-a" "13432637b7b38873a671413a55a409da41fa04233239220bc5d5763ae3581a03", kill_on_drop: false }`
[INFO] [stderr]    Compiling memchr v2.7.4
[INFO] [stderr]    Compiling regex-syntax v0.8.5
[INFO] [stderr]    Compiling lazy_static v1.5.0
[INFO] [stderr]    Compiling colored v2.1.0
[INFO] [stderr]    Compiling aho-corasick v1.1.3
[INFO] [stderr]    Compiling regex-automata v0.4.9
[INFO] [stderr]    Compiling regex v1.11.1
[INFO] [stderr]    Compiling advent-of-code v0.1.0 (/opt/rustwide/workdir)
[INFO] [stdout] warning: unused imports: `error::Error` and `str::FromStr`
[INFO] [stdout]  --> src/aoc2024/mod.rs:1:11
[INFO] [stdout]   |
[INFO] [stdout] 1 | use std::{error::Error, str::FromStr};
[INFO] [stdout]   |           ^^^^^^^^^^^^  ^^^^^^^^^^^^
[INFO] [stdout]   |
[INFO] [stdout]   = note: `#[warn(unused_imports)]` on by default
[INFO] [stdout] 
[INFO] [stdout] 
[INFO] [stdout] warning: unused import: `ops::Index`
[INFO] [stdout]  --> src/aoc2024/day5_2.rs:1:51
[INFO] [stdout]   |
[INFO] [stdout] 1 | use std::{collections::HashMap, error::Error, fs, ops::Index, str::FromStr};
[INFO] [stdout]   |                                                   ^^^^^^^^^^
[INFO] [stdout] 
[INFO] [stdout] 
[INFO] [stdout] warning: unused variable: `rules_to_check`
[INFO] [stdout]  --> src/aoc2024/day5_2.rs:8:9
[INFO] [stdout]   |
[INFO] [stdout] 8 |     let rules_to_check: Vec<(i32, i32)> = split
[INFO] [stdout]   |         ^^^^^^^^^^^^^^ help: if this is intentional, prefix it with an underscore: `_rules_to_check`
[INFO] [stdout]   |
[INFO] [stdout]   = note: `#[warn(unused_variables)]` on by default
[INFO] [stdout] 
[INFO] [stdout] 
[INFO] [stdout] warning: function `main` is never used
[INFO] [stdout]  --> src/aoc2024/day1.rs:3:4
[INFO] [stdout]   |
[INFO] [stdout] 3 | fn main() -> Result<(), Box<dyn Error>> {
[INFO] [stdout]   |    ^^^^
[INFO] [stdout]   |
[INFO] [stdout]   = note: `#[warn(dead_code)]` on by default
[INFO] [stdout] 
[INFO] [stdout] 
[INFO] [stdout] warning: function `find_sum` is never used
[INFO] [stdout]   --> src/aoc2024/day1.rs:32:4
[INFO] [stdout]    |
[INFO] [stdout] 32 | fn find_sum(p: &mut Vec<i32>, q: &mut Vec<i32>) -> i32 {
[INFO] [stdout]    |    ^^^^^^^^
[INFO] [stdout] 
[INFO] [stdout] 
[INFO] [stdout] warning: function `main` is never used
[INFO] [stdout]  --> src/aoc2024/day1_2.rs:3:4
[INFO] [stdout]   |
[INFO] [stdout] 3 | fn main() -> Result<(), Box<dyn Error>> {
[INFO] [stdout]   |    ^^^^
[INFO] [stdout] 
[INFO] [stdout] 
[INFO] [stdout] warning: function `find_sum_of_products` is never used
[INFO] [stdout]   --> src/aoc2024/day1_2.rs:37:4
[INFO] [stdout]    |
[INFO] [stdout] 37 | fn find_sum_of_products(p: &mut Vec<i32>, q: &HashMap<i32, i32>) -> i32 {
[INFO] [stdout]    |    ^^^^^^^^^^^^^^^^^^^^
[INFO] [stdout] 
[INFO] [stdout] 
[INFO] [stdout] warning: function `main` is never used
[INFO] [stdout]  --> src/aoc2024/day2.rs:3:4
[INFO] [stdout]   |
[INFO] [stdout] 3 | fn main() -> Result<(), Box<dyn Error>> {
[INFO] [stdout]   |    ^^^^
[INFO] [stdout] 
[INFO] [stdout] 
[INFO] [stdout] warning: function `is_safe` is never used
[INFO] [stdout]   --> src/aoc2024/day2.rs:18:4
[INFO] [stdout]    |
[INFO] [stdout] 18 | fn is_safe(line: &str) -> bool {
[INFO] [stdout]    |    ^^^^^^^
[INFO] [stdout] 
[INFO] [stdout] 
[INFO] [stdout] warning: function `main` is never used
[INFO] [stdout]  --> src/aoc2024/day2_2.rs:3:4
[INFO] [stdout]   |
[INFO] [stdout] 3 | fn main() -> Result<(), Box<dyn Error>> {
[INFO] [stdout]   |    ^^^^
[INFO] [stdout] 
[INFO] [stdout] 
[INFO] [stdout] warning: function `is_safe` is never used
[INFO] [stdout]   --> src/aoc2024/day2_2.rs:18:4
[INFO] [stdout]    |
[INFO] [stdout] 18 | fn is_safe(line: &str) -> bool {
[INFO] [stdout]    |    ^^^^^^^
[INFO] [stdout] 
[INFO] [stdout] 
[INFO] [stdout] warning: function `inner_is_safe` is never used
[INFO] [stdout]   --> src/aoc2024/day2_2.rs:55:4
[INFO] [stdout]    |
[INFO] [stdout] 55 | fn inner_is_safe(input: &[i32]) -> bool {
[INFO] [stdout]    |    ^^^^^^^^^^^^^
[INFO] [stdout] 
[INFO] [stdout] 
[INFO] [stdout] warning: function `main` is never used
[INFO] [stdout]  --> src/aoc2024/day3.rs:5:4
[INFO] [stdout]   |
[INFO] [stdout] 5 | fn main() -> Result<(), Box<dyn Error>> {
[INFO] [stdout]   |    ^^^^
[INFO] [stdout] 
[INFO] [stdout] 
[INFO] [stdout] warning: function `main` is never used
[INFO] [stdout]  --> src/aoc2024/day3_2.rs:5:4
[INFO] [stdout]   |
[INFO] [stdout] 5 | fn main() -> Result<(), Box<dyn Error>> {
[INFO] [stdout]   |    ^^^^
[INFO] [stdout] 
[INFO] [stdout] 
[INFO] [stdout] warning: fields `v` and `found` are never read
[INFO] [stdout]   --> src/aoc2024/day4.rs:26:5
[INFO] [stdout]    |
[INFO] [stdout] 25 | struct Tile {
[INFO] [stdout]    |        ---- fields in this struct
[INFO] [stdout] 26 |     v: TileValue,
[INFO] [stdout]    |     ^
[INFO] [stdout] 27 |     found: bool,
[INFO] [stdout]    |     ^^^^^
[INFO] [stdout]    |
[INFO] [stdout]    = note: `Tile` has a derived impl for the trait `Debug`, but this is intentionally ignored during dead code analysis
[INFO] [stdout] 
[INFO] [stdout] 
[INFO] [stdout] warning: struct `Puzzle` is never constructed
[INFO] [stdout]   --> src/aoc2024/day4.rs:52:8
[INFO] [stdout]    |
[INFO] [stdout] 52 | struct Puzzle {
[INFO] [stdout]    |        ^^^^^^
[INFO] [stdout] 
[INFO] [stdout] 
[INFO] [stdout] warning: constant `LEN` is never used
[INFO] [stdout]   --> src/aoc2024/day4.rs:58:7
[INFO] [stdout]    |
[INFO] [stdout] 58 | const LEN: usize = 3;
[INFO] [stdout]    |       ^^^
[INFO] [stdout] 
[INFO] [stdout] 
[INFO] [stdout] warning: multiple associated items are never used
[INFO] [stdout]    --> src/aoc2024/day4.rs:61:8
[INFO] [stdout]     |
[INFO] [stdout] 60  | impl Puzzle {
[INFO] [stdout]     | ----------- associated items in this implementation
[INFO] [stdout] 61  |     fn new(input: String) -> Self {
[INFO] [stdout]     |        ^^^
[INFO] [stdout] ...
[INFO] [stdout] 80  |     fn find_xmas(&mut self) -> i32 {
[INFO] [stdout]     |        ^^^^^^^^^
[INFO] [stdout] ...
[INFO] [stdout] 116 |     fn find_x_max(&mut self) -> i32 {
[INFO] [stdout]     |        ^^^^^^^^^^
[INFO] [stdout] ...
[INFO] [stdout] 132 |     fn mark_x(&mut self, h: usize, w: usize) {
[INFO] [stdout]     |        ^^^^^^
[INFO] [stdout] ...
[INFO] [stdout] 142 |     fn search_forward_slash(&self, h: usize, w: usize) -> bool {
[INFO] [stdout]     |        ^^^^^^^^^^^^^^^^^^^^
[INFO] [stdout] ...
[INFO] [stdout] 159 |     fn search_back_slash(&self, h: usize, w: usize) -> bool {
[INFO] [stdout]     |        ^^^^^^^^^^^^^^^^^
[INFO] [stdout] ...
[INFO] [stdout] 176 |     fn found(&mut self, h: usize, w: usize) {
[INFO] [stdout]     |        ^^^^^
[INFO] [stdout] ...
[INFO] [stdout] 181 |     fn search_right(&mut self, h: usize, w: usize) -> bool {
[INFO] [stdout]     |        ^^^^^^^^^^^^
[INFO] [stdout] ...
[INFO] [stdout] 201 |     fn search_left(&mut self, h: usize, w: usize) -> bool {
[INFO] [stdout]     |        ^^^^^^^^^^^
[INFO] [stdout] ...
[INFO] [stdout] 220 |     fn search_down(&mut self, h: usize, w: usize) -> bool {
[INFO] [stdout]     |        ^^^^^^^^^^^
[INFO] [stdout] ...
[INFO] [stdout] 240 |     fn search_up(&mut self, h: usize, w: usize) -> bool {
[INFO] [stdout]     |        ^^^^^^^^^
[INFO] [stdout] ...
[INFO] [stdout] 260 |     fn search_up_right(&mut self, h: usize, w: usize) -> bool {
[INFO] [stdout]     |        ^^^^^^^^^^^^^^^
[INFO] [stdout] ...
[INFO] [stdout] 277 |     fn search_up_left(&mut self, h: usize, w: usize) -> bool {
[INFO] [stdout]     |        ^^^^^^^^^^^^^^
[INFO] [stdout] ...
[INFO] [stdout] 294 |     fn search_down_right(&mut self, h: usize, w: usize) -> bool {
[INFO] [stdout]     |        ^^^^^^^^^^^^^^^^^
[INFO] [stdout] ...
[INFO] [stdout] 312 |     fn search_down_left(&mut self, h: usize, w: usize) -> bool {
[INFO] [stdout]     |        ^^^^^^^^^^^^^^^^
[INFO] [stdout] 
[INFO] [stdout] 
[INFO] [stdout] warning: function `main` is never used
[INFO] [stdout]    --> src/aoc2024/day4.rs:332:4
[INFO] [stdout]     |
[INFO] [stdout] 332 | fn main() -> Result<(), Box<dyn Error>> {
[INFO] [stdout]     |    ^^^^
[INFO] [stdout] 
[INFO] [stdout] 
[INFO] [stdout] warning: function `main` is never used
[INFO] [stdout]  --> src/aoc2024/day5.rs:3:4
[INFO] [stdout]   |
[INFO] [stdout] 3 | fn main() -> Result<(), Box<dyn Error>> {
[INFO] [stdout]   |    ^^^^
[INFO] [stdout] 
[INFO] [stdout] 
[INFO] [stdout] warning: function `is_page_safe` is never used
[INFO] [stdout]   --> src/aoc2024/day5.rs:44:4
[INFO] [stdout]    |
[INFO] [stdout] 44 | fn is_page_safe(rules: &[(i32, i32)], page: &[i32]) -> bool {
[INFO] [stdout]    |    ^^^^^^^^^^^^
[INFO] [stdout] 
[INFO] [stdout] 
[INFO] [stdout] warning: function `is_page_safe` is never used
[INFO] [stdout]   --> src/aoc2024/day5_2.rs:81:4
[INFO] [stdout]    |
[INFO] [stdout] 81 | fn is_page_safe(rules: &[(i32, i32)], page: &[i32]) -> bool {
[INFO] [stdout]    |    ^^^^^^^^^^^^
[INFO] [stdout] 
[INFO] [stdout] 
[INFO] [stdout] warning: unused import: `ops::Index`
[INFO] [stdout]  --> src/aoc2024/day5_2.rs:1:51
[INFO] [stdout]   |
[INFO] [stdout] 1 | use std::{collections::HashMap, error::Error, fs, ops::Index, str::FromStr};
[INFO] [stdout]   |                                                   ^^^^^^^^^^
[INFO] [stdout]   |
[INFO] [stdout]   = note: `#[warn(unused_imports)]` on by default
[INFO] [stdout] 
[INFO] [stdout] 
[INFO] [stdout] warning: unused variable: `rules_to_check`
[INFO] [stdout]  --> src/aoc2024/day5_2.rs:8:9
[INFO] [stdout]   |
[INFO] [stdout] 8 |     let rules_to_check: Vec<(i32, i32)> = split
[INFO] [stdout]   |         ^^^^^^^^^^^^^^ help: if this is intentional, prefix it with an underscore: `_rules_to_check`
[INFO] [stdout]   |
[INFO] [stdout]   = note: `#[warn(unused_variables)]` on by default
[INFO] [stdout] 
[INFO] [stdout] 
[INFO] [stdout] warning: function `is_page_safe` is never used
[INFO] [stdout]   --> src/aoc2024/day5_2.rs:81:4
[INFO] [stdout]    |
[INFO] [stdout] 81 | fn is_page_safe(rules: &[(i32, i32)], page: &[i32]) -> bool {
[INFO] [stdout]    |    ^^^^^^^^^^^^
[INFO] [stdout]    |
[INFO] [stdout]    = note: `#[warn(dead_code)]` on by default
[INFO] [stdout] 
[INFO] [stdout] 
[INFO] [stderr]     Finished `dev` profile [unoptimized + debuginfo] target(s) in 11.83s
[INFO] running `Command { std: "docker" "inspect" "13432637b7b38873a671413a55a409da41fa04233239220bc5d5763ae3581a03", kill_on_drop: false }`
[INFO] running `Command { std: "docker" "rm" "-f" "13432637b7b38873a671413a55a409da41fa04233239220bc5d5763ae3581a03", kill_on_drop: false }`
[INFO] [stdout] 13432637b7b38873a671413a55a409da41fa04233239220bc5d5763ae3581a03
[INFO] running `Command { std: "docker" "create" "-v" "/var/lib/crater-agent-workspace/builds/worker-4-tc1/target:/opt/rustwide/target:rw,Z" "-v" "/var/lib/crater-agent-workspace/builds/worker-4-tc1/source:/opt/rustwide/workdir:ro,Z" "-v" "/var/lib/crater-agent-workspace/cargo-home:/opt/rustwide/cargo-home:ro,Z" "-v" "/var/lib/crater-agent-workspace/rustup-home:/opt/rustwide/rustup-home:ro,Z" "-e" "SOURCE_DIR=/opt/rustwide/workdir" "-e" "CARGO_TARGET_DIR=/opt/rustwide/target" "-e" "CARGO_INCREMENTAL=0" "-e" "RUST_BACKTRACE=full" "-e" "RUSTFLAGS=--cap-lints=forbid" "-e" "RUSTDOCFLAGS=--cap-lints=forbid" "-e" "CARGO_HOME=/opt/rustwide/cargo-home" "-e" "RUSTUP_HOME=/opt/rustwide/rustup-home" "-w" "/opt/rustwide/workdir" "-m" "1610612736" "--user" "0:0" "--network" "none" "ghcr.io/rust-lang/crates-build-env/linux@sha256:819108c5571ea2e421544af4d832f968d213c87fbe3707a016657f43d2f853bc" "/opt/rustwide/cargo-home/bin/cargo" "+nightly-2025-01-18" "test" "--frozen" "--no-run" "--message-format=json", kill_on_drop: false }`
[INFO] [stdout] 753abcbf0763a5000afc862994ae8f0553fdcfbdf70c59fb6112f45efe8d16c0
[INFO] running `Command { std: "docker" "start" "-a" "753abcbf0763a5000afc862994ae8f0553fdcfbdf70c59fb6112f45efe8d16c0", kill_on_drop: false }`
[INFO] [stdout] warning: unused imports: `error::Error` and `str::FromStr`
[INFO] [stdout]  --> src/aoc2024/mod.rs:1:11
[INFO] [stdout]   |
[INFO] [stdout] 1 | use std::{error::Error, str::FromStr};
[INFO] [stdout]   |           ^^^^^^^^^^^^  ^^^^^^^^^^^^
[INFO] [stdout]   |
[INFO] [stdout]   = note: `#[warn(unused_imports)]` on by default
[INFO] [stdout] 
[INFO] [stdout] 
[INFO] [stdout] warning: unused import: `ops::Index`
[INFO] [stdout]  --> src/aoc2024/day5_2.rs:1:51
[INFO] [stdout]   |
[INFO] [stdout] 1 | use std::{collections::HashMap, error::Error, fs, ops::Index, str::FromStr};
[INFO] [stdout]   |                                                   ^^^^^^^^^^
[INFO] [stdout] 
[INFO] [stdout] 
[INFO] [stdout] warning: unused variable: `rules_to_check`
[INFO] [stdout]  --> src/aoc2024/day5_2.rs:8:9
[INFO] [stdout]   |
[INFO] [stdout] 8 |     let rules_to_check: Vec<(i32, i32)> = split
[INFO] [stdout]   |         ^^^^^^^^^^^^^^ help: if this is intentional, prefix it with an underscore: `_rules_to_check`
[INFO] [stdout]   |
[INFO] [stdout]   = note: `#[warn(unused_variables)]` on by default
[INFO] [stdout] 
[INFO] [stdout] 
[INFO] [stdout] warning: function `main` is never used
[INFO] [stdout]  --> src/aoc2024/day1.rs:3:4
[INFO] [stdout]   |
[INFO] [stdout] 3 | fn main() -> Result<(), Box<dyn Error>> {
[INFO] [stdout]   |    ^^^^
[INFO] [stdout]   |
[INFO] [stdout]   = note: `#[warn(dead_code)]` on by default
[INFO] [stdout] 
[INFO] [stdout] 
[INFO] [stdout] warning: function `find_sum` is never used
[INFO] [stdout]   --> src/aoc2024/day1.rs:32:4
[INFO] [stdout]    |
[INFO] [stdout] 32 | fn find_sum(p: &mut Vec<i32>, q: &mut Vec<i32>) -> i32 {
[INFO] [stdout]    |    ^^^^^^^^
[INFO] [stdout] 
[INFO] [stdout] 
[INFO] [stdout] warning: function `main` is never used
[INFO] [stdout]  --> src/aoc2024/day1_2.rs:3:4
[INFO] [stdout]   |
[INFO] [stdout] 3 | fn main() -> Result<(), Box<dyn Error>> {
[INFO] [stdout]   |    ^^^^
[INFO] [stdout] 
[INFO] [stdout] 
[INFO] [stdout] warning: function `find_sum_of_products` is never used
[INFO] [stdout]   --> src/aoc2024/day1_2.rs:37:4
[INFO] [stdout]    |
[INFO] [stdout] 37 | fn find_sum_of_products(p: &mut Vec<i32>, q: &HashMap<i32, i32>) -> i32 {
[INFO] [stdout]    |    ^^^^^^^^^^^^^^^^^^^^
[INFO] [stdout] 
[INFO] [stdout] 
[INFO] [stdout] warning: function `main` is never used
[INFO] [stdout]  --> src/aoc2024/day2.rs:3:4
[INFO] [stdout]   |
[INFO] [stdout] 3 | fn main() -> Result<(), Box<dyn Error>> {
[INFO] [stdout]   |    ^^^^
[INFO] [stdout] 
[INFO] [stdout] 
[INFO] [stdout] warning: function `is_safe` is never used
[INFO] [stdout]   --> src/aoc2024/day2.rs:18:4
[INFO] [stdout]    |
[INFO] [stdout] 18 | fn is_safe(line: &str) -> bool {
[INFO] [stdout]    |    ^^^^^^^
[INFO] [stdout] 
[INFO] [stdout] 
[INFO] [stderr]    Compiling advent-of-code v0.1.0 (/opt/rustwide/workdir)
[INFO] [stdout] warning: function `main` is never used
[INFO] [stdout]  --> src/aoc2024/day2_2.rs:3:4
[INFO] [stdout]   |
[INFO] [stdout] 3 | fn main() -> Result<(), Box<dyn Error>> {
[INFO] [stdout]   |    ^^^^
[INFO] [stdout] 
[INFO] [stdout] 
[INFO] [stdout] warning: function `is_safe` is never used
[INFO] [stdout]   --> src/aoc2024/day2_2.rs:18:4
[INFO] [stdout]    |
[INFO] [stdout] 18 | fn is_safe(line: &str) -> bool {
[INFO] [stdout]    |    ^^^^^^^
[INFO] [stdout] 
[INFO] [stdout] 
[INFO] [stdout] warning: function `inner_is_safe` is never used
[INFO] [stdout]   --> src/aoc2024/day2_2.rs:55:4
[INFO] [stdout]    |
[INFO] [stdout] 55 | fn inner_is_safe(input: &[i32]) -> bool {
[INFO] [stdout]    |    ^^^^^^^^^^^^^
[INFO] [stdout] 
[INFO] [stdout] 
[INFO] [stdout] warning: function `main` is never used
[INFO] [stdout]  --> src/aoc2024/day3.rs:5:4
[INFO] [stdout]   |
[INFO] [stdout] 5 | fn main() -> Result<(), Box<dyn Error>> {
[INFO] [stdout]   |    ^^^^
[INFO] [stdout] 
[INFO] [stdout] 
[INFO] [stdout] warning: function `main` is never used
[INFO] [stdout]  --> src/aoc2024/day3_2.rs:5:4
[INFO] [stdout]   |
[INFO] [stdout] 5 | fn main() -> Result<(), Box<dyn Error>> {
[INFO] [stdout]   |    ^^^^
[INFO] [stdout] 
[INFO] [stdout] 
[INFO] [stdout] warning: fields `v` and `found` are never read
[INFO] [stdout]   --> src/aoc2024/day4.rs:26:5
[INFO] [stdout]    |
[INFO] [stdout] 25 | struct Tile {
[INFO] [stdout]    |        ---- fields in this struct
[INFO] [stdout] 26 |     v: TileValue,
[INFO] [stdout]    |     ^
[INFO] [stdout] 27 |     found: bool,
[INFO] [stdout]    |     ^^^^^
[INFO] [stdout]    |
[INFO] [stdout]    = note: `Tile` has a derived impl for the trait `Debug`, but this is intentionally ignored during dead code analysis
[INFO] [stdout] 
[INFO] [stdout] 
[INFO] [stdout] warning: struct `Puzzle` is never constructed
[INFO] [stdout]   --> src/aoc2024/day4.rs:52:8
[INFO] [stdout]    |
[INFO] [stdout] 52 | struct Puzzle {
[INFO] [stdout]    |        ^^^^^^
[INFO] [stdout] 
[INFO] [stdout] 
[INFO] [stdout] warning: constant `LEN` is never used
[INFO] [stdout]   --> src/aoc2024/day4.rs:58:7
[INFO] [stdout]    |
[INFO] [stdout] 58 | const LEN: usize = 3;
[INFO] [stdout]    |       ^^^
[INFO] [stdout] 
[INFO] [stdout] 
[INFO] [stdout] warning: multiple associated items are never used
[INFO] [stdout]    --> src/aoc2024/day4.rs:61:8
[INFO] [stdout]     |
[INFO] [stdout] 60  | impl Puzzle {
[INFO] [stdout]     | ----------- associated items in this implementation
[INFO] [stdout] 61  |     fn new(input: String) -> Self {
[INFO] [stdout]     |        ^^^
[INFO] [stdout] ...
[INFO] [stdout] 80  |     fn find_xmas(&mut self) -> i32 {
[INFO] [stdout]     |        ^^^^^^^^^
[INFO] [stdout] ...
[INFO] [stdout] 116 |     fn find_x_max(&mut self) -> i32 {
[INFO] [stdout]     |        ^^^^^^^^^^
[INFO] [stdout] ...
[INFO] [stdout] 132 |     fn mark_x(&mut self, h: usize, w: usize) {
[INFO] [stdout]     |        ^^^^^^
[INFO] [stdout] ...
[INFO] [stdout] 142 |     fn search_forward_slash(&self, h: usize, w: usize) -> bool {
[INFO] [stdout]     |        ^^^^^^^^^^^^^^^^^^^^
[INFO] [stdout] ...
[INFO] [stdout] 159 |     fn search_back_slash(&self, h: usize, w: usize) -> bool {
[INFO] [stdout]     |        ^^^^^^^^^^^^^^^^^
[INFO] [stdout] ...
[INFO] [stdout] 176 |     fn found(&mut self, h: usize, w: usize) {
[INFO] [stdout]     |        ^^^^^
[INFO] [stdout] ...
[INFO] [stdout] 181 |     fn search_right(&mut self, h: usize, w: usize) -> bool {
[INFO] [stdout]     |        ^^^^^^^^^^^^
[INFO] [stdout] ...
[INFO] [stdout] 201 |     fn search_left(&mut self, h: usize, w: usize) -> bool {
[INFO] [stdout]     |        ^^^^^^^^^^^
[INFO] [stdout] ...
[INFO] [stdout] 220 |     fn search_down(&mut self, h: usize, w: usize) -> bool {
[INFO] [stdout]     |        ^^^^^^^^^^^
[INFO] [stdout] ...
[INFO] [stdout] 240 |     fn search_up(&mut self, h: usize, w: usize) -> bool {
[INFO] [stdout]     |        ^^^^^^^^^
[INFO] [stdout] ...
[INFO] [stdout] 260 |     fn search_up_right(&mut self, h: usize, w: usize) -> bool {
[INFO] [stdout]     |        ^^^^^^^^^^^^^^^
[INFO] [stdout] ...
[INFO] [stdout] 277 |     fn search_up_left(&mut self, h: usize, w: usize) -> bool {
[INFO] [stdout]     |        ^^^^^^^^^^^^^^
[INFO] [stdout] ...
[INFO] [stdout] 294 |     fn search_down_right(&mut self, h: usize, w: usize) -> bool {
[INFO] [stdout]     |        ^^^^^^^^^^^^^^^^^
[INFO] [stdout] ...
[INFO] [stdout] 312 |     fn search_down_left(&mut self, h: usize, w: usize) -> bool {
[INFO] [stdout]     |        ^^^^^^^^^^^^^^^^
[INFO] [stdout] 
[INFO] [stdout] 
[INFO] [stdout] warning: function `main` is never used
[INFO] [stdout]    --> src/aoc2024/day4.rs:332:4
[INFO] [stdout]     |
[INFO] [stdout] 332 | fn main() -> Result<(), Box<dyn Error>> {
[INFO] [stdout]     |    ^^^^
[INFO] [stdout] 
[INFO] [stdout] 
[INFO] [stdout] warning: function `main` is never used
[INFO] [stdout]  --> src/aoc2024/day5.rs:3:4
[INFO] [stdout]   |
[INFO] [stdout] 3 | fn main() -> Result<(), Box<dyn Error>> {
[INFO] [stdout]   |    ^^^^
[INFO] [stdout] 
[INFO] [stdout] 
[INFO] [stdout] warning: function `is_page_safe` is never used
[INFO] [stdout]   --> src/aoc2024/day5.rs:44:4
[INFO] [stdout]    |
[INFO] [stdout] 44 | fn is_page_safe(rules: &[(i32, i32)], page: &[i32]) -> bool {
[INFO] [stdout]    |    ^^^^^^^^^^^^
[INFO] [stdout] 
[INFO] [stdout] 
[INFO] [stdout] warning: function `is_page_safe` is never used
[INFO] [stdout]   --> src/aoc2024/day5_2.rs:81:4
[INFO] [stdout]    |
[INFO] [stdout] 81 | fn is_page_safe(rules: &[(i32, i32)], page: &[i32]) -> bool {
[INFO] [stdout]    |    ^^^^^^^^^^^^
[INFO] [stdout] 
[INFO] [stdout] 
[INFO] [stdout] warning: unused imports: `error::Error` and `str::FromStr`
[INFO] [stdout]  --> src/aoc2024/mod.rs:1:11
[INFO] [stdout]   |
[INFO] [stdout] 1 | use std::{error::Error, str::FromStr};
[INFO] [stdout]   |           ^^^^^^^^^^^^  ^^^^^^^^^^^^
[INFO] [stdout]   |
[INFO] [stdout]   = note: `#[warn(unused_imports)]` on by default
[INFO] [stdout] 
[INFO] [stdout] 
[INFO] [stdout] warning: unused import: `ops::Index`
[INFO] [stdout]  --> src/aoc2024/day5_2.rs:1:51
[INFO] [stdout]   |
[INFO] [stdout] 1 | use std::{collections::HashMap, error::Error, fs, ops::Index, str::FromStr};
[INFO] [stdout]   |                                                   ^^^^^^^^^^
[INFO] [stdout] 
[INFO] [stdout] 
[INFO] [stdout] warning: unused import: `ops::Index`
[INFO] [stdout]  --> src/aoc2024/day5_2.rs:1:51
[INFO] [stdout]   |
[INFO] [stdout] 1 | use std::{collections::HashMap, error::Error, fs, ops::Index, str::FromStr};
[INFO] [stdout]   |                                                   ^^^^^^^^^^
[INFO] [stdout]   |
[INFO] [stdout]   = note: `#[warn(unused_imports)]` on by default
[INFO] [stdout] 
[INFO] [stdout] 
[INFO] [stdout] warning: unused variable: `rules_to_check`
[INFO] [stdout]  --> src/aoc2024/day5_2.rs:8:9
[INFO] [stdout]   |
[INFO] [stdout] 8 |     let rules_to_check: Vec<(i32, i32)> = split
[INFO] [stdout]   |         ^^^^^^^^^^^^^^ help: if this is intentional, prefix it with an underscore: `_rules_to_check`
[INFO] [stdout]   |
[INFO] [stdout]   = note: `#[warn(unused_variables)]` on by default
[INFO] [stdout] 
[INFO] [stdout] 
[INFO] [stdout] warning: function `is_page_safe` is never used
[INFO] [stdout]   --> src/aoc2024/day5_2.rs:81:4
[INFO] [stdout]    |
[INFO] [stdout] 81 | fn is_page_safe(rules: &[(i32, i32)], page: &[i32]) -> bool {
[INFO] [stdout]    |    ^^^^^^^^^^^^
[INFO] [stdout]    |
[INFO] [stdout]    = note: `#[warn(dead_code)]` on by default
[INFO] [stdout] 
[INFO] [stdout] 
[INFO] [stdout] warning: unused variable: `puzzle`
[INFO] [stdout]    --> src/aoc2024/day4.rs:389:13
[INFO] [stdout]     |
[INFO] [stdout] 389 |         let puzzle = Puzzle::new(input.to_string());
[INFO] [stdout]     |             ^^^^^^ help: if this is intentional, prefix it with an underscore: `_puzzle`
[INFO] [stdout]     |
[INFO] [stdout]     = note: `#[warn(unused_variables)]` on by default
[INFO] [stdout] 
[INFO] [stdout] 
[INFO] [stdout] warning: unused variable: `puzzle`
[INFO] [stdout]    --> src/aoc2024/day4.rs:389:13
[INFO] [stdout]     |
[INFO] [stdout] 389 |         let puzzle = Puzzle::new(input.to_string());
[INFO] [stdout]     |             ^^^^^^ help: if this is intentional, prefix it with an underscore: `_puzzle`
[INFO] [stdout]     |
[INFO] [stdout]     = note: `#[warn(unused_variables)]` on by default
[INFO] [stdout] 
[INFO] [stdout] 
[INFO] [stdout] warning: unused variable: `rules_to_check`
[INFO] [stdout]  --> src/aoc2024/day5_2.rs:8:9
[INFO] [stdout]   |
[INFO] [stdout] 8 |     let rules_to_check: Vec<(i32, i32)> = split
[INFO] [stdout]   |         ^^^^^^^^^^^^^^ help: if this is intentional, prefix it with an underscore: `_rules_to_check`
[INFO] [stdout] 
[INFO] [stdout] 
[INFO] [stdout] warning: function `main` is never used
[INFO] [stdout]  --> src/aoc2024/day1.rs:3:4
[INFO] [stdout]   |
[INFO] [stdout] 3 | fn main() -> Result<(), Box<dyn Error>> {
[INFO] [stdout]   |    ^^^^
[INFO] [stdout]   |
[INFO] [stdout]   = note: `#[warn(dead_code)]` on by default
[INFO] [stdout] 
[INFO] [stdout] 
[INFO] [stdout] warning: function `main` is never used
[INFO] [stdout]  --> src/aoc2024/day1_2.rs:3:4
[INFO] [stdout]   |
[INFO] [stdout] 3 | fn main() -> Result<(), Box<dyn Error>> {
[INFO] [stdout]   |    ^^^^
[INFO] [stdout] 
[INFO] [stdout] 
[INFO] [stdout] warning: function `main` is never used
[INFO] [stdout]  --> src/aoc2024/day2.rs:3:4
[INFO] [stdout]   |
[INFO] [stdout] 3 | fn main() -> Result<(), Box<dyn Error>> {
[INFO] [stdout]   |    ^^^^
[INFO] [stdout] 
[INFO] [stdout] 
[INFO] [stdout] warning: function `main` is never used
[INFO] [stdout]  --> src/aoc2024/day2_2.rs:3:4
[INFO] [stdout]   |
[INFO] [stdout] 3 | fn main() -> Result<(), Box<dyn Error>> {
[INFO] [stdout]   |    ^^^^
[INFO] [stdout] 
[INFO] [stdout] 
[INFO] [stdout] warning: function `main` is never used
[INFO] [stdout]  --> src/aoc2024/day3.rs:5:4
[INFO] [stdout]   |
[INFO] [stdout] 5 | fn main() -> Result<(), Box<dyn Error>> {
[INFO] [stdout]   |    ^^^^
[INFO] [stdout] 
[INFO] [stdout] 
[INFO] [stdout] warning: function `main` is never used
[INFO] [stdout]  --> src/aoc2024/day3_2.rs:5:4
[INFO] [stdout]   |
[INFO] [stdout] 5 | fn main() -> Result<(), Box<dyn Error>> {
[INFO] [stdout]   |    ^^^^
[INFO] [stdout] 
[INFO] [stdout] 
[INFO] [stdout] warning: function `main` is never used
[INFO] [stdout]    --> src/aoc2024/day4.rs:332:4
[INFO] [stdout]     |
[INFO] [stdout] 332 | fn main() -> Result<(), Box<dyn Error>> {
[INFO] [stdout]     |    ^^^^
[INFO] [stdout] 
[INFO] [stdout] 
[INFO] [stdout] warning: function `main` is never used
[INFO] [stdout]  --> src/aoc2024/day5.rs:3:4
[INFO] [stdout]   |
[INFO] [stdout] 3 | fn main() -> Result<(), Box<dyn Error>> {
[INFO] [stdout]   |    ^^^^
[INFO] [stdout] 
[INFO] [stdout] 
[INFO] [stdout] warning: function `is_page_safe` is never used
[INFO] [stdout]   --> src/aoc2024/day5.rs:44:4
[INFO] [stdout]    |
[INFO] [stdout] 44 | fn is_page_safe(rules: &[(i32, i32)], page: &[i32]) -> bool {
[INFO] [stdout]    |    ^^^^^^^^^^^^
[INFO] [stdout] 
[INFO] [stdout] 
[INFO] [stdout] warning: function `is_page_safe` is never used
[INFO] [stdout]   --> src/aoc2024/day5_2.rs:81:4
[INFO] [stdout]    |
[INFO] [stdout] 81 | fn is_page_safe(rules: &[(i32, i32)], page: &[i32]) -> bool {
[INFO] [stdout]    |    ^^^^^^^^^^^^
[INFO] [stdout] 
[INFO] [stdout] 
[INFO] [stderr]     Finished `test` profile [unoptimized + debuginfo] target(s) in 2.69s
[INFO] running `Command { std: "docker" "inspect" "753abcbf0763a5000afc862994ae8f0553fdcfbdf70c59fb6112f45efe8d16c0", kill_on_drop: false }`
[INFO] running `Command { std: "docker" "rm" "-f" "753abcbf0763a5000afc862994ae8f0553fdcfbdf70c59fb6112f45efe8d16c0", kill_on_drop: false }`
[INFO] [stdout] 753abcbf0763a5000afc862994ae8f0553fdcfbdf70c59fb6112f45efe8d16c0
[INFO] running `Command { std: "docker" "create" "-v" "/var/lib/crater-agent-workspace/builds/worker-4-tc1/target:/opt/rustwide/target:rw,Z" "-v" "/var/lib/crater-agent-workspace/builds/worker-4-tc1/source:/opt/rustwide/workdir:ro,Z" "-v" "/var/lib/crater-agent-workspace/cargo-home:/opt/rustwide/cargo-home:ro,Z" "-v" "/var/lib/crater-agent-workspace/rustup-home:/opt/rustwide/rustup-home:ro,Z" "-e" "SOURCE_DIR=/opt/rustwide/workdir" "-e" "CARGO_TARGET_DIR=/opt/rustwide/target" "-e" "CARGO_INCREMENTAL=0" "-e" "RUST_BACKTRACE=full" "-e" "RUSTFLAGS=--cap-lints=forbid" "-e" "RUSTDOCFLAGS=--cap-lints=forbid" "-e" "CARGO_HOME=/opt/rustwide/cargo-home" "-e" "RUSTUP_HOME=/opt/rustwide/rustup-home" "-w" "/opt/rustwide/workdir" "-m" "1610612736" "--user" "0:0" "--network" "none" "ghcr.io/rust-lang/crates-build-env/linux@sha256:819108c5571ea2e421544af4d832f968d213c87fbe3707a016657f43d2f853bc" "/opt/rustwide/cargo-home/bin/cargo" "+nightly-2025-01-18" "test" "--frozen", kill_on_drop: false }`
[INFO] [stdout] 0073c307a1abfff96d1be41c7e09f6f91ab5d6296882609af9306ef40ca317da
[INFO] running `Command { std: "docker" "start" "-a" "0073c307a1abfff96d1be41c7e09f6f91ab5d6296882609af9306ef40ca317da", kill_on_drop: false }`
[INFO] [stderr] warning: unused imports: `error::Error` and `str::FromStr`
[INFO] [stderr]  --> src/aoc2024/mod.rs:1:11
[INFO] [stderr]   |
[INFO] [stderr] 1 | use std::{error::Error, str::FromStr};
[INFO] [stderr]   |           ^^^^^^^^^^^^  ^^^^^^^^^^^^
[INFO] [stderr]   |
[INFO] [stderr]   = note: `#[warn(unused_imports)]` on by default
[INFO] [stderr] 
[INFO] [stderr] warning: unused import: `ops::Index`
[INFO] [stderr]  --> src/aoc2024/day5_2.rs:1:51
[INFO] [stderr]   |
[INFO] [stderr] 1 | use std::{collections::HashMap, error::Error, fs, ops::Index, str::FromStr};
[INFO] [stderr]   |                                                   ^^^^^^^^^^
[INFO] [stderr] 
[INFO] [stderr] warning: unused variable: `rules_to_check`
[INFO] [stderr]  --> src/aoc2024/day5_2.rs:8:9
[INFO] [stderr]   |
[INFO] [stderr] 8 |     let rules_to_check: Vec<(i32, i32)> = split
[INFO] [stderr]   |         ^^^^^^^^^^^^^^ help: if this is intentional, prefix it with an underscore: `_rules_to_check`
[INFO] [stderr]   |
[INFO] [stderr]   = note: `#[warn(unused_variables)]` on by default
[INFO] [stderr] 
[INFO] [stderr] warning: function `main` is never used
[INFO] [stderr]  --> src/aoc2024/day1.rs:3:4
[INFO] [stderr]   |
[INFO] [stderr] 3 | fn main() -> Result<(), Box<dyn Error>> {
[INFO] [stderr]   |    ^^^^
[INFO] [stderr]   |
[INFO] [stderr]   = note: `#[warn(dead_code)]` on by default
[INFO] [stderr] 
[INFO] [stderr] warning: function `find_sum` is never used
[INFO] [stderr]   --> src/aoc2024/day1.rs:32:4
[INFO] [stderr]    |
[INFO] [stderr] 32 | fn find_sum(p: &mut Vec<i32>, q: &mut Vec<i32>) -> i32 {
[INFO] [stderr]    |    ^^^^^^^^
[INFO] [stderr] 
[INFO] [stderr] warning: function `main` is never used
[INFO] [stderr]  --> src/aoc2024/day1_2.rs:3:4
[INFO] [stderr]   |
[INFO] [stderr] 3 | fn main() -> Result<(), Box<dyn Error>> {
[INFO] [stderr]   |    ^^^^
[INFO] [stderr] 
[INFO] [stderr] warning: function `find_sum_of_products` is never used
[INFO] [stderr]   --> src/aoc2024/day1_2.rs:37:4
[INFO] [stderr]    |
[INFO] [stderr] 37 | fn find_sum_of_products(p: &mut Vec<i32>, q: &HashMap<i32, i32>) -> i32 {
[INFO] [stderr]    |    ^^^^^^^^^^^^^^^^^^^^
[INFO] [stderr] 
[INFO] [stderr] warning: function `main` is never used
[INFO] [stderr]  --> src/aoc2024/day2.rs:3:4
[INFO] [stderr]   |
[INFO] [stderr] 3 | fn main() -> Result<(), Box<dyn Error>> {
[INFO] [stderr]   |    ^^^^
[INFO] [stderr] 
[INFO] [stderr] warning: function `is_safe` is never used
[INFO] [stderr]   --> src/aoc2024/day2.rs:18:4
[INFO] [stderr]    |
[INFO] [stderr] 18 | fn is_safe(line: &str) -> bool {
[INFO] [stderr]    |    ^^^^^^^
[INFO] [stderr] 
[INFO] [stderr] warning: function `main` is never used
[INFO] [stderr]  --> src/aoc2024/day2_2.rs:3:4
[INFO] [stderr]   |
[INFO] [stderr] 3 | fn main() -> Result<(), Box<dyn Error>> {
[INFO] [stderr]   |    ^^^^
[INFO] [stderr] 
[INFO] [stderr] warning: function `is_safe` is never used
[INFO] [stderr]   --> src/aoc2024/day2_2.rs:18:4
[INFO] [stderr]    |
[INFO] [stderr] 18 | fn is_safe(line: &str) -> bool {
[INFO] [stderr]    |    ^^^^^^^
[INFO] [stderr] 
[INFO] [stderr] warning: function `inner_is_safe` is never used
[INFO] [stderr]   --> src/aoc2024/day2_2.rs:55:4
[INFO] [stderr]    |
[INFO] [stderr] 55 | fn inner_is_safe(input: &[i32]) -> bool {
[INFO] [stderr]    |    ^^^^^^^^^^^^^
[INFO] [stderr] 
[INFO] [stderr] warning: function `main` is never used
[INFO] [stderr]  --> src/aoc2024/day3.rs:5:4
[INFO] [stderr]   |
[INFO] [stderr] 5 | fn main() -> Result<(), Box<dyn Error>> {
[INFO] [stderr]   |    ^^^^
[INFO] [stderr] 
[INFO] [stderr] warning: function `main` is never used
[INFO] [stderr]  --> src/aoc2024/day3_2.rs:5:4
[INFO] [stderr]   |
[INFO] [stderr] 5 | fn main() -> Result<(), Box<dyn Error>> {
[INFO] [stderr]   |    ^^^^
[INFO] [stderr] 
[INFO] [stderr] warning: fields `v` and `found` are never read
[INFO] [stderr]   --> src/aoc2024/day4.rs:26:5
[INFO] [stderr]    |
[INFO] [stderr] 25 | struct Tile {
[INFO] [stderr]    |        ---- fields in this struct
[INFO] [stderr] 26 |     v: TileValue,
[INFO] [stderr]    |     ^
[INFO] [stderr] 27 |     found: bool,
[INFO] [stderr]    |     ^^^^^
[INFO] [stderr]    |
[INFO] [stderr]    = note: `Tile` has a derived impl for the trait `Debug`, but this is intentionally ignored during dead code analysis
[INFO] [stderr] 
[INFO] [stderr] warning: struct `Puzzle` is never constructed
[INFO] [stderr]   --> src/aoc2024/day4.rs:52:8
[INFO] [stderr]    |
[INFO] [stderr] 52 | struct Puzzle {
[INFO] [stderr]    |        ^^^^^^
[INFO] [stderr] 
[INFO] [stderr] warning: constant `LEN` is never used
[INFO] [stderr]   --> src/aoc2024/day4.rs:58:7
[INFO] [stderr]    |
[INFO] [stderr] 58 | const LEN: usize = 3;
[INFO] [stderr]    |       ^^^
[INFO] [stderr] 
[INFO] [stderr] warning: multiple associated items are never used
[INFO] [stderr]    --> src/aoc2024/day4.rs:61:8
[INFO] [stderr]     |
[INFO] [stderr] 60  | impl Puzzle {
[INFO] [stderr]     | ----------- associated items in this implementation
[INFO] [stderr] 61  |     fn new(input: String) -> Self {
[INFO] [stderr]     |        ^^^
[INFO] [stderr] ...
[INFO] [stderr] 80  |     fn find_xmas(&mut self) -> i32 {
[INFO] [stderr]     |        ^^^^^^^^^
[INFO] [stderr] ...
[INFO] [stderr] 116 |     fn find_x_max(&mut self) -> i32 {
[INFO] [stderr]     |        ^^^^^^^^^^
[INFO] [stderr] ...
[INFO] [stderr] 132 |     fn mark_x(&mut self, h: usize, w: usize) {
[INFO] [stderr]     |        ^^^^^^
[INFO] [stderr] ...
[INFO] [stderr] 142 |     fn search_forward_slash(&self, h: usize, w: usize) -> bool {
[INFO] [stderr]     |        ^^^^^^^^^^^^^^^^^^^^
[INFO] [stderr] ...
[INFO] [stderr] 159 |     fn search_back_slash(&self, h: usize, w: usize) -> bool {
[INFO] [stderr]     |        ^^^^^^^^^^^^^^^^^
[INFO] [stderr] ...
[INFO] [stderr] 176 |     fn found(&mut self, h: usize, w: usize) {
[INFO] [stderr]     |        ^^^^^
[INFO] [stderr] ...
[INFO] [stderr] 181 |     fn search_right(&mut self, h: usize, w: usize) -> bool {
[INFO] [stderr]     |        ^^^^^^^^^^^^
[INFO] [stderr] ...
[INFO] [stderr] 201 |     fn search_left(&mut self, h: usize, w: usize) -> bool {
[INFO] [stderr]     |        ^^^^^^^^^^^
[INFO] [stderr] ...
[INFO] [stderr] 220 |     fn search_down(&mut self, h: usize, w: usize) -> bool {
[INFO] [stderr]     |        ^^^^^^^^^^^
[INFO] [stderr] ...
[INFO] [stderr] 240 |     fn search_up(&mut self, h: usize, w: usize) -> bool {
[INFO] [stderr]     |        ^^^^^^^^^
[INFO] [stderr] ...
[INFO] [stderr] 260 |     fn search_up_right(&mut self, h: usize, w: usize) -> bool {
[INFO] [stderr]     |        ^^^^^^^^^^^^^^^
[INFO] [stderr] ...
[INFO] [stderr] 277 |     fn search_up_left(&mut self, h: usize, w: usize) -> bool {
[INFO] [stderr]     |        ^^^^^^^^^^^^^^
[INFO] [stderr] ...
[INFO] [stderr] 294 |     fn search_down_right(&mut self, h: usize, w: usize) -> bool {
[INFO] [stderr]     |        ^^^^^^^^^^^^^^^^^
[INFO] [stderr] ...
[INFO] [stderr] 312 |     fn search_down_left(&mut self, h: usize, w: usize) -> bool {
[INFO] [stderr]     |        ^^^^^^^^^^^^^^^^
[INFO] [stderr] 
[INFO] [stderr] warning: function `main` is never used
[INFO] [stderr]    --> src/aoc2024/day4.rs:332:4
[INFO] [stderr]     |
[INFO] [stderr] 332 | fn main() -> Result<(), Box<dyn Error>> {
[INFO] [stderr]     |    ^^^^
[INFO] [stderr] 
[INFO] [stderr] warning: function `main` is never used
[INFO] [stderr]  --> src/aoc2024/day5.rs:3:4
[INFO] [stderr]   |
[INFO] [stderr] 3 | fn main() -> Result<(), Box<dyn Error>> {
[INFO] [stderr]   |    ^^^^
[INFO] [stderr] 
[INFO] [stderr] warning: function `is_page_safe` is never used
[INFO] [stderr]   --> src/aoc2024/day5.rs:44:4
[INFO] [stderr]    |
[INFO] [stderr] 44 | fn is_page_safe(rules: &[(i32, i32)], page: &[i32]) -> bool {
[INFO] [stderr]    |    ^^^^^^^^^^^^
[INFO] [stderr] 
[INFO] [stderr] warning: function `is_page_safe` is never used
[INFO] [stderr]   --> src/aoc2024/day5_2.rs:81:4
[INFO] [stderr]    |
[INFO] [stderr] 81 | fn is_page_safe(rules: &[(i32, i32)], page: &[i32]) -> bool {
[INFO] [stderr]    |    ^^^^^^^^^^^^
[INFO] [stderr] 
[INFO] [stderr] warning: unused variable: `puzzle`
[INFO] [stderr]    --> src/aoc2024/day4.rs:389:13
[INFO] [stderr]     |
[INFO] [stderr] 389 |         let puzzle = Puzzle::new(input.to_string());
[INFO] [stderr]     |             ^^^^^^ help: if this is intentional, prefix it with an underscore: `_puzzle`
[INFO] [stderr]     |
[INFO] [stderr]     = note: `#[warn(unused_variables)]` on by default
[INFO] [stderr] 
[INFO] [stderr] warning: unused variable: `rules_to_check`
[INFO] [stderr]  --> src/aoc2024/day5_2.rs:8:9
[INFO] [stderr]   |
[INFO] [stderr] 8 |     let rules_to_check: Vec<(i32, i32)> = split
[INFO] [stderr]   |         ^^^^^^^^^^^^^^ help: if this is intentional, prefix it with an underscore: `_rules_to_check`
[INFO] [stderr] 
[INFO] [stderr] warning: `advent-of-code` (lib) generated 22 warnings (run `cargo fix --lib -p advent-of-code` to apply 2 suggestions)
[INFO] [stderr] warning: `advent-of-code` (lib test) generated 14 warnings (12 duplicates)
[INFO] [stderr] warning: unused import: `ops::Index`
[INFO] [stderr]  --> src/aoc2024/day5_2.rs:1:51
[INFO] [stderr]   |
[INFO] [stderr] 1 | use std::{collections::HashMap, error::Error, fs, ops::Index, str::FromStr};
[INFO] [stderr]   |                                                   ^^^^^^^^^^
[INFO] [stderr]   |
[INFO] [stderr]   = note: `#[warn(unused_imports)]` on by default
[INFO] [stderr] 
[INFO] [stderr] warning: function `is_page_safe` is never used
[INFO] [stderr]   --> src/aoc2024/day5_2.rs:81:4
[INFO] [stderr]    |
[INFO] [stderr] 81 | fn is_page_safe(rules: &[(i32, i32)], page: &[i32]) -> bool {
[INFO] [stderr]    |    ^^^^^^^^^^^^
[INFO] [stderr]    |
[INFO] [stderr]    = note: `#[warn(dead_code)]` on by default
[INFO] [stderr] 
[INFO] [stderr] warning: `advent-of-code` (bin "day4" test) generated 1 warning (1 duplicate)
[INFO] [stderr] warning: `advent-of-code` (bin "day5_2" test) generated 3 warnings (1 duplicate) (run `cargo fix --bin "day5_2" --tests` to apply 1 suggestion)
[INFO] [stderr]     Finished `test` profile [unoptimized + debuginfo] target(s) in 0.03s
[INFO] [stderr]      Running unittests src/lib.rs (/opt/rustwide/target/debug/deps/advent_of_code-3e4003f76ed4d169)
[INFO] [stdout] 
[INFO] [stdout] running 15 tests
[INFO] [stdout] test aoc2024::day1_2::test::test ... ok
[INFO] [stdout] test aoc2024::day2::test::test ... ok
[INFO] [stdout] test aoc2024::day1::test::test ... ok
[INFO] [stdout] test aoc2024::day2_2::test::test ... ok
[INFO] [stdout] test aoc2024::day4::test::test ... ok
[INFO] [stdout] test aoc2024::day4::test::test_2 ... ok
[INFO] [stdout] test aoc2024::day6::tests::move_down ... ok
[INFO] [stdout] test aoc2024::day8::tests::part_2 ... ok
[INFO] [stdout] test aoc2024::day6::tests::move_left ... ok
[INFO] [stdout] test aoc2024::day8::tests::test ... ok
[INFO] [stdout] test aoc2024::day6::tests::test ... ok
[INFO] [stdout] test aoc2024::day6::tests::move_right ... ok
[INFO] [stdout] test aoc2024::day6::tests::move_up ... ok
[INFO] [stdout] test aoc2024::day6::tests::find_cycles ... ok
[INFO] [stdout] test aoc2024::day7::tests::test_name ... FAILED
[INFO] [stdout] 
[INFO] [stdout] failures:
[INFO] [stdout] 
[INFO] [stdout] ---- aoc2024::day7::tests::test_name stdout ----
[INFO] [stdout] 
[INFO] [stdout] thread 'aoc2024::day7::tests::test_name' panicked at src/aoc2024/day7.rs:64:9:
[INFO] [stdout] assertion failed: !can_be_solved(156, &vec![15, 6])
[INFO] [stdout] stack backtrace:
[INFO] [stdout]    0:     0x5693af78789a - std::backtrace_rs::backtrace::libunwind::trace::hb059275cfc8d6126
[INFO] [stdout]                                at /rustc/6067b36314ab5eb2eb47cecc464545ba58e1ad24/library/std/src/../../backtrace/src/backtrace/libunwind.rs:116:5
[INFO] [stdout]    1:     0x5693af78789a - std::backtrace_rs::backtrace::trace_unsynchronized::h2da071e4327ce3ee
[INFO] [stdout]                                at /rustc/6067b36314ab5eb2eb47cecc464545ba58e1ad24/library/std/src/../../backtrace/src/backtrace/mod.rs:66:5
[INFO] [stdout]    2:     0x5693af78789a - std::sys::backtrace::_print_fmt::h842a1474e6f8d23f
[INFO] [stdout]                                at /rustc/6067b36314ab5eb2eb47cecc464545ba58e1ad24/library/std/src/sys/backtrace.rs:66:9
[INFO] [stdout]    3:     0x5693af78789a - <std::sys::backtrace::BacktraceLock::print::DisplayBacktrace as core::fmt::Display>::fmt::h71a62eb3b9696b12
[INFO] [stdout]                                at /rustc/6067b36314ab5eb2eb47cecc464545ba58e1ad24/library/std/src/sys/backtrace.rs:39:26
[INFO] [stdout]    4:     0x5693af7af0f3 - core::fmt::rt::Argument::fmt::hdb6b616786b41dc1
[INFO] [stdout]                                at /rustc/6067b36314ab5eb2eb47cecc464545ba58e1ad24/library/core/src/fmt/rt.rs:177:76
[INFO] [stdout]    5:     0x5693af7af0f3 - core::fmt::write::h2cc1698af7e2d686
[INFO] [stdout]                                at /rustc/6067b36314ab5eb2eb47cecc464545ba58e1ad24/library/core/src/fmt/mod.rs:1440:21
[INFO] [stdout]    6:     0x5693af7843f3 - std::io::Write::write_fmt::hab1b4cd059a79022
[INFO] [stdout]                                at /rustc/6067b36314ab5eb2eb47cecc464545ba58e1ad24/library/std/src/io/mod.rs:1887:15
[INFO] [stdout]    7:     0x5693af7876e2 - std::sys::backtrace::BacktraceLock::print::h147fe35b4ea13b08
[INFO] [stdout]                                at /rustc/6067b36314ab5eb2eb47cecc464545ba58e1ad24/library/std/src/sys/backtrace.rs:42:9
[INFO] [stdout]    8:     0x5693af788cbf - std::panicking::default_hook::{{closure}}::hbd44223dbdc0d208
[INFO] [stdout]                                at /rustc/6067b36314ab5eb2eb47cecc464545ba58e1ad24/library/std/src/panicking.rs:298:22
[INFO] [stdout]    9:     0x5693af788ad8 - std::panicking::default_hook::h20f81eb0576efcec
[INFO] [stdout]                                at /rustc/6067b36314ab5eb2eb47cecc464545ba58e1ad24/library/std/src/panicking.rs:322:9
[INFO] [stdout]   10:     0x5693af73f743 - <alloc::boxed::Box<F,A> as core::ops::function::Fn<Args>>::call::hdb53814c496a4d34
[INFO] [stdout]                                at /rustc/6067b36314ab5eb2eb47cecc464545ba58e1ad24/library/alloc/src/boxed.rs:2027:9
[INFO] [stdout]   11:     0x5693af73f743 - test::test_main::{{closure}}::hc0a4963c59427c24
[INFO] [stdout]                                at /rustc/6067b36314ab5eb2eb47cecc464545ba58e1ad24/library/test/src/lib.rs:134:21
[INFO] [stdout]   12:     0x5693af7897b3 - <alloc::boxed::Box<F,A> as core::ops::function::Fn<Args>>::call::h591b2225413a77e9
[INFO] [stdout]                                at /rustc/6067b36314ab5eb2eb47cecc464545ba58e1ad24/library/alloc/src/boxed.rs:2027:9
[INFO] [stdout]   13:     0x5693af7897b3 - std::panicking::rust_panic_with_hook::h625eea43051b2edc
[INFO] [stdout]                                at /rustc/6067b36314ab5eb2eb47cecc464545ba58e1ad24/library/std/src/panicking.rs:839:13
[INFO] [stdout]   14:     0x5693af789436 - std::panicking::begin_panic_handler::{{closure}}::h4f9159cfbc3f6bd3
[INFO] [stdout]                                at /rustc/6067b36314ab5eb2eb47cecc464545ba58e1ad24/library/std/src/panicking.rs:697:13
[INFO] [stdout]   15:     0x5693af787d99 - std::sys::backtrace::__rust_end_short_backtrace::h0390abce48353151
[INFO] [stdout]                                at /rustc/6067b36314ab5eb2eb47cecc464545ba58e1ad24/library/std/src/sys/backtrace.rs:168:18
[INFO] [stdout]   16:     0x5693af7890fd - rust_begin_unwind
[INFO] [stdout]                                at /rustc/6067b36314ab5eb2eb47cecc464545ba58e1ad24/library/std/src/panicking.rs:695:5
[INFO] [stdout]   17:     0x5693af7ada90 - core::panicking::panic_fmt::h9e7c637e9e5f29c9
[INFO] [stdout]                                at /rustc/6067b36314ab5eb2eb47cecc464545ba58e1ad24/library/core/src/panicking.rs:75:14
[INFO] [stdout]   18:     0x5693af7adb1c - core::panicking::panic::haa3255ea20181a33
[INFO] [stdout]                                at /rustc/6067b36314ab5eb2eb47cecc464545ba58e1ad24/library/core/src/panicking.rs:145:5
[INFO] [stdout]   19:     0x5693af6fad66 - advent_of_code::aoc2024::day7::tests::test_name::h4ddaef68f84059a6
[INFO] [stdout]                                at /opt/rustwide/workdir/src/aoc2024/day7.rs:64:9
[INFO] [stdout]   20:     0x5693af6fa927 - advent_of_code::aoc2024::day7::tests::test_name::{{closure}}::h40204ebabc832bff
[INFO] [stdout]                                at /opt/rustwide/workdir/src/aoc2024/day7.rs:60:19
[INFO] [stdout]   21:     0x5693af6f73e6 - core::ops::function::FnOnce::call_once::h763682a2d5ebf410
[INFO] [stdout]                                at /rustc/6067b36314ab5eb2eb47cecc464545ba58e1ad24/library/core/src/ops/function.rs:250:5
[INFO] [stdout]   22:     0x5693af744e9b - core::ops::function::FnOnce::call_once::he27718dfdd183f43
[INFO] [stdout]                                at /rustc/6067b36314ab5eb2eb47cecc464545ba58e1ad24/library/core/src/ops/function.rs:250:5
[INFO] [stdout]   23:     0x5693af744e9b - test::__rust_begin_short_backtrace::h4e84902998457a5d
[INFO] [stdout]                                at /rustc/6067b36314ab5eb2eb47cecc464545ba58e1ad24/library/test/src/lib.rs:632:18
[INFO] [stdout]   24:     0x5693af743dd3 - test::run_test_in_process::{{closure}}::h7176fd18fc1feca0
[INFO] [stdout]                                at /rustc/6067b36314ab5eb2eb47cecc464545ba58e1ad24/library/test/src/lib.rs:655:60
[INFO] [stdout]   25:     0x5693af743dd3 - <core::panic::unwind_safe::AssertUnwindSafe<F> as core::ops::function::FnOnce<()>>::call_once::hf79cff2a624d8cf7
[INFO] [stdout]                                at /rustc/6067b36314ab5eb2eb47cecc464545ba58e1ad24/library/core/src/panic/unwind_safe.rs:272:9
[INFO] [stdout]   26:     0x5693af743dd3 - std::panicking::try::do_call::h3da0561d9ab99c25
[INFO] [stdout]                                at /rustc/6067b36314ab5eb2eb47cecc464545ba58e1ad24/library/std/src/panicking.rs:587:40
[INFO] [stdout]   27:     0x5693af743dd3 - std::panicking::try::h41c9fa508bc61df6
[INFO] [stdout]                                at /rustc/6067b36314ab5eb2eb47cecc464545ba58e1ad24/library/std/src/panicking.rs:550:19
[INFO] [stdout]   28:     0x5693af743dd3 - std::panic::catch_unwind::h6b3ff07bb5afad93
[INFO] [stdout]                                at /rustc/6067b36314ab5eb2eb47cecc464545ba58e1ad24/library/std/src/panic.rs:358:14
[INFO] [stdout]   29:     0x5693af743dd3 - test::run_test_in_process::hc7253dd11b39b9f4
[INFO] [stdout]                                at /rustc/6067b36314ab5eb2eb47cecc464545ba58e1ad24/library/test/src/lib.rs:655:27
[INFO] [stdout]   30:     0x5693af743dd3 - test::run_test::{{closure}}::hfb2007f8649c30bb
[INFO] [stdout]                                at /rustc/6067b36314ab5eb2eb47cecc464545ba58e1ad24/library/test/src/lib.rs:576:43
[INFO] [stdout]   31:     0x5693af706eb5 - test::run_test::{{closure}}::h56a17aa7a282a9f4
[INFO] [stdout]                                at /rustc/6067b36314ab5eb2eb47cecc464545ba58e1ad24/library/test/src/lib.rs:606:41
[INFO] [stdout]   32:     0x5693af706eb5 - std::sys::backtrace::__rust_begin_short_backtrace::hd2d2d2fb8e8c6aac
[INFO] [stdout]                                at /rustc/6067b36314ab5eb2eb47cecc464545ba58e1ad24/library/std/src/sys/backtrace.rs:152:18
[INFO] [stdout]   33:     0x5693af70a79a - std::thread::Builder::spawn_unchecked_::{{closure}}::{{closure}}::h4faa3f9db6133423
[INFO] [stdout]                                at /rustc/6067b36314ab5eb2eb47cecc464545ba58e1ad24/library/std/src/thread/mod.rs:559:17
[INFO] [stdout]   34:     0x5693af70a79a - <core::panic::unwind_safe::AssertUnwindSafe<F> as core::ops::function::FnOnce<()>>::call_once::hf2e855a36a4ea846
[INFO] [stdout]                                at /rustc/6067b36314ab5eb2eb47cecc464545ba58e1ad24/library/core/src/panic/unwind_safe.rs:272:9
[INFO] [stdout]   35:     0x5693af70a79a - std::panicking::try::do_call::h2f73af3616c35465
[INFO] [stdout]                                at /rustc/6067b36314ab5eb2eb47cecc464545ba58e1ad24/library/std/src/panicking.rs:587:40
[INFO] [stdout]   36:     0x5693af70a79a - std::panicking::try::hd1660ce9efadef5a
[INFO] [stdout]                                at /rustc/6067b36314ab5eb2eb47cecc464545ba58e1ad24/library/std/src/panicking.rs:550:19
[INFO] [stdout]   37:     0x5693af70a79a - std::panic::catch_unwind::h5ee8d7823b8ca744
[INFO] [stdout]                                at /rustc/6067b36314ab5eb2eb47cecc464545ba58e1ad24/library/std/src/panic.rs:358:14
[INFO] [stdout]   38:     0x5693af70a79a - std::thread::Builder::spawn_unchecked_::{{closure}}::h53c3a1894dce8407
[INFO] [stdout]                                at /rustc/6067b36314ab5eb2eb47cecc464545ba58e1ad24/library/std/src/thread/mod.rs:557:30
[INFO] [stdout]   39:     0x5693af70a79a - core::ops::function::FnOnce::call_once{{vtable.shim}}::h048ce291ad4f62bf
[INFO] [stdout]                                at /rustc/6067b36314ab5eb2eb47cecc464545ba58e1ad24/library/core/src/ops/function.rs:250:5
[INFO] [stdout]   40:     0x5693af78d6eb - <alloc::boxed::Box<F,A> as core::ops::function::FnOnce<Args>>::call_once::ha52bedf99a3b4981
[INFO] [stdout]                                at /rustc/6067b36314ab5eb2eb47cecc464545ba58e1ad24/library/alloc/src/boxed.rs:2013:9
[INFO] [stdout]   41:     0x5693af78d6eb - <alloc::boxed::Box<F,A> as core::ops::function::FnOnce<Args>>::call_once::h567748934d80ccf8
[INFO] [stdout]                                at /rustc/6067b36314ab5eb2eb47cecc464545ba58e1ad24/library/alloc/src/boxed.rs:2013:9
[INFO] [stdout]   42:     0x5693af78d6eb - std::sys::pal::unix::thread::Thread::new::thread_start::h2d970728ae887adc
[INFO] [stdout]                                at /rustc/6067b36314ab5eb2eb47cecc464545ba58e1ad24/library/std/src/sys/pal/unix/thread.rs:106:17
[INFO] [stdout]   43:     0x70217d517ac3 - <unknown>
[INFO] [stdout]   44:     0x70217d5a8a04 - clone
[INFO] [stdout]   45:                0x0 - <unknown>
[INFO] [stdout] 
[INFO] [stdout] 
[INFO] [stdout] failures:
[INFO] [stdout]     aoc2024::day7::tests::test_name
[INFO] [stdout] 
[INFO] [stdout] test result: FAILED. 14 passed; 1 failed; 0 ignored; 0 measured; 0 filtered out; finished in 0.05s
[INFO] [stdout] 
[INFO] [stderr] error: test failed, to rerun pass `--lib`
[INFO] running `Command { std: "docker" "inspect" "0073c307a1abfff96d1be41c7e09f6f91ab5d6296882609af9306ef40ca317da", kill_on_drop: false }`
[INFO] running `Command { std: "docker" "rm" "-f" "0073c307a1abfff96d1be41c7e09f6f91ab5d6296882609af9306ef40ca317da", kill_on_drop: false }`
[INFO] [stdout] 0073c307a1abfff96d1be41c7e09f6f91ab5d6296882609af9306ef40ca317da
