[INFO] cloning repository https://github.com/kawadumax/csv_to_wav
[INFO] running `Command { std: "git" "-c" "credential.helper=" "-c" "credential.helper=/workspace/cargo-home/bin/git-credential-null" "clone" "--bare" "https://github.com/kawadumax/csv_to_wav" "/workspace/cache/git-repos/https%3A%2F%2Fgithub.com%2Fkawadumax%2Fcsv_to_wav", kill_on_drop: false }`
[INFO] [stderr] Cloning into bare repository '/workspace/cache/git-repos/https%3A%2F%2Fgithub.com%2Fkawadumax%2Fcsv_to_wav'...
[INFO] running `Command { std: "git" "rev-parse" "HEAD", kill_on_drop: false }`
[INFO] [stdout] 1a2239eb0330258d24b56b75f496c01f36fda071
[INFO] testing kawadumax/csv_to_wav against nightly-2025-01-18 for randomize-layout-2
[INFO] running `Command { std: "git" "clone" "/workspace/cache/git-repos/https%3A%2F%2Fgithub.com%2Fkawadumax%2Fcsv_to_wav" "/workspace/builds/worker-0-tc1/source", kill_on_drop: false }`
[INFO] [stderr] Cloning into '/workspace/builds/worker-0-tc1/source'...
[INFO] [stderr] done.
[INFO] validating manifest of git repo https://github.com/kawadumax/csv_to_wav on toolchain nightly-2025-01-18
[INFO] running `Command { std: CARGO_HOME="/workspace/cargo-home" RUSTUP_HOME="/workspace/rustup-home" "/workspace/cargo-home/bin/cargo" "+nightly-2025-01-18" "metadata" "--manifest-path" "Cargo.toml" "--no-deps", kill_on_drop: false }`
[INFO] started tweaking git repo https://github.com/kawadumax/csv_to_wav
[INFO] finished tweaking git repo https://github.com/kawadumax/csv_to_wav
[INFO] tweaked toml for git repo https://github.com/kawadumax/csv_to_wav written to /workspace/builds/worker-0-tc1/source/Cargo.toml
[INFO] crate git repo https://github.com/kawadumax/csv_to_wav already has a lockfile, it will not be regenerated
[INFO] running `Command { std: CARGO_HOME="/workspace/cargo-home" RUSTUP_HOME="/workspace/rustup-home" "/workspace/cargo-home/bin/cargo" "+nightly-2025-01-18" "fetch" "--manifest-path" "Cargo.toml", kill_on_drop: false }`
[INFO] running `Command { std: "docker" "create" "-v" "/var/lib/crater-agent-workspace/builds/worker-0-tc1/target:/opt/rustwide/target:rw,Z" "-v" "/var/lib/crater-agent-workspace/builds/worker-0-tc1/source:/opt/rustwide/workdir:ro,Z" "-v" "/var/lib/crater-agent-workspace/cargo-home:/opt/rustwide/cargo-home:ro,Z" "-v" "/var/lib/crater-agent-workspace/rustup-home:/opt/rustwide/rustup-home:ro,Z" "-e" "SOURCE_DIR=/opt/rustwide/workdir" "-e" "CARGO_TARGET_DIR=/opt/rustwide/target" "-e" "CARGO_HOME=/opt/rustwide/cargo-home" "-e" "RUSTUP_HOME=/opt/rustwide/rustup-home" "-w" "/opt/rustwide/workdir" "-m" "1610612736" "--user" "0:0" "--network" "none" "ghcr.io/rust-lang/crates-build-env/linux@sha256:819108c5571ea2e421544af4d832f968d213c87fbe3707a016657f43d2f853bc" "/opt/rustwide/cargo-home/bin/cargo" "+nightly-2025-01-18" "metadata" "--no-deps" "--format-version=1", kill_on_drop: false }`
[INFO] [stdout] d17860024383fc8c84ef3b1486b4e8f756faa5a915fd5b46e79a5074db1b3ff3
[INFO] running `Command { std: "docker" "start" "-a" "d17860024383fc8c84ef3b1486b4e8f756faa5a915fd5b46e79a5074db1b3ff3", kill_on_drop: false }`
[INFO] running `Command { std: "docker" "inspect" "d17860024383fc8c84ef3b1486b4e8f756faa5a915fd5b46e79a5074db1b3ff3", kill_on_drop: false }`
[INFO] running `Command { std: "docker" "rm" "-f" "d17860024383fc8c84ef3b1486b4e8f756faa5a915fd5b46e79a5074db1b3ff3", kill_on_drop: false }`
[INFO] [stdout] d17860024383fc8c84ef3b1486b4e8f756faa5a915fd5b46e79a5074db1b3ff3
[INFO] running `Command { std: "docker" "create" "-v" "/var/lib/crater-agent-workspace/builds/worker-0-tc1/target:/opt/rustwide/target:rw,Z" "-v" "/var/lib/crater-agent-workspace/builds/worker-0-tc1/source:/opt/rustwide/workdir:ro,Z" "-v" "/var/lib/crater-agent-workspace/cargo-home:/opt/rustwide/cargo-home:ro,Z" "-v" "/var/lib/crater-agent-workspace/rustup-home:/opt/rustwide/rustup-home:ro,Z" "-e" "SOURCE_DIR=/opt/rustwide/workdir" "-e" "CARGO_TARGET_DIR=/opt/rustwide/target" "-e" "CARGO_INCREMENTAL=0" "-e" "RUST_BACKTRACE=full" "-e" "RUSTFLAGS=--cap-lints=forbid" "-e" "RUSTDOCFLAGS=--cap-lints=forbid" "-e" "CARGO_HOME=/opt/rustwide/cargo-home" "-e" "RUSTUP_HOME=/opt/rustwide/rustup-home" "-w" "/opt/rustwide/workdir" "-m" "1610612736" "--user" "0:0" "--network" "none" "ghcr.io/rust-lang/crates-build-env/linux@sha256:819108c5571ea2e421544af4d832f968d213c87fbe3707a016657f43d2f853bc" "/opt/rustwide/cargo-home/bin/cargo" "+nightly-2025-01-18" "build" "--frozen" "--message-format=json", kill_on_drop: false }`
[INFO] [stdout] b7cd2aba63e132b0ce7f369c91087220a81eb4824e7dbd00b674f352344d6436
[INFO] running `Command { std: "docker" "start" "-a" "b7cd2aba63e132b0ce7f369c91087220a81eb4824e7dbd00b674f352344d6436", kill_on_drop: false }`
[INFO] [stderr]    Compiling memchr v2.4.1
[INFO] [stderr]    Compiling num-traits v0.2.14
[INFO] [stderr]    Compiling libc v0.2.112
[INFO] [stderr]    Compiling serde v1.0.130
[INFO] [stderr]    Compiling num-integer v0.1.44
[INFO] [stderr]    Compiling regex-automata v0.1.10
[INFO] [stderr]    Compiling riff v1.0.1
[INFO] [stderr]    Compiling itoa v0.4.8
[INFO] [stderr]    Compiling wav v1.0.0
[INFO] [stderr]    Compiling csv-core v0.1.10
[INFO] [stderr]    Compiling time v0.1.44
[INFO] [stderr]    Compiling chrono v0.4.19
[INFO] [stderr]    Compiling bstr v0.2.17
[INFO] [stderr]    Compiling csv v1.1.6
[INFO] [stderr]    Compiling csv_to_wav v0.1.0 (/opt/rustwide/workdir)
[INFO] [stdout] warning: unused imports: `Date` and `Local`
[INFO] [stdout]  --> src/lib.rs:1:14
[INFO] [stdout]   |
[INFO] [stdout] 1 | use chrono::{Date, Local};
[INFO] [stdout]   |              ^^^^  ^^^^^
[INFO] [stdout]   |
[INFO] [stdout]   = note: `#[warn(unused_imports)]` on by default
[INFO] [stdout] 
[INFO] [stdout] 
[INFO] [stdout] warning: unused imports: `io::SeekFrom` and `ops::Deref`
[INFO] [stdout]  --> src/lib.rs:2:11
[INFO] [stdout]   |
[INFO] [stdout] 2 | use std::{io::SeekFrom, ops::Deref};
[INFO] [stdout]   |           ^^^^^^^^^^^^  ^^^^^^^^^^
[INFO] [stdout] 
[INFO] [stdout] 
[INFO] [stdout] warning: unused import: `wav::BitDepth`
[INFO] [stdout]  --> src/lib.rs:3:5
[INFO] [stdout]   |
[INFO] [stdout] 3 | use wav::BitDepth;
[INFO] [stdout]   |     ^^^^^^^^^^^^^
[INFO] [stdout] 
[INFO] [stdout] 
[INFO] [stdout] warning: unused import: `std::f32::consts::PI`
[INFO] [stdout]   --> src/lib.rs:42:13
[INFO] [stdout]    |
[INFO] [stdout] 42 |         use std::f32::consts::PI;
[INFO] [stdout]    |             ^^^^^^^^^^^^^^^^^^^^
[INFO] [stdout] 
[INFO] [stdout] 
[INFO] [stderr]     Finished `dev` profile [unoptimized + debuginfo] target(s) in 7.10s
[INFO] running `Command { std: "docker" "inspect" "b7cd2aba63e132b0ce7f369c91087220a81eb4824e7dbd00b674f352344d6436", kill_on_drop: false }`
[INFO] running `Command { std: "docker" "rm" "-f" "b7cd2aba63e132b0ce7f369c91087220a81eb4824e7dbd00b674f352344d6436", kill_on_drop: false }`
[INFO] [stdout] b7cd2aba63e132b0ce7f369c91087220a81eb4824e7dbd00b674f352344d6436
[INFO] running `Command { std: "docker" "create" "-v" "/var/lib/crater-agent-workspace/builds/worker-0-tc1/target:/opt/rustwide/target:rw,Z" "-v" "/var/lib/crater-agent-workspace/builds/worker-0-tc1/source:/opt/rustwide/workdir:ro,Z" "-v" "/var/lib/crater-agent-workspace/cargo-home:/opt/rustwide/cargo-home:ro,Z" "-v" "/var/lib/crater-agent-workspace/rustup-home:/opt/rustwide/rustup-home:ro,Z" "-e" "SOURCE_DIR=/opt/rustwide/workdir" "-e" "CARGO_TARGET_DIR=/opt/rustwide/target" "-e" "CARGO_INCREMENTAL=0" "-e" "RUST_BACKTRACE=full" "-e" "RUSTFLAGS=--cap-lints=forbid" "-e" "RUSTDOCFLAGS=--cap-lints=forbid" "-e" "CARGO_HOME=/opt/rustwide/cargo-home" "-e" "RUSTUP_HOME=/opt/rustwide/rustup-home" "-w" "/opt/rustwide/workdir" "-m" "1610612736" "--user" "0:0" "--network" "none" "ghcr.io/rust-lang/crates-build-env/linux@sha256:819108c5571ea2e421544af4d832f968d213c87fbe3707a016657f43d2f853bc" "/opt/rustwide/cargo-home/bin/cargo" "+nightly-2025-01-18" "test" "--frozen" "--no-run" "--message-format=json", kill_on_drop: false }`
[INFO] [stdout] 2f430a9a3f8e212a5c35e54604cd087e1dd124d3db61075c16cdf9931b0407a7
[INFO] running `Command { std: "docker" "start" "-a" "2f430a9a3f8e212a5c35e54604cd087e1dd124d3db61075c16cdf9931b0407a7", kill_on_drop: false }`
[INFO] [stdout] warning: unused imports: `Date` and `Local`
[INFO] [stdout]  --> src/lib.rs:1:14
[INFO] [stdout]   |
[INFO] [stdout] 1 | use chrono::{Date, Local};
[INFO] [stdout]   |              ^^^^  ^^^^^
[INFO] [stdout]   |
[INFO] [stdout]   = note: `#[warn(unused_imports)]` on by default
[INFO] [stdout] 
[INFO] [stdout] 
[INFO] [stdout] warning: unused imports: `io::SeekFrom` and `ops::Deref`
[INFO] [stdout]  --> src/lib.rs:2:11
[INFO] [stdout]   |
[INFO] [stdout] 2 | use std::{io::SeekFrom, ops::Deref};
[INFO] [stdout]   |           ^^^^^^^^^^^^  ^^^^^^^^^^
[INFO] [stdout] 
[INFO] [stdout] 
[INFO] [stderr]    Compiling csv_to_wav v0.1.0 (/opt/rustwide/workdir)
[INFO] [stdout] warning: unused import: `wav::BitDepth`
[INFO] [stdout]  --> src/lib.rs:3:5
[INFO] [stdout]   |
[INFO] [stdout] 3 | use wav::BitDepth;
[INFO] [stdout]   |     ^^^^^^^^^^^^^
[INFO] [stdout] 
[INFO] [stdout] 
[INFO] [stdout] warning: unused import: `std::f32::consts::PI`
[INFO] [stdout]   --> src/lib.rs:42:13
[INFO] [stdout]    |
[INFO] [stdout] 42 |         use std::f32::consts::PI;
[INFO] [stdout]    |             ^^^^^^^^^^^^^^^^^^^^
[INFO] [stdout] 
[INFO] [stdout] 
[INFO] [stdout] warning: unused imports: `Date` and `Local`
[INFO] [stdout]  --> src/lib.rs:1:14
[INFO] [stdout]   |
[INFO] [stdout] 1 | use chrono::{Date, Local};
[INFO] [stdout]   |              ^^^^  ^^^^^
[INFO] [stdout]   |
[INFO] [stdout]   = note: `#[warn(unused_imports)]` on by default
[INFO] [stdout] 
[INFO] [stdout] 
[INFO] [stdout] warning: unused imports: `io::SeekFrom` and `ops::Deref`
[INFO] [stdout]  --> src/lib.rs:2:11
[INFO] [stdout]   |
[INFO] [stdout] 2 | use std::{io::SeekFrom, ops::Deref};
[INFO] [stdout]   |           ^^^^^^^^^^^^  ^^^^^^^^^^
[INFO] [stdout] 
[INFO] [stdout] 
[INFO] [stdout] warning: unused import: `wav::BitDepth`
[INFO] [stdout]  --> src/lib.rs:3:5
[INFO] [stdout]   |
[INFO] [stdout] 3 | use wav::BitDepth;
[INFO] [stdout]   |     ^^^^^^^^^^^^^
[INFO] [stdout] 
[INFO] [stdout] 
[INFO] [stdout] warning: unused import: `std::f32::consts::PI`
[INFO] [stdout]   --> src/lib.rs:42:13
[INFO] [stdout]    |
[INFO] [stdout] 42 |         use std::f32::consts::PI;
[INFO] [stdout]    |             ^^^^^^^^^^^^^^^^^^^^
[INFO] [stdout] 
[INFO] [stdout] 
[INFO] [stderr]     Finished `test` profile [unoptimized + debuginfo] target(s) in 0.45s
[INFO] running `Command { std: "docker" "inspect" "2f430a9a3f8e212a5c35e54604cd087e1dd124d3db61075c16cdf9931b0407a7", kill_on_drop: false }`
[INFO] running `Command { std: "docker" "rm" "-f" "2f430a9a3f8e212a5c35e54604cd087e1dd124d3db61075c16cdf9931b0407a7", kill_on_drop: false }`
[INFO] [stdout] 2f430a9a3f8e212a5c35e54604cd087e1dd124d3db61075c16cdf9931b0407a7
[INFO] running `Command { std: "docker" "create" "-v" "/var/lib/crater-agent-workspace/builds/worker-0-tc1/target:/opt/rustwide/target:rw,Z" "-v" "/var/lib/crater-agent-workspace/builds/worker-0-tc1/source:/opt/rustwide/workdir:ro,Z" "-v" "/var/lib/crater-agent-workspace/cargo-home:/opt/rustwide/cargo-home:ro,Z" "-v" "/var/lib/crater-agent-workspace/rustup-home:/opt/rustwide/rustup-home:ro,Z" "-e" "SOURCE_DIR=/opt/rustwide/workdir" "-e" "CARGO_TARGET_DIR=/opt/rustwide/target" "-e" "CARGO_INCREMENTAL=0" "-e" "RUST_BACKTRACE=full" "-e" "RUSTFLAGS=--cap-lints=forbid" "-e" "RUSTDOCFLAGS=--cap-lints=forbid" "-e" "CARGO_HOME=/opt/rustwide/cargo-home" "-e" "RUSTUP_HOME=/opt/rustwide/rustup-home" "-w" "/opt/rustwide/workdir" "-m" "1610612736" "--user" "0:0" "--network" "none" "ghcr.io/rust-lang/crates-build-env/linux@sha256:819108c5571ea2e421544af4d832f968d213c87fbe3707a016657f43d2f853bc" "/opt/rustwide/cargo-home/bin/cargo" "+nightly-2025-01-18" "test" "--frozen", kill_on_drop: false }`
[INFO] [stdout] 2a4bce1eef3b5753536185e8d446737b2b7f6d4a34c4d78455db6c2874288bb7
[INFO] running `Command { std: "docker" "start" "-a" "2a4bce1eef3b5753536185e8d446737b2b7f6d4a34c4d78455db6c2874288bb7", kill_on_drop: false }`
[INFO] [stderr] warning: unused imports: `Date` and `Local`
[INFO] [stderr]  --> src/lib.rs:1:14
[INFO] [stderr]   |
[INFO] [stderr] 1 | use chrono::{Date, Local};
[INFO] [stderr]   |              ^^^^  ^^^^^
[INFO] [stderr]   |
[INFO] [stderr]   = note: `#[warn(unused_imports)]` on by default
[INFO] [stderr] 
[INFO] [stderr] warning: unused imports: `io::SeekFrom` and `ops::Deref`
[INFO] [stderr]  --> src/lib.rs:2:11
[INFO] [stderr]   |
[INFO] [stderr] 2 | use std::{io::SeekFrom, ops::Deref};
[INFO] [stderr]   |           ^^^^^^^^^^^^  ^^^^^^^^^^
[INFO] [stderr] 
[INFO] [stderr] warning: unused import: `wav::BitDepth`
[INFO] [stderr]  --> src/lib.rs:3:5
[INFO] [stdout] 
[INFO] [stderr]   |
[INFO] [stdout] running 4 tests
[INFO] [stderr] 3 | use wav::BitDepth;
[INFO] [stdout] test tests::generate_sine_csv ... FAILED
[INFO] [stderr]   |     ^^^^^^^^^^^^^
[INFO] [stdout] test tests::generate_sine_wav_from_csv ... FAILED
[INFO] [stderr] 
[INFO] [stderr] warning: unused import: `std::f32::consts::PI`
[INFO] [stderr]   --> src/lib.rs:42:13
[INFO] [stdout] test tests::it_works ... ok
[INFO] [stderr]    |
[INFO] [stderr] 42 |         use std::f32::consts::PI;
[INFO] [stderr]    |             ^^^^^^^^^^^^^^^^^^^^
[INFO] [stderr] 
[INFO] [stderr] warning: `csv_to_wav` (lib) generated 4 warnings (run `cargo fix --lib -p csv_to_wav` to apply 4 suggestions)
[INFO] [stderr] warning: `csv_to_wav` (lib test) generated 4 warnings (4 duplicates)
[INFO] [stderr]     Finished `test` profile [unoptimized + debuginfo] target(s) in 0.03s
[INFO] [stderr]      Running unittests src/lib.rs (/opt/rustwide/target/debug/deps/csv_to_wav-da9aae7af001cab0)
[INFO] [stdout] test tests::generate_sine_wav ... FAILED
[INFO] [stdout] 
[INFO] [stdout] failures:
[INFO] [stdout] 
[INFO] [stdout] ---- tests::generate_sine_csv stdout ----
[INFO] [stdout] Error: Custom { kind: Other, error: Error(Io(Os { code: 30, kind: ReadOnlyFilesystem, message: "Read-only file system" })) }
[INFO] [stdout] 
[INFO] [stdout] ---- tests::generate_sine_wav_from_csv stdout ----
[INFO] [stdout] Error: Custom { kind: Other, error: Error(Io(Os { code: 2, kind: NotFound, message: "No such file or directory" })) }
[INFO] [stdout] 
[INFO] [stdout] ---- tests::generate_sine_wav stdout ----
[INFO] [stdout] 
[INFO] [stdout] thread 'tests::generate_sine_wav' panicked at src/lib.rs:121:60:
[INFO] [stdout] Unable to create file: Os { code: 30, kind: ReadOnlyFilesystem, message: "Read-only file system" }
[INFO] [stdout] stack backtrace:
[INFO] [stdout]    0:     0x62fe2a83be0a - std::backtrace_rs::backtrace::libunwind::trace::hb059275cfc8d6126
[INFO] [stdout]                                at /rustc/6067b36314ab5eb2eb47cecc464545ba58e1ad24/library/std/src/../../backtrace/src/backtrace/libunwind.rs:116:5
[INFO] [stdout]    1:     0x62fe2a83be0a - std::backtrace_rs::backtrace::trace_unsynchronized::h2da071e4327ce3ee
[INFO] [stdout]                                at /rustc/6067b36314ab5eb2eb47cecc464545ba58e1ad24/library/std/src/../../backtrace/src/backtrace/mod.rs:66:5
[INFO] [stdout]    2:     0x62fe2a83be0a - std::sys::backtrace::_print_fmt::h842a1474e6f8d23f
[INFO] [stdout]                                at /rustc/6067b36314ab5eb2eb47cecc464545ba58e1ad24/library/std/src/sys/backtrace.rs:66:9
[INFO] [stdout]    3:     0x62fe2a83be0a - <std::sys::backtrace::BacktraceLock::print::DisplayBacktrace as core::fmt::Display>::fmt::h71a62eb3b9696b12
[INFO] [stdout]                                at /rustc/6067b36314ab5eb2eb47cecc464545ba58e1ad24/library/std/src/sys/backtrace.rs:39:26
[INFO] [stdout]    4:     0x62fe2a865203 - core::fmt::rt::Argument::fmt::hdb6b616786b41dc1
[INFO] [stdout]                                at /rustc/6067b36314ab5eb2eb47cecc464545ba58e1ad24/library/core/src/fmt/rt.rs:177:76
[INFO] [stdout]    5:     0x62fe2a865203 - core::fmt::write::h2cc1698af7e2d686
[INFO] [stdout]                                at /rustc/6067b36314ab5eb2eb47cecc464545ba58e1ad24/library/core/src/fmt/mod.rs:1440:21
[INFO] [stdout]    6:     0x62fe2a838963 - std::io::Write::write_fmt::hab1b4cd059a79022
[INFO] [stdout]                                at /rustc/6067b36314ab5eb2eb47cecc464545ba58e1ad24/library/std/src/io/mod.rs:1887:15
[INFO] [stdout]    7:     0x62fe2a83bc52 - std::sys::backtrace::BacktraceLock::print::h147fe35b4ea13b08
[INFO] [stdout]                                at /rustc/6067b36314ab5eb2eb47cecc464545ba58e1ad24/library/std/src/sys/backtrace.rs:42:9
[INFO] [stdout]    8:     0x62fe2a83d22f - std::panicking::default_hook::{{closure}}::hbd44223dbdc0d208
[INFO] [stdout]                                at /rustc/6067b36314ab5eb2eb47cecc464545ba58e1ad24/library/std/src/panicking.rs:298:22
[INFO] [stdout]    9:     0x62fe2a83d048 - std::panicking::default_hook::h20f81eb0576efcec
[INFO] [stdout]                                at /rustc/6067b36314ab5eb2eb47cecc464545ba58e1ad24/library/std/src/panicking.rs:322:9
[INFO] [stdout]   10:     0x62fe2a803553 - <alloc::boxed::Box<F,A> as core::ops::function::Fn<Args>>::call::hdb53814c496a4d34
[INFO] [stdout]                                at /rustc/6067b36314ab5eb2eb47cecc464545ba58e1ad24/library/alloc/src/boxed.rs:2027:9
[INFO] [stdout]   11:     0x62fe2a803553 - test::test_main::{{closure}}::hc0a4963c59427c24
[INFO] [stdout]                                at /rustc/6067b36314ab5eb2eb47cecc464545ba58e1ad24/library/test/src/lib.rs:134:21
[INFO] [stdout]   12:     0x62fe2a83dd23 - <alloc::boxed::Box<F,A> as core::ops::function::Fn<Args>>::call::h591b2225413a77e9
[INFO] [stdout]                                at /rustc/6067b36314ab5eb2eb47cecc464545ba58e1ad24/library/alloc/src/boxed.rs:2027:9
[INFO] [stdout]   13:     0x62fe2a83dd23 - std::panicking::rust_panic_with_hook::h625eea43051b2edc
[INFO] [stdout]                                at /rustc/6067b36314ab5eb2eb47cecc464545ba58e1ad24/library/std/src/panicking.rs:839:13
[INFO] [stdout]   14:     0x62fe2a83d9da - std::panicking::begin_panic_handler::{{closure}}::h4f9159cfbc3f6bd3
[INFO] [stdout]                                at /rustc/6067b36314ab5eb2eb47cecc464545ba58e1ad24/library/std/src/panicking.rs:704:13
[INFO] [stdout]   15:     0x62fe2a83c309 - std::sys::backtrace::__rust_end_short_backtrace::h0390abce48353151
[INFO] [stdout]                                at /rustc/6067b36314ab5eb2eb47cecc464545ba58e1ad24/library/std/src/sys/backtrace.rs:168:18
[INFO] [stdout]   16:     0x62fe2a83d66d - rust_begin_unwind
[INFO] [stdout]                                at /rustc/6067b36314ab5eb2eb47cecc464545ba58e1ad24/library/std/src/panicking.rs:695:5
[INFO] [stdout]   17:     0x62fe2a863520 - core::panicking::panic_fmt::h9e7c637e9e5f29c9
[INFO] [stdout]                                at /rustc/6067b36314ab5eb2eb47cecc464545ba58e1ad24/library/core/src/panicking.rs:75:14
[INFO] [stdout]   18:     0x62fe2a863996 - core::result::unwrap_failed::h7979f09313fe1849
[INFO] [stdout]                                at /rustc/6067b36314ab5eb2eb47cecc464545ba58e1ad24/library/core/src/result.rs:1704:5
[INFO] [stdout]   19:     0x62fe2a7a28dd - core::result::Result<T,E>::expect::hcda34a9d18016d02
[INFO] [stdout]                                at /rustc/6067b36314ab5eb2eb47cecc464545ba58e1ad24/library/core/src/result.rs:1061:23
[INFO] [stdout]   20:     0x62fe2a7ac00c - csv_to_wav::tests::generate_sine_wav::hbcbf950e48366738
[INFO] [stdout]                                at /opt/rustwide/workdir/src/lib.rs:121:13
[INFO] [stdout]   21:     0x62fe2a7abe07 - csv_to_wav::tests::generate_sine_wav::{{closure}}::h6520a5e165cf1aeb
[INFO] [stdout]                                at /opt/rustwide/workdir/src/lib.rs:108:31
[INFO] [stdout]   22:     0x62fe2a7a9a66 - core::ops::function::FnOnce::call_once::h8d0fb3360399647c
[INFO] [stdout]                                at /rustc/6067b36314ab5eb2eb47cecc464545ba58e1ad24/library/core/src/ops/function.rs:250:5
[INFO] [stdout]   23:     0x62fe2a808cab - core::ops::function::FnOnce::call_once::he27718dfdd183f43
[INFO] [stdout]                                at /rustc/6067b36314ab5eb2eb47cecc464545ba58e1ad24/library/core/src/ops/function.rs:250:5
[INFO] [stdout]   24:     0x62fe2a808cab - test::__rust_begin_short_backtrace::h4e84902998457a5d
[INFO] [stdout]                                at /rustc/6067b36314ab5eb2eb47cecc464545ba58e1ad24/library/test/src/lib.rs:632:18
[INFO] [stdout]   25:     0x62fe2a807be3 - test::run_test_in_process::{{closure}}::h7176fd18fc1feca0
[INFO] [stdout]                                at /rustc/6067b36314ab5eb2eb47cecc464545ba58e1ad24/library/test/src/lib.rs:655:60
[INFO] [stdout]   26:     0x62fe2a807be3 - <core::panic::unwind_safe::AssertUnwindSafe<F> as core::ops::function::FnOnce<()>>::call_once::hf79cff2a624d8cf7
[INFO] [stdout]                                at /rustc/6067b36314ab5eb2eb47cecc464545ba58e1ad24/library/core/src/panic/unwind_safe.rs:272:9
[INFO] [stdout]   27:     0x62fe2a807be3 - std::panicking::try::do_call::h3da0561d9ab99c25
[INFO] [stdout]                                at /rustc/6067b36314ab5eb2eb47cecc464545ba58e1ad24/library/std/src/panicking.rs:587:40
[INFO] [stdout]   28:     0x62fe2a807be3 - std::panicking::try::h41c9fa508bc61df6
[INFO] [stdout]                                at /rustc/6067b36314ab5eb2eb47cecc464545ba58e1ad24/library/std/src/panicking.rs:550:19
[INFO] [stdout]   29:     0x62fe2a807be3 - std::panic::catch_unwind::h6b3ff07bb5afad93
[INFO] [stdout]                                at /rustc/6067b36314ab5eb2eb47cecc464545ba58e1ad24/library/std/src/panic.rs:358:14
[INFO] [stdout]   30:     0x62fe2a807be3 - test::run_test_in_process::hc7253dd11b39b9f4
[INFO] [stdout]                                at /rustc/6067b36314ab5eb2eb47cecc464545ba58e1ad24/library/test/src/lib.rs:655:27
[INFO] [stdout]   31:     0x62fe2a807be3 - test::run_test::{{closure}}::hfb2007f8649c30bb
[INFO] [stdout]                                at /rustc/6067b36314ab5eb2eb47cecc464545ba58e1ad24/library/test/src/lib.rs:576:43
[INFO] [stdout]   32:     0x62fe2a7cacc5 - test::run_test::{{closure}}::h56a17aa7a282a9f4
[INFO] [stdout]                                at /rustc/6067b36314ab5eb2eb47cecc464545ba58e1ad24/library/test/src/lib.rs:606:41
[INFO] [stdout]   33:     0x62fe2a7cacc5 - std::sys::backtrace::__rust_begin_short_backtrace::hd2d2d2fb8e8c6aac
[INFO] [stdout]                                at /rustc/6067b36314ab5eb2eb47cecc464545ba58e1ad24/library/std/src/sys/backtrace.rs:152:18
[INFO] [stdout]   34:     0x62fe2a7ce5aa - std::thread::Builder::spawn_unchecked_::{{closure}}::{{closure}}::h4faa3f9db6133423
[INFO] [stdout]                                at /rustc/6067b36314ab5eb2eb47cecc464545ba58e1ad24/library/std/src/thread/mod.rs:559:17
[INFO] [stdout]   35:     0x62fe2a7ce5aa - <core::panic::unwind_safe::AssertUnwindSafe<F> as core::ops::function::FnOnce<()>>::call_once::hf2e855a36a4ea846
[INFO] [stdout]                                at /rustc/6067b36314ab5eb2eb47cecc464545ba58e1ad24/library/core/src/panic/unwind_safe.rs:272:9
[INFO] [stdout]   36:     0x62fe2a7ce5aa - std::panicking::try::do_call::h2f73af3616c35465
[INFO] [stdout]                                at /rustc/6067b36314ab5eb2eb47cecc464545ba58e1ad24/library/std/src/panicking.rs:587:40
[INFO] [stdout]   37:     0x62fe2a7ce5aa - std::panicking::try::hd1660ce9efadef5a
[INFO] [stdout]                                at /rustc/6067b36314ab5eb2eb47cecc464545ba58e1ad24/library/std/src/panicking.rs:550:19
[INFO] [stdout]   38:     0x62fe2a7ce5aa - std::panic::catch_unwind::h5ee8d7823b8ca744
[INFO] [stdout]                                at /rustc/6067b36314ab5eb2eb47cecc464545ba58e1ad24/library/std/src/panic.rs:358:14
[INFO] [stdout]   39:     0x62fe2a7ce5aa - std::thread::Builder::spawn_unchecked_::{{closure}}::h53c3a1894dce8407
[INFO] [stdout]                                at /rustc/6067b36314ab5eb2eb47cecc464545ba58e1ad24/library/std/src/thread/mod.rs:557:30
[INFO] [stdout]   40:     0x62fe2a7ce5aa - core::ops::function::FnOnce::call_once{{vtable.shim}}::h048ce291ad4f62bf
[INFO] [stdout]                                at /rustc/6067b36314ab5eb2eb47cecc464545ba58e1ad24/library/core/src/ops/function.rs:250:5
[INFO] [stdout]   41:     0x62fe2a841c6b - <alloc::boxed::Box<F,A> as core::ops::function::FnOnce<Args>>::call_once::ha52bedf99a3b4981
[INFO] [stdout]                                at /rustc/6067b36314ab5eb2eb47cecc464545ba58e1ad24/library/alloc/src/boxed.rs:2013:9
[INFO] [stdout]   42:     0x62fe2a841c6b - <alloc::boxed::Box<F,A> as core::ops::function::FnOnce<Args>>::call_once::h567748934d80ccf8
[INFO] [stdout]                                at /rustc/6067b36314ab5eb2eb47cecc464545ba58e1ad24/library/alloc/src/boxed.rs:2013:9
[INFO] [stdout]   43:     0x62fe2a841c6b - std::sys::pal::unix::thread::Thread::new::thread_start::h2d970728ae887adc
[INFO] [stdout]                                at /rustc/6067b36314ab5eb2eb47cecc464545ba58e1ad24/library/std/src/sys/pal/unix/thread.rs:106:17
[INFO] [stdout]   44:     0x78f0576ccac3 - <unknown>
[INFO] [stdout]   45:     0x78f05775da04 - clone
[INFO] [stdout]   46:                0x0 - <unknown>
[INFO] [stdout] 
[INFO] [stdout] 
[INFO] [stdout] failures:
[INFO] [stdout]     tests::generate_sine_csv
[INFO] [stdout]     tests::generate_sine_wav
[INFO] [stdout]     tests::generate_sine_wav_from_csv
[INFO] [stdout] 
[INFO] [stdout] test result: FAILED. 1 passed; 3 failed; 0 ignored; 0 measured; 0 filtered out; finished in 0.03s
[INFO] [stdout] 
[INFO] [stderr] error: test failed, to rerun pass `--lib`
[INFO] running `Command { std: "docker" "inspect" "2a4bce1eef3b5753536185e8d446737b2b7f6d4a34c4d78455db6c2874288bb7", kill_on_drop: false }`
[INFO] running `Command { std: "docker" "rm" "-f" "2a4bce1eef3b5753536185e8d446737b2b7f6d4a34c4d78455db6c2874288bb7", kill_on_drop: false }`
[INFO] [stdout] 2a4bce1eef3b5753536185e8d446737b2b7f6d4a34c4d78455db6c2874288bb7
