[INFO] cloning repository https://github.com/kamilkn/some-exchange-connector
[INFO] running `Command { std: "git" "-c" "credential.helper=" "-c" "credential.helper=/workspace/cargo-home/bin/git-credential-null" "clone" "--bare" "https://github.com/kamilkn/some-exchange-connector" "/workspace/cache/git-repos/https%3A%2F%2Fgithub.com%2Fkamilkn%2Fsome-exchange-connector", kill_on_drop: false }`
[INFO] [stderr] Cloning into bare repository '/workspace/cache/git-repos/https%3A%2F%2Fgithub.com%2Fkamilkn%2Fsome-exchange-connector'...
[INFO] running `Command { std: "git" "rev-parse" "HEAD", kill_on_drop: false }`
[INFO] [stdout] 62e9cbf9838c586b1c210f4b797433a072436674
[INFO] testing kamilkn/some-exchange-connector against nightly-2025-01-18+rustflags=-Zrandomize-layout for randomize-layout-2
[INFO] running `Command { std: "git" "clone" "/workspace/cache/git-repos/https%3A%2F%2Fgithub.com%2Fkamilkn%2Fsome-exchange-connector" "/workspace/builds/worker-4-tc2/source", kill_on_drop: false }`
[INFO] [stderr] Cloning into '/workspace/builds/worker-4-tc2/source'...
[INFO] [stderr] done.
[INFO] validating manifest of git repo https://github.com/kamilkn/some-exchange-connector on toolchain nightly-2025-01-18
[INFO] running `Command { std: CARGO_HOME="/workspace/cargo-home" RUSTUP_HOME="/workspace/rustup-home" "/workspace/cargo-home/bin/cargo" "+nightly-2025-01-18" "metadata" "--manifest-path" "Cargo.toml" "--no-deps", kill_on_drop: false }`
[INFO] started tweaking git repo https://github.com/kamilkn/some-exchange-connector
[INFO] finished tweaking git repo https://github.com/kamilkn/some-exchange-connector
[INFO] tweaked toml for git repo https://github.com/kamilkn/some-exchange-connector written to /workspace/builds/worker-4-tc2/source/Cargo.toml
[INFO] crate git repo https://github.com/kamilkn/some-exchange-connector already has a lockfile, it will not be regenerated
[INFO] running `Command { std: CARGO_HOME="/workspace/cargo-home" RUSTUP_HOME="/workspace/rustup-home" "/workspace/cargo-home/bin/cargo" "+nightly-2025-01-18" "fetch" "--manifest-path" "Cargo.toml", kill_on_drop: false }`
[INFO] running `Command { std: "docker" "create" "-v" "/var/lib/crater-agent-workspace/builds/worker-4-tc2/target:/opt/rustwide/target:rw,Z" "-v" "/var/lib/crater-agent-workspace/builds/worker-4-tc2/source:/opt/rustwide/workdir:ro,Z" "-v" "/var/lib/crater-agent-workspace/cargo-home:/opt/rustwide/cargo-home:ro,Z" "-v" "/var/lib/crater-agent-workspace/rustup-home:/opt/rustwide/rustup-home:ro,Z" "-e" "SOURCE_DIR=/opt/rustwide/workdir" "-e" "CARGO_TARGET_DIR=/opt/rustwide/target" "-e" "CARGO_HOME=/opt/rustwide/cargo-home" "-e" "RUSTUP_HOME=/opt/rustwide/rustup-home" "-w" "/opt/rustwide/workdir" "-m" "1610612736" "--user" "0:0" "--network" "none" "ghcr.io/rust-lang/crates-build-env/linux@sha256:819108c5571ea2e421544af4d832f968d213c87fbe3707a016657f43d2f853bc" "/opt/rustwide/cargo-home/bin/cargo" "+nightly-2025-01-18" "metadata" "--no-deps" "--format-version=1", kill_on_drop: false }`
[INFO] [stdout] 4adea61a23e5be1b4d7cd5e141f7204101721181b0715d555e09a4faf9b8e7af
[INFO] running `Command { std: "docker" "start" "-a" "4adea61a23e5be1b4d7cd5e141f7204101721181b0715d555e09a4faf9b8e7af", kill_on_drop: false }`
[INFO] running `Command { std: "docker" "inspect" "4adea61a23e5be1b4d7cd5e141f7204101721181b0715d555e09a4faf9b8e7af", kill_on_drop: false }`
[INFO] running `Command { std: "docker" "rm" "-f" "4adea61a23e5be1b4d7cd5e141f7204101721181b0715d555e09a4faf9b8e7af", kill_on_drop: false }`
[INFO] [stdout] 4adea61a23e5be1b4d7cd5e141f7204101721181b0715d555e09a4faf9b8e7af
[INFO] running `Command { std: "docker" "create" "-v" "/var/lib/crater-agent-workspace/builds/worker-4-tc2/target:/opt/rustwide/target:rw,Z" "-v" "/var/lib/crater-agent-workspace/builds/worker-4-tc2/source:/opt/rustwide/workdir:ro,Z" "-v" "/var/lib/crater-agent-workspace/cargo-home:/opt/rustwide/cargo-home:ro,Z" "-v" "/var/lib/crater-agent-workspace/rustup-home:/opt/rustwide/rustup-home:ro,Z" "-e" "SOURCE_DIR=/opt/rustwide/workdir" "-e" "CARGO_TARGET_DIR=/opt/rustwide/target" "-e" "CARGO_INCREMENTAL=0" "-e" "RUST_BACKTRACE=full" "-e" "RUSTFLAGS=--cap-lints=forbid -Zrandomize-layout" "-e" "RUSTDOCFLAGS=--cap-lints=forbid" "-e" "CARGO_HOME=/opt/rustwide/cargo-home" "-e" "RUSTUP_HOME=/opt/rustwide/rustup-home" "-w" "/opt/rustwide/workdir" "-m" "1610612736" "--user" "0:0" "--network" "none" "ghcr.io/rust-lang/crates-build-env/linux@sha256:819108c5571ea2e421544af4d832f968d213c87fbe3707a016657f43d2f853bc" "/opt/rustwide/cargo-home/bin/cargo" "+nightly-2025-01-18" "build" "--frozen" "--message-format=json", kill_on_drop: false }`
[INFO] [stdout] 202de5b8572e57c0cf994b53871df7346880a84094a780acb14a0920d7070712
[INFO] running `Command { std: "docker" "start" "-a" "202de5b8572e57c0cf994b53871df7346880a84094a780acb14a0920d7070712", kill_on_drop: false }`
[INFO] [stderr]    Compiling proc-macro2 v1.0.86
[INFO] [stderr]    Compiling unicode-ident v1.0.12
[INFO] [stderr]    Compiling libc v0.2.155
[INFO] [stderr]    Compiling autocfg v1.3.0
[INFO] [stderr]    Compiling serde v1.0.203
[INFO] [stderr]    Compiling itoa v1.0.11
[INFO] [stderr]    Compiling parking_lot_core v0.9.10
[INFO] [stderr]    Compiling bytes v1.6.0
[INFO] [stderr]    Compiling once_cell v1.19.0
[INFO] [stderr]    Compiling smallvec v1.13.2
[INFO] [stderr]    Compiling scopeguard v1.2.0
[INFO] [stderr]    Compiling pin-project-lite v0.2.14
[INFO] [stderr]    Compiling cc v1.0.100
[INFO] [stderr]    Compiling pkg-config v0.3.30
[INFO] [stderr]    Compiling vcpkg v0.2.15
[INFO] [stderr]    Compiling futures-core v0.3.30
[INFO] [stderr]    Compiling lock_api v0.4.12
[INFO] [stderr]    Compiling slab v0.4.9
[INFO] [stderr]    Compiling fnv v1.0.7
[INFO] [stderr]    Compiling typenum v1.17.0
[INFO] [stderr]    Compiling futures-sink v0.3.30
[INFO] [stderr]    Compiling quote v1.0.36
[INFO] [stderr]    Compiling http v1.1.0
[INFO] [stderr]    Compiling generic-array v0.14.7
[INFO] [stderr]    Compiling hashbrown v0.14.5
[INFO] [stderr]    Compiling equivalent v1.0.1
[INFO] [stderr]    Compiling pin-utils v0.1.0
[INFO] [stderr]    Compiling syn v2.0.68
[INFO] [stderr]    Compiling openssl v0.10.64
[INFO] [stderr]    Compiling httparse v1.9.4
[INFO] [stderr]    Compiling mio v0.8.11
[INFO] [stderr]    Compiling signal-hook-registry v1.4.2
[INFO] [stderr]    Compiling parking_lot v0.12.3
[INFO] [stderr]    Compiling socket2 v0.5.7
[INFO] [stderr]    Compiling num_cpus v1.16.0
[INFO] [stderr]    Compiling foreign-types-shared v0.1.1
[INFO] [stderr]    Compiling openssl-sys v0.9.102
[INFO] [stderr]    Compiling futures-task v0.3.30
[INFO] [stderr]    Compiling foreign-types v0.3.2
[INFO] [stderr]    Compiling indexmap v2.2.6
[INFO] [stderr]    Compiling native-tls v0.2.12
[INFO] [stderr]    Compiling bitflags v2.5.0
[INFO] [stderr]    Compiling tinyvec_macros v0.1.1
[INFO] [stderr]    Compiling tinyvec v1.6.0
[INFO] [stderr]    Compiling getrandom v0.2.15
[INFO] [stderr]    Compiling num-traits v0.2.19
[INFO] [stderr]    Compiling tracing-core v0.1.32
[INFO] [stderr]    Compiling percent-encoding v2.3.1
[INFO] [stderr]    Compiling ryu v1.0.18
[INFO] [stderr]    Compiling openssl-probe v0.1.5
[INFO] [stderr]    Compiling form_urlencoded v1.2.1
[INFO] [stderr]    Compiling rand_core v0.6.4
[INFO] [stderr]    Compiling http-body v1.0.0
[INFO] [stderr]    Compiling ppv-lite86 v0.2.17
[INFO] [stderr]    Compiling thiserror v1.0.61
[INFO] [stderr]    Compiling unicode-bidi v0.3.15
[INFO] [stderr]    Compiling tracing v0.1.40
[INFO] [stderr]    Compiling try-lock v0.2.5
[INFO] [stderr]    Compiling atomic-waker v1.1.2
[INFO] [stderr]    Compiling unicode-normalization v0.1.23
[INFO] [stderr]    Compiling want v0.3.1
[INFO] [stderr]    Compiling crypto-common v0.1.6
[INFO] [stderr]    Compiling block-buffer v0.10.4
[INFO] [stderr]    Compiling futures-channel v0.3.30
[INFO] [stderr]    Compiling rand_chacha v0.3.1
[INFO] [stderr]    Compiling syn v1.0.109
[INFO] [stderr]    Compiling rustversion v1.0.17
[INFO] [stderr]    Compiling idna v0.5.0
[INFO] [stderr]    Compiling tower-service v0.3.2
[INFO] [stderr]    Compiling tower-layer v0.3.2
[INFO] [stderr]    Compiling serde_json v1.0.117
[INFO] [stderr]    Compiling rand v0.8.5
[INFO] [stderr]    Compiling digest v0.10.7
[INFO] [stderr]    Compiling cpufeatures v0.2.12
[INFO] [stderr]    Compiling unicode-segmentation v1.11.0
[INFO] [stderr]    Compiling destructure_traitobject v0.2.0
[INFO] [stderr]    Compiling anyhow v1.0.86
[INFO] [stderr]    Compiling unsafe-any-ors v1.0.0
[INFO] [stderr]    Compiling sha1 v0.10.6
[INFO] [stderr]    Compiling ordered-float v2.10.1
[INFO] [stderr]    Compiling url v2.5.2
[INFO] [stderr]    Compiling convert_case v0.6.0
[INFO] [stderr]    Compiling slotmap v1.0.7
[INFO] [stderr]    Compiling iana-time-zone v0.1.60
[INFO] [stderr]    Compiling utf-8 v0.7.6
[INFO] [stderr]    Compiling base64 v0.22.1
[INFO] [stderr]    Compiling eyre v0.6.12
[INFO] [stderr]    Compiling data-encoding v2.6.0
[INFO] [stderr]    Compiling unicode-xid v0.2.4
[INFO] [stderr]    Compiling byteorder v1.5.0
[INFO] [stderr]    Compiling rustls-pki-types v1.7.0
[INFO] [stderr]    Compiling unsafe-libyaml v0.2.11
[INFO] [stderr]    Compiling static_assertions v1.1.0
[INFO] [stderr]    Compiling castaway v0.2.2
[INFO] [stderr]    Compiling chrono v0.4.38
[INFO] [stderr]    Compiling rustls-pemfile v2.1.2
[INFO] [stderr]    Compiling typemap-ors v1.0.0
[INFO] [stderr]    Compiling thread-id v4.2.1
[INFO] [stderr]    Compiling encoding_rs v0.8.34
[INFO] [stderr]    Compiling arc-swap v1.7.1
[INFO] [stderr]    Compiling humantime v2.1.0
[INFO] [stderr]    Compiling mime v0.3.17
[INFO] [stderr]    Compiling sync_wrapper v1.0.1
[INFO] [stderr]    Compiling indenter v0.3.3
[INFO] [stderr]    Compiling ipnet v2.9.0
[INFO] [stderr]    Compiling log-mdc v0.1.0
[INFO] [stderr]    Compiling derivative v2.2.0
[INFO] [stderr]    Compiling serde_derive v1.0.203
[INFO] [stderr]    Compiling tokio-macros v2.3.0
[INFO] [stderr]    Compiling futures-macro v0.3.30
[INFO] [stderr]    Compiling openssl-macros v0.1.1
[INFO] [stderr]    Compiling pin-project-internal v1.1.5
[INFO] [stderr]    Compiling thiserror-impl v1.0.61
[INFO] [stderr]    Compiling derive_more-impl v1.0.0-beta.6
[INFO] [stderr]    Compiling tokio v1.38.0
[INFO] [stderr]    Compiling futures-util v0.3.30
[INFO] [stderr]    Compiling pin-project v1.1.5
[INFO] [stderr]    Compiling derive_more v0.99.18
[INFO] [stderr]    Compiling async-trait v0.1.80
[INFO] [stderr]    Compiling http-body-util v0.1.2
[INFO] [stderr]    Compiling derive_more v1.0.0-beta.6
[INFO] [stderr]    Compiling tokio-util v0.7.11
[INFO] [stderr]    Compiling tower v0.4.13
[INFO] [stderr]    Compiling h2 v0.4.5
[INFO] [stderr]    Compiling log v0.4.21
[INFO] [stderr]    Compiling serde-value v0.7.0
[INFO] [stderr]    Compiling serde_urlencoded v0.7.1
[INFO] [stderr]    Compiling serde_yaml v0.9.34+deprecated
[INFO] [stderr]    Compiling compact_str v0.8.0-beta
[INFO] [stderr]    Compiling fixnum v0.9.2
[INFO] [stderr]    Compiling tokio-native-tls v0.3.1
[INFO] [stderr]    Compiling tungstenite v0.21.0
[INFO] [stderr]    Compiling tokio-tungstenite v0.21.0
[INFO] [stderr]    Compiling log4rs v1.3.0
[INFO] [stderr]    Compiling hyper v1.3.1
[INFO] [stderr]    Compiling hyper-util v0.1.5
[INFO] [stderr]    Compiling hyper-tls v0.6.0
[INFO] [stderr]    Compiling reqwest v0.12.5
[INFO] [stderr]    Compiling exchange-connector v0.1.0 (/opt/rustwide/workdir)
[INFO] [stdout] warning: field `ts` is never read
[INFO] [stdout]   --> src/adapters/okex/rest/model.rs:14:5
[INFO] [stdout]    |
[INFO] [stdout] 8  | pub struct OkexOrderBookSnapshot {
[INFO] [stdout]    |            --------------------- field in this struct
[INFO] [stdout] ...
[INFO] [stdout] 14 |     ts: CompactString
[INFO] [stdout]    |     ^^
[INFO] [stdout]    |
[INFO] [stdout]    = note: `OkexOrderBookSnapshot` has a derived impl for the trait `Debug`, but this is intentionally ignored during dead code analysis
[INFO] [stdout]    = note: `#[warn(dead_code)]` on by default
[INFO] [stdout] 
[INFO] [stdout] 
[INFO] [stdout] warning: fields `deprecated` and `orders_number` are never read
[INFO] [stdout]   --> src/adapters/okex/rest/model.rs:38:5
[INFO] [stdout]    |
[INFO] [stdout] 32 | pub struct OkexSingleLot {
[INFO] [stdout]    |            ------------- fields in this struct
[INFO] [stdout] ...
[INFO] [stdout] 38 |     deprecated: CompactString,
[INFO] [stdout]    |     ^^^^^^^^^^
[INFO] [stdout] 39 |     /// the number of orders at the price.
[INFO] [stdout] 40 |     orders_number: CompactString,
[INFO] [stdout]    |     ^^^^^^^^^^^^^
[INFO] [stdout]    |
[INFO] [stdout]    = note: `OkexSingleLot` has a derived impl for the trait `Debug`, but this is intentionally ignored during dead code analysis
[INFO] [stdout] 
[INFO] [stdout] 
[INFO] [stdout] warning: associated functions `new` and `with_config` are never used
[INFO] [stdout]   --> src/adapters/okex/rest/poller.rs:41:12
[INFO] [stdout]    |
[INFO] [stdout] 40 | impl OkexExchangePoller {
[INFO] [stdout]    | ----------------------- associated functions in this implementation
[INFO] [stdout] 41 |     pub fn new() -> Self {
[INFO] [stdout]    |            ^^^
[INFO] [stdout] ...
[INFO] [stdout] 45 |     pub fn with_config(config: OkexPollerConfig) -> Self {
[INFO] [stdout]    |            ^^^^^^^^^^^
[INFO] [stdout] 
[INFO] [stdout] 
[INFO] [stdout] warning: fields `channel_tickers_amount`, `ws_url`, `ping_frequency_seconds`, and `subscribe_interval_ms` are never read
[INFO] [stdout]  --> src/adapters/okex/ws/config.rs:6:9
[INFO] [stdout]   |
[INFO] [stdout] 5 | pub struct OkexWsConnectionConfig {
[INFO] [stdout]   |            ---------------------- fields in this struct
[INFO] [stdout] 6 |     pub channel_tickers_amount: usize,
[INFO] [stdout]   |         ^^^^^^^^^^^^^^^^^^^^^^
[INFO] [stdout] 7 |     pub ws_url: CompactString,
[INFO] [stdout]   |         ^^^^^^
[INFO] [stdout] 8 |     pub ping_frequency_seconds: u64,
[INFO] [stdout]   |         ^^^^^^^^^^^^^^^^^^^^^^
[INFO] [stdout] 9 |     pub subscribe_interval_ms: u64,
[INFO] [stdout]   |         ^^^^^^^^^^^^^^^^^^^^^
[INFO] [stdout]   |
[INFO] [stdout]   = note: `OkexWsConnectionConfig` has a derived impl for the trait `Debug`, but this is intentionally ignored during dead code analysis
[INFO] [stdout] 
[INFO] [stdout] 
[INFO] [stdout] warning: fields `arg`, `code`, `msg`, and `conn_id` are never read
[INFO] [stdout]   --> src/adapters/okex/ws/model.rs:38:5
[INFO] [stdout]    |
[INFO] [stdout] 36 | pub struct OkexSubEvent<R> {
[INFO] [stdout]    |            ------------ fields in this struct
[INFO] [stdout] 37 |     pub event: EventType,
[INFO] [stdout] 38 |     arg: Option<R>,
[INFO] [stdout]    |     ^^^
[INFO] [stdout] 39 |     code: Option<CompactString>,
[INFO] [stdout]    |     ^^^^
[INFO] [stdout] 40 |     msg: Option<CompactString>,
[INFO] [stdout]    |     ^^^
[INFO] [stdout] 41 |     #[serde(rename = "connId")]
[INFO] [stdout] 42 |     conn_id: CompactString,
[INFO] [stdout]    |     ^^^^^^^
[INFO] [stdout]    |
[INFO] [stdout]    = note: `OkexSubEvent` has a derived impl for the trait `Debug`, but this is intentionally ignored during dead code analysis
[INFO] [stdout] 
[INFO] [stdout] 
[INFO] [stdout] warning: field `checksum` is never read
[INFO] [stdout]   --> src/adapters/okex/ws/model.rs:74:5
[INFO] [stdout]    |
[INFO] [stdout] 65 | pub struct OkexOrderBookSnapshot {
[INFO] [stdout]    |            --------------------- field in this struct
[INFO] [stdout] ...
[INFO] [stdout] 74 |     checksum: Option<i64>,
[INFO] [stdout]    |     ^^^^^^^^
[INFO] [stdout]    |
[INFO] [stdout]    = note: `OkexOrderBookSnapshot` has a derived impl for the trait `Debug`, but this is intentionally ignored during dead code analysis
[INFO] [stdout] 
[INFO] [stdout] 
[INFO] [stdout] warning: fields `deprecated` and `orders_number` are never read
[INFO] [stdout]    --> src/adapters/okex/ws/model.rs:105:9
[INFO] [stdout]     |
[INFO] [stdout] 102 | pub struct OkexBookLevel {
[INFO] [stdout]     |            ------------- fields in this struct
[INFO] [stdout] ...
[INFO] [stdout] 105 |     pub deprecated: CompactString,
[INFO] [stdout]     |         ^^^^^^^^^^
[INFO] [stdout] 106 |     pub orders_number: CompactString,
[INFO] [stdout]     |         ^^^^^^^^^^^^^
[INFO] [stdout]     |
[INFO] [stdout]     = note: `OkexBookLevel` has derived impls for the traits `Clone` and `Debug`, but these are intentionally ignored during dead code analysis
[INFO] [stdout] 
[INFO] [stdout] 
[INFO] [stdout] warning: associated functions `new` and `ping_task` are never used
[INFO] [stdout]   --> src/adapters/okex/ws/connection.rs:27:18
[INFO] [stdout]    |
[INFO] [stdout] 23 | impl OkexWsConnection {
[INFO] [stdout]    | --------------------- associated functions in this implementation
[INFO] [stdout] ...
[INFO] [stdout] 27 |     pub async fn new(tickers: Vec<impl ToCompactString>, config: OkexWsConnectionConfig) -> Result<Self> {
[INFO] [stdout]    |                  ^^^
[INFO] [stdout] ...
[INFO] [stdout] 48 |     async fn ping_task(tx: Sender<()>, frequency: u64) {
[INFO] [stdout]    |              ^^^^^^^^^
[INFO] [stdout] 
[INFO] [stdout] 
[INFO] [stdout] warning: variant `L2Update` is never constructed
[INFO] [stdout]   --> src/adapters/okex/ws/stream.rs:18:5
[INFO] [stdout]    |
[INFO] [stdout] 13 | pub enum OkexStreamKind {
[INFO] [stdout]    |          -------------- variant in this enum
[INFO] [stdout] ...
[INFO] [stdout] 18 |     L2Update,
[INFO] [stdout]    |     ^^^^^^^^
[INFO] [stdout]    |
[INFO] [stdout]    = note: `OkexStreamKind` has derived impls for the traits `Clone` and `Debug`, but these are intentionally ignored during dead code analysis
[INFO] [stdout] 
[INFO] [stdout] 
[INFO] [stderr]     Finished `dev` profile [unoptimized + debuginfo] target(s) in 1m 54s
[INFO] running `Command { std: "docker" "inspect" "202de5b8572e57c0cf994b53871df7346880a84094a780acb14a0920d7070712", kill_on_drop: false }`
[INFO] running `Command { std: "docker" "rm" "-f" "202de5b8572e57c0cf994b53871df7346880a84094a780acb14a0920d7070712", kill_on_drop: false }`
[INFO] [stdout] 202de5b8572e57c0cf994b53871df7346880a84094a780acb14a0920d7070712
[INFO] running `Command { std: "docker" "create" "-v" "/var/lib/crater-agent-workspace/builds/worker-4-tc2/target:/opt/rustwide/target:rw,Z" "-v" "/var/lib/crater-agent-workspace/builds/worker-4-tc2/source:/opt/rustwide/workdir:ro,Z" "-v" "/var/lib/crater-agent-workspace/cargo-home:/opt/rustwide/cargo-home:ro,Z" "-v" "/var/lib/crater-agent-workspace/rustup-home:/opt/rustwide/rustup-home:ro,Z" "-e" "SOURCE_DIR=/opt/rustwide/workdir" "-e" "CARGO_TARGET_DIR=/opt/rustwide/target" "-e" "CARGO_INCREMENTAL=0" "-e" "RUST_BACKTRACE=full" "-e" "RUSTFLAGS=--cap-lints=forbid -Zrandomize-layout" "-e" "RUSTDOCFLAGS=--cap-lints=forbid" "-e" "CARGO_HOME=/opt/rustwide/cargo-home" "-e" "RUSTUP_HOME=/opt/rustwide/rustup-home" "-w" "/opt/rustwide/workdir" "-m" "1610612736" "--user" "0:0" "--network" "none" "ghcr.io/rust-lang/crates-build-env/linux@sha256:819108c5571ea2e421544af4d832f968d213c87fbe3707a016657f43d2f853bc" "/opt/rustwide/cargo-home/bin/cargo" "+nightly-2025-01-18" "test" "--frozen" "--no-run" "--message-format=json", kill_on_drop: false }`
[INFO] [stdout] 1e9d2831c924c8d67518786c075bffa14b76ee5d0a72a63e1e4087cba9d6b85f
[INFO] running `Command { std: "docker" "start" "-a" "1e9d2831c924c8d67518786c075bffa14b76ee5d0a72a63e1e4087cba9d6b85f", kill_on_drop: false }`
[INFO] [stdout] warning: field `ts` is never read
[INFO] [stdout]   --> src/adapters/okex/rest/model.rs:14:5
[INFO] [stdout]    |
[INFO] [stdout] 8  | pub struct OkexOrderBookSnapshot {
[INFO] [stdout]    |            --------------------- field in this struct
[INFO] [stdout] ...
[INFO] [stdout] 14 |     ts: CompactString
[INFO] [stdout]    |     ^^
[INFO] [stdout]    |
[INFO] [stdout]    = note: `OkexOrderBookSnapshot` has a derived impl for the trait `Debug`, but this is intentionally ignored during dead code analysis
[INFO] [stdout]    = note: `#[warn(dead_code)]` on by default
[INFO] [stdout] 
[INFO] [stdout] 
[INFO] [stdout] warning: fields `deprecated` and `orders_number` are never read
[INFO] [stdout]   --> src/adapters/okex/rest/model.rs:38:5
[INFO] [stdout]    |
[INFO] [stdout] 32 | pub struct OkexSingleLot {
[INFO] [stdout]    |            ------------- fields in this struct
[INFO] [stdout] ...
[INFO] [stdout] 38 |     deprecated: CompactString,
[INFO] [stdout]    |     ^^^^^^^^^^
[INFO] [stdout] 39 |     /// the number of orders at the price.
[INFO] [stdout] 40 |     orders_number: CompactString,
[INFO] [stdout]    |     ^^^^^^^^^^^^^
[INFO] [stdout]    |
[INFO] [stdout]    = note: `OkexSingleLot` has a derived impl for the trait `Debug`, but this is intentionally ignored during dead code analysis
[INFO] [stdout] 
[INFO] [stdout] 
[INFO] [stdout] warning: associated functions `new` and `with_config` are never used
[INFO] [stdout]   --> src/adapters/okex/rest/poller.rs:41:12
[INFO] [stdout]    |
[INFO] [stdout] 40 | impl OkexExchangePoller {
[INFO] [stdout]    | ----------------------- associated functions in this implementation
[INFO] [stdout] 41 |     pub fn new() -> Self {
[INFO] [stdout]    |            ^^^
[INFO] [stdout] ...
[INFO] [stdout] 45 |     pub fn with_config(config: OkexPollerConfig) -> Self {
[INFO] [stdout]    |            ^^^^^^^^^^^
[INFO] [stdout] 
[INFO] [stdout] 
[INFO] [stdout] warning: fields `channel_tickers_amount`, `ws_url`, `ping_frequency_seconds`, and `subscribe_interval_ms` are never read
[INFO] [stdout]  --> src/adapters/okex/ws/config.rs:6:9
[INFO] [stdout]   |
[INFO] [stdout] 5 | pub struct OkexWsConnectionConfig {
[INFO] [stdout]   |            ---------------------- fields in this struct
[INFO] [stdout] 6 |     pub channel_tickers_amount: usize,
[INFO] [stdout]   |         ^^^^^^^^^^^^^^^^^^^^^^
[INFO] [stdout] 7 |     pub ws_url: CompactString,
[INFO] [stdout]   |         ^^^^^^
[INFO] [stdout] 8 |     pub ping_frequency_seconds: u64,
[INFO] [stdout]   |         ^^^^^^^^^^^^^^^^^^^^^^
[INFO] [stdout] 9 |     pub subscribe_interval_ms: u64,
[INFO] [stdout]   |         ^^^^^^^^^^^^^^^^^^^^^
[INFO] [stdout]   |
[INFO] [stdout]   = note: `OkexWsConnectionConfig` has a derived impl for the trait `Debug`, but this is intentionally ignored during dead code analysis
[INFO] [stdout] 
[INFO] [stdout] 
[INFO] [stdout] warning: fields `arg`, `code`, `msg`, and `conn_id` are never read
[INFO] [stdout]   --> src/adapters/okex/ws/model.rs:38:5
[INFO] [stdout]    |
[INFO] [stdout] 36 | pub struct OkexSubEvent<R> {
[INFO] [stdout]    |            ------------ fields in this struct
[INFO] [stdout] 37 |     pub event: EventType,
[INFO] [stdout] 38 |     arg: Option<R>,
[INFO] [stdout]    |     ^^^
[INFO] [stdout] 39 |     code: Option<CompactString>,
[INFO] [stdout]    |     ^^^^
[INFO] [stdout] 40 |     msg: Option<CompactString>,
[INFO] [stdout]    |     ^^^
[INFO] [stdout] 41 |     #[serde(rename = "connId")]
[INFO] [stdout] 42 |     conn_id: CompactString,
[INFO] [stdout]    |     ^^^^^^^
[INFO] [stdout]    |
[INFO] [stdout]    = note: `OkexSubEvent` has a derived impl for the trait `Debug`, but this is intentionally ignored during dead code analysis
[INFO] [stdout] 
[INFO] [stdout] 
[INFO] [stdout] warning: field `checksum` is never read
[INFO] [stdout]   --> src/adapters/okex/ws/model.rs:74:5
[INFO] [stdout]    |
[INFO] [stdout] 65 | pub struct OkexOrderBookSnapshot {
[INFO] [stdout]    |            --------------------- field in this struct
[INFO] [stdout] ...
[INFO] [stdout] 74 |     checksum: Option<i64>,
[INFO] [stdout]    |     ^^^^^^^^
[INFO] [stdout]    |
[INFO] [stdout]    = note: `OkexOrderBookSnapshot` has a derived impl for the trait `Debug`, but this is intentionally ignored during dead code analysis
[INFO] [stdout] 
[INFO] [stdout] 
[INFO] [stderr]    Compiling exchange-connector v0.1.0 (/opt/rustwide/workdir)
[INFO] [stdout] warning: fields `deprecated` and `orders_number` are never read
[INFO] [stdout]    --> src/adapters/okex/ws/model.rs:105:9
[INFO] [stdout]     |
[INFO] [stdout] 102 | pub struct OkexBookLevel {
[INFO] [stdout]     |            ------------- fields in this struct
[INFO] [stdout] ...
[INFO] [stdout] 105 |     pub deprecated: CompactString,
[INFO] [stdout]     |         ^^^^^^^^^^
[INFO] [stdout] 106 |     pub orders_number: CompactString,
[INFO] [stdout]     |         ^^^^^^^^^^^^^
[INFO] [stdout]     |
[INFO] [stdout]     = note: `OkexBookLevel` has derived impls for the traits `Clone` and `Debug`, but these are intentionally ignored during dead code analysis
[INFO] [stdout] 
[INFO] [stdout] 
[INFO] [stdout] warning: associated functions `new` and `ping_task` are never used
[INFO] [stdout]   --> src/adapters/okex/ws/connection.rs:27:18
[INFO] [stdout]    |
[INFO] [stdout] 23 | impl OkexWsConnection {
[INFO] [stdout]    | --------------------- associated functions in this implementation
[INFO] [stdout] ...
[INFO] [stdout] 27 |     pub async fn new(tickers: Vec<impl ToCompactString>, config: OkexWsConnectionConfig) -> Result<Self> {
[INFO] [stdout]    |                  ^^^
[INFO] [stdout] ...
[INFO] [stdout] 48 |     async fn ping_task(tx: Sender<()>, frequency: u64) {
[INFO] [stdout]    |              ^^^^^^^^^
[INFO] [stdout] 
[INFO] [stdout] 
[INFO] [stdout] warning: variant `L2Update` is never constructed
[INFO] [stdout]   --> src/adapters/okex/ws/stream.rs:18:5
[INFO] [stdout]    |
[INFO] [stdout] 13 | pub enum OkexStreamKind {
[INFO] [stdout]    |          -------------- variant in this enum
[INFO] [stdout] ...
[INFO] [stdout] 18 |     L2Update,
[INFO] [stdout]    |     ^^^^^^^^
[INFO] [stdout]    |
[INFO] [stdout]    = note: `OkexStreamKind` has derived impls for the traits `Clone` and `Debug`, but these are intentionally ignored during dead code analysis
[INFO] [stdout] 
[INFO] [stdout] 
[INFO] [stdout] warning: field `ts` is never read
[INFO] [stdout]   --> src/adapters/okex/rest/model.rs:14:5
[INFO] [stdout]    |
[INFO] [stdout] 8  | pub struct OkexOrderBookSnapshot {
[INFO] [stdout]    |            --------------------- field in this struct
[INFO] [stdout] ...
[INFO] [stdout] 14 |     ts: CompactString
[INFO] [stdout]    |     ^^
[INFO] [stdout]    |
[INFO] [stdout]    = note: `OkexOrderBookSnapshot` has a derived impl for the trait `Debug`, but this is intentionally ignored during dead code analysis
[INFO] [stdout]    = note: `#[warn(dead_code)]` on by default
[INFO] [stdout] 
[INFO] [stdout] 
[INFO] [stdout] warning: fields `deprecated` and `orders_number` are never read
[INFO] [stdout]   --> src/adapters/okex/rest/model.rs:38:5
[INFO] [stdout]    |
[INFO] [stdout] 32 | pub struct OkexSingleLot {
[INFO] [stdout]    |            ------------- fields in this struct
[INFO] [stdout] ...
[INFO] [stdout] 38 |     deprecated: CompactString,
[INFO] [stdout]    |     ^^^^^^^^^^
[INFO] [stdout] 39 |     /// the number of orders at the price.
[INFO] [stdout] 40 |     orders_number: CompactString,
[INFO] [stdout]    |     ^^^^^^^^^^^^^
[INFO] [stdout]    |
[INFO] [stdout]    = note: `OkexSingleLot` has a derived impl for the trait `Debug`, but this is intentionally ignored during dead code analysis
[INFO] [stdout] 
[INFO] [stdout] 
[INFO] [stdout] warning: associated function `with_config` is never used
[INFO] [stdout]   --> src/adapters/okex/rest/poller.rs:45:12
[INFO] [stdout]    |
[INFO] [stdout] 40 | impl OkexExchangePoller {
[INFO] [stdout]    | ----------------------- associated function in this implementation
[INFO] [stdout] ...
[INFO] [stdout] 45 |     pub fn with_config(config: OkexPollerConfig) -> Self {
[INFO] [stdout]    |            ^^^^^^^^^^^
[INFO] [stdout] 
[INFO] [stdout] 
[INFO] [stdout] warning: field `channel_tickers_amount` is never read
[INFO] [stdout]  --> src/adapters/okex/ws/config.rs:6:9
[INFO] [stdout]   |
[INFO] [stdout] 5 | pub struct OkexWsConnectionConfig {
[INFO] [stdout]   |            ---------------------- field in this struct
[INFO] [stdout] 6 |     pub channel_tickers_amount: usize,
[INFO] [stdout]   |         ^^^^^^^^^^^^^^^^^^^^^^
[INFO] [stdout]   |
[INFO] [stdout]   = note: `OkexWsConnectionConfig` has a derived impl for the trait `Debug`, but this is intentionally ignored during dead code analysis
[INFO] [stdout] 
[INFO] [stdout] 
[INFO] [stdout] warning: fields `arg`, `code`, `msg`, and `conn_id` are never read
[INFO] [stdout]   --> src/adapters/okex/ws/model.rs:38:5
[INFO] [stdout]    |
[INFO] [stdout] 36 | pub struct OkexSubEvent<R> {
[INFO] [stdout]    |            ------------ fields in this struct
[INFO] [stdout] 37 |     pub event: EventType,
[INFO] [stdout] 38 |     arg: Option<R>,
[INFO] [stdout]    |     ^^^
[INFO] [stdout] 39 |     code: Option<CompactString>,
[INFO] [stdout]    |     ^^^^
[INFO] [stdout] 40 |     msg: Option<CompactString>,
[INFO] [stdout]    |     ^^^
[INFO] [stdout] 41 |     #[serde(rename = "connId")]
[INFO] [stdout] 42 |     conn_id: CompactString,
[INFO] [stdout]    |     ^^^^^^^
[INFO] [stdout]    |
[INFO] [stdout]    = note: `OkexSubEvent` has a derived impl for the trait `Debug`, but this is intentionally ignored during dead code analysis
[INFO] [stdout] 
[INFO] [stdout] 
[INFO] [stdout] warning: field `checksum` is never read
[INFO] [stdout]   --> src/adapters/okex/ws/model.rs:74:5
[INFO] [stdout]    |
[INFO] [stdout] 65 | pub struct OkexOrderBookSnapshot {
[INFO] [stdout]    |            --------------------- field in this struct
[INFO] [stdout] ...
[INFO] [stdout] 74 |     checksum: Option<i64>,
[INFO] [stdout]    |     ^^^^^^^^
[INFO] [stdout]    |
[INFO] [stdout]    = note: `OkexOrderBookSnapshot` has a derived impl for the trait `Debug`, but this is intentionally ignored during dead code analysis
[INFO] [stdout] 
[INFO] [stdout] 
[INFO] [stdout] warning: fields `deprecated` and `orders_number` are never read
[INFO] [stdout]    --> src/adapters/okex/ws/model.rs:105:9
[INFO] [stdout]     |
[INFO] [stdout] 102 | pub struct OkexBookLevel {
[INFO] [stdout]     |            ------------- fields in this struct
[INFO] [stdout] ...
[INFO] [stdout] 105 |     pub deprecated: CompactString,
[INFO] [stdout]     |         ^^^^^^^^^^
[INFO] [stdout] 106 |     pub orders_number: CompactString,
[INFO] [stdout]     |         ^^^^^^^^^^^^^
[INFO] [stdout]     |
[INFO] [stdout]     = note: `OkexBookLevel` has derived impls for the traits `Clone` and `Debug`, but these are intentionally ignored during dead code analysis
[INFO] [stdout] 
[INFO] [stdout] 
[INFO] [stderr]     Finished `test` profile [unoptimized + debuginfo] target(s) in 5.38s
[INFO] running `Command { std: "docker" "inspect" "1e9d2831c924c8d67518786c075bffa14b76ee5d0a72a63e1e4087cba9d6b85f", kill_on_drop: false }`
[INFO] running `Command { std: "docker" "rm" "-f" "1e9d2831c924c8d67518786c075bffa14b76ee5d0a72a63e1e4087cba9d6b85f", kill_on_drop: false }`
[INFO] [stdout] 1e9d2831c924c8d67518786c075bffa14b76ee5d0a72a63e1e4087cba9d6b85f
[INFO] running `Command { std: "docker" "create" "-v" "/var/lib/crater-agent-workspace/builds/worker-4-tc2/target:/opt/rustwide/target:rw,Z" "-v" "/var/lib/crater-agent-workspace/builds/worker-4-tc2/source:/opt/rustwide/workdir:ro,Z" "-v" "/var/lib/crater-agent-workspace/cargo-home:/opt/rustwide/cargo-home:ro,Z" "-v" "/var/lib/crater-agent-workspace/rustup-home:/opt/rustwide/rustup-home:ro,Z" "-e" "SOURCE_DIR=/opt/rustwide/workdir" "-e" "CARGO_TARGET_DIR=/opt/rustwide/target" "-e" "CARGO_INCREMENTAL=0" "-e" "RUST_BACKTRACE=full" "-e" "RUSTFLAGS=--cap-lints=forbid -Zrandomize-layout" "-e" "RUSTDOCFLAGS=--cap-lints=forbid" "-e" "CARGO_HOME=/opt/rustwide/cargo-home" "-e" "RUSTUP_HOME=/opt/rustwide/rustup-home" "-w" "/opt/rustwide/workdir" "-m" "1610612736" "--user" "0:0" "--network" "none" "ghcr.io/rust-lang/crates-build-env/linux@sha256:819108c5571ea2e421544af4d832f968d213c87fbe3707a016657f43d2f853bc" "/opt/rustwide/cargo-home/bin/cargo" "+nightly-2025-01-18" "test" "--frozen", kill_on_drop: false }`
[INFO] [stdout] 8590abc92526d75282a9dd5ba2cbe3530d70a96e89202107c8b3072c4944365c
[INFO] running `Command { std: "docker" "start" "-a" "8590abc92526d75282a9dd5ba2cbe3530d70a96e89202107c8b3072c4944365c", kill_on_drop: false }`
[INFO] [stderr] warning: field `ts` is never read
[INFO] [stderr]   --> src/adapters/okex/rest/model.rs:14:5
[INFO] [stderr]    |
[INFO] [stderr] 8  | pub struct OkexOrderBookSnapshot {
[INFO] [stderr]    |            --------------------- field in this struct
[INFO] [stderr] ...
[INFO] [stderr] 14 |     ts: CompactString
[INFO] [stderr]    |     ^^
[INFO] [stderr]    |
[INFO] [stderr]    = note: `OkexOrderBookSnapshot` has a derived impl for the trait `Debug`, but this is intentionally ignored during dead code analysis
[INFO] [stderr]    = note: `#[warn(dead_code)]` on by default
[INFO] [stderr] 
[INFO] [stderr] warning: fields `deprecated` and `orders_number` are never read
[INFO] [stderr]   --> src/adapters/okex/rest/model.rs:38:5
[INFO] [stderr]    |
[INFO] [stderr] 32 | pub struct OkexSingleLot {
[INFO] [stderr]    |            ------------- fields in this struct
[INFO] [stderr] ...
[INFO] [stderr] 38 |     deprecated: CompactString,
[INFO] [stderr]    |     ^^^^^^^^^^
[INFO] [stderr] 39 |     /// the number of orders at the price.
[INFO] [stderr] 40 |     orders_number: CompactString,
[INFO] [stderr]    |     ^^^^^^^^^^^^^
[INFO] [stderr]    |
[INFO] [stderr]    = note: `OkexSingleLot` has a derived impl for the trait `Debug`, but this is intentionally ignored during dead code analysis
[INFO] [stderr] 
[INFO] [stderr] warning: associated functions `new` and `with_config` are never used
[INFO] [stderr]   --> src/adapters/okex/rest/poller.rs:41:12
[INFO] [stderr]    |
[INFO] [stderr] 40 | impl OkexExchangePoller {
[INFO] [stderr]    | ----------------------- associated functions in this implementation
[INFO] [stderr] 41 |     pub fn new() -> Self {
[INFO] [stderr]    |            ^^^
[INFO] [stderr] ...
[INFO] [stderr] 45 |     pub fn with_config(config: OkexPollerConfig) -> Self {
[INFO] [stderr]    |            ^^^^^^^^^^^
[INFO] [stderr] 
[INFO] [stderr] warning: fields `channel_tickers_amount`, `ws_url`, `ping_frequency_seconds`, and `subscribe_interval_ms` are never read
[INFO] [stderr]  --> src/adapters/okex/ws/config.rs:6:9
[INFO] [stderr]   |
[INFO] [stderr] 5 | pub struct OkexWsConnectionConfig {
[INFO] [stderr]   |            ---------------------- fields in this struct
[INFO] [stderr] 6 |     pub channel_tickers_amount: usize,
[INFO] [stderr]   |         ^^^^^^^^^^^^^^^^^^^^^^
[INFO] [stderr] 7 |     pub ws_url: CompactString,
[INFO] [stderr]   |         ^^^^^^
[INFO] [stderr] 8 |     pub ping_frequency_seconds: u64,
[INFO] [stderr]   |         ^^^^^^^^^^^^^^^^^^^^^^
[INFO] [stderr] 9 |     pub subscribe_interval_ms: u64,
[INFO] [stderr]   |         ^^^^^^^^^^^^^^^^^^^^^
[INFO] [stderr]   |
[INFO] [stderr]   = note: `OkexWsConnectionConfig` has a derived impl for the trait `Debug`, but this is intentionally ignored during dead code analysis
[INFO] [stderr] 
[INFO] [stderr] warning: fields `arg`, `code`, `msg`, and `conn_id` are never read
[INFO] [stderr]   --> src/adapters/okex/ws/model.rs:38:5
[INFO] [stderr]    |
[INFO] [stderr] 36 | pub struct OkexSubEvent<R> {
[INFO] [stderr]    |            ------------ fields in this struct
[INFO] [stderr] 37 |     pub event: EventType,
[INFO] [stderr] 38 |     arg: Option<R>,
[INFO] [stderr]    |     ^^^
[INFO] [stderr] 39 |     code: Option<CompactString>,
[INFO] [stderr]    |     ^^^^
[INFO] [stderr] 40 |     msg: Option<CompactString>,
[INFO] [stderr]    |     ^^^
[INFO] [stderr] 41 |     #[serde(rename = "connId")]
[INFO] [stderr] 42 |     conn_id: CompactString,
[INFO] [stderr]    |     ^^^^^^^
[INFO] [stderr]    |
[INFO] [stderr]    = note: `OkexSubEvent` has a derived impl for the trait `Debug`, but this is intentionally ignored during dead code analysis
[INFO] [stderr] 
[INFO] [stderr] warning: field `checksum` is never read
[INFO] [stderr]   --> src/adapters/okex/ws/model.rs:74:5
[INFO] [stderr]    |
[INFO] [stderr] 65 | pub struct OkexOrderBookSnapshot {
[INFO] [stderr]    |            --------------------- field in this struct
[INFO] [stderr] ...
[INFO] [stderr] 74 |     checksum: Option<i64>,
[INFO] [stderr]    |     ^^^^^^^^
[INFO] [stderr]    |
[INFO] [stderr]    = note: `OkexOrderBookSnapshot` has a derived impl for the trait `Debug`, but this is intentionally ignored during dead code analysis
[INFO] [stderr] 
[INFO] [stderr] warning: fields `deprecated` and `orders_number` are never read
[INFO] [stderr]    --> src/adapters/okex/ws/model.rs:105:9
[INFO] [stderr]     |
[INFO] [stderr] 102 | pub struct OkexBookLevel {
[INFO] [stderr]     |            ------------- fields in this struct
[INFO] [stderr] ...
[INFO] [stderr] 105 |     pub deprecated: CompactString,
[INFO] [stderr]     |         ^^^^^^^^^^
[INFO] [stderr] 106 |     pub orders_number: CompactString,
[INFO] [stderr]     |         ^^^^^^^^^^^^^
[INFO] [stderr]     |
[INFO] [stderr]     = note: `OkexBookLevel` has derived impls for the traits `Clone` and `Debug`, but these are intentionally ignored during dead code analysis
[INFO] [stderr] 
[INFO] [stderr] warning: associated functions `new` and `ping_task` are never used
[INFO] [stderr]   --> src/adapters/okex/ws/connection.rs:27:18
[INFO] [stderr]    |
[INFO] [stderr] 23 | impl OkexWsConnection {
[INFO] [stderr]    | --------------------- associated functions in this implementation
[INFO] [stderr] ...
[INFO] [stderr] 27 |     pub async fn new(tickers: Vec<impl ToCompactString>, config: OkexWsConnectionConfig) -> Result<Self> {
[INFO] [stderr]    |                  ^^^
[INFO] [stderr] ...
[INFO] [stderr] 48 |     async fn ping_task(tx: Sender<()>, frequency: u64) {
[INFO] [stderr]    |              ^^^^^^^^^
[INFO] [stderr] 
[INFO] [stderr] warning: variant `L2Update` is never constructed
[INFO] [stderr]   --> src/adapters/okex/ws/stream.rs:18:5
[INFO] [stderr]    |
[INFO] [stderr] 13 | pub enum OkexStreamKind {
[INFO] [stderr]    |          -------------- variant in this enum
[INFO] [stderr] ...
[INFO] [stderr] 18 |     L2Update,
[INFO] [stderr]    |     ^^^^^^^^
[INFO] [stderr]    |
[INFO] [stderr]    = note: `OkexStreamKind` has derived impls for the traits `Clone` and `Debug`, but these are intentionally ignored during dead code analysis
[INFO] [stderr] 
[INFO] [stderr] warning: associated function `with_config` is never used
[INFO] [stderr]   --> src/adapters/okex/rest/poller.rs:45:12
[INFO] [stderr]    |
[INFO] [stderr] 40 | impl OkexExchangePoller {
[INFO] [stderr]    | ----------------------- associated function in this implementation
[INFO] [stderr] ...
[INFO] [stderr] 45 |     pub fn with_config(config: OkexPollerConfig) -> Self {
[INFO] [stderr]    |            ^^^^^^^^^^^
[INFO] [stderr] 
[INFO] [stderr] warning: field `channel_tickers_amount` is never read
[INFO] [stderr]  --> src/adapters/okex/ws/config.rs:6:9
[INFO] [stderr]   |
[INFO] [stderr] 5 | pub struct OkexWsConnectionConfig {
[INFO] [stderr]   |            ---------------------- field in this struct
[INFO] [stderr] 6 |     pub channel_tickers_amount: usize,
[INFO] [stderr]   |         ^^^^^^^^^^^^^^^^^^^^^^
[INFO] [stderr]   |
[INFO] [stderr]   = note: `OkexWsConnectionConfig` has a derived impl for the trait `Debug`, but this is intentionally ignored during dead code analysis
[INFO] [stderr] 
[INFO] [stderr] warning: `exchange-connector` (lib) generated 9 warnings
[INFO] [stderr] warning: `exchange-connector` (lib test) generated 7 warnings (5 duplicates)
[INFO] [stderr]     Finished `test` profile [unoptimized + debuginfo] target(s) in 0.22s
[INFO] [stderr]      Running unittests src/lib.rs (/opt/rustwide/target/debug/deps/exchange_connector-a04a8a4c69c64ba8)
[INFO] [stdout] 
[INFO] [stdout] running 6 tests
[INFO] [stdout] test adapters::okex::ws::connection::md_integration_tests::ob_test ... ignored
[INFO] [stdout] test adapters::okex::ws::model::tests::order_book_parsing2 ... ok
[INFO] [stdout] test adapters::okex::rest::model::tests::order_book_parsing ... ok
[INFO] [stdout] test adapters::okex::ws::model::tests::order_book_parsing ... ok
[INFO] [stdout] test adapters::okex::rest::poller::api_tests::get_ob_test_instrument_not_exist ... ok
[INFO] [stdout] test adapters::okex::rest::poller::api_tests::get_ob_test ... FAILED
[INFO] [stdout] 
[INFO] [stdout] failures:
[INFO] [stdout] 
[INFO] [stdout] ---- adapters::okex::rest::poller::api_tests::get_ob_test stdout ----
[INFO] [stdout] 
[INFO] [stdout] thread 'adapters::okex::rest::poller::api_tests::get_ob_test' panicked at src/adapters/okex/rest/poller.rs:59:9:
[INFO] [stdout] assertion failed: ob.is_ok()
[INFO] [stdout] stack backtrace:
[INFO] [stdout]    0:     0x5674ec1684aa - std::backtrace_rs::backtrace::libunwind::trace::hb059275cfc8d6126
[INFO] [stdout]                                at /rustc/6067b36314ab5eb2eb47cecc464545ba58e1ad24/library/std/src/../../backtrace/src/backtrace/libunwind.rs:116:5
[INFO] [stdout]    1:     0x5674ec1684aa - std::backtrace_rs::backtrace::trace_unsynchronized::h2da071e4327ce3ee
[INFO] [stdout]                                at /rustc/6067b36314ab5eb2eb47cecc464545ba58e1ad24/library/std/src/../../backtrace/src/backtrace/mod.rs:66:5
[INFO] [stdout]    2:     0x5674ec1684aa - std::sys::backtrace::_print_fmt::h842a1474e6f8d23f
[INFO] [stdout]                                at /rustc/6067b36314ab5eb2eb47cecc464545ba58e1ad24/library/std/src/sys/backtrace.rs:66:9
[INFO] [stdout]    3:     0x5674ec1684aa - <std::sys::backtrace::BacktraceLock::print::DisplayBacktrace as core::fmt::Display>::fmt::h71a62eb3b9696b12
[INFO] [stdout]                                at /rustc/6067b36314ab5eb2eb47cecc464545ba58e1ad24/library/std/src/sys/backtrace.rs:39:26
[INFO] [stdout]    4:     0x5674ec196443 - core::fmt::rt::Argument::fmt::hdb6b616786b41dc1
[INFO] [stdout]                                at /rustc/6067b36314ab5eb2eb47cecc464545ba58e1ad24/library/core/src/fmt/rt.rs:177:76
[INFO] [stdout]    5:     0x5674ec196443 - core::fmt::write::h2cc1698af7e2d686
[INFO] [stdout]                                at /rustc/6067b36314ab5eb2eb47cecc464545ba58e1ad24/library/core/src/fmt/mod.rs:1440:21
[INFO] [stdout]    6:     0x5674ec163df3 - std::io::Write::write_fmt::hab1b4cd059a79022
[INFO] [stdout]                                at /rustc/6067b36314ab5eb2eb47cecc464545ba58e1ad24/library/std/src/io/mod.rs:1887:15
[INFO] [stdout]    7:     0x5674ec1682f2 - std::sys::backtrace::BacktraceLock::print::h147fe35b4ea13b08
[INFO] [stdout]                                at /rustc/6067b36314ab5eb2eb47cecc464545ba58e1ad24/library/std/src/sys/backtrace.rs:42:9
[INFO] [stdout]    8:     0x5674ec1698cf - std::panicking::default_hook::{{closure}}::hbd44223dbdc0d208
[INFO] [stdout]                                at /rustc/6067b36314ab5eb2eb47cecc464545ba58e1ad24/library/std/src/panicking.rs:298:22
[INFO] [stdout]    9:     0x5674ec1696e8 - std::panicking::default_hook::h20f81eb0576efcec
[INFO] [stdout]                                at /rustc/6067b36314ab5eb2eb47cecc464545ba58e1ad24/library/std/src/panicking.rs:322:9
[INFO] [stdout]   10:     0x5674ebccd8f3 - <alloc::boxed::Box<F,A> as core::ops::function::Fn<Args>>::call::hdb53814c496a4d34
[INFO] [stdout]                                at /rustc/6067b36314ab5eb2eb47cecc464545ba58e1ad24/library/alloc/src/boxed.rs:2027:9
[INFO] [stdout]   11:     0x5674ebccd8f3 - test::test_main::{{closure}}::hc0a4963c59427c24
[INFO] [stdout]                                at /rustc/6067b36314ab5eb2eb47cecc464545ba58e1ad24/library/test/src/lib.rs:134:21
[INFO] [stdout]   12:     0x5674ec16a3c3 - <alloc::boxed::Box<F,A> as core::ops::function::Fn<Args>>::call::h591b2225413a77e9
[INFO] [stdout]                                at /rustc/6067b36314ab5eb2eb47cecc464545ba58e1ad24/library/alloc/src/boxed.rs:2027:9
[INFO] [stdout]   13:     0x5674ec16a3c3 - std::panicking::rust_panic_with_hook::h625eea43051b2edc
[INFO] [stdout]                                at /rustc/6067b36314ab5eb2eb47cecc464545ba58e1ad24/library/std/src/panicking.rs:839:13
[INFO] [stdout]   14:     0x5674ec16a046 - std::panicking::begin_panic_handler::{{closure}}::h4f9159cfbc3f6bd3
[INFO] [stdout]                                at /rustc/6067b36314ab5eb2eb47cecc464545ba58e1ad24/library/std/src/panicking.rs:697:13
[INFO] [stdout]   15:     0x5674ec1689a9 - std::sys::backtrace::__rust_end_short_backtrace::h0390abce48353151
[INFO] [stdout]                                at /rustc/6067b36314ab5eb2eb47cecc464545ba58e1ad24/library/std/src/sys/backtrace.rs:168:18
[INFO] [stdout]   16:     0x5674ec169d0d - rust_begin_unwind
[INFO] [stdout]                                at /rustc/6067b36314ab5eb2eb47cecc464545ba58e1ad24/library/std/src/panicking.rs:695:5
[INFO] [stdout]   17:     0x5674ec193d30 - core::panicking::panic_fmt::h9e7c637e9e5f29c9
[INFO] [stdout]                                at /rustc/6067b36314ab5eb2eb47cecc464545ba58e1ad24/library/core/src/panicking.rs:75:14
[INFO] [stdout]   18:     0x5674ec193dbc - core::panicking::panic::haa3255ea20181a33
[INFO] [stdout]                                at /rustc/6067b36314ab5eb2eb47cecc464545ba58e1ad24/library/core/src/panicking.rs:145:5
[INFO] [stdout]   19:     0x5674ebab2cec - exchange_connector::adapters::okex::rest::poller::api_tests::get_ob_test::{{closure}}::hdd55ccc85e01f5cd
[INFO] [stdout]                                at /opt/rustwide/workdir/src/adapters/okex/rest/poller.rs:59:9
[INFO] [stdout]   20:     0x5674eba46ff2 - <core::pin::Pin<P> as core::future::future::Future>::poll::hb31820a4dce91152
[INFO] [stdout]                                at /rustc/6067b36314ab5eb2eb47cecc464545ba58e1ad24/library/core/src/future/future.rs:124:9
[INFO] [stdout]   21:     0x5674eba46fad - <core::pin::Pin<P> as core::future::future::Future>::poll::h8f00999855a564cc
[INFO] [stdout]                                at /rustc/6067b36314ab5eb2eb47cecc464545ba58e1ad24/library/core/src/future/future.rs:124:9
[INFO] [stdout]   22:     0x5674eba2faff - tokio::runtime::scheduler::current_thread::CoreGuard::block_on::{{closure}}::{{closure}}::{{closure}}::h18a5ae38f5115850
[INFO] [stdout]                                at /opt/rustwide/cargo-home/registry/src/index.crates.io-1949cf8c6b5b557f/tokio-1.38.0/src/runtime/scheduler/current_thread/mod.rs:659:57
[INFO] [stdout]   23:     0x5674eba2f855 - tokio::runtime::coop::with_budget::h6d329d0cffa64994
[INFO] [stdout]                                at /opt/rustwide/cargo-home/registry/src/index.crates.io-1949cf8c6b5b557f/tokio-1.38.0/src/runtime/coop.rs:107:5
[INFO] [stdout]   24:     0x5674eba2f855 - tokio::runtime::coop::budget::h129a3553b48227c8
[INFO] [stdout]                                at /opt/rustwide/cargo-home/registry/src/index.crates.io-1949cf8c6b5b557f/tokio-1.38.0/src/runtime/coop.rs:73:5
[INFO] [stdout]   25:     0x5674eba2f855 - tokio::runtime::scheduler::current_thread::CoreGuard::block_on::{{closure}}::{{closure}}::h6d748133246c0967
[INFO] [stdout]                                at /opt/rustwide/cargo-home/registry/src/index.crates.io-1949cf8c6b5b557f/tokio-1.38.0/src/runtime/scheduler/current_thread/mod.rs:659:25
[INFO] [stdout]   26:     0x5674eba2cc60 - tokio::runtime::scheduler::current_thread::Context::enter::h21e0a7611f8a3cef
[INFO] [stdout]                                at /opt/rustwide/cargo-home/registry/src/index.crates.io-1949cf8c6b5b557f/tokio-1.38.0/src/runtime/scheduler/current_thread/mod.rs:404:19
[INFO] [stdout]   27:     0x5674eba2e7ea - tokio::runtime::scheduler::current_thread::CoreGuard::block_on::{{closure}}::h23d0296e12c974ce
[INFO] [stdout]                                at /opt/rustwide/cargo-home/registry/src/index.crates.io-1949cf8c6b5b557f/tokio-1.38.0/src/runtime/scheduler/current_thread/mod.rs:658:36
[INFO] [stdout]   28:     0x5674eba2e4f4 - tokio::runtime::scheduler::current_thread::CoreGuard::enter::{{closure}}::ha73fdbf4d64ddcab
[INFO] [stdout]                                at /opt/rustwide/cargo-home/registry/src/index.crates.io-1949cf8c6b5b557f/tokio-1.38.0/src/runtime/scheduler/current_thread/mod.rs:737:68
[INFO] [stdout]   29:     0x5674eba26ccb - tokio::runtime::context::scoped::Scoped<T>::set::ha1fd18bc2fb1ea83
[INFO] [stdout]                                at /opt/rustwide/cargo-home/registry/src/index.crates.io-1949cf8c6b5b557f/tokio-1.38.0/src/runtime/context/scoped.rs:40:9
[INFO] [stdout]   30:     0x5674eba26879 - tokio::runtime::context::set_scheduler::{{closure}}::h7baf63d5bb11df7d
[INFO] [stdout]                                at /opt/rustwide/cargo-home/registry/src/index.crates.io-1949cf8c6b5b557f/tokio-1.38.0/src/runtime/context.rs:180:26
[INFO] [stdout]   31:     0x5674eba74532 - std::thread::local::LocalKey<T>::try_with::h45a940959cc46b3d
[INFO] [stdout]                                at /rustc/6067b36314ab5eb2eb47cecc464545ba58e1ad24/library/std/src/thread/local.rs:308:12
[INFO] [stdout]   32:     0x5674eba73eaa - std::thread::local::LocalKey<T>::with::h4f78b5a78c76a488
[INFO] [stdout]                                at /rustc/6067b36314ab5eb2eb47cecc464545ba58e1ad24/library/std/src/thread/local.rs:272:9
[INFO] [stdout]   33:     0x5674eba2682d - tokio::runtime::context::set_scheduler::h697be84c69f93442
[INFO] [stdout]                                at /opt/rustwide/cargo-home/registry/src/index.crates.io-1949cf8c6b5b557f/tokio-1.38.0/src/runtime/context.rs:180:9
[INFO] [stdout]   34:     0x5674eba2e278 - tokio::runtime::scheduler::current_thread::CoreGuard::enter::h40bc948920cabc70
[INFO] [stdout]                                at /opt/rustwide/cargo-home/registry/src/index.crates.io-1949cf8c6b5b557f/tokio-1.38.0/src/runtime/scheduler/current_thread/mod.rs:737:27
[INFO] [stdout]   35:     0x5674eba2e513 - tokio::runtime::scheduler::current_thread::CoreGuard::block_on::h7ebe4cead9e13e18
[INFO] [stdout]                                at /opt/rustwide/cargo-home/registry/src/index.crates.io-1949cf8c6b5b557f/tokio-1.38.0/src/runtime/scheduler/current_thread/mod.rs:646:19
[INFO] [stdout]   36:     0x5674eba2c17d - tokio::runtime::scheduler::current_thread::CurrentThread::block_on::{{closure}}::hbb3a14f1f02ddfd6
[INFO] [stdout]                                at /opt/rustwide/cargo-home/registry/src/index.crates.io-1949cf8c6b5b557f/tokio-1.38.0/src/runtime/scheduler/current_thread/mod.rs:175:28
[INFO] [stdout]   37:     0x5674eba826d6 - tokio::runtime::context::runtime::enter_runtime::h5551d6b83e9726cd
[INFO] [stdout]                                at /opt/rustwide/cargo-home/registry/src/index.crates.io-1949cf8c6b5b557f/tokio-1.38.0/src/runtime/context/runtime.rs:65:16
[INFO] [stdout]   38:     0x5674eba2bd01 - tokio::runtime::scheduler::current_thread::CurrentThread::block_on::hc073da6a8ce6c0f8
[INFO] [stdout]                                at /opt/rustwide/cargo-home/registry/src/index.crates.io-1949cf8c6b5b557f/tokio-1.38.0/src/runtime/scheduler/current_thread/mod.rs:167:9
[INFO] [stdout]   39:     0x5674eba930ee - tokio::runtime::runtime::Runtime::block_on::h9cea5190a423c2bb
[INFO] [stdout]                                at /opt/rustwide/cargo-home/registry/src/index.crates.io-1949cf8c6b5b557f/tokio-1.38.0/src/runtime/runtime.rs:347:47
[INFO] [stdout]   40:     0x5674ebab294b - exchange_connector::adapters::okex::rest::poller::api_tests::get_ob_test::h97692f1a168ae4cd
[INFO] [stdout]                                at /opt/rustwide/workdir/src/adapters/okex/rest/poller.rs:62:9
[INFO] [stdout]   41:     0x5674ebab2807 - exchange_connector::adapters::okex::rest::poller::api_tests::get_ob_test::{{closure}}::hde8cf3c53e383bb9
[INFO] [stdout]                                at /opt/rustwide/workdir/src/adapters/okex/rest/poller.rs:56:27
[INFO] [stdout]   42:     0x5674eba3e7d6 - core::ops::function::FnOnce::call_once::hf3efd6b68832a0a6
[INFO] [stdout]                                at /rustc/6067b36314ab5eb2eb47cecc464545ba58e1ad24/library/core/src/ops/function.rs:250:5
[INFO] [stdout]   43:     0x5674ebcd304b - core::ops::function::FnOnce::call_once::he27718dfdd183f43
[INFO] [stdout]                                at /rustc/6067b36314ab5eb2eb47cecc464545ba58e1ad24/library/core/src/ops/function.rs:250:5
[INFO] [stdout]   44:     0x5674ebcd304b - test::__rust_begin_short_backtrace::h4e84902998457a5d
[INFO] [stdout]                                at /rustc/6067b36314ab5eb2eb47cecc464545ba58e1ad24/library/test/src/lib.rs:632:18
[INFO] [stdout]   45:     0x5674ebcd1f83 - test::run_test_in_process::{{closure}}::h7176fd18fc1feca0
[INFO] [stdout]                                at /rustc/6067b36314ab5eb2eb47cecc464545ba58e1ad24/library/test/src/lib.rs:655:60
[INFO] [stdout]   46:     0x5674ebcd1f83 - <core::panic::unwind_safe::AssertUnwindSafe<F> as core::ops::function::FnOnce<()>>::call_once::hf79cff2a624d8cf7
[INFO] [stdout]                                at /rustc/6067b36314ab5eb2eb47cecc464545ba58e1ad24/library/core/src/panic/unwind_safe.rs:272:9
[INFO] [stdout]   47:     0x5674ebcd1f83 - std::panicking::try::do_call::h3da0561d9ab99c25
[INFO] [stdout]                                at /rustc/6067b36314ab5eb2eb47cecc464545ba58e1ad24/library/std/src/panicking.rs:587:40
[INFO] [stdout]   48:     0x5674ebcd1f83 - std::panicking::try::h41c9fa508bc61df6
[INFO] [stdout]                                at /rustc/6067b36314ab5eb2eb47cecc464545ba58e1ad24/library/std/src/panicking.rs:550:19
[INFO] [stdout]   49:     0x5674ebcd1f83 - std::panic::catch_unwind::h6b3ff07bb5afad93
[INFO] [stdout]                                at /rustc/6067b36314ab5eb2eb47cecc464545ba58e1ad24/library/std/src/panic.rs:358:14
[INFO] [stdout]   50:     0x5674ebcd1f83 - test::run_test_in_process::hc7253dd11b39b9f4
[INFO] [stdout]                                at /rustc/6067b36314ab5eb2eb47cecc464545ba58e1ad24/library/test/src/lib.rs:655:27
[INFO] [stdout]   51:     0x5674ebcd1f83 - test::run_test::{{closure}}::hfb2007f8649c30bb
[INFO] [stdout]                                at /rustc/6067b36314ab5eb2eb47cecc464545ba58e1ad24/library/test/src/lib.rs:576:43
[INFO] [stdout]   52:     0x5674ebc95065 - test::run_test::{{closure}}::h56a17aa7a282a9f4
[INFO] [stdout]                                at /rustc/6067b36314ab5eb2eb47cecc464545ba58e1ad24/library/test/src/lib.rs:606:41
[INFO] [stdout]   53:     0x5674ebc95065 - std::sys::backtrace::__rust_begin_short_backtrace::hd2d2d2fb8e8c6aac
[INFO] [stdout]                                at /rustc/6067b36314ab5eb2eb47cecc464545ba58e1ad24/library/std/src/sys/backtrace.rs:152:18
[INFO] [stdout]   54:     0x5674ebc9894a - std::thread::Builder::spawn_unchecked_::{{closure}}::{{closure}}::h4faa3f9db6133423
[INFO] [stdout]                                at /rustc/6067b36314ab5eb2eb47cecc464545ba58e1ad24/library/std/src/thread/mod.rs:559:17
[INFO] [stdout]   55:     0x5674ebc9894a - <core::panic::unwind_safe::AssertUnwindSafe<F> as core::ops::function::FnOnce<()>>::call_once::hf2e855a36a4ea846
[INFO] [stdout]                                at /rustc/6067b36314ab5eb2eb47cecc464545ba58e1ad24/library/core/src/panic/unwind_safe.rs:272:9
[INFO] [stdout]   56:     0x5674ebc9894a - std::panicking::try::do_call::h2f73af3616c35465
[INFO] [stdout]                                at /rustc/6067b36314ab5eb2eb47cecc464545ba58e1ad24/library/std/src/panicking.rs:587:40
[INFO] [stdout]   57:     0x5674ebc9894a - std::panicking::try::hd1660ce9efadef5a
[INFO] [stdout]                                at /rustc/6067b36314ab5eb2eb47cecc464545ba58e1ad24/library/std/src/panicking.rs:550:19
[INFO] [stdout]   58:     0x5674ebc9894a - std::panic::catch_unwind::h5ee8d7823b8ca744
[INFO] [stdout]                                at /rustc/6067b36314ab5eb2eb47cecc464545ba58e1ad24/library/std/src/panic.rs:358:14
[INFO] [stdout]   59:     0x5674ebc9894a - std::thread::Builder::spawn_unchecked_::{{closure}}::h53c3a1894dce8407
[INFO] [stdout]                                at /rustc/6067b36314ab5eb2eb47cecc464545ba58e1ad24/library/std/src/thread/mod.rs:557:30
[INFO] [stdout]   60:     0x5674ebc9894a - core::ops::function::FnOnce::call_once{{vtable.shim}}::h048ce291ad4f62bf
[INFO] [stdout]                                at /rustc/6067b36314ab5eb2eb47cecc464545ba58e1ad24/library/core/src/ops/function.rs:250:5
[INFO] [stdout]   61:     0x5674ec16f96b - <alloc::boxed::Box<F,A> as core::ops::function::FnOnce<Args>>::call_once::ha52bedf99a3b4981
[INFO] [stdout]                                at /rustc/6067b36314ab5eb2eb47cecc464545ba58e1ad24/library/alloc/src/boxed.rs:2013:9
[INFO] [stdout]   62:     0x5674ec16f96b - <alloc::boxed::Box<F,A> as core::ops::function::FnOnce<Args>>::call_once::h567748934d80ccf8
[INFO] [stdout]                                at /rustc/6067b36314ab5eb2eb47cecc464545ba58e1ad24/library/alloc/src/boxed.rs:2013:9
[INFO] [stdout]   63:     0x5674ec16f96b - std::sys::pal::unix::thread::Thread::new::thread_start::h2d970728ae887adc
[INFO] [stdout]                                at /rustc/6067b36314ab5eb2eb47cecc464545ba58e1ad24/library/std/src/sys/pal/unix/thread.rs:106:17
[INFO] [stdout]   64:     0x72fe7cdf6ac3 - <unknown>
[INFO] [stdout]   65:     0x72fe7ce87a04 - clone
[INFO] [stdout]   66:                0x0 - <unknown>
[INFO] [stdout] 
[INFO] [stdout] 
[INFO] [stdout] failures:
[INFO] [stdout]     adapters::okex::rest::poller::api_tests::get_ob_test
[INFO] [stdout] 
[INFO] [stdout] test result: FAILED. 4 passed; 1 failed; 1 ignored; 0 measured; 0 filtered out; finished in 0.18s
[INFO] [stdout] 
[INFO] [stderr] error: test failed, to rerun pass `--lib`
[INFO] running `Command { std: "docker" "inspect" "8590abc92526d75282a9dd5ba2cbe3530d70a96e89202107c8b3072c4944365c", kill_on_drop: false }`
[INFO] running `Command { std: "docker" "rm" "-f" "8590abc92526d75282a9dd5ba2cbe3530d70a96e89202107c8b3072c4944365c", kill_on_drop: false }`
[INFO] [stdout] 8590abc92526d75282a9dd5ba2cbe3530d70a96e89202107c8b3072c4944365c
