[INFO] cloning repository https://github.com/kaio-matos/42_scop
[INFO] running `Command { std: "git" "-c" "credential.helper=" "-c" "credential.helper=/workspace/cargo-home/bin/git-credential-null" "clone" "--bare" "https://github.com/kaio-matos/42_scop" "/workspace/cache/git-repos/https%3A%2F%2Fgithub.com%2Fkaio-matos%2F42_scop", kill_on_drop: false }`
[INFO] [stderr] Cloning into bare repository '/workspace/cache/git-repos/https%3A%2F%2Fgithub.com%2Fkaio-matos%2F42_scop'...
[INFO] running `Command { std: "git" "rev-parse" "HEAD", kill_on_drop: false }`
[INFO] [stdout] 6a32d627b6299bc4674088b28723d0d15676ff47
[INFO] testing kaio-matos/42_scop against nightly-2025-01-18 for randomize-layout-2
[INFO] running `Command { std: "git" "clone" "/workspace/cache/git-repos/https%3A%2F%2Fgithub.com%2Fkaio-matos%2F42_scop" "/workspace/builds/worker-7-tc1/source", kill_on_drop: false }`
[INFO] [stderr] Cloning into '/workspace/builds/worker-7-tc1/source'...
[INFO] [stderr] done.
[INFO] validating manifest of git repo https://github.com/kaio-matos/42_scop on toolchain nightly-2025-01-18
[INFO] running `Command { std: CARGO_HOME="/workspace/cargo-home" RUSTUP_HOME="/workspace/rustup-home" "/workspace/cargo-home/bin/cargo" "+nightly-2025-01-18" "metadata" "--manifest-path" "Cargo.toml" "--no-deps", kill_on_drop: false }`
[INFO] started tweaking git repo https://github.com/kaio-matos/42_scop
[INFO] finished tweaking git repo https://github.com/kaio-matos/42_scop
[INFO] tweaked toml for git repo https://github.com/kaio-matos/42_scop written to /workspace/builds/worker-7-tc1/source/Cargo.toml
[INFO] crate git repo https://github.com/kaio-matos/42_scop already has a lockfile, it will not be regenerated
[INFO] running `Command { std: CARGO_HOME="/workspace/cargo-home" RUSTUP_HOME="/workspace/rustup-home" "/workspace/cargo-home/bin/cargo" "+nightly-2025-01-18" "fetch" "--manifest-path" "Cargo.toml", kill_on_drop: false }`
[INFO] [stderr] warning: virtual workspace defaulting to `resolver = "1"` despite one or more workspace members being on edition 2021 which implies `resolver = "2"`
[INFO] [stderr] note: to keep the current resolver, specify `workspace.resolver = "1"` in the workspace root's manifest
[INFO] [stderr] note: to use the edition 2021 resolver, specify `workspace.resolver = "2"` in the workspace root's manifest
[INFO] [stderr] note: for more details see https://doc.rust-lang.org/cargo/reference/resolver.html#resolver-versions
[INFO] [stderr]  Downloading crates ...
[INFO] [stderr]   Downloaded glfw v0.58.0
[INFO] [stderr]   Downloaded glfw-sys v5.0.0+3.3.9
[INFO] running `Command { std: "docker" "create" "-v" "/var/lib/crater-agent-workspace/builds/worker-7-tc1/target:/opt/rustwide/target:rw,Z" "-v" "/var/lib/crater-agent-workspace/builds/worker-7-tc1/source:/opt/rustwide/workdir:ro,Z" "-v" "/var/lib/crater-agent-workspace/cargo-home:/opt/rustwide/cargo-home:ro,Z" "-v" "/var/lib/crater-agent-workspace/rustup-home:/opt/rustwide/rustup-home:ro,Z" "-e" "SOURCE_DIR=/opt/rustwide/workdir" "-e" "CARGO_TARGET_DIR=/opt/rustwide/target" "-e" "CARGO_HOME=/opt/rustwide/cargo-home" "-e" "RUSTUP_HOME=/opt/rustwide/rustup-home" "-w" "/opt/rustwide/workdir" "-m" "1610612736" "--user" "0:0" "--network" "none" "ghcr.io/rust-lang/crates-build-env/linux@sha256:819108c5571ea2e421544af4d832f968d213c87fbe3707a016657f43d2f853bc" "/opt/rustwide/cargo-home/bin/cargo" "+nightly-2025-01-18" "metadata" "--no-deps" "--format-version=1", kill_on_drop: false }`
[INFO] [stdout] 01c47a618b5133a849ac26ffb1413a3b660520177be76114c4620ae2be2089d9
[INFO] running `Command { std: "docker" "start" "-a" "01c47a618b5133a849ac26ffb1413a3b660520177be76114c4620ae2be2089d9", kill_on_drop: false }`
[INFO] running `Command { std: "docker" "inspect" "01c47a618b5133a849ac26ffb1413a3b660520177be76114c4620ae2be2089d9", kill_on_drop: false }`
[INFO] running `Command { std: "docker" "rm" "-f" "01c47a618b5133a849ac26ffb1413a3b660520177be76114c4620ae2be2089d9", kill_on_drop: false }`
[INFO] [stdout] 01c47a618b5133a849ac26ffb1413a3b660520177be76114c4620ae2be2089d9
[INFO] running `Command { std: "docker" "create" "-v" "/var/lib/crater-agent-workspace/builds/worker-7-tc1/target:/opt/rustwide/target:rw,Z" "-v" "/var/lib/crater-agent-workspace/builds/worker-7-tc1/source:/opt/rustwide/workdir:ro,Z" "-v" "/var/lib/crater-agent-workspace/cargo-home:/opt/rustwide/cargo-home:ro,Z" "-v" "/var/lib/crater-agent-workspace/rustup-home:/opt/rustwide/rustup-home:ro,Z" "-e" "SOURCE_DIR=/opt/rustwide/workdir" "-e" "CARGO_TARGET_DIR=/opt/rustwide/target" "-e" "CARGO_INCREMENTAL=0" "-e" "RUST_BACKTRACE=full" "-e" "RUSTFLAGS=--cap-lints=forbid" "-e" "RUSTDOCFLAGS=--cap-lints=forbid" "-e" "CARGO_HOME=/opt/rustwide/cargo-home" "-e" "RUSTUP_HOME=/opt/rustwide/rustup-home" "-w" "/opt/rustwide/workdir" "-m" "1610612736" "--user" "0:0" "--network" "none" "ghcr.io/rust-lang/crates-build-env/linux@sha256:819108c5571ea2e421544af4d832f968d213c87fbe3707a016657f43d2f853bc" "/opt/rustwide/cargo-home/bin/cargo" "+nightly-2025-01-18" "build" "--frozen" "--message-format=json", kill_on_drop: false }`
[INFO] [stdout] 5eb61bd1a3d8a747e0420d492b1ab412566fef8e67b7e1843c7a1f357239c718
[INFO] running `Command { std: "docker" "start" "-a" "5eb61bd1a3d8a747e0420d492b1ab412566fef8e67b7e1843c7a1f357239c718", kill_on_drop: false }`
[INFO] [stderr] warning: virtual workspace defaulting to `resolver = "1"` despite one or more workspace members being on edition 2021 which implies `resolver = "2"`
[INFO] [stderr] note: to keep the current resolver, specify `workspace.resolver = "1"` in the workspace root's manifest
[INFO] [stderr] note: to use the edition 2021 resolver, specify `workspace.resolver = "2"` in the workspace root's manifest
[INFO] [stderr] note: for more details see https://doc.rust-lang.org/cargo/reference/resolver.html#resolver-versions
[INFO] [stderr]    Compiling khronos_api v3.1.0
[INFO] [stderr]    Compiling shlex v1.3.0
[INFO] [stderr]    Compiling log v0.4.22
[INFO] [stderr]    Compiling xml-rs v0.8.23
[INFO] [stderr]    Compiling raw-window-handle v0.6.2
[INFO] [stderr]    Compiling bitflags v1.3.2
[INFO] [stderr]    Compiling cc v1.2.1
[INFO] [stderr]    Compiling gl_generator v0.14.0
[INFO] [stderr]    Compiling cmake v0.1.51
[INFO] [stderr]    Compiling glfw-sys v5.0.0+3.3.9
[INFO] [stderr]    Compiling gl v0.14.0
[INFO] [stderr]    Compiling glfw v0.58.0
[INFO] [stderr]    Compiling basis v0.1.0 (/opt/rustwide/workdir/basis)
[INFO] [stdout] warning: value assigned to `shader_id` is never read
[INFO] [stdout]    --> basis/src/graphics/glw.rs:385:17
[INFO] [stdout]     |
[INFO] [stdout] 385 |         let mut shader_id: u32 = 0;
[INFO] [stdout]     |                 ^^^^^^^^^
[INFO] [stdout]     |
[INFO] [stdout]     = help: maybe it is overwritten before being read?
[INFO] [stdout]     = note: `#[warn(unused_assignments)]` on by default
[INFO] [stdout] 
[INFO] [stdout] 
[INFO] [stdout] warning: unused variable: `fov`
[INFO] [stdout]   --> basis/src/math/mtx.rs:58:24
[INFO] [stdout]    |
[INFO] [stdout] 58 |     pub fn perspective(fov: f32, aspect_ration: f32, near: f32, far: f32) -> Self {
[INFO] [stdout]    |                        ^^^ help: if this is intentional, prefix it with an underscore: `_fov`
[INFO] [stdout]    |
[INFO] [stdout]    = note: `#[warn(unused_variables)]` on by default
[INFO] [stdout] 
[INFO] [stdout] 
[INFO] [stdout] warning: unused variable: `aspect_ration`
[INFO] [stdout]   --> basis/src/math/mtx.rs:58:34
[INFO] [stdout]    |
[INFO] [stdout] 58 |     pub fn perspective(fov: f32, aspect_ration: f32, near: f32, far: f32) -> Self {
[INFO] [stdout]    |                                  ^^^^^^^^^^^^^ help: if this is intentional, prefix it with an underscore: `_aspect_ration`
[INFO] [stdout] 
[INFO] [stdout] 
[INFO] [stdout] warning: unused variable: `near`
[INFO] [stdout]   --> basis/src/math/mtx.rs:58:54
[INFO] [stdout]    |
[INFO] [stdout] 58 |     pub fn perspective(fov: f32, aspect_ration: f32, near: f32, far: f32) -> Self {
[INFO] [stdout]    |                                                      ^^^^ help: if this is intentional, prefix it with an underscore: `_near`
[INFO] [stdout] 
[INFO] [stdout] 
[INFO] [stdout] warning: unused variable: `far`
[INFO] [stdout]   --> basis/src/math/mtx.rs:58:65
[INFO] [stdout]    |
[INFO] [stdout] 58 |     pub fn perspective(fov: f32, aspect_ration: f32, near: f32, far: f32) -> Self {
[INFO] [stdout]    |                                                                 ^^^ help: if this is intentional, prefix it with an underscore: `_far`
[INFO] [stdout] 
[INFO] [stdout] 
[INFO] [stdout] warning: field `name` is never read
[INFO] [stdout]    --> basis/src/graphics/glw.rs:335:5
[INFO] [stdout]     |
[INFO] [stdout] 333 | pub struct UniformLocation {
[INFO] [stdout]     |            --------------- field in this struct
[INFO] [stdout] 334 |     id: gl::types::GLint,
[INFO] [stdout] 335 |     name: &'static str,
[INFO] [stdout]     |     ^^^^
[INFO] [stdout]     |
[INFO] [stdout]     = note: `UniformLocation` has a derived impl for the trait `Debug`, but this is intentionally ignored during dead code analysis
[INFO] [stdout]     = note: `#[warn(dead_code)]` on by default
[INFO] [stdout] 
[INFO] [stdout] 
[INFO] [stdout] warning: field `type` is never read
[INFO] [stdout]    --> basis/src/graphics/glw.rs:375:5
[INFO] [stdout]     |
[INFO] [stdout] 373 | pub struct ShaderFile {
[INFO] [stdout]     |            ---------- field in this struct
[INFO] [stdout] 374 |     id: gl::types::GLuint,
[INFO] [stdout] 375 |     r#type: gl::types::GLenum,
[INFO] [stdout]     |     ^^^^^^
[INFO] [stdout]     |
[INFO] [stdout]     = note: `ShaderFile` has a derived impl for the trait `Debug`, but this is intentionally ignored during dead code analysis
[INFO] [stdout] 
[INFO] [stdout] 
[INFO] [stderr]    Compiling scop v0.1.0 (/opt/rustwide/workdir/scop)
[INFO] [stdout] warning: unused variable: `vertex_count`
[INFO] [stdout]   --> scop/src/learning_05.rs:40:9
[INFO] [stdout]    |
[INFO] [stdout] 40 |     let vertex_count = vertices.len() / data_length as usize;
[INFO] [stdout]    |         ^^^^^^^^^^^^ help: if this is intentional, prefix it with an underscore: `_vertex_count`
[INFO] [stdout]    |
[INFO] [stdout]    = note: `#[warn(unused_variables)]` on by default
[INFO] [stdout] 
[INFO] [stdout] 
[INFO] [stdout] warning: unused variable: `window`
[INFO] [stdout]   --> scop/src/learning_05.rs:99:40
[INFO] [stdout]    |
[INFO] [stdout] 99 | pub fn draw_triangles_with_perspective(window: &Window) {
[INFO] [stdout]    |                                        ^^^^^^ help: if this is intentional, prefix it with an underscore: `_window`
[INFO] [stdout] 
[INFO] [stdout] 
[INFO] [stdout] warning: variable does not need to be mutable
[INFO] [stdout]    --> scop/src/learning_05.rs:127:9
[INFO] [stdout]     |
[INFO] [stdout] 127 |     let mut perspective_mat =
[INFO] [stdout]     |         ----^^^^^^^^^^^^^^^
[INFO] [stdout]     |         |
[INFO] [stdout]     |         help: remove this `mut`
[INFO] [stdout]     |
[INFO] [stdout]     = note: `#[warn(unused_mut)]` on by default
[INFO] [stdout] 
[INFO] [stdout] 
[INFO] [stdout] warning: function `draw_triangles` is never used
[INFO] [stdout]  --> scop/src/learning_04.rs:8:4
[INFO] [stdout]   |
[INFO] [stdout] 8 | fn draw_triangles(vertices: &Vec<f32>) {
[INFO] [stdout]   |    ^^^^^^^^^^^^^^
[INFO] [stdout]   |
[INFO] [stdout]   = note: `#[warn(dead_code)]` on by default
[INFO] [stdout] 
[INFO] [stdout] 
[INFO] [stdout] warning: function `draw_triangles_with_transforms` is never used
[INFO] [stdout]   --> scop/src/learning_04.rs:32:8
[INFO] [stdout]    |
[INFO] [stdout] 32 | pub fn draw_triangles_with_transforms(window: &Window) {
[INFO] [stdout]    |        ^^^^^^^^^^^^^^^^^^^^^^^^^^^^^^
[INFO] [stdout] 
[INFO] [stdout] 
[INFO] [stdout] warning: function `draw_triangles` is never used
[INFO] [stdout]  --> scop/src/learning_05.rs:9:4
[INFO] [stdout]   |
[INFO] [stdout] 9 | fn draw_triangles(vertices: &Vec<f32>) {
[INFO] [stdout]   |    ^^^^^^^^^^^^^^
[INFO] [stdout] 
[INFO] [stdout] 
[INFO] [stdout] warning: function `draw_triangles_with_orthographic` is never used
[INFO] [stdout]   --> scop/src/learning_05.rs:62:8
[INFO] [stdout]    |
[INFO] [stdout] 62 | pub fn draw_triangles_with_orthographic(window: &Window) {
[INFO] [stdout]    |        ^^^^^^^^^^^^^^^^^^^^^^^^^^^^^^^^
[INFO] [stdout] 
[INFO] [stdout] 
[INFO] [stderr]     Finished `dev` profile [unoptimized + debuginfo] target(s) in 15.38s
[INFO] running `Command { std: "docker" "inspect" "5eb61bd1a3d8a747e0420d492b1ab412566fef8e67b7e1843c7a1f357239c718", kill_on_drop: false }`
[INFO] running `Command { std: "docker" "rm" "-f" "5eb61bd1a3d8a747e0420d492b1ab412566fef8e67b7e1843c7a1f357239c718", kill_on_drop: false }`
[INFO] [stdout] 5eb61bd1a3d8a747e0420d492b1ab412566fef8e67b7e1843c7a1f357239c718
[INFO] running `Command { std: "docker" "create" "-v" "/var/lib/crater-agent-workspace/builds/worker-7-tc1/target:/opt/rustwide/target:rw,Z" "-v" "/var/lib/crater-agent-workspace/builds/worker-7-tc1/source:/opt/rustwide/workdir:ro,Z" "-v" "/var/lib/crater-agent-workspace/cargo-home:/opt/rustwide/cargo-home:ro,Z" "-v" "/var/lib/crater-agent-workspace/rustup-home:/opt/rustwide/rustup-home:ro,Z" "-e" "SOURCE_DIR=/opt/rustwide/workdir" "-e" "CARGO_TARGET_DIR=/opt/rustwide/target" "-e" "CARGO_INCREMENTAL=0" "-e" "RUST_BACKTRACE=full" "-e" "RUSTFLAGS=--cap-lints=forbid" "-e" "RUSTDOCFLAGS=--cap-lints=forbid" "-e" "CARGO_HOME=/opt/rustwide/cargo-home" "-e" "RUSTUP_HOME=/opt/rustwide/rustup-home" "-w" "/opt/rustwide/workdir" "-m" "1610612736" "--user" "0:0" "--network" "none" "ghcr.io/rust-lang/crates-build-env/linux@sha256:819108c5571ea2e421544af4d832f968d213c87fbe3707a016657f43d2f853bc" "/opt/rustwide/cargo-home/bin/cargo" "+nightly-2025-01-18" "test" "--frozen" "--no-run" "--message-format=json", kill_on_drop: false }`
[INFO] [stdout] f8b45a687722274fdf63e9bfdeaa97d4abae2de233f9c87812091974b13b8b1c
[INFO] running `Command { std: "docker" "start" "-a" "f8b45a687722274fdf63e9bfdeaa97d4abae2de233f9c87812091974b13b8b1c", kill_on_drop: false }`
[INFO] [stderr] warning: virtual workspace defaulting to `resolver = "1"` despite one or more workspace members being on edition 2021 which implies `resolver = "2"`
[INFO] [stderr] note: to keep the current resolver, specify `workspace.resolver = "1"` in the workspace root's manifest
[INFO] [stderr] note: to use the edition 2021 resolver, specify `workspace.resolver = "2"` in the workspace root's manifest
[INFO] [stderr] note: for more details see https://doc.rust-lang.org/cargo/reference/resolver.html#resolver-versions
[INFO] [stderr]    Compiling basis v0.1.0 (/opt/rustwide/workdir/basis)
[INFO] [stdout] warning: value assigned to `shader_id` is never read
[INFO] [stdout]    --> basis/src/graphics/glw.rs:385:17
[INFO] [stdout]     |
[INFO] [stdout] 385 |         let mut shader_id: u32 = 0;
[INFO] [stdout]     |                 ^^^^^^^^^
[INFO] [stdout]     |
[INFO] [stdout]     = help: maybe it is overwritten before being read?
[INFO] [stdout]     = note: `#[warn(unused_assignments)]` on by default
[INFO] [stdout] 
[INFO] [stdout] 
[INFO] [stdout] warning: unused variable: `fov`
[INFO] [stdout]   --> basis/src/math/mtx.rs:58:24
[INFO] [stdout]    |
[INFO] [stdout] 58 |     pub fn perspective(fov: f32, aspect_ration: f32, near: f32, far: f32) -> Self {
[INFO] [stdout]    |                        ^^^ help: if this is intentional, prefix it with an underscore: `_fov`
[INFO] [stdout]    |
[INFO] [stdout]    = note: `#[warn(unused_variables)]` on by default
[INFO] [stdout] 
[INFO] [stdout] 
[INFO] [stdout] warning: unused variable: `aspect_ration`
[INFO] [stdout]   --> basis/src/math/mtx.rs:58:34
[INFO] [stdout]    |
[INFO] [stdout] 58 |     pub fn perspective(fov: f32, aspect_ration: f32, near: f32, far: f32) -> Self {
[INFO] [stdout]    |                                  ^^^^^^^^^^^^^ help: if this is intentional, prefix it with an underscore: `_aspect_ration`
[INFO] [stdout] 
[INFO] [stdout] 
[INFO] [stdout] warning: unused variable: `near`
[INFO] [stdout]   --> basis/src/math/mtx.rs:58:54
[INFO] [stdout]    |
[INFO] [stdout] 58 |     pub fn perspective(fov: f32, aspect_ration: f32, near: f32, far: f32) -> Self {
[INFO] [stdout]    |                                                      ^^^^ help: if this is intentional, prefix it with an underscore: `_near`
[INFO] [stdout] 
[INFO] [stdout] 
[INFO] [stdout] warning: unused variable: `far`
[INFO] [stdout]   --> basis/src/math/mtx.rs:58:65
[INFO] [stdout]    |
[INFO] [stdout] 58 |     pub fn perspective(fov: f32, aspect_ration: f32, near: f32, far: f32) -> Self {
[INFO] [stdout]    |                                                                 ^^^ help: if this is intentional, prefix it with an underscore: `_far`
[INFO] [stdout] 
[INFO] [stdout] 
[INFO] [stdout] warning: field `name` is never read
[INFO] [stdout]    --> basis/src/graphics/glw.rs:335:5
[INFO] [stdout]     |
[INFO] [stdout] 333 | pub struct UniformLocation {
[INFO] [stdout]     |            --------------- field in this struct
[INFO] [stdout] 334 |     id: gl::types::GLint,
[INFO] [stdout] 335 |     name: &'static str,
[INFO] [stdout]     |     ^^^^
[INFO] [stdout]     |
[INFO] [stdout]     = note: `UniformLocation` has a derived impl for the trait `Debug`, but this is intentionally ignored during dead code analysis
[INFO] [stdout]     = note: `#[warn(dead_code)]` on by default
[INFO] [stdout] 
[INFO] [stdout] 
[INFO] [stdout] warning: field `type` is never read
[INFO] [stdout]    --> basis/src/graphics/glw.rs:375:5
[INFO] [stdout]     |
[INFO] [stdout] 373 | pub struct ShaderFile {
[INFO] [stdout]     |            ---------- field in this struct
[INFO] [stdout] 374 |     id: gl::types::GLuint,
[INFO] [stdout] 375 |     r#type: gl::types::GLenum,
[INFO] [stdout]     |     ^^^^^^
[INFO] [stdout]     |
[INFO] [stdout]     = note: `ShaderFile` has a derived impl for the trait `Debug`, but this is intentionally ignored during dead code analysis
[INFO] [stdout] 
[INFO] [stdout] 
[INFO] [stderr]    Compiling scop v0.1.0 (/opt/rustwide/workdir/scop)
[INFO] [stdout] warning: unused variable: `vertex_count`
[INFO] [stdout]   --> scop/src/learning_05.rs:40:9
[INFO] [stdout]    |
[INFO] [stdout] 40 |     let vertex_count = vertices.len() / data_length as usize;
[INFO] [stdout]    |         ^^^^^^^^^^^^ help: if this is intentional, prefix it with an underscore: `_vertex_count`
[INFO] [stdout]    |
[INFO] [stdout]    = note: `#[warn(unused_variables)]` on by default
[INFO] [stdout] 
[INFO] [stdout] 
[INFO] [stdout] warning: unused variable: `window`
[INFO] [stdout]   --> scop/src/learning_05.rs:99:40
[INFO] [stdout]    |
[INFO] [stdout] 99 | pub fn draw_triangles_with_perspective(window: &Window) {
[INFO] [stdout]    |                                        ^^^^^^ help: if this is intentional, prefix it with an underscore: `_window`
[INFO] [stdout] 
[INFO] [stdout] 
[INFO] [stdout] warning: variable does not need to be mutable
[INFO] [stdout]    --> scop/src/learning_05.rs:127:9
[INFO] [stdout]     |
[INFO] [stdout] 127 |     let mut perspective_mat =
[INFO] [stdout]     |         ----^^^^^^^^^^^^^^^
[INFO] [stdout]     |         |
[INFO] [stdout]     |         help: remove this `mut`
[INFO] [stdout]     |
[INFO] [stdout]     = note: `#[warn(unused_mut)]` on by default
[INFO] [stdout] 
[INFO] [stdout] 
[INFO] [stdout] warning: function `draw_triangles` is never used
[INFO] [stdout]  --> scop/src/learning_04.rs:8:4
[INFO] [stdout]   |
[INFO] [stdout] 8 | fn draw_triangles(vertices: &Vec<f32>) {
[INFO] [stdout]   |    ^^^^^^^^^^^^^^
[INFO] [stdout]   |
[INFO] [stdout]   = note: `#[warn(dead_code)]` on by default
[INFO] [stdout] 
[INFO] [stdout] 
[INFO] [stdout] warning: function `draw_triangles_with_transforms` is never used
[INFO] [stdout]   --> scop/src/learning_04.rs:32:8
[INFO] [stdout]    |
[INFO] [stdout] 32 | pub fn draw_triangles_with_transforms(window: &Window) {
[INFO] [stdout]    |        ^^^^^^^^^^^^^^^^^^^^^^^^^^^^^^
[INFO] [stdout] 
[INFO] [stdout] 
[INFO] [stdout] warning: function `draw_triangles` is never used
[INFO] [stdout]  --> scop/src/learning_05.rs:9:4
[INFO] [stdout]   |
[INFO] [stdout] 9 | fn draw_triangles(vertices: &Vec<f32>) {
[INFO] [stdout]   |    ^^^^^^^^^^^^^^
[INFO] [stdout] 
[INFO] [stdout] 
[INFO] [stdout] warning: function `draw_triangles_with_orthographic` is never used
[INFO] [stdout]   --> scop/src/learning_05.rs:62:8
[INFO] [stdout]    |
[INFO] [stdout] 62 | pub fn draw_triangles_with_orthographic(window: &Window) {
[INFO] [stdout]    |        ^^^^^^^^^^^^^^^^^^^^^^^^^^^^^^^^
[INFO] [stdout] 
[INFO] [stdout] 
[INFO] [stdout] warning: value assigned to `shader_id` is never read
[INFO] [stdout]    --> basis/src/graphics/glw.rs:385:17
[INFO] [stdout]     |
[INFO] [stdout] 385 |         let mut shader_id: u32 = 0;
[INFO] [stdout]     |                 ^^^^^^^^^
[INFO] [stdout]     |
[INFO] [stdout]     = help: maybe it is overwritten before being read?
[INFO] [stdout]     = note: `#[warn(unused_assignments)]` on by default
[INFO] [stdout] 
[INFO] [stdout] 
[INFO] [stdout] warning: unused variable: `fov`
[INFO] [stdout]   --> basis/src/math/mtx.rs:58:24
[INFO] [stdout]    |
[INFO] [stdout] 58 |     pub fn perspective(fov: f32, aspect_ration: f32, near: f32, far: f32) -> Self {
[INFO] [stdout]    |                        ^^^ help: if this is intentional, prefix it with an underscore: `_fov`
[INFO] [stdout]    |
[INFO] [stdout]    = note: `#[warn(unused_variables)]` on by default
[INFO] [stdout] 
[INFO] [stdout] 
[INFO] [stdout] warning: unused variable: `aspect_ration`
[INFO] [stdout]   --> basis/src/math/mtx.rs:58:34
[INFO] [stdout]    |
[INFO] [stdout] 58 |     pub fn perspective(fov: f32, aspect_ration: f32, near: f32, far: f32) -> Self {
[INFO] [stdout]    |                                  ^^^^^^^^^^^^^ help: if this is intentional, prefix it with an underscore: `_aspect_ration`
[INFO] [stdout] 
[INFO] [stdout] 
[INFO] [stdout] warning: unused variable: `near`
[INFO] [stdout]   --> basis/src/math/mtx.rs:58:54
[INFO] [stdout]    |
[INFO] [stdout] 58 |     pub fn perspective(fov: f32, aspect_ration: f32, near: f32, far: f32) -> Self {
[INFO] [stdout]    |                                                      ^^^^ help: if this is intentional, prefix it with an underscore: `_near`
[INFO] [stdout] 
[INFO] [stdout] 
[INFO] [stdout] warning: unused variable: `far`
[INFO] [stdout]   --> basis/src/math/mtx.rs:58:65
[INFO] [stdout]    |
[INFO] [stdout] 58 |     pub fn perspective(fov: f32, aspect_ration: f32, near: f32, far: f32) -> Self {
[INFO] [stdout]    |                                                                 ^^^ help: if this is intentional, prefix it with an underscore: `_far`
[INFO] [stdout] 
[INFO] [stdout] 
[INFO] [stdout] warning: field `name` is never read
[INFO] [stdout]    --> basis/src/graphics/glw.rs:335:5
[INFO] [stdout]     |
[INFO] [stdout] 333 | pub struct UniformLocation {
[INFO] [stdout]     |            --------------- field in this struct
[INFO] [stdout] 334 |     id: gl::types::GLint,
[INFO] [stdout] 335 |     name: &'static str,
[INFO] [stdout]     |     ^^^^
[INFO] [stdout]     |
[INFO] [stdout]     = note: `UniformLocation` has a derived impl for the trait `Debug`, but this is intentionally ignored during dead code analysis
[INFO] [stdout]     = note: `#[warn(dead_code)]` on by default
[INFO] [stdout] 
[INFO] [stdout] 
[INFO] [stdout] warning: field `type` is never read
[INFO] [stdout]    --> basis/src/graphics/glw.rs:375:5
[INFO] [stdout]     |
[INFO] [stdout] 373 | pub struct ShaderFile {
[INFO] [stdout]     |            ---------- field in this struct
[INFO] [stdout] 374 |     id: gl::types::GLuint,
[INFO] [stdout] 375 |     r#type: gl::types::GLenum,
[INFO] [stdout]     |     ^^^^^^
[INFO] [stdout]     |
[INFO] [stdout]     = note: `ShaderFile` has a derived impl for the trait `Debug`, but this is intentionally ignored during dead code analysis
[INFO] [stdout] 
[INFO] [stdout] 
[INFO] [stderr]     Finished `test` profile [unoptimized + debuginfo] target(s) in 0.83s
[INFO] running `Command { std: "docker" "inspect" "f8b45a687722274fdf63e9bfdeaa97d4abae2de233f9c87812091974b13b8b1c", kill_on_drop: false }`
[INFO] running `Command { std: "docker" "rm" "-f" "f8b45a687722274fdf63e9bfdeaa97d4abae2de233f9c87812091974b13b8b1c", kill_on_drop: false }`
[INFO] [stdout] f8b45a687722274fdf63e9bfdeaa97d4abae2de233f9c87812091974b13b8b1c
[INFO] running `Command { std: "docker" "create" "-v" "/var/lib/crater-agent-workspace/builds/worker-7-tc1/target:/opt/rustwide/target:rw,Z" "-v" "/var/lib/crater-agent-workspace/builds/worker-7-tc1/source:/opt/rustwide/workdir:ro,Z" "-v" "/var/lib/crater-agent-workspace/cargo-home:/opt/rustwide/cargo-home:ro,Z" "-v" "/var/lib/crater-agent-workspace/rustup-home:/opt/rustwide/rustup-home:ro,Z" "-e" "SOURCE_DIR=/opt/rustwide/workdir" "-e" "CARGO_TARGET_DIR=/opt/rustwide/target" "-e" "CARGO_INCREMENTAL=0" "-e" "RUST_BACKTRACE=full" "-e" "RUSTFLAGS=--cap-lints=forbid" "-e" "RUSTDOCFLAGS=--cap-lints=forbid" "-e" "CARGO_HOME=/opt/rustwide/cargo-home" "-e" "RUSTUP_HOME=/opt/rustwide/rustup-home" "-w" "/opt/rustwide/workdir" "-m" "1610612736" "--user" "0:0" "--network" "none" "ghcr.io/rust-lang/crates-build-env/linux@sha256:819108c5571ea2e421544af4d832f968d213c87fbe3707a016657f43d2f853bc" "/opt/rustwide/cargo-home/bin/cargo" "+nightly-2025-01-18" "test" "--frozen", kill_on_drop: false }`
[INFO] [stdout] 728c579fc72c5d013d104c91bf9200d64bb02bca8acd999d8d8747309e3cd068
[INFO] running `Command { std: "docker" "start" "-a" "728c579fc72c5d013d104c91bf9200d64bb02bca8acd999d8d8747309e3cd068", kill_on_drop: false }`
[INFO] [stderr] warning: virtual workspace defaulting to `resolver = "1"` despite one or more workspace members being on edition 2021 which implies `resolver = "2"`
[INFO] [stderr] note: to keep the current resolver, specify `workspace.resolver = "1"` in the workspace root's manifest
[INFO] [stderr] note: to use the edition 2021 resolver, specify `workspace.resolver = "2"` in the workspace root's manifest
[INFO] [stderr] note: for more details see https://doc.rust-lang.org/cargo/reference/resolver.html#resolver-versions
[INFO] [stderr] warning: value assigned to `shader_id` is never read
[INFO] [stderr]    --> basis/src/graphics/glw.rs:385:17
[INFO] [stderr]     |
[INFO] [stderr] 385 |         let mut shader_id: u32 = 0;
[INFO] [stderr]     |                 ^^^^^^^^^
[INFO] [stderr]     |
[INFO] [stderr]     = help: maybe it is overwritten before being read?
[INFO] [stderr]     = note: `#[warn(unused_assignments)]` on by default
[INFO] [stderr] 
[INFO] [stderr] warning: unused variable: `fov`
[INFO] [stderr]   --> basis/src/math/mtx.rs:58:24
[INFO] [stderr]    |
[INFO] [stderr] 58 |     pub fn perspective(fov: f32, aspect_ration: f32, near: f32, far: f32) -> Self {
[INFO] [stderr]    |                        ^^^ help: if this is intentional, prefix it with an underscore: `_fov`
[INFO] [stderr]    |
[INFO] [stderr]    = note: `#[warn(unused_variables)]` on by default
[INFO] [stderr] 
[INFO] [stderr] warning: unused variable: `aspect_ration`
[INFO] [stderr]   --> basis/src/math/mtx.rs:58:34
[INFO] [stderr]    |
[INFO] [stderr] 58 |     pub fn perspective(fov: f32, aspect_ration: f32, near: f32, far: f32) -> Self {
[INFO] [stderr]    |                                  ^^^^^^^^^^^^^ help: if this is intentional, prefix it with an underscore: `_aspect_ration`
[INFO] [stderr] 
[INFO] [stderr] warning: unused variable: `near`
[INFO] [stderr]   --> basis/src/math/mtx.rs:58:54
[INFO] [stderr]    |
[INFO] [stderr] 58 |     pub fn perspective(fov: f32, aspect_ration: f32, near: f32, far: f32) -> Self {
[INFO] [stderr]    |                                                      ^^^^ help: if this is intentional, prefix it with an underscore: `_near`
[INFO] [stderr] 
[INFO] [stderr] warning: unused variable: `far`
[INFO] [stderr]   --> basis/src/math/mtx.rs:58:65
[INFO] [stderr]    |
[INFO] [stderr] 58 |     pub fn perspective(fov: f32, aspect_ration: f32, near: f32, far: f32) -> Self {
[INFO] [stderr]    |                                                                 ^^^ help: if this is intentional, prefix it with an underscore: `_far`
[INFO] [stderr] 
[INFO] [stderr] warning: field `name` is never read
[INFO] [stderr]    --> basis/src/graphics/glw.rs:335:5
[INFO] [stderr]     |
[INFO] [stderr] 333 | pub struct UniformLocation {
[INFO] [stderr]     |            --------------- field in this struct
[INFO] [stderr] 334 |     id: gl::types::GLint,
[INFO] [stderr] 335 |     name: &'static str,
[INFO] [stderr]     |     ^^^^
[INFO] [stderr]     |
[INFO] [stderr]     = note: `UniformLocation` has a derived impl for the trait `Debug`, but this is intentionally ignored during dead code analysis
[INFO] [stderr]     = note: `#[warn(dead_code)]` on by default
[INFO] [stderr] 
[INFO] [stderr] warning: field `type` is never read
[INFO] [stderr]    --> basis/src/graphics/glw.rs:375:5
[INFO] [stderr]     |
[INFO] [stderr] 373 | pub struct ShaderFile {
[INFO] [stderr]     |            ---------- field in this struct
[INFO] [stderr] 374 |     id: gl::types::GLuint,
[INFO] [stderr] 375 |     r#type: gl::types::GLenum,
[INFO] [stderr]     |     ^^^^^^
[INFO] [stderr]     |
[INFO] [stderr]     = note: `ShaderFile` has a derived impl for the trait `Debug`, but this is intentionally ignored during dead code analysis
[INFO] [stderr] 
[INFO] [stderr] warning: `basis` (lib) generated 7 warnings
[INFO] [stderr] warning: unused variable: `vertex_count`
[INFO] [stderr]   --> scop/src/learning_05.rs:40:9
[INFO] [stderr]    |
[INFO] [stderr] 40 |     let vertex_count = vertices.len() / data_length as usize;
[INFO] [stderr]    |         ^^^^^^^^^^^^ help: if this is intentional, prefix it with an underscore: `_vertex_count`
[INFO] [stderr]    |
[INFO] [stderr]    = note: `#[warn(unused_variables)]` on by default
[INFO] [stderr] 
[INFO] [stderr] warning: unused variable: `window`
[INFO] [stderr]   --> scop/src/learning_05.rs:99:40
[INFO] [stderr]    |
[INFO] [stderr] 99 | pub fn draw_triangles_with_perspective(window: &Window) {
[INFO] [stderr]    |                                        ^^^^^^ help: if this is intentional, prefix it with an underscore: `_window`
[INFO] [stderr] 
[INFO] [stderr] warning: variable does not need to be mutable
[INFO] [stderr]    --> scop/src/learning_05.rs:127:9
[INFO] [stderr]     |
[INFO] [stderr] 127 |     let mut perspective_mat =
[INFO] [stderr]     |         ----^^^^^^^^^^^^^^^
[INFO] [stderr]     |         |
[INFO] [stderr]     |         help: remove this `mut`
[INFO] [stderr]     |
[INFO] [stderr]     = note: `#[warn(unused_mut)]` on by default
[INFO] [stderr] 
[INFO] [stderr] warning: function `draw_triangles` is never used
[INFO] [stderr]  --> scop/src/learning_04.rs:8:4
[INFO] [stderr]   |
[INFO] [stderr] 8 | fn draw_triangles(vertices: &Vec<f32>) {
[INFO] [stderr]   |    ^^^^^^^^^^^^^^
[INFO] [stderr]   |
[INFO] [stderr]   = note: `#[warn(dead_code)]` on by default
[INFO] [stderr] 
[INFO] [stderr] warning: function `draw_triangles_with_transforms` is never used
[INFO] [stderr]   --> scop/src/learning_04.rs:32:8
[INFO] [stderr]    |
[INFO] [stderr] 32 | pub fn draw_triangles_with_transforms(window: &Window) {
[INFO] [stderr]    |        ^^^^^^^^^^^^^^^^^^^^^^^^^^^^^^
[INFO] [stderr] 
[INFO] [stderr] warning: function `draw_triangles` is never used
[INFO] [stderr]  --> scop/src/learning_05.rs:9:4
[INFO] [stderr]   |
[INFO] [stderr] 9 | fn draw_triangles(vertices: &Vec<f32>) {
[INFO] [stderr]   |    ^^^^^^^^^^^^^^
[INFO] [stderr] 
[INFO] [stderr] warning: function `draw_triangles_with_orthographic` is never used
[INFO] [stderr]   --> scop/src/learning_05.rs:62:8
[INFO] [stderr]    |
[INFO] [stderr] 62 | pub fn draw_triangles_with_orthographic(window: &Window) {
[INFO] [stderr]    |        ^^^^^^^^^^^^^^^^^^^^^^^^^^^^^^^^
[INFO] [stderr] 
[INFO] [stderr] warning: `scop` (bin "scop" test) generated 7 warnings (run `cargo fix --bin "scop" --tests` to apply 1 suggestion)
[INFO] [stderr] warning: `basis` (lib test) generated 7 warnings (7 duplicates)
[INFO] [stderr]     Finished `test` profile [unoptimized + debuginfo] target(s) in 0.05s
[INFO] [stderr]      Running unittests src/lib.rs (/opt/rustwide/target/debug/deps/basis-07d0a8c836ec372a)
[INFO] [stdout] 
[INFO] [stdout] running 9 tests
[INFO] [stdout] test math::mtx::tests::should_be_able_to_instantiate_mat4 ... ok
[INFO] [stdout] test math::mtx::tests::should_be_able_to_translate_mtx4 ... ok
[INFO] [stdout] test math::mtx::tests::should_be_able_to_instantiate_mat4_with_ortho ... ok
[INFO] [stdout] test math::mtx::tests::should_be_able_to_multiply_mtx4 ... ok
[INFO] [stdout] test math::mtx::tests::should_be_able_to_rotate_around_z_axis_mtx4 ... ok
[INFO] [stdout] test math::mtx::tests::should_be_able_to_scale_mtx4 ... ok
[INFO] [stdout] test math::mtx::tests::should_be_able_to_instantiate_mat4_with_new ... ok
[INFO] [stdout] test math::vec::tests::should_be_able_to_instantiate_vec4 ... ok
[INFO] [stdout] test tests::it_works ... ok
[INFO] [stdout] 
[INFO] [stdout] test result: ok. 9 passed; 0 failed; 0 ignored; 0 measured; 0 filtered out; finished in 0.02s
[INFO] [stdout] 
[INFO] [stderr]      Running unittests src/main.rs (/opt/rustwide/target/debug/deps/scop-c32613b9f56012c2)
[INFO] [stdout] 
[INFO] [stdout] running 0 tests
[INFO] [stdout] 
[INFO] [stdout] test result: ok. 0 passed; 0 failed; 0 ignored; 0 measured; 0 filtered out; finished in 0.00s
[INFO] [stdout] 
[INFO] [stderr]    Doc-tests basis
[INFO] [stdout] 
[INFO] [stdout] running 2 tests
[INFO] [stdout] test basis/src/graphics/glw.rs - graphics::glw::VertexAttribute (line 162) ... FAILED
[INFO] [stdout] test basis/src/graphics/glw.rs - graphics::glw::BufferObject (line 20) ... FAILED
[INFO] [stdout] 
[INFO] [stdout] failures:
[INFO] [stdout] 
[INFO] [stdout] ---- basis/src/graphics/glw.rs - graphics::glw::VertexAttribute (line 162) stdout ----
[INFO] [stdout] Test executable failed (exit status: 101).
[INFO] [stdout] 
[INFO] [stdout] stderr:
[INFO] [stdout] 
[INFO] [stdout] thread 'main' panicked at /opt/rustwide/target/debug/build/gl-09c01f57ba03b8be/out/bindings.rs:20624:13:
[INFO] [stdout] gl function was not loaded
[INFO] [stdout] stack backtrace:
[INFO] [stdout]    0:     0x63f39a902b6a - std::backtrace_rs::backtrace::libunwind::trace::hb059275cfc8d6126
[INFO] [stdout]                                at /rustc/6067b36314ab5eb2eb47cecc464545ba58e1ad24/library/std/src/../../backtrace/src/backtrace/libunwind.rs:116:5
[INFO] [stdout]    1:     0x63f39a902b6a - std::backtrace_rs::backtrace::trace_unsynchronized::h2da071e4327ce3ee
[INFO] [stdout]                                at /rustc/6067b36314ab5eb2eb47cecc464545ba58e1ad24/library/std/src/../../backtrace/src/backtrace/mod.rs:66:5
[INFO] [stdout]    2:     0x63f39a902b6a - std::sys::backtrace::_print_fmt::h842a1474e6f8d23f
[INFO] [stdout]                                at /rustc/6067b36314ab5eb2eb47cecc464545ba58e1ad24/library/std/src/sys/backtrace.rs:66:9
[INFO] [stdout]    3:     0x63f39a902b6a - <std::sys::backtrace::BacktraceLock::print::DisplayBacktrace as core::fmt::Display>::fmt::h71a62eb3b9696b12
[INFO] [stdout]                                at /rustc/6067b36314ab5eb2eb47cecc464545ba58e1ad24/library/std/src/sys/backtrace.rs:39:26
[INFO] [stdout]    4:     0x63f39a91fc03 - core::fmt::rt::Argument::fmt::hdb6b616786b41dc1
[INFO] [stdout]                                at /rustc/6067b36314ab5eb2eb47cecc464545ba58e1ad24/library/core/src/fmt/rt.rs:177:76
[INFO] [stdout]    5:     0x63f39a91fc03 - core::fmt::write::h2cc1698af7e2d686
[INFO] [stdout]                                at /rustc/6067b36314ab5eb2eb47cecc464545ba58e1ad24/library/core/src/fmt/mod.rs:1440:21
[INFO] [stdout]    6:     0x63f39a9001d3 - std::io::Write::write_fmt::h00c8700df393f328
[INFO] [stdout]                                at /rustc/6067b36314ab5eb2eb47cecc464545ba58e1ad24/library/std/src/io/mod.rs:1887:15
[INFO] [stdout]    7:     0x63f39a9029b2 - std::sys::backtrace::BacktraceLock::print::h147fe35b4ea13b08
[INFO] [stdout]                                at /rustc/6067b36314ab5eb2eb47cecc464545ba58e1ad24/library/std/src/sys/backtrace.rs:42:9
[INFO] [stdout]    8:     0x63f39a90390f - std::panicking::default_hook::{{closure}}::hbd44223dbdc0d208
[INFO] [stdout]                                at /rustc/6067b36314ab5eb2eb47cecc464545ba58e1ad24/library/std/src/panicking.rs:298:22
[INFO] [stdout]    9:     0x63f39a90377a - std::panicking::default_hook::h20f81eb0576efcec
[INFO] [stdout]                                at /rustc/6067b36314ab5eb2eb47cecc464545ba58e1ad24/library/std/src/panicking.rs:325:9
[INFO] [stdout]   10:     0x63f39a9042f2 - std::panicking::rust_panic_with_hook::h625eea43051b2edc
[INFO] [stdout]                                at /rustc/6067b36314ab5eb2eb47cecc464545ba58e1ad24/library/std/src/panicking.rs:831:13
[INFO] [stdout]   11:     0x63f39a9041cc - std::panicking::begin_panic::{{closure}}::hb6f83f64bbc6469c
[INFO] [stdout]                                at /rustc/6067b36314ab5eb2eb47cecc464545ba58e1ad24/library/std/src/panicking.rs:768:9
[INFO] [stdout]   12:     0x63f39a903079 - std::sys::backtrace::__rust_end_short_backtrace::h892ae3ae8be3daf3
[INFO] [stdout]                                at /rustc/6067b36314ab5eb2eb47cecc464545ba58e1ad24/library/std/src/sys/backtrace.rs:168:18
[INFO] [stdout]   13:     0x63f39a9040d2 - std::panicking::begin_panic::h855074417e0a5787
[INFO] [stdout]                                at /rustc/6067b36314ab5eb2eb47cecc464545ba58e1ad24/library/std/src/panicking.rs:767:5
[INFO] [stdout]   14:     0x63f39a8e341d - gl::missing_fn_panic::h9c1c3248a639fc02
[INFO] [stdout]                                at /opt/rustwide/target/debug/build/gl-09c01f57ba03b8be/out/bindings.rs:20624:13
[INFO] [stdout]   15:     0x63f39a8e3336 - gl::GenVertexArrays::h5df0e638ef2085e0
[INFO] [stdout]                                at /opt/rustwide/target/debug/build/gl-09c01f57ba03b8be/out/bindings.rs:1946:98
[INFO] [stdout]   16:     0x63f39a8e3398 - basis::graphics::glw::Vao::new::h995dc7f69a223f21
[INFO] [stdout]                                at /opt/rustwide/workdir/basis/src/graphics/glw.rs:137:13
[INFO] [stdout]   17:     0x63f39a8e322a - rust_out::main::_doctest_main_basis_src_graphics_glw_rs_162_0::ha0235c2bac1366f1
[INFO] [stdout]   18:     0x63f39a8e3216 - rust_out::main::he88f0b9b281d54e0
[INFO] [stdout]   19:     0x63f39a8e31b3 - core::ops::function::FnOnce::call_once::hcf3829d8b58d0254
[INFO] [stdout]   20:     0x63f39a8e3196 - std::sys::backtrace::__rust_begin_short_backtrace::h5e1527399e8d5bd4
[INFO] [stdout]   21:     0x63f39a8e3179 - std::rt::lang_start::{{closure}}::h2c234101ed7b1b74
[INFO] [stdout]   22:     0x63f39a8fe260 - core::ops::function::impls::<impl core::ops::function::FnOnce<A> for &F>::call_once::h1b085b6c1d2518b2
[INFO] [stdout]                                at /rustc/6067b36314ab5eb2eb47cecc464545ba58e1ad24/library/core/src/ops/function.rs:284:13
[INFO] [stdout]   23:     0x63f39a8fe260 - std::panicking::try::do_call::h382f964a5a23b565
[INFO] [stdout]                                at /rustc/6067b36314ab5eb2eb47cecc464545ba58e1ad24/library/std/src/panicking.rs:587:40
[INFO] [stdout]   24:     0x63f39a8fe260 - std::panicking::try::h57f991055eb622f9
[INFO] [stdout]                                at /rustc/6067b36314ab5eb2eb47cecc464545ba58e1ad24/library/std/src/panicking.rs:550:19
[INFO] [stdout]   25:     0x63f39a8fe260 - std::panic::catch_unwind::h4d9a74ef04456343
[INFO] [stdout]                                at /rustc/6067b36314ab5eb2eb47cecc464545ba58e1ad24/library/std/src/panic.rs:358:14
[INFO] [stdout]   26:     0x63f39a8fe260 - std::rt::lang_start_internal::{{closure}}::h2faa8ae84a93f314
[INFO] [stdout]                                at /rustc/6067b36314ab5eb2eb47cecc464545ba58e1ad24/library/std/src/rt.rs:163:24
[INFO] [stdout]   27:     0x63f39a8fe260 - std::panicking::try::do_call::h0f8932bf638a9bf5
[INFO] [stdout]                                at /rustc/6067b36314ab5eb2eb47cecc464545ba58e1ad24/library/std/src/panicking.rs:587:40
[INFO] [stdout]   28:     0x63f39a8fe260 - std::panicking::try::h683416ea756b175d
[INFO] [stdout]                                at /rustc/6067b36314ab5eb2eb47cecc464545ba58e1ad24/library/std/src/panicking.rs:550:19
[INFO] [stdout]   29:     0x63f39a8fe260 - std::panic::catch_unwind::h56189fac8994979f
[INFO] [stdout]                                at /rustc/6067b36314ab5eb2eb47cecc464545ba58e1ad24/library/std/src/panic.rs:358:14
[INFO] [stdout]   30:     0x63f39a8fe260 - std::rt::lang_start_internal::h8bbc1061691274fe
[INFO] [stdout]                                at /rustc/6067b36314ab5eb2eb47cecc464545ba58e1ad24/library/std/src/rt.rs:159:5
[INFO] [stdout]   31:     0x63f39a8e3161 - std::rt::lang_start::h601b10a269c70ef7
[INFO] [stdout]   32:     0x63f39a8e32b5 - main
[INFO] [stdout]   33:     0x73b8cc5bfd90 - <unknown>
[INFO] [stdout]   34:     0x73b8cc5bfe40 - __libc_start_main
[INFO] [stdout]   35:     0x63f39a8e3075 - _start
[INFO] [stdout]   36:                0x0 - <unknown>
[INFO] [stdout] 
[INFO] [stdout] 
[INFO] [stdout] ---- basis/src/graphics/glw.rs - graphics::glw::BufferObject (line 20) stdout ----
[INFO] [stdout] Test executable failed (exit status: 101).
[INFO] [stdout] 
[INFO] [stdout] stderr:
[INFO] [stdout] 
[INFO] [stdout] thread 'main' panicked at /opt/rustwide/target/debug/build/gl-09c01f57ba03b8be/out/bindings.rs:20624:13:
[INFO] [stdout] gl function was not loaded
[INFO] [stdout] stack backtrace:
[INFO] [stdout]    0:     0x56975f217c3a - std::backtrace_rs::backtrace::libunwind::trace::hb059275cfc8d6126
[INFO] [stdout]                                at /rustc/6067b36314ab5eb2eb47cecc464545ba58e1ad24/library/std/src/../../backtrace/src/backtrace/libunwind.rs:116:5
[INFO] [stdout]    1:     0x56975f217c3a - std::backtrace_rs::backtrace::trace_unsynchronized::h2da071e4327ce3ee
[INFO] [stdout]                                at /rustc/6067b36314ab5eb2eb47cecc464545ba58e1ad24/library/std/src/../../backtrace/src/backtrace/mod.rs:66:5
[INFO] [stdout]    2:     0x56975f217c3a - std::sys::backtrace::_print_fmt::h842a1474e6f8d23f
[INFO] [stdout]                                at /rustc/6067b36314ab5eb2eb47cecc464545ba58e1ad24/library/std/src/sys/backtrace.rs:66:9
[INFO] [stdout]    3:     0x56975f217c3a - <std::sys::backtrace::BacktraceLock::print::DisplayBacktrace as core::fmt::Display>::fmt::h71a62eb3b9696b12
[INFO] [stdout]                                at /rustc/6067b36314ab5eb2eb47cecc464545ba58e1ad24/library/std/src/sys/backtrace.rs:39:26
[INFO] [stdout]    4:     0x56975f234cd3 - core::fmt::rt::Argument::fmt::hdb6b616786b41dc1
[INFO] [stdout]                                at /rustc/6067b36314ab5eb2eb47cecc464545ba58e1ad24/library/core/src/fmt/rt.rs:177:76
[INFO] [stdout]    5:     0x56975f234cd3 - core::fmt::write::h2cc1698af7e2d686
[INFO] [stdout]                                at /rustc/6067b36314ab5eb2eb47cecc464545ba58e1ad24/library/core/src/fmt/mod.rs:1440:21
[INFO] [stdout]    6:     0x56975f2152a3 - std::io::Write::write_fmt::h00c8700df393f328
[INFO] [stdout]                                at /rustc/6067b36314ab5eb2eb47cecc464545ba58e1ad24/library/std/src/io/mod.rs:1887:15
[INFO] [stdout]    7:     0x56975f217a82 - std::sys::backtrace::BacktraceLock::print::h147fe35b4ea13b08
[INFO] [stdout]                                at /rustc/6067b36314ab5eb2eb47cecc464545ba58e1ad24/library/std/src/sys/backtrace.rs:42:9
[INFO] [stdout]    8:     0x56975f2189df - std::panicking::default_hook::{{closure}}::hbd44223dbdc0d208
[INFO] [stdout]                                at /rustc/6067b36314ab5eb2eb47cecc464545ba58e1ad24/library/std/src/panicking.rs:298:22
[INFO] [stdout]    9:     0x56975f21884a - std::panicking::default_hook::h20f81eb0576efcec
[INFO] [stdout]                                at /rustc/6067b36314ab5eb2eb47cecc464545ba58e1ad24/library/std/src/panicking.rs:325:9
[INFO] [stdout]   10:     0x56975f2193c2 - std::panicking::rust_panic_with_hook::h625eea43051b2edc
[INFO] [stdout]                                at /rustc/6067b36314ab5eb2eb47cecc464545ba58e1ad24/library/std/src/panicking.rs:831:13
[INFO] [stdout]   11:     0x56975f21929c - std::panicking::begin_panic::{{closure}}::hb6f83f64bbc6469c
[INFO] [stdout]                                at /rustc/6067b36314ab5eb2eb47cecc464545ba58e1ad24/library/std/src/panicking.rs:768:9
[INFO] [stdout]   12:     0x56975f218149 - std::sys::backtrace::__rust_end_short_backtrace::h892ae3ae8be3daf3
[INFO] [stdout]                                at /rustc/6067b36314ab5eb2eb47cecc464545ba58e1ad24/library/std/src/sys/backtrace.rs:168:18
[INFO] [stdout]   13:     0x56975f2191a2 - std::panicking::begin_panic::h855074417e0a5787
[INFO] [stdout]                                at /rustc/6067b36314ab5eb2eb47cecc464545ba58e1ad24/library/std/src/panicking.rs:767:5
[INFO] [stdout]   14:     0x56975f1f84ed - gl::missing_fn_panic::h9c1c3248a639fc02
[INFO] [stdout]                                at /opt/rustwide/target/debug/build/gl-09c01f57ba03b8be/out/bindings.rs:20624:13
[INFO] [stdout]   15:     0x56975f1f8386 - gl::GenBuffers::h41835810fb41b971
[INFO] [stdout]                                at /opt/rustwide/target/debug/build/gl-09c01f57ba03b8be/out/bindings.rs:1925:94
[INFO] [stdout]   16:     0x56975f1f83c4 - basis::graphics::glw::BufferObject::new::hc735c940a1ae3aa0
[INFO] [stdout]                                at /opt/rustwide/workdir/basis/src/graphics/glw.rs:59:13
[INFO] [stdout]   17:     0x56975f1f8273 - rust_out::main::_doctest_main_basis_src_graphics_glw_rs_20_0::h54edf6a14d0b06bd
[INFO] [stdout]   18:     0x56975f1f81e6 - rust_out::main::he88f0b9b281d54e0
[INFO] [stdout]   19:     0x56975f1f8183 - core::ops::function::FnOnce::call_once::hcf3829d8b58d0254
[INFO] [stdout]   20:     0x56975f1f8166 - std::sys::backtrace::__rust_begin_short_backtrace::h5e1527399e8d5bd4
[INFO] [stdout]   21:     0x56975f1f8149 - std::rt::lang_start::{{closure}}::h2c234101ed7b1b74
[INFO] [stdout]   22:     0x56975f213330 - core::ops::function::impls::<impl core::ops::function::FnOnce<A> for &F>::call_once::h1b085b6c1d2518b2
[INFO] [stdout]                                at /rustc/6067b36314ab5eb2eb47cecc464545ba58e1ad24/library/core/src/ops/function.rs:284:13
[INFO] [stdout]   23:     0x56975f213330 - std::panicking::try::do_call::h382f964a5a23b565
[INFO] [stdout]                                at /rustc/6067b36314ab5eb2eb47cecc464545ba58e1ad24/library/std/src/panicking.rs:587:40
[INFO] [stdout]   24:     0x56975f213330 - std::panicking::try::h57f991055eb622f9
[INFO] [stdout]                                at /rustc/6067b36314ab5eb2eb47cecc464545ba58e1ad24/library/std/src/panicking.rs:550:19
[INFO] [stdout]   25:     0x56975f213330 - std::panic::catch_unwind::h4d9a74ef04456343
[INFO] [stdout]                                at /rustc/6067b36314ab5eb2eb47cecc464545ba58e1ad24/library/std/src/panic.rs:358:14
[INFO] [stdout]   26:     0x56975f213330 - std::rt::lang_start_internal::{{closure}}::h2faa8ae84a93f314
[INFO] [stdout]                                at /rustc/6067b36314ab5eb2eb47cecc464545ba58e1ad24/library/std/src/rt.rs:163:24
[INFO] [stdout]   27:     0x56975f213330 - std::panicking::try::do_call::h0f8932bf638a9bf5
[INFO] [stdout]                                at /rustc/6067b36314ab5eb2eb47cecc464545ba58e1ad24/library/std/src/panicking.rs:587:40
[INFO] [stdout]   28:     0x56975f213330 - std::panicking::try::h683416ea756b175d
[INFO] [stdout]                                at /rustc/6067b36314ab5eb2eb47cecc464545ba58e1ad24/library/std/src/panicking.rs:550:19
[INFO] [stdout]   29:     0x56975f213330 - std::panic::catch_unwind::h56189fac8994979f
[INFO] [stdout]                                at /rustc/6067b36314ab5eb2eb47cecc464545ba58e1ad24/library/std/src/panic.rs:358:14
[INFO] [stdout]   30:     0x56975f213330 - std::rt::lang_start_internal::h8bbc1061691274fe
[INFO] [stdout]                                at /rustc/6067b36314ab5eb2eb47cecc464545ba58e1ad24/library/std/src/rt.rs:159:5
[INFO] [stdout]   31:     0x56975f1f8131 - std::rt::lang_start::h601b10a269c70ef7
[INFO] [stdout]   32:     0x56975f1f82c5 - main
[INFO] [stdout]   33:     0x7a000ffd4d90 - <unknown>
[INFO] [stdout]   34:     0x7a000ffd4e40 - __libc_start_main
[INFO] [stdout]   35:     0x56975f1f8045 - _start
[INFO] [stdout]   36:                0x0 - <unknown>
[INFO] [stdout] 
[INFO] [stdout] 
[INFO] [stdout] 
[INFO] [stdout] failures:
[INFO] [stdout]     basis/src/graphics/glw.rs - graphics::glw::BufferObject (line 20)
[INFO] [stdout]     basis/src/graphics/glw.rs - graphics::glw::VertexAttribute (line 162)
[INFO] [stdout] 
[INFO] [stdout] test result: FAILED. 0 passed; 2 failed; 0 ignored; 0 measured; 0 filtered out; finished in 0.47s
[INFO] [stdout] 
[INFO] [stderr] error: doctest failed, to rerun pass `-p basis --doc`
[INFO] running `Command { std: "docker" "inspect" "728c579fc72c5d013d104c91bf9200d64bb02bca8acd999d8d8747309e3cd068", kill_on_drop: false }`
[INFO] running `Command { std: "docker" "rm" "-f" "728c579fc72c5d013d104c91bf9200d64bb02bca8acd999d8d8747309e3cd068", kill_on_drop: false }`
[INFO] [stdout] 728c579fc72c5d013d104c91bf9200d64bb02bca8acd999d8d8747309e3cd068
