[INFO] cloning repository https://github.com/kai-nobutou/crafting_interpreter_rust
[INFO] running `Command { std: "git" "-c" "credential.helper=" "-c" "credential.helper=/workspace/cargo-home/bin/git-credential-null" "clone" "--bare" "https://github.com/kai-nobutou/crafting_interpreter_rust" "/workspace/cache/git-repos/https%3A%2F%2Fgithub.com%2Fkai-nobutou%2Fcrafting_interpreter_rust", kill_on_drop: false }`
[INFO] [stderr] Cloning into bare repository '/workspace/cache/git-repos/https%3A%2F%2Fgithub.com%2Fkai-nobutou%2Fcrafting_interpreter_rust'...
[INFO] running `Command { std: "git" "rev-parse" "HEAD", kill_on_drop: false }`
[INFO] [stdout] 34289522140f909e1b5cb25d101c98df09e05cbe
[INFO] testing kai-nobutou/crafting_interpreter_rust against nightly-2025-01-18+rustflags=-Zrandomize-layout for randomize-layout-2
[INFO] running `Command { std: "git" "clone" "/workspace/cache/git-repos/https%3A%2F%2Fgithub.com%2Fkai-nobutou%2Fcrafting_interpreter_rust" "/workspace/builds/worker-4-tc2/source", kill_on_drop: false }`
[INFO] [stderr] Cloning into '/workspace/builds/worker-4-tc2/source'...
[INFO] [stderr] done.
[INFO] validating manifest of git repo https://github.com/kai-nobutou/crafting_interpreter_rust on toolchain nightly-2025-01-18
[INFO] running `Command { std: CARGO_HOME="/workspace/cargo-home" RUSTUP_HOME="/workspace/rustup-home" "/workspace/cargo-home/bin/cargo" "+nightly-2025-01-18" "metadata" "--manifest-path" "Cargo.toml" "--no-deps", kill_on_drop: false }`
[INFO] started tweaking git repo https://github.com/kai-nobutou/crafting_interpreter_rust
[INFO] finished tweaking git repo https://github.com/kai-nobutou/crafting_interpreter_rust
[INFO] tweaked toml for git repo https://github.com/kai-nobutou/crafting_interpreter_rust written to /workspace/builds/worker-4-tc2/source/Cargo.toml
[INFO] crate git repo https://github.com/kai-nobutou/crafting_interpreter_rust already has a lockfile, it will not be regenerated
[INFO] running `Command { std: CARGO_HOME="/workspace/cargo-home" RUSTUP_HOME="/workspace/rustup-home" "/workspace/cargo-home/bin/cargo" "+nightly-2025-01-18" "fetch" "--manifest-path" "Cargo.toml", kill_on_drop: false }`
[INFO] running `Command { std: "docker" "create" "-v" "/var/lib/crater-agent-workspace/builds/worker-4-tc2/target:/opt/rustwide/target:rw,Z" "-v" "/var/lib/crater-agent-workspace/builds/worker-4-tc2/source:/opt/rustwide/workdir:ro,Z" "-v" "/var/lib/crater-agent-workspace/cargo-home:/opt/rustwide/cargo-home:ro,Z" "-v" "/var/lib/crater-agent-workspace/rustup-home:/opt/rustwide/rustup-home:ro,Z" "-e" "SOURCE_DIR=/opt/rustwide/workdir" "-e" "CARGO_TARGET_DIR=/opt/rustwide/target" "-e" "CARGO_HOME=/opt/rustwide/cargo-home" "-e" "RUSTUP_HOME=/opt/rustwide/rustup-home" "-w" "/opt/rustwide/workdir" "-m" "1610612736" "--user" "0:0" "--network" "none" "ghcr.io/rust-lang/crates-build-env/linux@sha256:819108c5571ea2e421544af4d832f968d213c87fbe3707a016657f43d2f853bc" "/opt/rustwide/cargo-home/bin/cargo" "+nightly-2025-01-18" "metadata" "--no-deps" "--format-version=1", kill_on_drop: false }`
[INFO] [stdout] 898b44a42295942bb6730c67ac5994eed7397fbaa981dabf1bfc290b3f51b3d5
[INFO] running `Command { std: "docker" "start" "-a" "898b44a42295942bb6730c67ac5994eed7397fbaa981dabf1bfc290b3f51b3d5", kill_on_drop: false }`
[INFO] running `Command { std: "docker" "inspect" "898b44a42295942bb6730c67ac5994eed7397fbaa981dabf1bfc290b3f51b3d5", kill_on_drop: false }`
[INFO] running `Command { std: "docker" "rm" "-f" "898b44a42295942bb6730c67ac5994eed7397fbaa981dabf1bfc290b3f51b3d5", kill_on_drop: false }`
[INFO] [stdout] 898b44a42295942bb6730c67ac5994eed7397fbaa981dabf1bfc290b3f51b3d5
[INFO] running `Command { std: "docker" "create" "-v" "/var/lib/crater-agent-workspace/builds/worker-4-tc2/target:/opt/rustwide/target:rw,Z" "-v" "/var/lib/crater-agent-workspace/builds/worker-4-tc2/source:/opt/rustwide/workdir:ro,Z" "-v" "/var/lib/crater-agent-workspace/cargo-home:/opt/rustwide/cargo-home:ro,Z" "-v" "/var/lib/crater-agent-workspace/rustup-home:/opt/rustwide/rustup-home:ro,Z" "-e" "SOURCE_DIR=/opt/rustwide/workdir" "-e" "CARGO_TARGET_DIR=/opt/rustwide/target" "-e" "CARGO_INCREMENTAL=0" "-e" "RUST_BACKTRACE=full" "-e" "RUSTFLAGS=--cap-lints=forbid -Zrandomize-layout" "-e" "RUSTDOCFLAGS=--cap-lints=forbid" "-e" "CARGO_HOME=/opt/rustwide/cargo-home" "-e" "RUSTUP_HOME=/opt/rustwide/rustup-home" "-w" "/opt/rustwide/workdir" "-m" "1610612736" "--user" "0:0" "--network" "none" "ghcr.io/rust-lang/crates-build-env/linux@sha256:819108c5571ea2e421544af4d832f968d213c87fbe3707a016657f43d2f853bc" "/opt/rustwide/cargo-home/bin/cargo" "+nightly-2025-01-18" "build" "--frozen" "--message-format=json", kill_on_drop: false }`
[INFO] [stdout] ea4b67eb2a4e0ca70ff117e18d9f768d8cf3337c30b4b645b1828fcd76c9b83f
[INFO] running `Command { std: "docker" "start" "-a" "ea4b67eb2a4e0ca70ff117e18d9f768d8cf3337c30b4b645b1828fcd76c9b83f", kill_on_drop: false }`
[INFO] [stderr]    Compiling crafting_interpreter v0.1.0 (/opt/rustwide/workdir)
[INFO] [stdout] warning: unused import: `crate::lox::evaluator::Environment`
[INFO] [stdout]  --> src/lox/token_type.rs:3:5
[INFO] [stdout]   |
[INFO] [stdout] 3 | use crate::lox::evaluator::Environment;
[INFO] [stdout]   |     ^^^^^^^^^^^^^^^^^^^^^^^^^^^^^^^^^^
[INFO] [stdout]   |
[INFO] [stdout]   = note: `#[warn(unused_imports)]` on by default
[INFO] [stdout] 
[INFO] [stdout] 
[INFO] [stdout] warning: unused import: `std::collections::HashMap`
[INFO] [stdout]  --> src/lox/ast.rs:4:5
[INFO] [stdout]   |
[INFO] [stdout] 4 | use std::collections::HashMap; 
[INFO] [stdout]   |     ^^^^^^^^^^^^^^^^^^^^^^^^^
[INFO] [stdout] 
[INFO] [stdout] 
[INFO] [stdout] warning: unused import: `std::process::Output`
[INFO] [stdout]  --> src/lox/evaluator.rs:5:5
[INFO] [stdout]   |
[INFO] [stdout] 5 | use std::process::Output;
[INFO] [stdout]   |     ^^^^^^^^^^^^^^^^^^^^
[INFO] [stdout] 
[INFO] [stdout] 
[INFO] [stdout] warning: unreachable pattern
[INFO] [stdout]    --> src/lox/evaluator.rs:298:13
[INFO] [stdout]     |
[INFO] [stdout] 298 |             _ => {}
[INFO] [stdout]     |             ^ no value can reach this
[INFO] [stdout]     |
[INFO] [stdout] note: multiple earlier patterns match some of the same values
[INFO] [stdout]    --> src/lox/evaluator.rs:298:13
[INFO] [stdout]     |
[INFO] [stdout] 290 |             EvalResult::Return(value) => {
[INFO] [stdout]     |             ------------------------- matches some of the same values
[INFO] [stdout] ...
[INFO] [stdout] 294 |             EvalResult::Error(err) => {
[INFO] [stdout]     |             ---------------------- matches some of the same values
[INFO] [stdout] ...
[INFO] [stdout] 298 |             _ => {}
[INFO] [stdout]     |             ^ collectively making this unreachable
[INFO] [stdout]     = note: `#[warn(unreachable_patterns)]` on by default
[INFO] [stdout] 
[INFO] [stdout] 
[INFO] [stdout] warning: variable does not need to be mutable
[INFO] [stdout]    --> src/lox/evaluator.rs:284:56
[INFO] [stdout]     |
[INFO] [stdout] 284 |     fn execute_block(&mut self, statements: Vec<Stmt>, mut new_env: Environment) -> Result<Value, String> {
[INFO] [stdout]     |                                                        ----^^^^^^^
[INFO] [stdout]     |                                                        |
[INFO] [stdout]     |                                                        help: remove this `mut`
[INFO] [stdout]     |
[INFO] [stdout]     = note: `#[warn(unused_mut)]` on by default
[INFO] [stdout] 
[INFO] [stdout] 
[INFO] [stdout] warning: unused variable: `keyword`
[INFO] [stdout]    --> src/lox/printer.rs:192:32
[INFO] [stdout]     |
[INFO] [stdout] 192 |     fn visit_return(&mut self, keyword: &Token, value: &Option<Expr>) -> String {
[INFO] [stdout]     |                                ^^^^^^^ help: if this is intentional, prefix it with an underscore: `_keyword`
[INFO] [stdout]     |
[INFO] [stdout]     = note: `#[warn(unused_variables)]` on by default
[INFO] [stdout] 
[INFO] [stdout] 
[INFO] [stdout] warning: unused import: `crate::lox::evaluator::Environment`
[INFO] [stdout]  --> src/lox/token_type.rs:3:5
[INFO] [stdout]   |
[INFO] [stdout] 3 | use crate::lox::evaluator::Environment;
[INFO] [stdout]   |     ^^^^^^^^^^^^^^^^^^^^^^^^^^^^^^^^^^
[INFO] [stdout]   |
[INFO] [stdout]   = note: `#[warn(unused_imports)]` on by default
[INFO] [stdout] 
[INFO] [stdout] 
[INFO] [stdout] warning: unused import: `std::collections::HashMap`
[INFO] [stdout]  --> src/lox/ast.rs:4:5
[INFO] [stdout]   |
[INFO] [stdout] 4 | use std::collections::HashMap; 
[INFO] [stdout]   |     ^^^^^^^^^^^^^^^^^^^^^^^^^
[INFO] [stdout] 
[INFO] [stdout] 
[INFO] [stdout] warning: unused import: `std::process::Output`
[INFO] [stdout]  --> src/lox/evaluator.rs:5:5
[INFO] [stdout]   |
[INFO] [stdout] 5 | use std::process::Output;
[INFO] [stdout]   |     ^^^^^^^^^^^^^^^^^^^^
[INFO] [stdout] 
[INFO] [stdout] 
[INFO] [stdout] warning: unreachable pattern
[INFO] [stdout]    --> src/lox/evaluator.rs:298:13
[INFO] [stdout]     |
[INFO] [stdout] 298 |             _ => {}
[INFO] [stdout]     |             ^ no value can reach this
[INFO] [stdout]     |
[INFO] [stdout] note: multiple earlier patterns match some of the same values
[INFO] [stdout]    --> src/lox/evaluator.rs:298:13
[INFO] [stdout]     |
[INFO] [stdout] 290 |             EvalResult::Return(value) => {
[INFO] [stdout]     |             ------------------------- matches some of the same values
[INFO] [stdout] ...
[INFO] [stdout] 294 |             EvalResult::Error(err) => {
[INFO] [stdout]     |             ---------------------- matches some of the same values
[INFO] [stdout] ...
[INFO] [stdout] 298 |             _ => {}
[INFO] [stdout]     |             ^ collectively making this unreachable
[INFO] [stdout]     = note: `#[warn(unreachable_patterns)]` on by default
[INFO] [stdout] 
[INFO] [stdout] 
[INFO] [stdout] warning: variable does not need to be mutable
[INFO] [stdout]    --> src/lox/evaluator.rs:284:56
[INFO] [stdout]     |
[INFO] [stdout] 284 |     fn execute_block(&mut self, statements: Vec<Stmt>, mut new_env: Environment) -> Result<Value, String> {
[INFO] [stdout]     |                                                        ----^^^^^^^
[INFO] [stdout]     |                                                        |
[INFO] [stdout]     |                                                        help: remove this `mut`
[INFO] [stdout]     |
[INFO] [stdout]     = note: `#[warn(unused_mut)]` on by default
[INFO] [stdout] 
[INFO] [stdout] 
[INFO] [stdout] warning: unused variable: `keyword`
[INFO] [stdout]    --> src/lox/printer.rs:192:32
[INFO] [stdout]     |
[INFO] [stdout] 192 |     fn visit_return(&mut self, keyword: &Token, value: &Option<Expr>) -> String {
[INFO] [stdout]     |                                ^^^^^^^ help: if this is intentional, prefix it with an underscore: `_keyword`
[INFO] [stdout]     |
[INFO] [stdout]     = note: `#[warn(unused_variables)]` on by default
[INFO] [stdout] 
[INFO] [stdout] 
[INFO] [stdout] warning: variants `Nil`, `Function`, and `Return` are never constructed
[INFO] [stdout]   --> src/lox/token_type.rs:62:5
[INFO] [stdout]    |
[INFO] [stdout] 58 | pub enum LiteralValue {
[INFO] [stdout]    |          ------------ variants in this enum
[INFO] [stdout] ...
[INFO] [stdout] 62 |     Nil,
[INFO] [stdout]    |     ^^^
[INFO] [stdout] 63 |     Function {
[INFO] [stdout]    |     ^^^^^^^^
[INFO] [stdout] ...
[INFO] [stdout] 68 |     Return(Box<LiteralValue>),
[INFO] [stdout]    |     ^^^^^^
[INFO] [stdout]    |
[INFO] [stdout]    = note: `LiteralValue` has derived impls for the traits `Clone` and `Debug`, but these are intentionally ignored during dead code analysis
[INFO] [stdout]    = note: `#[warn(dead_code)]` on by default
[INFO] [stdout] 
[INFO] [stdout] 
[INFO] [stdout] warning: method `as_number` is never used
[INFO] [stdout]   --> src/lox/token_type.rs:89:12
[INFO] [stdout]    |
[INFO] [stdout] 88 | impl LiteralValue {
[INFO] [stdout]    | ----------------- method in this implementation
[INFO] [stdout] 89 |     pub fn as_number(&self) -> Option<f64> {
[INFO] [stdout]    |            ^^^^^^^^^
[INFO] [stdout] 
[INFO] [stdout] 
[INFO] [stdout] warning: variants `Get` and `Set` are never constructed
[INFO] [stdout]   --> src/lox/ast.rs:34:5
[INFO] [stdout]    |
[INFO] [stdout] 7  | pub enum Expr {
[INFO] [stdout]    |          ---- variants in this enum
[INFO] [stdout] ...
[INFO] [stdout] 34 |     Get {
[INFO] [stdout]    |     ^^^
[INFO] [stdout] ...
[INFO] [stdout] 38 |     Set {
[INFO] [stdout]    |     ^^^
[INFO] [stdout]    |
[INFO] [stdout]    = note: `Expr` has derived impls for the traits `Clone` and `Debug`, but these are intentionally ignored during dead code analysis
[INFO] [stdout] 
[INFO] [stdout] 
[INFO] [stdout] warning: variants `Class` and `Call` are never constructed
[INFO] [stdout]   --> src/lox/ast.rs:75:5
[INFO] [stdout]    |
[INFO] [stdout] 46 | pub enum Stmt {
[INFO] [stdout]    |          ---- variants in this enum
[INFO] [stdout] ...
[INFO] [stdout] 75 |     Class {
[INFO] [stdout]    |     ^^^^^
[INFO] [stdout] ...
[INFO] [stdout] 79 |     Call {
[INFO] [stdout]    |     ^^^^
[INFO] [stdout]    |
[INFO] [stdout]    = note: `Stmt` has derived impls for the traits `Clone` and `Debug`, but these are intentionally ignored during dead code analysis
[INFO] [stdout] 
[INFO] [stdout] 
[INFO] [stdout] warning: variants `Return`, `Function`, `Class`, and `Instance` are never constructed
[INFO] [stdout]   --> src/lox/evaluator.rs:61:5
[INFO] [stdout]    |
[INFO] [stdout] 56 | pub enum Value {
[INFO] [stdout]    |          ----- variants in this enum
[INFO] [stdout] ...
[INFO] [stdout] 61 |     Return(Box<Value>),
[INFO] [stdout]    |     ^^^^^^
[INFO] [stdout] 62 |     Function {
[INFO] [stdout]    |     ^^^^^^^^
[INFO] [stdout] ...
[INFO] [stdout] 67 |     Class {
[INFO] [stdout]    |     ^^^^^
[INFO] [stdout] ...
[INFO] [stdout] 71 |     Instance {
[INFO] [stdout]    |     ^^^^^^^^
[INFO] [stdout]    |
[INFO] [stdout]    = note: `Value` has derived impls for the traits `Clone` and `Debug`, but these are intentionally ignored during dead code analysis
[INFO] [stdout] 
[INFO] [stdout] 
[INFO] [stdout] warning: method `get_output` is never used
[INFO] [stdout]    --> src/lox/evaluator.rs:137:12
[INFO] [stdout]     |
[INFO] [stdout] 107 | impl Evaluator {
[INFO] [stdout]     | -------------- method in this implementation
[INFO] [stdout] ...
[INFO] [stdout] 137 |     pub fn get_output(&self) -> String {
[INFO] [stdout]     |            ^^^^^^^^^^
[INFO] [stdout] 
[INFO] [stdout] 
[INFO] [stdout] warning: methods `visit_this` and `visit_super` are never used
[INFO] [stdout]   --> src/lox/printer.rs:19:8
[INFO] [stdout]    |
[INFO] [stdout] 6  | pub trait Visitor<R> {
[INFO] [stdout]    |           ------- methods in this trait
[INFO] [stdout] ...
[INFO] [stdout] 19 |     fn visit_this(&mut self, keyword: &Token) -> R;
[INFO] [stdout]    |        ^^^^^^^^^^
[INFO] [stdout] 20 |     fn visit_super(&mut self, keyword: &Token, method: &Token) -> R;
[INFO] [stdout]    |        ^^^^^^^^^^^
[INFO] [stdout] 
[INFO] [stdout] 
[INFO] [stderr]     Finished `dev` profile [unoptimized + debuginfo] target(s) in 2.48s
[INFO] running `Command { std: "docker" "inspect" "ea4b67eb2a4e0ca70ff117e18d9f768d8cf3337c30b4b645b1828fcd76c9b83f", kill_on_drop: false }`
[INFO] running `Command { std: "docker" "rm" "-f" "ea4b67eb2a4e0ca70ff117e18d9f768d8cf3337c30b4b645b1828fcd76c9b83f", kill_on_drop: false }`
[INFO] [stdout] ea4b67eb2a4e0ca70ff117e18d9f768d8cf3337c30b4b645b1828fcd76c9b83f
[INFO] running `Command { std: "docker" "create" "-v" "/var/lib/crater-agent-workspace/builds/worker-4-tc2/target:/opt/rustwide/target:rw,Z" "-v" "/var/lib/crater-agent-workspace/builds/worker-4-tc2/source:/opt/rustwide/workdir:ro,Z" "-v" "/var/lib/crater-agent-workspace/cargo-home:/opt/rustwide/cargo-home:ro,Z" "-v" "/var/lib/crater-agent-workspace/rustup-home:/opt/rustwide/rustup-home:ro,Z" "-e" "SOURCE_DIR=/opt/rustwide/workdir" "-e" "CARGO_TARGET_DIR=/opt/rustwide/target" "-e" "CARGO_INCREMENTAL=0" "-e" "RUST_BACKTRACE=full" "-e" "RUSTFLAGS=--cap-lints=forbid -Zrandomize-layout" "-e" "RUSTDOCFLAGS=--cap-lints=forbid" "-e" "CARGO_HOME=/opt/rustwide/cargo-home" "-e" "RUSTUP_HOME=/opt/rustwide/rustup-home" "-w" "/opt/rustwide/workdir" "-m" "1610612736" "--user" "0:0" "--network" "none" "ghcr.io/rust-lang/crates-build-env/linux@sha256:819108c5571ea2e421544af4d832f968d213c87fbe3707a016657f43d2f853bc" "/opt/rustwide/cargo-home/bin/cargo" "+nightly-2025-01-18" "test" "--frozen" "--no-run" "--message-format=json", kill_on_drop: false }`
[INFO] [stdout] 249238d2c67e2e5dbd60050e3c89950cdab5f0aa3ec32cdeafd9e722c9851ebe
[INFO] running `Command { std: "docker" "start" "-a" "249238d2c67e2e5dbd60050e3c89950cdab5f0aa3ec32cdeafd9e722c9851ebe", kill_on_drop: false }`
[INFO] [stdout] warning: unused import: `crate::lox::evaluator::Environment`
[INFO] [stdout]  --> src/lox/token_type.rs:3:5
[INFO] [stdout]   |
[INFO] [stdout] 3 | use crate::lox::evaluator::Environment;
[INFO] [stdout]   |     ^^^^^^^^^^^^^^^^^^^^^^^^^^^^^^^^^^
[INFO] [stdout]   |
[INFO] [stdout]   = note: `#[warn(unused_imports)]` on by default
[INFO] [stdout] 
[INFO] [stdout] 
[INFO] [stdout] warning: unused import: `std::collections::HashMap`
[INFO] [stdout]  --> src/lox/ast.rs:4:5
[INFO] [stdout]   |
[INFO] [stdout] 4 | use std::collections::HashMap; 
[INFO] [stdout]   |     ^^^^^^^^^^^^^^^^^^^^^^^^^
[INFO] [stdout] 
[INFO] [stdout] 
[INFO] [stderr]    Compiling crafting_interpreter v0.1.0 (/opt/rustwide/workdir)
[INFO] [stdout] warning: unused import: `std::process::Output`
[INFO] [stdout]  --> src/lox/evaluator.rs:5:5
[INFO] [stdout]   |
[INFO] [stdout] 5 | use std::process::Output;
[INFO] [stdout]   |     ^^^^^^^^^^^^^^^^^^^^
[INFO] [stdout] 
[INFO] [stdout] 
[INFO] [stdout] warning: unreachable pattern
[INFO] [stdout]    --> src/lox/evaluator.rs:298:13
[INFO] [stdout]     |
[INFO] [stdout] 298 |             _ => {}
[INFO] [stdout]     |             ^ no value can reach this
[INFO] [stdout]     |
[INFO] [stdout] note: multiple earlier patterns match some of the same values
[INFO] [stdout]    --> src/lox/evaluator.rs:298:13
[INFO] [stdout]     |
[INFO] [stdout] 290 |             EvalResult::Return(value) => {
[INFO] [stdout]     |             ------------------------- matches some of the same values
[INFO] [stdout] ...
[INFO] [stdout] 294 |             EvalResult::Error(err) => {
[INFO] [stdout]     |             ---------------------- matches some of the same values
[INFO] [stdout] ...
[INFO] [stdout] 298 |             _ => {}
[INFO] [stdout]     |             ^ collectively making this unreachable
[INFO] [stdout]     = note: `#[warn(unreachable_patterns)]` on by default
[INFO] [stdout] 
[INFO] [stdout] 
[INFO] [stdout] warning: variable does not need to be mutable
[INFO] [stdout]    --> src/lox/evaluator.rs:284:56
[INFO] [stdout]     |
[INFO] [stdout] 284 |     fn execute_block(&mut self, statements: Vec<Stmt>, mut new_env: Environment) -> Result<Value, String> {
[INFO] [stdout]     |                                                        ----^^^^^^^
[INFO] [stdout]     |                                                        |
[INFO] [stdout]     |                                                        help: remove this `mut`
[INFO] [stdout]     |
[INFO] [stdout]     = note: `#[warn(unused_mut)]` on by default
[INFO] [stdout] 
[INFO] [stdout] 
[INFO] [stdout] warning: unused variable: `keyword`
[INFO] [stdout]    --> src/lox/printer.rs:192:32
[INFO] [stdout]     |
[INFO] [stdout] 192 |     fn visit_return(&mut self, keyword: &Token, value: &Option<Expr>) -> String {
[INFO] [stdout]     |                                ^^^^^^^ help: if this is intentional, prefix it with an underscore: `_keyword`
[INFO] [stdout]     |
[INFO] [stdout]     = note: `#[warn(unused_variables)]` on by default
[INFO] [stdout] 
[INFO] [stdout] 
[INFO] [stdout] warning: unused import: `crate::lox::evaluator::Environment`
[INFO] [stdout]  --> src/lox/token_type.rs:3:5
[INFO] [stdout]   |
[INFO] [stdout] 3 | use crate::lox::evaluator::Environment;
[INFO] [stdout]   |     ^^^^^^^^^^^^^^^^^^^^^^^^^^^^^^^^^^
[INFO] [stdout]   |
[INFO] [stdout]   = note: `#[warn(unused_imports)]` on by default
[INFO] [stdout] 
[INFO] [stdout] 
[INFO] [stdout] warning: unused import: `std::collections::HashMap`
[INFO] [stdout]  --> src/lox/ast.rs:4:5
[INFO] [stdout]   |
[INFO] [stdout] 4 | use std::collections::HashMap; 
[INFO] [stdout]   |     ^^^^^^^^^^^^^^^^^^^^^^^^^
[INFO] [stdout] 
[INFO] [stdout] 
[INFO] [stdout] warning: unused import: `std::process::Output`
[INFO] [stdout]  --> src/lox/evaluator.rs:5:5
[INFO] [stdout]   |
[INFO] [stdout] 5 | use std::process::Output;
[INFO] [stdout]   |     ^^^^^^^^^^^^^^^^^^^^
[INFO] [stdout] 
[INFO] [stdout] 
[INFO] [stdout] warning: unreachable pattern
[INFO] [stdout]    --> src/lox/evaluator.rs:298:13
[INFO] [stdout]     |
[INFO] [stdout] 298 |             _ => {}
[INFO] [stdout]     |             ^ no value can reach this
[INFO] [stdout]     |
[INFO] [stdout] note: multiple earlier patterns match some of the same values
[INFO] [stdout]    --> src/lox/evaluator.rs:298:13
[INFO] [stdout]     |
[INFO] [stdout] 290 |             EvalResult::Return(value) => {
[INFO] [stdout]     |             ------------------------- matches some of the same values
[INFO] [stdout] ...
[INFO] [stdout] 294 |             EvalResult::Error(err) => {
[INFO] [stdout]     |             ---------------------- matches some of the same values
[INFO] [stdout] ...
[INFO] [stdout] 298 |             _ => {}
[INFO] [stdout]     |             ^ collectively making this unreachable
[INFO] [stdout]     = note: `#[warn(unreachable_patterns)]` on by default
[INFO] [stdout] 
[INFO] [stdout] 
[INFO] [stdout] warning: variable does not need to be mutable
[INFO] [stdout]    --> src/lox/evaluator.rs:284:56
[INFO] [stdout]     |
[INFO] [stdout] 284 |     fn execute_block(&mut self, statements: Vec<Stmt>, mut new_env: Environment) -> Result<Value, String> {
[INFO] [stdout]     |                                                        ----^^^^^^^
[INFO] [stdout]     |                                                        |
[INFO] [stdout]     |                                                        help: remove this `mut`
[INFO] [stdout]     |
[INFO] [stdout]     = note: `#[warn(unused_mut)]` on by default
[INFO] [stdout] 
[INFO] [stdout] 
[INFO] [stdout] warning: unused variable: `keyword`
[INFO] [stdout]    --> src/lox/printer.rs:192:32
[INFO] [stdout]     |
[INFO] [stdout] 192 |     fn visit_return(&mut self, keyword: &Token, value: &Option<Expr>) -> String {
[INFO] [stdout]     |                                ^^^^^^^ help: if this is intentional, prefix it with an underscore: `_keyword`
[INFO] [stdout]     |
[INFO] [stdout]     = note: `#[warn(unused_variables)]` on by default
[INFO] [stdout] 
[INFO] [stdout] 
[INFO] [stdout] warning: variants `Nil`, `Function`, and `Return` are never constructed
[INFO] [stdout]   --> src/lox/token_type.rs:62:5
[INFO] [stdout]    |
[INFO] [stdout] 58 | pub enum LiteralValue {
[INFO] [stdout]    |          ------------ variants in this enum
[INFO] [stdout] ...
[INFO] [stdout] 62 |     Nil,
[INFO] [stdout]    |     ^^^
[INFO] [stdout] 63 |     Function {
[INFO] [stdout]    |     ^^^^^^^^
[INFO] [stdout] ...
[INFO] [stdout] 68 |     Return(Box<LiteralValue>),
[INFO] [stdout]    |     ^^^^^^
[INFO] [stdout]    |
[INFO] [stdout]    = note: `LiteralValue` has derived impls for the traits `Clone` and `Debug`, but these are intentionally ignored during dead code analysis
[INFO] [stdout]    = note: `#[warn(dead_code)]` on by default
[INFO] [stdout] 
[INFO] [stdout] 
[INFO] [stdout] warning: method `as_number` is never used
[INFO] [stdout]   --> src/lox/token_type.rs:89:12
[INFO] [stdout]    |
[INFO] [stdout] 88 | impl LiteralValue {
[INFO] [stdout]    | ----------------- method in this implementation
[INFO] [stdout] 89 |     pub fn as_number(&self) -> Option<f64> {
[INFO] [stdout]    |            ^^^^^^^^^
[INFO] [stdout] 
[INFO] [stdout] 
[INFO] [stdout] warning: variants `Get` and `Set` are never constructed
[INFO] [stdout]   --> src/lox/ast.rs:34:5
[INFO] [stdout]    |
[INFO] [stdout] 7  | pub enum Expr {
[INFO] [stdout]    |          ---- variants in this enum
[INFO] [stdout] ...
[INFO] [stdout] 34 |     Get {
[INFO] [stdout]    |     ^^^
[INFO] [stdout] ...
[INFO] [stdout] 38 |     Set {
[INFO] [stdout]    |     ^^^
[INFO] [stdout]    |
[INFO] [stdout]    = note: `Expr` has derived impls for the traits `Clone` and `Debug`, but these are intentionally ignored during dead code analysis
[INFO] [stdout] 
[INFO] [stdout] 
[INFO] [stdout] warning: variants `Class` and `Call` are never constructed
[INFO] [stdout]   --> src/lox/ast.rs:75:5
[INFO] [stdout]    |
[INFO] [stdout] 46 | pub enum Stmt {
[INFO] [stdout]    |          ---- variants in this enum
[INFO] [stdout] ...
[INFO] [stdout] 75 |     Class {
[INFO] [stdout]    |     ^^^^^
[INFO] [stdout] ...
[INFO] [stdout] 79 |     Call {
[INFO] [stdout]    |     ^^^^
[INFO] [stdout]    |
[INFO] [stdout]    = note: `Stmt` has derived impls for the traits `Clone` and `Debug`, but these are intentionally ignored during dead code analysis
[INFO] [stdout] 
[INFO] [stdout] 
[INFO] [stdout] warning: variants `Return`, `Function`, `Class`, and `Instance` are never constructed
[INFO] [stdout]   --> src/lox/evaluator.rs:61:5
[INFO] [stdout]    |
[INFO] [stdout] 56 | pub enum Value {
[INFO] [stdout]    |          ----- variants in this enum
[INFO] [stdout] ...
[INFO] [stdout] 61 |     Return(Box<Value>),
[INFO] [stdout]    |     ^^^^^^
[INFO] [stdout] 62 |     Function {
[INFO] [stdout]    |     ^^^^^^^^
[INFO] [stdout] ...
[INFO] [stdout] 67 |     Class {
[INFO] [stdout]    |     ^^^^^
[INFO] [stdout] ...
[INFO] [stdout] 71 |     Instance {
[INFO] [stdout]    |     ^^^^^^^^
[INFO] [stdout]    |
[INFO] [stdout]    = note: `Value` has derived impls for the traits `Clone` and `Debug`, but these are intentionally ignored during dead code analysis
[INFO] [stdout] 
[INFO] [stdout] 
[INFO] [stdout] warning: method `get_output` is never used
[INFO] [stdout]    --> src/lox/evaluator.rs:137:12
[INFO] [stdout]     |
[INFO] [stdout] 107 | impl Evaluator {
[INFO] [stdout]     | -------------- method in this implementation
[INFO] [stdout] ...
[INFO] [stdout] 137 |     pub fn get_output(&self) -> String {
[INFO] [stdout]     |            ^^^^^^^^^^
[INFO] [stdout] 
[INFO] [stdout] 
[INFO] [stdout] warning: methods `visit_this` and `visit_super` are never used
[INFO] [stdout]   --> src/lox/printer.rs:19:8
[INFO] [stdout]    |
[INFO] [stdout] 6  | pub trait Visitor<R> {
[INFO] [stdout]    |           ------- methods in this trait
[INFO] [stdout] ...
[INFO] [stdout] 19 |     fn visit_this(&mut self, keyword: &Token) -> R;
[INFO] [stdout]    |        ^^^^^^^^^^
[INFO] [stdout] 20 |     fn visit_super(&mut self, keyword: &Token, method: &Token) -> R;
[INFO] [stdout]    |        ^^^^^^^^^^^
[INFO] [stdout] 
[INFO] [stdout] 
[INFO] [stdout] warning: unused import: `crafting_interpreter::lox::evaluator::EvalResult`
[INFO] [stdout]  --> tests/test.rs:2:5
[INFO] [stdout]   |
[INFO] [stdout] 2 | use crafting_interpreter::lox::evaluator::EvalResult; // EvalResultをインポート
[INFO] [stdout]   |     ^^^^^^^^^^^^^^^^^^^^^^^^^^^^^^^^^^^^^^^^^^^^^^^^
[INFO] [stdout]   |
[INFO] [stdout]   = note: `#[warn(unused_imports)]` on by default
[INFO] [stdout] 
[INFO] [stdout] 
[INFO] [stdout] warning: unused import: `crate::lox::evaluator::Environment`
[INFO] [stdout]  --> src/lox/token_type.rs:3:5
[INFO] [stdout]   |
[INFO] [stdout] 3 | use crate::lox::evaluator::Environment;
[INFO] [stdout]   |     ^^^^^^^^^^^^^^^^^^^^^^^^^^^^^^^^^^
[INFO] [stdout]   |
[INFO] [stdout]   = note: `#[warn(unused_imports)]` on by default
[INFO] [stdout] 
[INFO] [stdout] 
[INFO] [stdout] warning: unused import: `std::collections::HashMap`
[INFO] [stdout]  --> src/lox/ast.rs:4:5
[INFO] [stdout]   |
[INFO] [stdout] 4 | use std::collections::HashMap; 
[INFO] [stdout]   |     ^^^^^^^^^^^^^^^^^^^^^^^^^
[INFO] [stdout] 
[INFO] [stdout] 
[INFO] [stdout] warning: unused import: `std::process::Output`
[INFO] [stdout]  --> src/lox/evaluator.rs:5:5
[INFO] [stdout]   |
[INFO] [stdout] 5 | use std::process::Output;
[INFO] [stdout]   |     ^^^^^^^^^^^^^^^^^^^^
[INFO] [stdout] 
[INFO] [stdout] 
[INFO] [stdout] warning: unused import: `crate::lox::evaluator::Environment`
[INFO] [stdout]  --> src/lox/token_type.rs:3:5
[INFO] [stdout]   |
[INFO] [stdout] 3 | use crate::lox::evaluator::Environment;
[INFO] [stdout]   |     ^^^^^^^^^^^^^^^^^^^^^^^^^^^^^^^^^^
[INFO] [stdout]   |
[INFO] [stdout]   = note: `#[warn(unused_imports)]` on by default
[INFO] [stdout] 
[INFO] [stdout] 
[INFO] [stdout] warning: unused import: `std::collections::HashMap`
[INFO] [stdout]  --> src/lox/ast.rs:4:5
[INFO] [stdout]   |
[INFO] [stdout] 4 | use std::collections::HashMap; 
[INFO] [stdout]   |     ^^^^^^^^^^^^^^^^^^^^^^^^^
[INFO] [stdout] 
[INFO] [stdout] 
[INFO] [stdout] warning: unused import: `std::process::Output`
[INFO] [stdout]  --> src/lox/evaluator.rs:5:5
[INFO] [stdout]   |
[INFO] [stdout] 5 | use std::process::Output;
[INFO] [stdout]   |     ^^^^^^^^^^^^^^^^^^^^
[INFO] [stdout] 
[INFO] [stdout] 
[INFO] [stdout] warning: unreachable pattern
[INFO] [stdout]    --> src/lox/evaluator.rs:298:13
[INFO] [stdout]     |
[INFO] [stdout] 298 |             _ => {}
[INFO] [stdout]     |             ^ no value can reach this
[INFO] [stdout]     |
[INFO] [stdout] note: multiple earlier patterns match some of the same values
[INFO] [stdout]    --> src/lox/evaluator.rs:298:13
[INFO] [stdout]     |
[INFO] [stdout] 290 |             EvalResult::Return(value) => {
[INFO] [stdout]     |             ------------------------- matches some of the same values
[INFO] [stdout] ...
[INFO] [stdout] 294 |             EvalResult::Error(err) => {
[INFO] [stdout]     |             ---------------------- matches some of the same values
[INFO] [stdout] ...
[INFO] [stdout] 298 |             _ => {}
[INFO] [stdout]     |             ^ collectively making this unreachable
[INFO] [stdout]     = note: `#[warn(unreachable_patterns)]` on by default
[INFO] [stdout] 
[INFO] [stdout] 
[INFO] [stdout] warning: variable does not need to be mutable
[INFO] [stdout]    --> src/lox/evaluator.rs:284:56
[INFO] [stdout]     |
[INFO] [stdout] 284 |     fn execute_block(&mut self, statements: Vec<Stmt>, mut new_env: Environment) -> Result<Value, String> {
[INFO] [stdout]     |                                                        ----^^^^^^^
[INFO] [stdout]     |                                                        |
[INFO] [stdout]     |                                                        help: remove this `mut`
[INFO] [stdout]     |
[INFO] [stdout]     = note: `#[warn(unused_mut)]` on by default
[INFO] [stdout] 
[INFO] [stdout] 
[INFO] [stdout] warning: unused variable: `keyword`
[INFO] [stdout]    --> src/lox/printer.rs:192:32
[INFO] [stdout]     |
[INFO] [stdout] 192 |     fn visit_return(&mut self, keyword: &Token, value: &Option<Expr>) -> String {
[INFO] [stdout]     |                                ^^^^^^^ help: if this is intentional, prefix it with an underscore: `_keyword`
[INFO] [stdout]     |
[INFO] [stdout]     = note: `#[warn(unused_variables)]` on by default
[INFO] [stdout] 
[INFO] [stdout] 
[INFO] [stdout] warning: unreachable pattern
[INFO] [stdout]    --> src/lox/evaluator.rs:298:13
[INFO] [stdout]     |
[INFO] [stdout] 298 |             _ => {}
[INFO] [stdout]     |             ^ no value can reach this
[INFO] [stdout]     |
[INFO] [stdout] note: multiple earlier patterns match some of the same values
[INFO] [stdout]    --> src/lox/evaluator.rs:298:13
[INFO] [stdout]     |
[INFO] [stdout] 290 |             EvalResult::Return(value) => {
[INFO] [stdout]     |             ------------------------- matches some of the same values
[INFO] [stdout] ...
[INFO] [stdout] 294 |             EvalResult::Error(err) => {
[INFO] [stdout]     |             ---------------------- matches some of the same values
[INFO] [stdout] ...
[INFO] [stdout] 298 |             _ => {}
[INFO] [stdout]     |             ^ collectively making this unreachable
[INFO] [stdout]     = note: `#[warn(unreachable_patterns)]` on by default
[INFO] [stdout] 
[INFO] [stdout] 
[INFO] [stdout] warning: variable does not need to be mutable
[INFO] [stdout]    --> src/lox/evaluator.rs:284:56
[INFO] [stdout]     |
[INFO] [stdout] 284 |     fn execute_block(&mut self, statements: Vec<Stmt>, mut new_env: Environment) -> Result<Value, String> {
[INFO] [stdout]     |                                                        ----^^^^^^^
[INFO] [stdout]     |                                                        |
[INFO] [stdout]     |                                                        help: remove this `mut`
[INFO] [stdout]     |
[INFO] [stdout]     = note: `#[warn(unused_mut)]` on by default
[INFO] [stdout] 
[INFO] [stdout] 
[INFO] [stdout] warning: unused variable: `keyword`
[INFO] [stdout]    --> src/lox/printer.rs:192:32
[INFO] [stdout]     |
[INFO] [stdout] 192 |     fn visit_return(&mut self, keyword: &Token, value: &Option<Expr>) -> String {
[INFO] [stdout]     |                                ^^^^^^^ help: if this is intentional, prefix it with an underscore: `_keyword`
[INFO] [stdout]     |
[INFO] [stdout]     = note: `#[warn(unused_variables)]` on by default
[INFO] [stdout] 
[INFO] [stdout] 
[INFO] [stdout] warning: variants `Nil`, `Function`, and `Return` are never constructed
[INFO] [stdout]   --> src/lox/token_type.rs:62:5
[INFO] [stdout]    |
[INFO] [stdout] 58 | pub enum LiteralValue {
[INFO] [stdout]    |          ------------ variants in this enum
[INFO] [stdout] ...
[INFO] [stdout] 62 |     Nil,
[INFO] [stdout]    |     ^^^
[INFO] [stdout] 63 |     Function {
[INFO] [stdout]    |     ^^^^^^^^
[INFO] [stdout] ...
[INFO] [stdout] 68 |     Return(Box<LiteralValue>),
[INFO] [stdout]    |     ^^^^^^
[INFO] [stdout]    |
[INFO] [stdout]    = note: `LiteralValue` has derived impls for the traits `Clone` and `Debug`, but these are intentionally ignored during dead code analysis
[INFO] [stdout]    = note: `#[warn(dead_code)]` on by default
[INFO] [stdout] 
[INFO] [stdout] 
[INFO] [stdout] warning: method `as_number` is never used
[INFO] [stdout]   --> src/lox/token_type.rs:89:12
[INFO] [stdout]    |
[INFO] [stdout] 88 | impl LiteralValue {
[INFO] [stdout]    | ----------------- method in this implementation
[INFO] [stdout] 89 |     pub fn as_number(&self) -> Option<f64> {
[INFO] [stdout]    |            ^^^^^^^^^
[INFO] [stdout] 
[INFO] [stdout] 
[INFO] [stdout] warning: variants `Get` and `Set` are never constructed
[INFO] [stdout]   --> src/lox/ast.rs:34:5
[INFO] [stdout]    |
[INFO] [stdout] 7  | pub enum Expr {
[INFO] [stdout]    |          ---- variants in this enum
[INFO] [stdout] ...
[INFO] [stdout] 34 |     Get {
[INFO] [stdout]    |     ^^^
[INFO] [stdout] ...
[INFO] [stdout] 38 |     Set {
[INFO] [stdout]    |     ^^^
[INFO] [stdout]    |
[INFO] [stdout]    = note: `Expr` has derived impls for the traits `Clone` and `Debug`, but these are intentionally ignored during dead code analysis
[INFO] [stdout] 
[INFO] [stdout] 
[INFO] [stdout] warning: variants `Class` and `Call` are never constructed
[INFO] [stdout]   --> src/lox/ast.rs:75:5
[INFO] [stdout]    |
[INFO] [stdout] 46 | pub enum Stmt {
[INFO] [stdout]    |          ---- variants in this enum
[INFO] [stdout] ...
[INFO] [stdout] 75 |     Class {
[INFO] [stdout]    |     ^^^^^
[INFO] [stdout] ...
[INFO] [stdout] 79 |     Call {
[INFO] [stdout]    |     ^^^^
[INFO] [stdout]    |
[INFO] [stdout]    = note: `Stmt` has derived impls for the traits `Clone` and `Debug`, but these are intentionally ignored during dead code analysis
[INFO] [stdout] 
[INFO] [stdout] 
[INFO] [stdout] warning: variants `Return`, `Function`, `Class`, and `Instance` are never constructed
[INFO] [stdout]   --> src/lox/evaluator.rs:61:5
[INFO] [stdout]    |
[INFO] [stdout] 56 | pub enum Value {
[INFO] [stdout]    |          ----- variants in this enum
[INFO] [stdout] ...
[INFO] [stdout] 61 |     Return(Box<Value>),
[INFO] [stdout]    |     ^^^^^^
[INFO] [stdout] 62 |     Function {
[INFO] [stdout]    |     ^^^^^^^^
[INFO] [stdout] ...
[INFO] [stdout] 67 |     Class {
[INFO] [stdout]    |     ^^^^^
[INFO] [stdout] ...
[INFO] [stdout] 71 |     Instance {
[INFO] [stdout]    |     ^^^^^^^^
[INFO] [stdout]    |
[INFO] [stdout]    = note: `Value` has derived impls for the traits `Clone` and `Debug`, but these are intentionally ignored during dead code analysis
[INFO] [stdout] 
[INFO] [stdout] 
[INFO] [stdout] warning: method `get_output` is never used
[INFO] [stdout]    --> src/lox/evaluator.rs:137:12
[INFO] [stdout]     |
[INFO] [stdout] 107 | impl Evaluator {
[INFO] [stdout]     | -------------- method in this implementation
[INFO] [stdout] ...
[INFO] [stdout] 137 |     pub fn get_output(&self) -> String {
[INFO] [stdout]     |            ^^^^^^^^^^
[INFO] [stdout] 
[INFO] [stdout] 
[INFO] [stdout] warning: methods `visit_this` and `visit_super` are never used
[INFO] [stdout]   --> src/lox/printer.rs:19:8
[INFO] [stdout]    |
[INFO] [stdout] 6  | pub trait Visitor<R> {
[INFO] [stdout]    |           ------- methods in this trait
[INFO] [stdout] ...
[INFO] [stdout] 19 |     fn visit_this(&mut self, keyword: &Token) -> R;
[INFO] [stdout]    |        ^^^^^^^^^^
[INFO] [stdout] 20 |     fn visit_super(&mut self, keyword: &Token, method: &Token) -> R;
[INFO] [stdout]    |        ^^^^^^^^^^^
[INFO] [stdout] 
[INFO] [stdout] 
[INFO] [stderr]     Finished `test` profile [unoptimized + debuginfo] target(s) in 1.17s
[INFO] running `Command { std: "docker" "inspect" "249238d2c67e2e5dbd60050e3c89950cdab5f0aa3ec32cdeafd9e722c9851ebe", kill_on_drop: false }`
[INFO] running `Command { std: "docker" "rm" "-f" "249238d2c67e2e5dbd60050e3c89950cdab5f0aa3ec32cdeafd9e722c9851ebe", kill_on_drop: false }`
[INFO] [stdout] 249238d2c67e2e5dbd60050e3c89950cdab5f0aa3ec32cdeafd9e722c9851ebe
[INFO] running `Command { std: "docker" "create" "-v" "/var/lib/crater-agent-workspace/builds/worker-4-tc2/target:/opt/rustwide/target:rw,Z" "-v" "/var/lib/crater-agent-workspace/builds/worker-4-tc2/source:/opt/rustwide/workdir:ro,Z" "-v" "/var/lib/crater-agent-workspace/cargo-home:/opt/rustwide/cargo-home:ro,Z" "-v" "/var/lib/crater-agent-workspace/rustup-home:/opt/rustwide/rustup-home:ro,Z" "-e" "SOURCE_DIR=/opt/rustwide/workdir" "-e" "CARGO_TARGET_DIR=/opt/rustwide/target" "-e" "CARGO_INCREMENTAL=0" "-e" "RUST_BACKTRACE=full" "-e" "RUSTFLAGS=--cap-lints=forbid -Zrandomize-layout" "-e" "RUSTDOCFLAGS=--cap-lints=forbid" "-e" "CARGO_HOME=/opt/rustwide/cargo-home" "-e" "RUSTUP_HOME=/opt/rustwide/rustup-home" "-w" "/opt/rustwide/workdir" "-m" "1610612736" "--user" "0:0" "--network" "none" "ghcr.io/rust-lang/crates-build-env/linux@sha256:819108c5571ea2e421544af4d832f968d213c87fbe3707a016657f43d2f853bc" "/opt/rustwide/cargo-home/bin/cargo" "+nightly-2025-01-18" "test" "--frozen", kill_on_drop: false }`
[INFO] [stdout] c2c900b4d213bc4d7d3b996c300e5f522249377afa9748a5e2079621edd71918
[INFO] running `Command { std: "docker" "start" "-a" "c2c900b4d213bc4d7d3b996c300e5f522249377afa9748a5e2079621edd71918", kill_on_drop: false }`
[INFO] [stderr] warning: unused import: `crate::lox::evaluator::Environment`
[INFO] [stderr]  --> src/lox/token_type.rs:3:5
[INFO] [stderr]   |
[INFO] [stderr] 3 | use crate::lox::evaluator::Environment;
[INFO] [stderr]   |     ^^^^^^^^^^^^^^^^^^^^^^^^^^^^^^^^^^
[INFO] [stderr]   |
[INFO] [stderr]   = note: `#[warn(unused_imports)]` on by default
[INFO] [stderr] 
[INFO] [stderr] warning: unused import: `std::collections::HashMap`
[INFO] [stderr]  --> src/lox/ast.rs:4:5
[INFO] [stderr]   |
[INFO] [stderr] 4 | use std::collections::HashMap; 
[INFO] [stderr]   |     ^^^^^^^^^^^^^^^^^^^^^^^^^
[INFO] [stderr] 
[INFO] [stderr] warning: unused import: `std::process::Output`
[INFO] [stderr]  --> src/lox/evaluator.rs:5:5
[INFO] [stderr]   |
[INFO] [stderr] 5 | use std::process::Output;
[INFO] [stderr]   |     ^^^^^^^^^^^^^^^^^^^^
[INFO] [stderr] 
[INFO] [stderr] warning: unreachable pattern
[INFO] [stderr]    --> src/lox/evaluator.rs:298:13
[INFO] [stderr]     |
[INFO] [stderr] 298 |             _ => {}
[INFO] [stderr]     |             ^ no value can reach this
[INFO] [stderr]     |
[INFO] [stderr] note: multiple earlier patterns match some of the same values
[INFO] [stderr]    --> src/lox/evaluator.rs:298:13
[INFO] [stderr]     |
[INFO] [stderr] 290 |             EvalResult::Return(value) => {
[INFO] [stderr]     |             ------------------------- matches some of the same values
[INFO] [stderr] ...
[INFO] [stderr] 294 |             EvalResult::Error(err) => {
[INFO] [stderr]     |             ---------------------- matches some of the same values
[INFO] [stderr] ...
[INFO] [stderr] 298 |             _ => {}
[INFO] [stderr]     |             ^ collectively making this unreachable
[INFO] [stderr]     = note: `#[warn(unreachable_patterns)]` on by default
[INFO] [stderr] 
[INFO] [stderr] warning: variable does not need to be mutable
[INFO] [stderr]    --> src/lox/evaluator.rs:284:56
[INFO] [stderr]     |
[INFO] [stderr] 284 |     fn execute_block(&mut self, statements: Vec<Stmt>, mut new_env: Environment) -> Result<Value, String> {
[INFO] [stderr]     |                                                        ----^^^^^^^
[INFO] [stderr]     |                                                        |
[INFO] [stderr]     |                                                        help: remove this `mut`
[INFO] [stderr]     |
[INFO] [stderr]     = note: `#[warn(unused_mut)]` on by default
[INFO] [stderr] 
[INFO] [stderr] warning: unused variable: `keyword`
[INFO] [stderr]    --> src/lox/printer.rs:192:32
[INFO] [stderr]     |
[INFO] [stderr] 192 |     fn visit_return(&mut self, keyword: &Token, value: &Option<Expr>) -> String {
[INFO] [stderr]     |                                ^^^^^^^ help: if this is intentional, prefix it with an underscore: `_keyword`
[INFO] [stderr]     |
[INFO] [stderr]     = note: `#[warn(unused_variables)]` on by default
[INFO] [stderr] 
[INFO] [stderr] warning: `crafting_interpreter` (lib) generated 6 warnings (run `cargo fix --lib -p crafting_interpreter` to apply 4 suggestions)
[INFO] [stderr] warning: variants `Nil`, `Function`, and `Return` are never constructed
[INFO] [stderr]   --> src/lox/token_type.rs:62:5
[INFO] [stderr]    |
[INFO] [stderr] 58 | pub enum LiteralValue {
[INFO] [stderr]    |          ------------ variants in this enum
[INFO] [stderr] ...
[INFO] [stderr] 62 |     Nil,
[INFO] [stderr]    |     ^^^
[INFO] [stderr] 63 |     Function {
[INFO] [stderr]    |     ^^^^^^^^
[INFO] [stderr] ...
[INFO] [stderr] 68 |     Return(Box<LiteralValue>),
[INFO] [stderr]    |     ^^^^^^
[INFO] [stderr]    |
[INFO] [stderr]    = note: `LiteralValue` has derived impls for the traits `Clone` and `Debug`, but these are intentionally ignored during dead code analysis
[INFO] [stderr]    = note: `#[warn(dead_code)]` on by default
[INFO] [stderr] 
[INFO] [stderr] warning: method `as_number` is never used
[INFO] [stderr]   --> src/lox/token_type.rs:89:12
[INFO] [stderr]    |
[INFO] [stderr] 88 | impl LiteralValue {
[INFO] [stderr]    | ----------------- method in this implementation
[INFO] [stderr] 89 |     pub fn as_number(&self) -> Option<f64> {
[INFO] [stderr]    |            ^^^^^^^^^
[INFO] [stderr] 
[INFO] [stderr] warning: variants `Get` and `Set` are never constructed
[INFO] [stderr]   --> src/lox/ast.rs:34:5
[INFO] [stderr]    |
[INFO] [stderr] 7  | pub enum Expr {
[INFO] [stderr]    |          ---- variants in this enum
[INFO] [stderr] ...
[INFO] [stderr] 34 |     Get {
[INFO] [stderr]    |     ^^^
[INFO] [stderr] ...
[INFO] [stderr] 38 |     Set {
[INFO] [stderr]    |     ^^^
[INFO] [stderr]    |
[INFO] [stderr]    = note: `Expr` has derived impls for the traits `Clone` and `Debug`, but these are intentionally ignored during dead code analysis
[INFO] [stderr] 
[INFO] [stderr] warning: variants `Class` and `Call` are never constructed
[INFO] [stderr]   --> src/lox/ast.rs:75:5
[INFO] [stderr]    |
[INFO] [stderr] 46 | pub enum Stmt {
[INFO] [stderr]    |          ---- variants in this enum
[INFO] [stderr] ...
[INFO] [stderr] 75 |     Class {
[INFO] [stderr]    |     ^^^^^
[INFO] [stderr] ...
[INFO] [stderr] 79 |     Call {
[INFO] [stderr]    |     ^^^^
[INFO] [stderr]    |
[INFO] [stderr]    = note: `Stmt` has derived impls for the traits `Clone` and `Debug`, but these are intentionally ignored during dead code analysis
[INFO] [stderr] 
[INFO] [stderr] warning: variants `Return`, `Function`, `Class`, and `Instance` are never constructed
[INFO] [stderr]   --> src/lox/evaluator.rs:61:5
[INFO] [stderr]    |
[INFO] [stderr] 56 | pub enum Value {
[INFO] [stderr]    |          ----- variants in this enum
[INFO] [stderr] ...
[INFO] [stderr] 61 |     Return(Box<Value>),
[INFO] [stderr]    |     ^^^^^^
[INFO] [stderr] 62 |     Function {
[INFO] [stderr]    |     ^^^^^^^^
[INFO] [stderr] ...
[INFO] [stderr] 67 |     Class {
[INFO] [stderr]    |     ^^^^^
[INFO] [stderr] ...
[INFO] [stderr] 71 |     Instance {
[INFO] [stderr]    |     ^^^^^^^^
[INFO] [stderr]    |
[INFO] [stderr]    = note: `Value` has derived impls for the traits `Clone` and `Debug`, but these are intentionally ignored during dead code analysis
[INFO] [stderr] 
[INFO] [stderr] warning: method `get_output` is never used
[INFO] [stderr]    --> src/lox/evaluator.rs:137:12
[INFO] [stderr]     |
[INFO] [stderr] 107 | impl Evaluator {
[INFO] [stderr]     | -------------- method in this implementation
[INFO] [stderr] ...
[INFO] [stderr] 137 |     pub fn get_output(&self) -> String {
[INFO] [stderr]     |            ^^^^^^^^^^
[INFO] [stderr] 
[INFO] [stderr] warning: methods `visit_this` and `visit_super` are never used
[INFO] [stderr]   --> src/lox/printer.rs:19:8
[INFO] [stderr]    |
[INFO] [stderr] 6  | pub trait Visitor<R> {
[INFO] [stderr]    |           ------- methods in this trait
[INFO] [stderr] ...
[INFO] [stderr] 19 |     fn visit_this(&mut self, keyword: &Token) -> R;
[INFO] [stderr]    |        ^^^^^^^^^^
[INFO] [stderr] 20 |     fn visit_super(&mut self, keyword: &Token, method: &Token) -> R;
[INFO] [stderr]    |        ^^^^^^^^^^^
[INFO] [stderr] 
[INFO] [stderr] warning: unused import: `crafting_interpreter::lox::evaluator::EvalResult`
[INFO] [stderr]  --> tests/test.rs:2:5
[INFO] [stderr]   |
[INFO] [stderr] 2 | use crafting_interpreter::lox::evaluator::EvalResult; // EvalResultをインポート
[INFO] [stderr]   |     ^^^^^^^^^^^^^^^^^^^^^^^^^^^^^^^^^^^^^^^^^^^^^^^^
[INFO] [stderr]   |
[INFO] [stderr]   = note: `#[warn(unused_imports)]` on by default
[INFO] [stderr] 
[INFO] [stderr] warning: `crafting_interpreter` (bin "rlox") generated 13 warnings (6 duplicates)
[INFO] [stderr] warning: `crafting_interpreter` (test "test") generated 1 warning (run `cargo fix --test "test"` to apply 1 suggestion)
[INFO] [stderr] warning: `crafting_interpreter` (bin "rlox" test) generated 13 warnings (13 duplicates)
[INFO] [stderr] warning: `crafting_interpreter` (lib test) generated 6 warnings (6 duplicates)
[INFO] [stderr]     Finished `test` profile [unoptimized + debuginfo] target(s) in 0.02s
[INFO] [stderr]      Running unittests src/lib.rs (/opt/rustwide/target/debug/deps/crafting_interpreter-8ec006ba34a3fc38)
[INFO] [stdout] 
[INFO] [stdout] running 0 tests
[INFO] [stdout] 
[INFO] [stdout] test result: ok. 0 passed; 0 failed; 0 ignored; 0 measured; 0 filtered out; finished in 0.00s
[INFO] [stdout] 
[INFO] [stderr]      Running unittests src/tool/ast_generator_main.rs (/opt/rustwide/target/debug/deps/generate_ast-225bde4a42c0fe78)
[INFO] [stdout] 
[INFO] [stdout] running 0 tests
[INFO] [stdout] 
[INFO] [stdout] test result: ok. 0 passed; 0 failed; 0 ignored; 0 measured; 0 filtered out; finished in 0.00s
[INFO] [stdout] 
[INFO] [stderr]      Running unittests src/main.rs (/opt/rustwide/target/debug/deps/rlox-49ddb952ed9048a5)
[INFO] [stdout] 
[INFO] [stdout] running 0 tests
[INFO] [stdout] 
[INFO] [stderr]      Running tests/test.rs (/opt/rustwide/target/debug/deps/test-d53800e4daedde11)
[INFO] [stdout] test result: ok. 0 passed; 0 failed; 0 ignored; 0 measured; 0 filtered out; finished in 0.00s
[INFO] [stdout] 
[INFO] [stdout] 
[INFO] [stdout] running 7 tests
[INFO] [stdout] test tests::test_literals ... ok
[INFO] [stdout] test tests::test_variables ... ok
[INFO] [stdout] test tests::test_arithmetic ... FAILED
[INFO] [stdout] test tests::test_conditionals ... FAILED
[INFO] [stdout] test tests::test_loops ... FAILED
[INFO] [stdout] test tests::test_recursion ... FAILED
[INFO] [stdout] test tests::test_functions ... FAILED
[INFO] [stdout] 
[INFO] [stdout] failures:
[INFO] [stdout] 
[INFO] [stdout] ---- tests::test_arithmetic stdout ----
[INFO] [stdout] Matched token: Fun
[INFO] [stdout] Matched token: Var
[INFO] [stdout] Matched token: For
[INFO] [stdout] Matched token: While
[INFO] [stdout] Matched token: If
[INFO] [stdout] Matched token: Return
[INFO] [stdout] Matched token: Print
[INFO] [stdout] Matched token: Bang
[INFO] [stdout] Matched token: Minus
[INFO] [stdout] Matched token: Number
[INFO] [stdout] Matched token: Slash
[INFO] [stdout] Matched token: Star
[INFO] [stdout] Matched token: Percent
[INFO] [stdout] Matched token: Minus
[INFO] [stdout] Matched token: Plus
[INFO] [stdout] Matched token: Bang
[INFO] [stdout] Matched token: Minus
[INFO] [stdout] Matched token: Number
[INFO] [stdout] Matched token: Slash
[INFO] [stdout] Matched token: Star
[INFO] [stdout] Matched token: Bang
[INFO] [stdout] Matched token: Minus
[INFO] [stdout] Matched token: Number
[INFO] [stdout] Matched token: Slash
[INFO] [stdout] Matched token: Bang
[INFO] [stdout] Matched token: Minus
[INFO] [stdout] Matched token: Number
[INFO] [stdout] Matched token: StringLit
[INFO] [stdout] Matched token: Identifier
[INFO] [stdout] Matched token: LeftParen
[INFO] [stdout] Matched token: Bang
[INFO] [stdout] Matched token: Minus
[INFO] [stdout] Matched token: Number
[INFO] [stdout] Matched token: Slash
[INFO] [stdout] Matched token: Star
[INFO] [stdout] Matched token: Percent
[INFO] [stdout] Matched token: Minus
[INFO] [stdout] Matched token: Bang
[INFO] [stdout] Matched token: Minus
[INFO] [stdout] Matched token: Number
[INFO] [stdout] Matched token: Slash
[INFO] [stdout] Matched token: Star
[INFO] [stdout] Matched token: Percent
[INFO] [stdout] Matched token: Minus
[INFO] [stdout] Matched token: Plus
[INFO] [stdout] Matched token: Greater
[INFO] [stdout] Matched token: GreaterEqual
[INFO] [stdout] Matched token: Less
[INFO] [stdout] Matched token: LessEqual
[INFO] [stdout] Matched token: BangEqual
[INFO] [stdout] Matched token: EqualEqual
[INFO] [stdout] Matched token: Equal
[INFO] [stdout] Matched token: Slash
[INFO] [stdout] Matched token: Star
[INFO] [stdout] Matched token: Percent
[INFO] [stdout] Matched token: Minus
[INFO] [stdout] Matched token: Plus
[INFO] [stdout] Matched token: Greater
[INFO] [stdout] Matched token: GreaterEqual
[INFO] [stdout] Matched token: Less
[INFO] [stdout] Matched token: LessEqual
[INFO] [stdout] Matched token: BangEqual
[INFO] [stdout] Matched token: EqualEqual
[INFO] [stdout] Matched token: Equal
[INFO] [stdout] 
[INFO] [stdout] thread 'tests::test_arithmetic' panicked at tests/test.rs:45:9:
[INFO] [stdout] assertion `left == right` failed: Test failed for input: print 1 + 2 * 3 / (4 - 1);
[INFO] [stdout]   left: ""
[INFO] [stdout]  right: "3"
[INFO] [stdout] stack backtrace:
[INFO] [stdout]    0:     0x561d8cb1a7ca - std::backtrace_rs::backtrace::libunwind::trace::hb059275cfc8d6126
[INFO] [stdout]                                at /rustc/6067b36314ab5eb2eb47cecc464545ba58e1ad24/library/std/src/../../backtrace/src/backtrace/libunwind.rs:116:5
[INFO] [stdout]    1:     0x561d8cb1a7ca - std::backtrace_rs::backtrace::trace_unsynchronized::h2da071e4327ce3ee
[INFO] [stdout]                                at /rustc/6067b36314ab5eb2eb47cecc464545ba58e1ad24/library/std/src/../../backtrace/src/backtrace/mod.rs:66:5
[INFO] [stdout]    2:     0x561d8cb1a7ca - std::sys::backtrace::_print_fmt::h842a1474e6f8d23f
[INFO] [stdout]                                at /rustc/6067b36314ab5eb2eb47cecc464545ba58e1ad24/library/std/src/sys/backtrace.rs:66:9
[INFO] [stdout]    3:     0x561d8cb1a7ca - <std::sys::backtrace::BacktraceLock::print::DisplayBacktrace as core::fmt::Display>::fmt::h71a62eb3b9696b12
[INFO] [stdout]                                at /rustc/6067b36314ab5eb2eb47cecc464545ba58e1ad24/library/std/src/sys/backtrace.rs:39:26
[INFO] [stdout]    4:     0x561d8cb431c3 - core::fmt::rt::Argument::fmt::hdb6b616786b41dc1
[INFO] [stdout]                                at /rustc/6067b36314ab5eb2eb47cecc464545ba58e1ad24/library/core/src/fmt/rt.rs:177:76
[INFO] [stdout]    5:     0x561d8cb431c3 - core::fmt::write::h2cc1698af7e2d686
[INFO] [stdout]                                at /rustc/6067b36314ab5eb2eb47cecc464545ba58e1ad24/library/core/src/fmt/mod.rs:1440:21
[INFO] [stdout]    6:     0x561d8cb17323 - std::io::Write::write_fmt::hab1b4cd059a79022
[INFO] [stdout]                                at /rustc/6067b36314ab5eb2eb47cecc464545ba58e1ad24/library/std/src/io/mod.rs:1887:15
[INFO] [stdout]    7:     0x561d8cb1a612 - std::sys::backtrace::BacktraceLock::print::h147fe35b4ea13b08
[INFO] [stdout]                                at /rustc/6067b36314ab5eb2eb47cecc464545ba58e1ad24/library/std/src/sys/backtrace.rs:42:9
[INFO] [stdout]    8:     0x561d8cb1bbef - std::panicking::default_hook::{{closure}}::hbd44223dbdc0d208
[INFO] [stdout]                                at /rustc/6067b36314ab5eb2eb47cecc464545ba58e1ad24/library/std/src/panicking.rs:298:22
[INFO] [stdout]    9:     0x561d8cb1ba08 - std::panicking::default_hook::h20f81eb0576efcec
[INFO] [stdout]                                at /rustc/6067b36314ab5eb2eb47cecc464545ba58e1ad24/library/std/src/panicking.rs:322:9
[INFO] [stdout]   10:     0x561d8cab9003 - <alloc::boxed::Box<F,A> as core::ops::function::Fn<Args>>::call::hdb53814c496a4d34
[INFO] [stdout]                                at /rustc/6067b36314ab5eb2eb47cecc464545ba58e1ad24/library/alloc/src/boxed.rs:2027:9
[INFO] [stdout]   11:     0x561d8cab9003 - test::test_main::{{closure}}::hc0a4963c59427c24
[INFO] [stdout]                                at /rustc/6067b36314ab5eb2eb47cecc464545ba58e1ad24/library/test/src/lib.rs:134:21
[INFO] [stdout]   12:     0x561d8cb1c6e3 - <alloc::boxed::Box<F,A> as core::ops::function::Fn<Args>>::call::h591b2225413a77e9
[INFO] [stdout]                                at /rustc/6067b36314ab5eb2eb47cecc464545ba58e1ad24/library/alloc/src/boxed.rs:2027:9
[INFO] [stdout]   13:     0x561d8cb1c6e3 - std::panicking::rust_panic_with_hook::h625eea43051b2edc
[INFO] [stdout]                                at /rustc/6067b36314ab5eb2eb47cecc464545ba58e1ad24/library/std/src/panicking.rs:839:13
[INFO] [stdout]   14:     0x561d8cb1c39a - std::panicking::begin_panic_handler::{{closure}}::h4f9159cfbc3f6bd3
[INFO] [stdout]                                at /rustc/6067b36314ab5eb2eb47cecc464545ba58e1ad24/library/std/src/panicking.rs:704:13
[INFO] [stdout]   15:     0x561d8cb1acc9 - std::sys::backtrace::__rust_end_short_backtrace::h0390abce48353151
[INFO] [stdout]                                at /rustc/6067b36314ab5eb2eb47cecc464545ba58e1ad24/library/std/src/sys/backtrace.rs:168:18
[INFO] [stdout]   16:     0x561d8cb1c02d - rust_begin_unwind
[INFO] [stdout]                                at /rustc/6067b36314ab5eb2eb47cecc464545ba58e1ad24/library/std/src/panicking.rs:695:5
[INFO] [stdout]   17:     0x561d8cb41820 - core::panicking::panic_fmt::h9e7c637e9e5f29c9
[INFO] [stdout]                                at /rustc/6067b36314ab5eb2eb47cecc464545ba58e1ad24/library/core/src/panicking.rs:75:14
[INFO] [stdout]   18:     0x561d8cb41be2 - core::panicking::assert_failed_inner::h538bec7c1374cd9c
[INFO] [stdout]   19:     0x561d8ca7df15 - core::panicking::assert_failed::h27ea9853ac3c9209
[INFO] [stdout]                                at /rustc/6067b36314ab5eb2eb47cecc464545ba58e1ad24/library/core/src/panicking.rs:364:5
[INFO] [stdout]   20:     0x561d8ca7e859 - test::tests::test_arithmetic::h73ecc1d99242ee55
[INFO] [stdout]                                at /opt/rustwide/workdir/tests/test.rs:45:9
[INFO] [stdout]   21:     0x561d8ca7e6f7 - test::tests::test_arithmetic::{{closure}}::h1ef50d13167696c8
[INFO] [stdout]                                at /opt/rustwide/workdir/tests/test.rs:41:25
[INFO] [stdout]   22:     0x561d8ca7db46 - core::ops::function::FnOnce::call_once::hc2d885123cf1821d
[INFO] [stdout]                                at /rustc/6067b36314ab5eb2eb47cecc464545ba58e1ad24/library/core/src/ops/function.rs:250:5
[INFO] [stdout]   23:     0x561d8cabe75b - core::ops::function::FnOnce::call_once::he27718dfdd183f43
[INFO] [stdout]                                at /rustc/6067b36314ab5eb2eb47cecc464545ba58e1ad24/library/core/src/ops/function.rs:250:5
[INFO] [stdout]   24:     0x561d8cabe75b - test::__rust_begin_short_backtrace::h4e84902998457a5d
[INFO] [stdout]                                at /rustc/6067b36314ab5eb2eb47cecc464545ba58e1ad24/library/test/src/lib.rs:632:18
[INFO] [stdout]   25:     0x561d8cabd693 - test::run_test_in_process::{{closure}}::h7176fd18fc1feca0
[INFO] [stdout]                                at /rustc/6067b36314ab5eb2eb47cecc464545ba58e1ad24/library/test/src/lib.rs:655:60
[INFO] [stdout]   26:     0x561d8cabd693 - <core::panic::unwind_safe::AssertUnwindSafe<F> as core::ops::function::FnOnce<()>>::call_once::hf79cff2a624d8cf7
[INFO] [stdout]                                at /rustc/6067b36314ab5eb2eb47cecc464545ba58e1ad24/library/core/src/panic/unwind_safe.rs:272:9
[INFO] [stdout]   27:     0x561d8cabd693 - std::panicking::try::do_call::h3da0561d9ab99c25
[INFO] [stdout]                                at /rustc/6067b36314ab5eb2eb47cecc464545ba58e1ad24/library/std/src/panicking.rs:587:40
[INFO] [stdout]   28:     0x561d8cabd693 - std::panicking::try::h41c9fa508bc61df6
[INFO] [stdout]                                at /rustc/6067b36314ab5eb2eb47cecc464545ba58e1ad24/library/std/src/panicking.rs:550:19
[INFO] [stdout]   29:     0x561d8cabd693 - std::panic::catch_unwind::h6b3ff07bb5afad93
[INFO] [stdout]                                at /rustc/6067b36314ab5eb2eb47cecc464545ba58e1ad24/library/std/src/panic.rs:358:14
[INFO] [stdout]   30:     0x561d8cabd693 - test::run_test_in_process::hc7253dd11b39b9f4
[INFO] [stdout]                                at /rustc/6067b36314ab5eb2eb47cecc464545ba58e1ad24/library/test/src/lib.rs:655:27
[INFO] [stdout]   31:     0x561d8cabd693 - test::run_test::{{closure}}::hfb2007f8649c30bb
[INFO] [stdout]                                at /rustc/6067b36314ab5eb2eb47cecc464545ba58e1ad24/library/test/src/lib.rs:576:43
[INFO] [stdout]   32:     0x561d8ca80775 - test::run_test::{{closure}}::h56a17aa7a282a9f4
[INFO] [stdout]                                at /rustc/6067b36314ab5eb2eb47cecc464545ba58e1ad24/library/test/src/lib.rs:606:41
[INFO] [stdout]   33:     0x561d8ca80775 - std::sys::backtrace::__rust_begin_short_backtrace::hd2d2d2fb8e8c6aac
[INFO] [stdout]                                at /rustc/6067b36314ab5eb2eb47cecc464545ba58e1ad24/library/std/src/sys/backtrace.rs:152:18
[INFO] [stdout]   34:     0x561d8ca8405a - std::thread::Builder::spawn_unchecked_::{{closure}}::{{closure}}::h4faa3f9db6133423
[INFO] [stdout]                                at /rustc/6067b36314ab5eb2eb47cecc464545ba58e1ad24/library/std/src/thread/mod.rs:559:17
[INFO] [stdout]   35:     0x561d8ca8405a - <core::panic::unwind_safe::AssertUnwindSafe<F> as core::ops::function::FnOnce<()>>::call_once::hf2e855a36a4ea846
[INFO] [stdout]                                at /rustc/6067b36314ab5eb2eb47cecc464545ba58e1ad24/library/core/src/panic/unwind_safe.rs:272:9
[INFO] [stdout]   36:     0x561d8ca8405a - std::panicking::try::do_call::h2f73af3616c35465
[INFO] [stdout]                                at /rustc/6067b36314ab5eb2eb47cecc464545ba58e1ad24/library/std/src/panicking.rs:587:40
[INFO] [stdout]   37:     0x561d8ca8405a - std::panicking::try::hd1660ce9efadef5a
[INFO] [stdout]                                at /rustc/6067b36314ab5eb2eb47cecc464545ba58e1ad24/library/std/src/panicking.rs:550:19
[INFO] [stdout]   38:     0x561d8ca8405a - std::panic::catch_unwind::h5ee8d7823b8ca744
[INFO] [stdout]                                at /rustc/6067b36314ab5eb2eb47cecc464545ba58e1ad24/library/std/src/panic.rs:358:14
[INFO] [stdout]   39:     0x561d8ca8405a - std::thread::Builder::spawn_unchecked_::{{closure}}::h53c3a1894dce8407
[INFO] [stdout]                                at /rustc/6067b36314ab5eb2eb47cecc464545ba58e1ad24/library/std/src/thread/mod.rs:557:30
[INFO] [stdout]   40:     0x561d8ca8405a - core::ops::function::FnOnce::call_once{{vtable.shim}}::h048ce291ad4f62bf
[INFO] [stdout]                                at /rustc/6067b36314ab5eb2eb47cecc464545ba58e1ad24/library/core/src/ops/function.rs:250:5
[INFO] [stdout]   41:     0x561d8cb2061b - <alloc::boxed::Box<F,A> as core::ops::function::FnOnce<Args>>::call_once::ha52bedf99a3b4981
[INFO] [stdout]                                at /rustc/6067b36314ab5eb2eb47cecc464545ba58e1ad24/library/alloc/src/boxed.rs:2013:9
[INFO] [stdout]   42:     0x561d8cb2061b - <alloc::boxed::Box<F,A> as core::ops::function::FnOnce<Args>>::call_once::h567748934d80ccf8
[INFO] [stdout]                                at /rustc/6067b36314ab5eb2eb47cecc464545ba58e1ad24/library/alloc/src/boxed.rs:2013:9
[INFO] [stdout]   43:     0x561d8cb2061b - std::sys::pal::unix::thread::Thread::new::thread_start::h2d970728ae887adc
[INFO] [stdout]                                at /rustc/6067b36314ab5eb2eb47cecc464545ba58e1ad24/library/std/src/sys/pal/unix/thread.rs:106:17
[INFO] [stdout]   44:     0x7c143d141ac3 - <unknown>
[INFO] [stdout]   45:     0x7c143d1d2a04 - clone
[INFO] [stdout]   46:                0x0 - <unknown>
[INFO] [stdout] 
[INFO] [stdout] ---- tests::test_conditionals stdout ----
[INFO] [stdout] Matched token: Fun
[INFO] [stdout] Matched token: Var
[INFO] [stdout] Matched token: For
[INFO] [stdout] Matched token: While
[INFO] [stdout] Matched token: If
[INFO] [stdout] Matched token: Bang
[INFO] [stdout] Matched token: Minus
[INFO] [stdout] Matched token: Number
[INFO] [stdout] Matched token: StringLit
[INFO] [stdout] Matched token: Identifier
[INFO] [stdout] Matched token: LeftParen
[INFO] [stdout] Matched token: Slash
[INFO] [stdout] Matched token: Star
[INFO] [stdout] Matched token: Percent
[INFO] [stdout] Matched token: Minus
[INFO] [stdout] Matched token: Plus
[INFO] [stdout] Matched token: Greater
[INFO] [stdout] Matched token: GreaterEqual
[INFO] [stdout] Matched token: Less
[INFO] [stdout] Matched token: LessEqual
[INFO] [stdout] Matched token: BangEqual
[INFO] [stdout] Matched token: EqualEqual
[INFO] [stdout] 
[INFO] [stdout] thread 'tests::test_conditionals' panicked at tests/test.rs:56:9:
[INFO] [stdout] assertion `left == right` failed: Test failed for input: 
[INFO] [stdout]             if (true) print "yes";
[INFO] [stdout]             if (false) print "no"; else print "yes";
[INFO] [stdout]         
[INFO] [stdout]   left: ""
[INFO] [stdout]  right: "yes\nyes"
[INFO] [stdout] stack backtrace:
[INFO] [stdout]    0:     0x561d8cb1a7ca - std::backtrace_rs::backtrace::libunwind::trace::hb059275cfc8d6126
[INFO] [stdout]                                at /rustc/6067b36314ab5eb2eb47cecc464545ba58e1ad24/library/std/src/../../backtrace/src/backtrace/libunwind.rs:116:5
[INFO] [stdout]    1:     0x561d8cb1a7ca - std::backtrace_rs::backtrace::trace_unsynchronized::h2da071e4327ce3ee
[INFO] [stdout]                                at /rustc/6067b36314ab5eb2eb47cecc464545ba58e1ad24/library/std/src/../../backtrace/src/backtrace/mod.rs:66:5
[INFO] [stdout]    2:     0x561d8cb1a7ca - std::sys::backtrace::_print_fmt::h842a1474e6f8d23f
[INFO] [stdout]                                at /rustc/6067b36314ab5eb2eb47cecc464545ba58e1ad24/library/std/src/sys/backtrace.rs:66:9
[INFO] [stdout]    3:     0x561d8cb1a7ca - <std::sys::backtrace::BacktraceLock::print::DisplayBacktrace as core::fmt::Display>::fmt::h71a62eb3b9696b12
[INFO] [stdout]                                at /rustc/6067b36314ab5eb2eb47cecc464545ba58e1ad24/library/std/src/sys/backtrace.rs:39:26
[INFO] [stdout]    4:     0x561d8cb431c3 - core::fmt::rt::Argument::fmt::hdb6b616786b41dc1
[INFO] [stdout]                                at /rustc/6067b36314ab5eb2eb47cecc464545ba58e1ad24/library/core/src/fmt/rt.rs:177:76
[INFO] [stdout]    5:     0x561d8cb431c3 - core::fmt::write::h2cc1698af7e2d686
[INFO] [stdout]                                at /rustc/6067b36314ab5eb2eb47cecc464545ba58e1ad24/library/core/src/fmt/mod.rs:1440:21
[INFO] [stdout]    6:     0x561d8cb17323 - std::io::Write::write_fmt::hab1b4cd059a79022
[INFO] [stdout]                                at /rustc/6067b36314ab5eb2eb47cecc464545ba58e1ad24/library/std/src/io/mod.rs:1887:15
[INFO] [stdout]    7:     0x561d8cb1a612 - std::sys::backtrace::BacktraceLock::print::h147fe35b4ea13b08
[INFO] [stdout]                                at /rustc/6067b36314ab5eb2eb47cecc464545ba58e1ad24/library/std/src/sys/backtrace.rs:42:9
[INFO] [stdout]    8:     0x561d8cb1bbef - std::panicking::default_hook::{{closure}}::hbd44223dbdc0d208
[INFO] [stdout]                                at /rustc/6067b36314ab5eb2eb47cecc464545ba58e1ad24/library/std/src/panicking.rs:298:22
[INFO] [stdout]    9:     0x561d8cb1ba08 - std::panicking::default_hook::h20f81eb0576efcec
[INFO] [stdout]                                at /rustc/6067b36314ab5eb2eb47cecc464545ba58e1ad24/library/std/src/panicking.rs:322:9
[INFO] [stdout]   10:     0x561d8cab9003 - <alloc::boxed::Box<F,A> as core::ops::function::Fn<Args>>::call::hdb53814c496a4d34
[INFO] [stdout]                                at /rustc/6067b36314ab5eb2eb47cecc464545ba58e1ad24/library/alloc/src/boxed.rs:2027:9
[INFO] [stdout]   11:     0x561d8cab9003 - test::test_main::{{closure}}::hc0a4963c59427c24
[INFO] [stdout]                                at /rustc/6067b36314ab5eb2eb47cecc464545ba58e1ad24/library/test/src/lib.rs:134:21
[INFO] [stdout]   12:     0x561d8cb1c6e3 - <alloc::boxed::Box<F,A> as core::ops::function::Fn<Args>>::call::h591b2225413a77e9
[INFO] [stdout]                                at /rustc/6067b36314ab5eb2eb47cecc464545ba58e1ad24/library/alloc/src/boxed.rs:2027:9
[INFO] [stdout]   13:     0x561d8cb1c6e3 - std::panicking::rust_panic_with_hook::h625eea43051b2edc
[INFO] [stdout]                                at /rustc/6067b36314ab5eb2eb47cecc464545ba58e1ad24/library/std/src/panicking.rs:839:13
[INFO] [stdout]   14:     0x561d8cb1c39a - std::panicking::begin_panic_handler::{{closure}}::h4f9159cfbc3f6bd3
[INFO] [stdout]                                at /rustc/6067b36314ab5eb2eb47cecc464545ba58e1ad24/library/std/src/panicking.rs:704:13
[INFO] [stdout]   15:     0x561d8cb1acc9 - std::sys::backtrace::__rust_end_short_backtrace::h0390abce48353151
[INFO] [stdout]                                at /rustc/6067b36314ab5eb2eb47cecc464545ba58e1ad24/library/std/src/sys/backtrace.rs:168:18
[INFO] [stdout]   16:     0x561d8cb1c02d - rust_begin_unwind
[INFO] [stdout]                                at /rustc/6067b36314ab5eb2eb47cecc464545ba58e1ad24/library/std/src/panicking.rs:695:5
[INFO] [stdout]   17:     0x561d8cb41820 - core::panicking::panic_fmt::h9e7c637e9e5f29c9
[INFO] [stdout]                                at /rustc/6067b36314ab5eb2eb47cecc464545ba58e1ad24/library/core/src/panicking.rs:75:14
[INFO] [stdout]   18:     0x561d8cb41be2 - core::panicking::assert_failed_inner::h538bec7c1374cd9c
[INFO] [stdout]   19:     0x561d8ca7df15 - core::panicking::assert_failed::h27ea9853ac3c9209
[INFO] [stdout]                                at /rustc/6067b36314ab5eb2eb47cecc464545ba58e1ad24/library/core/src/panicking.rs:364:5
[INFO] [stdout]   20:     0x561d8ca7e9f9 - test::tests::test_conditionals::h2d63d8b376ab8270
[INFO] [stdout]                                at /opt/rustwide/workdir/tests/test.rs:56:9
[INFO] [stdout]   21:     0x561d8ca7e897 - test::tests::test_conditionals::{{closure}}::hd2546450385cc700
[INFO] [stdout]                                at /opt/rustwide/workdir/tests/test.rs:49:27
[INFO] [stdout]   22:     0x561d8ca7dbc6 - core::ops::function::FnOnce::call_once::hef2bc22bedac2d31
[INFO] [stdout]                                at /rustc/6067b36314ab5eb2eb47cecc464545ba58e1ad24/library/core/src/ops/function.rs:250:5
[INFO] [stdout]   23:     0x561d8cabe75b - core::ops::function::FnOnce::call_once::he27718dfdd183f43
[INFO] [stdout]                                at /rustc/6067b36314ab5eb2eb47cecc464545ba58e1ad24/library/core/src/ops/function.rs:250:5
[INFO] [stdout]   24:     0x561d8cabe75b - test::__rust_begin_short_backtrace::h4e84902998457a5d
[INFO] [stdout]                                at /rustc/6067b36314ab5eb2eb47cecc464545ba58e1ad24/library/test/src/lib.rs:632:18
[INFO] [stdout]   25:     0x561d8cabd693 - test::run_test_in_process::{{closure}}::h7176fd18fc1feca0
[INFO] [stdout]                                at /rustc/6067b36314ab5eb2eb47cecc464545ba58e1ad24/library/test/src/lib.rs:655:60
[INFO] [stdout]   26:     0x561d8cabd693 - <core::panic::unwind_safe::AssertUnwindSafe<F> as core::ops::function::FnOnce<()>>::call_once::hf79cff2a624d8cf7
[INFO] [stdout]                                at /rustc/6067b36314ab5eb2eb47cecc464545ba58e1ad24/library/core/src/panic/unwind_safe.rs:272:9
[INFO] [stdout]   27:     0x561d8cabd693 - std::panicking::try::do_call::h3da0561d9ab99c25
[INFO] [stdout]                                at /rustc/6067b36314ab5eb2eb47cecc464545ba58e1ad24/library/std/src/panicking.rs:587:40
[INFO] [stdout]   28:     0x561d8cabd693 - std::panicking::try::h41c9fa508bc61df6
[INFO] [stdout]                                at /rustc/6067b36314ab5eb2eb47cecc464545ba58e1ad24/library/std/src/panicking.rs:550:19
[INFO] [stdout]   29:     0x561d8cabd693 - std::panic::catch_unwind::h6b3ff07bb5afad93
[INFO] [stdout]                                at /rustc/6067b36314ab5eb2eb47cecc464545ba58e1ad24/library/std/src/panic.rs:358:14
[INFO] [stdout]   30:     0x561d8cabd693 - test::run_test_in_process::hc7253dd11b39b9f4
[INFO] [stdout]                                at /rustc/6067b36314ab5eb2eb47cecc464545ba58e1ad24/library/test/src/lib.rs:655:27
[INFO] [stdout]   31:     0x561d8cabd693 - test::run_test::{{closure}}::hfb2007f8649c30bb
[INFO] [stdout]                                at /rustc/6067b36314ab5eb2eb47cecc464545ba58e1ad24/library/test/src/lib.rs:576:43
[INFO] [stdout]   32:     0x561d8ca80775 - test::run_test::{{closure}}::h56a17aa7a282a9f4
[INFO] [stdout]                                at /rustc/6067b36314ab5eb2eb47cecc464545ba58e1ad24/library/test/src/lib.rs:606:41
[INFO] [stdout]   33:     0x561d8ca80775 - std::sys::backtrace::__rust_begin_short_backtrace::hd2d2d2fb8e8c6aac
[INFO] [stdout]                                at /rustc/6067b36314ab5eb2eb47cecc464545ba58e1ad24/library/std/src/sys/backtrace.rs:152:18
[INFO] [stdout]   34:     0x561d8ca8405a - std::thread::Builder::spawn_unchecked_::{{closure}}::{{closure}}::h4faa3f9db6133423
[INFO] [stdout]                                at /rustc/6067b36314ab5eb2eb47cecc464545ba58e1ad24/library/std/src/thread/mod.rs:559:17
[INFO] [stdout]   35:     0x561d8ca8405a - <core::panic::unwind_safe::AssertUnwindSafe<F> as core::ops::function::FnOnce<()>>::call_once::hf2e855a36a4ea846
[INFO] [stdout]                                at /rustc/6067b36314ab5eb2eb47cecc464545ba58e1ad24/library/core/src/panic/unwind_safe.rs:272:9
[INFO] [stdout]   36:     0x561d8ca8405a - std::panicking::try::do_call::h2f73af3616c35465
[INFO] [stdout]                                at /rustc/6067b36314ab5eb2eb47cecc464545ba58e1ad24/library/std/src/panicking.rs:587:40
[INFO] [stdout]   37:     0x561d8ca8405a - std::panicking::try::hd1660ce9efadef5a
[INFO] [stdout]                                at /rustc/6067b36314ab5eb2eb47cecc464545ba58e1ad24/library/std/src/panicking.rs:550:19
[INFO] [stdout]   38:     0x561d8ca8405a - std::panic::catch_unwind::h5ee8d7823b8ca744
[INFO] [stdout]                                at /rustc/6067b36314ab5eb2eb47cecc464545ba58e1ad24/library/std/src/panic.rs:358:14
[INFO] [stdout]   39:     0x561d8ca8405a - std::thread::Builder::spawn_unchecked_::{{closure}}::h53c3a1894dce8407
[INFO] [stdout]                                at /rustc/6067b36314ab5eb2eb47cecc464545ba58e1ad24/library/std/src/thread/mod.rs:557:30
[INFO] [stdout]   40:     0x561d8ca8405a - core::ops::function::FnOnce::call_once{{vtable.shim}}::h048ce291ad4f62bf
[INFO] [stdout]                                at /rustc/6067b36314ab5eb2eb47cecc464545ba58e1ad24/library/core/src/ops/function.rs:250:5
[INFO] [stdout]   41:     0x561d8cb2061b - <alloc::boxed::Box<F,A> as core::ops::function::FnOnce<Args>>::call_once::ha52bedf99a3b4981
[INFO] [stdout]                                at /rustc/6067b36314ab5eb2eb47cecc464545ba58e1ad24/library/alloc/src/boxed.rs:2013:9
[INFO] [stdout]   42:     0x561d8cb2061b - <alloc::boxed::Box<F,A> as core::ops::function::FnOnce<Args>>::call_once::h567748934d80ccf8
[INFO] [stdout]                                at /rustc/6067b36314ab5eb2eb47cecc464545ba58e1ad24/library/alloc/src/boxed.rs:2013:9
[INFO] [stdout]   43:     0x561d8cb2061b - std::sys::pal::unix::thread::Thread::new::thread_start::h2d970728ae887adc
[INFO] [stdout]                                at /rustc/6067b36314ab5eb2eb47cecc464545ba58e1ad24/library/std/src/sys/pal/unix/thread.rs:106:17
[INFO] [stdout]   44:     0x7c143d141ac3 - <unknown>
[INFO] [stdout]   45:     0x7c143d1d2a04 - clone
[INFO] [stdout]   46:                0x0 - <unknown>
[INFO] [stdout] 
[INFO] [stdout] ---- tests::test_loops stdout ----
[INFO] [stdout] Matched token: Fun
[INFO] [stdout] Matched token: Var
[INFO] [stdout] Matched token: Equal
[INFO] [stdout] Matched token: Bang
[INFO] [stdout] Matched token: Minus
[INFO] [stdout] Matched token: Number
[INFO] [stdout] Matched token: Slash
[INFO] [stdout] Matched token: Star
[INFO] [stdout] Matched token: Percent
[INFO] [stdout] Matched token: Minus
[INFO] [stdout] Matched token: Plus
[INFO] [stdout] Matched token: Greater
[INFO] [stdout] Matched token: GreaterEqual
[INFO] [stdout] Matched token: Less
[INFO] [stdout] Matched token: LessEqual
[INFO] [stdout] Matched token: BangEqual
[INFO] [stdout] Matched token: EqualEqual
[INFO] [stdout] Matched token: Equal
[INFO] [stdout] Matched token: Fun
[INFO] [stdout] Matched token: Var
[INFO] [stdout] Matched token: For
[INFO] [stdout] Matched token: While
[INFO] [stdout] Matched token: Bang
[INFO] [stdout] Matched token: Minus
[INFO] [stdout] Matched token: Number
[INFO] [stdout] Matched token: StringLit
[INFO] [stdout] Matched token: Identifier
[INFO] [stdout] Matched token: LeftParen
[INFO] [stdout] Matched token: Slash
[INFO] [stdout] Matched token: Star
[INFO] [stdout] Matched token: Percent
[INFO] [stdout] Matched token: Minus
[INFO] [stdout] Matched token: Plus
[INFO] [stdout] Matched token: Greater
[INFO] [stdout] Matched token: GreaterEqual
[INFO] [stdout] Matched token: Less
[INFO] [stdout] Matched token: Bang
[INFO] [stdout] Matched token: Minus
[INFO] [stdout] Matched token: Number
[INFO] [stdout] Matched token: Slash
[INFO] [stdout] Matched token: Star
[INFO] [stdout] Matched token: Percent
[INFO] [stdout] Matched token: Minus
[INFO] [stdout] Matched token: Plus
[INFO] [stdout] Matched token: Greater
[INFO] [stdout] Matched token: GreaterEqual
[INFO] [stdout] Matched token: Less
[INFO] [stdout] Matched token: LessEqual
[INFO] [stdout] Matched token: BangEqual
[INFO] [stdout] Matched token: EqualEqual
[INFO] [stdout] Matched token: Equal
[INFO] [stdout] Matched token: For
[INFO] [stdout] Matched token: While
[INFO] [stdout] Matched token: If
[INFO] [stdout] Matched token: Return
[INFO] [stdout] Matched token: Print
[INFO] [stdout] Matched token: LeftBrace
[INFO] [stdout] block: Entering block
[INFO] [stdout] Matched token: Fun
[INFO] [stdout] Matched token: Var
[INFO] [stdout] Matched token: For
[INFO] [stdout] Matched token: While
[INFO] [stdout] Matched token: If
[INFO] [stdout] Matched token: Return
[INFO] [stdout] Matched token: Print
[INFO] [stdout] Matched token: Bang
[INFO] [stdout] Matched token: Minus
[INFO] [stdout] Matched token: Number
[INFO] [stdout] Matched token: StringLit
[INFO] [stdout] Matched token: Identifier
[INFO] [stdout] Matched token: LeftParen
[INFO] [stdout] Matched token: Slash
[INFO] [stdout] Matched token: Star
[INFO] [stdout] Matched token: Percent
[INFO] [stdout] Matched token: Minus
[INFO] [stdout] Matched token: Plus
[INFO] [stdout] Matched token: Greater
[INFO] [stdout] Matched token: GreaterEqual
[INFO] [stdout] Matched token: Less
[INFO] [stdout] Matched token: LessEqual
[INFO] [stdout] Matched token: BangEqual
[INFO] [stdout] Matched token: EqualEqual
[INFO] [stdout] Matched token: Equal
[INFO] [stdout] Matched token: Fun
[INFO] [stdout] Matched token: Var
[INFO] [stdout] Matched token: For
[INFO] [stdout] Matched token: While
[INFO] [stdout] Matched token: If
[INFO] [stdout] Matched token: Return
[INFO] [stdout] Matched token: Print
[INFO] [stdout] Matched token: LeftBrace
[INFO] [stdout] Matched token: Bang
[INFO] [stdout] Matched token: Minus
[INFO] [stdout] Matched token: Number
[INFO] [stdout] Matched token: StringLit
[INFO] [stdout] Matched token: Identifier
[INFO] [stdout] Matched token: LeftParen
[INFO] [stdout] Matched token: Slash
[INFO] [stdout] Matched token: Star
[INFO] [stdout] Matched token: Percent
[INFO] [stdout] Matched token: Minus
[INFO] [stdout] Matched token: Plus
[INFO] [stdout] Matched token: Greater
[INFO] [stdout] Matched token: GreaterEqual
[INFO] [stdout] Matched token: Less
[INFO] [stdout] Matched token: LessEqual
[INFO] [stdout] Matched token: BangEqual
[INFO] [stdout] Matched token: EqualEqual
[INFO] [stdout] Matched token: Equal
[INFO] [stdout] Matched token: Bang
[INFO] [stdout] Matched token: Minus
[INFO] [stdout] Matched token: Number
[INFO] [stdout] Matched token: StringLit
[INFO] [stdout] Matched token: Identifier
[INFO] [stdout] Matched token: LeftParen
[INFO] [stdout] Matched token: Slash
[INFO] [stdout] Matched token: Star
[INFO] [stdout] Matched token: Percent
[INFO] [stdout] Matched token: Minus
[INFO] [stdout] Matched token: Plus
[INFO] [stdout] Matched token: Bang
[INFO] [stdout] Matched token: Minus
[INFO] [stdout] Matched token: Number
[INFO] [stdout] Matched token: Slash
[INFO] [stdout] Matched token: Star
[INFO] [stdout] Matched token: Percent
[INFO] [stdout] Matched token: Minus
[INFO] [stdout] Matched token: Plus
[INFO] [stdout] Matched token: Greater
[INFO] [stdout] Matched token: GreaterEqual
[INFO] [stdout] Matched token: Less
[INFO] [stdout] Matched token: LessEqual
[INFO] [stdout] Matched token: BangEqual
[INFO] [stdout] Matched token: EqualEqual
[INFO] [stdout] Matched token: Equal
[INFO] [stdout] block: Exiting block with statements: [Print(Variable { name: Token { token_type: Identifier, lexeme: "i", literal: None, line: 4 } }), Expression(Assign { name: Token { token_type: Identifier, lexeme: "i", literal: None, line: 5 }, value: Binary { left: Variable { name: Token { token_type: Identifier, lexeme: "i", literal: None, line: 5 } }, operator: Token { token_type: Plus, lexeme: "+", literal: None, line: 5 }, right: Literal { value: Number(1.0) } } })]
[INFO] [stdout] 
[INFO] [stdout] thread 'tests::test_loops' panicked at tests/test.rs:70:9:
[INFO] [stdout] assertion `left == right` failed: Test failed for input: 
[INFO] [stdout]             var i = 0;
[INFO] [stdout]             while (i < 3) {
[INFO] [stdout]                 print i;
[INFO] [stdout]                 i = i + 1;
[INFO] [stdout]             }
[INFO] [stdout]         
[INFO] [stdout]   left: ""
[INFO] [stdout]  right: "0\n1\n2"
[INFO] [stdout] stack backtrace:
[INFO] [stdout]    0:     0x561d8cb1a7ca - std::backtrace_rs::backtrace::libunwind::trace::hb059275cfc8d6126
[INFO] [stdout]                                at /rustc/6067b36314ab5eb2eb47cecc464545ba58e1ad24/library/std/src/../../backtrace/src/backtrace/libunwind.rs:116:5
[INFO] [stdout]    1:     0x561d8cb1a7ca - std::backtrace_rs::backtrace::trace_unsynchronized::h2da071e4327ce3ee
[INFO] [stdout]                                at /rustc/6067b36314ab5eb2eb47cecc464545ba58e1ad24/library/std/src/../../backtrace/src/backtrace/mod.rs:66:5
[INFO] [stdout]    2:     0x561d8cb1a7ca - std::sys::backtrace::_print_fmt::h842a1474e6f8d23f
[INFO] [stdout]                                at /rustc/6067b36314ab5eb2eb47cecc464545ba58e1ad24/library/std/src/sys/backtrace.rs:66:9
[INFO] [stdout]    3:     0x561d8cb1a7ca - <std::sys::backtrace::BacktraceLock::print::DisplayBacktrace as core::fmt::Display>::fmt::h71a62eb3b9696b12
[INFO] [stdout]                                at /rustc/6067b36314ab5eb2eb47cecc464545ba58e1ad24/library/std/src/sys/backtrace.rs:39:26
[INFO] [stdout]    4:     0x561d8cb431c3 - core::fmt::rt::Argument::fmt::hdb6b616786b41dc1
[INFO] [stdout]                                at /rustc/6067b36314ab5eb2eb47cecc464545ba58e1ad24/library/core/src/fmt/rt.rs:177:76
[INFO] [stdout]    5:     0x561d8cb431c3 - core::fmt::write::h2cc1698af7e2d686
[INFO] [stdout]                                at /rustc/6067b36314ab5eb2eb47cecc464545ba58e1ad24/library/core/src/fmt/mod.rs:1440:21
[INFO] [stdout]    6:     0x561d8cb17323 - std::io::Write::write_fmt::hab1b4cd059a79022
[INFO] [stdout]                                at /rustc/6067b36314ab5eb2eb47cecc464545ba58e1ad24/library/std/src/io/mod.rs:1887:15
[INFO] [stdout]    7:     0x561d8cb1a612 - std::sys::backtrace::BacktraceLock::print::h147fe35b4ea13b08
[INFO] [stdout]                                at /rustc/6067b36314ab5eb2eb47cecc464545ba58e1ad24/library/std/src/sys/backtrace.rs:42:9
[INFO] [stdout]    8:     0x561d8cb1bbef - std::panicking::default_hook::{{closure}}::hbd44223dbdc0d208
[INFO] [stdout]                                at /rustc/6067b36314ab5eb2eb47cecc464545ba58e1ad24/library/std/src/panicking.rs:298:22
[INFO] [stdout]    9:     0x561d8cb1ba08 - std::panicking::default_hook::h20f81eb0576efcec
[INFO] [stdout]                                at /rustc/6067b36314ab5eb2eb47cecc464545ba58e1ad24/library/std/src/panicking.rs:322:9
[INFO] [stdout]   10:     0x561d8cab9003 - <alloc::boxed::Box<F,A> as core::ops::function::Fn<Args>>::call::hdb53814c496a4d34
[INFO] [stdout]                                at /rustc/6067b36314ab5eb2eb47cecc464545ba58e1ad24/library/alloc/src/boxed.rs:2027:9
[INFO] [stdout]   11:     0x561d8cab9003 - test::test_main::{{closure}}::hc0a4963c59427c24
[INFO] [stdout]                                at /rustc/6067b36314ab5eb2eb47cecc464545ba58e1ad24/library/test/src/lib.rs:134:21
[INFO] [stdout]   12:     0x561d8cb1c6e3 - <alloc::boxed::Box<F,A> as core::ops::function::Fn<Args>>::call::h591b2225413a77e9
[INFO] [stdout]                                at /rustc/6067b36314ab5eb2eb47cecc464545ba58e1ad24/library/alloc/src/boxed.rs:2027:9
[INFO] [stdout]   13:     0x561d8cb1c6e3 - std::panicking::rust_panic_with_hook::h625eea43051b2edc
[INFO] [stdout]                                at /rustc/6067b36314ab5eb2eb47cecc464545ba58e1ad24/library/std/src/panicking.rs:839:13
[INFO] [stdout]   14:     0x561d8cb1c39a - std::panicking::begin_panic_handler::{{closure}}::h4f9159cfbc3f6bd3
[INFO] [stdout]                                at /rustc/6067b36314ab5eb2eb47cecc464545ba58e1ad24/library/std/src/panicking.rs:704:13
[INFO] [stdout]   15:     0x561d8cb1acc9 - std::sys::backtrace::__rust_end_short_backtrace::h0390abce48353151
[INFO] [stdout]                                at /rustc/6067b36314ab5eb2eb47cecc464545ba58e1ad24/library/std/src/sys/backtrace.rs:168:18
[INFO] [stdout]   16:     0x561d8cb1c02d - rust_begin_unwind
[INFO] [stdout]                                at /rustc/6067b36314ab5eb2eb47cecc464545ba58e1ad24/library/std/src/panicking.rs:695:5
[INFO] [stdout]   17:     0x561d8cb41820 - core::panicking::panic_fmt::h9e7c637e9e5f29c9
[INFO] [stdout]                                at /rustc/6067b36314ab5eb2eb47cecc464545ba58e1ad24/library/core/src/panicking.rs:75:14
[INFO] [stdout]   18:     0x561d8cb41be2 - core::panicking::assert_failed_inner::h538bec7c1374cd9c
[INFO] [stdout]   19:     0x561d8ca7df15 - core::panicking::assert_failed::h27ea9853ac3c9209
[INFO] [stdout]                                at /rustc/6067b36314ab5eb2eb47cecc464545ba58e1ad24/library/core/src/panicking.rs:364:5
[INFO] [stdout]   20:     0x561d8ca7eb99 - test::tests::test_loops::h448733ef5964e0b1
[INFO] [stdout]                                at /opt/rustwide/workdir/tests/test.rs:70:9
[INFO] [stdout]   21:     0x561d8ca7ea37 - test::tests::test_loops::{{closure}}::h49641d597ac24f1f
[INFO] [stdout]                                at /opt/rustwide/workdir/tests/test.rs:60:20
[INFO] [stdout]   22:     0x561d8ca7d9f6 - core::ops::function::FnOnce::call_once::h13243f8213bfa1d6
[INFO] [stdout]                                at /rustc/6067b36314ab5eb2eb47cecc464545ba58e1ad24/library/core/src/ops/function.rs:250:5
[INFO] [stdout]   23:     0x561d8cabe75b - core::ops::function::FnOnce::call_once::he27718dfdd183f43
[INFO] [stdout]                                at /rustc/6067b36314ab5eb2eb47cecc464545ba58e1ad24/library/core/src/ops/function.rs:250:5
[INFO] [stdout]   24:     0x561d8cabe75b - test::__rust_begin_short_backtrace::h4e84902998457a5d
[INFO] [stdout]                                at /rustc/6067b36314ab5eb2eb47cecc464545ba58e1ad24/library/test/src/lib.rs:632:18
[INFO] [stdout]   25:     0x561d8cabd693 - test::run_test_in_process::{{closure}}::h7176fd18fc1feca0
[INFO] [stdout]                                at /rustc/6067b36314ab5eb2eb47cecc464545ba58e1ad24/library/test/src/lib.rs:655:60
[INFO] [stdout]   26:     0x561d8cabd693 - <core::panic::unwind_safe::AssertUnwindSafe<F> as core::ops::function::FnOnce<()>>::call_once::hf79cff2a624d8cf7
[INFO] [stdout]                                at /rustc/6067b36314ab5eb2eb47cecc464545ba58e1ad24/library/core/src/panic/unwind_safe.rs:272:9
[INFO] [stdout]   27:     0x561d8cabd693 - std::panicking::try::do_call::h3da0561d9ab99c25
[INFO] [stdout]                                at /rustc/6067b36314ab5eb2eb47cecc464545ba58e1ad24/library/std/src/panicking.rs:587:40
[INFO] [stdout]   28:     0x561d8cabd693 - std::panicking::try::h41c9fa508bc61df6
[INFO] [stdout]                                at /rustc/6067b36314ab5eb2eb47cecc464545ba58e1ad24/library/std/src/panicking.rs:550:19
[INFO] [stdout]   29:     0x561d8cabd693 - std::panic::catch_unwind::h6b3ff07bb5afad93
[INFO] [stdout]                                at /rustc/6067b36314ab5eb2eb47cecc464545ba58e1ad24/library/std/src/panic.rs:358:14
[INFO] [stdout]   30:     0x561d8cabd693 - test::run_test_in_process::hc7253dd11b39b9f4
[INFO] [stdout]                                at /rustc/6067b36314ab5eb2eb47cecc464545ba58e1ad24/library/test/src/lib.rs:655:27
[INFO] [stdout]   31:     0x561d8cabd693 - test::run_test::{{closure}}::hfb2007f8649c30bb
[INFO] [stdout]                                at /rustc/6067b36314ab5eb2eb47cecc464545ba58e1ad24/library/test/src/lib.rs:576:43
[INFO] [stdout]   32:     0x561d8ca80775 - test::run_test::{{closure}}::h56a17aa7a282a9f4
[INFO] [stdout]                                at /rustc/6067b36314ab5eb2eb47cecc464545ba58e1ad24/library/test/src/lib.rs:606:41
[INFO] [stdout]   33:     0x561d8ca80775 - std::sys::backtrace::__rust_begin_short_backtrace::hd2d2d2fb8e8c6aac
[INFO] [stdout]                                at /rustc/6067b36314ab5eb2eb47cecc464545ba58e1ad24/library/std/src/sys/backtrace.rs:152:18
[INFO] [stdout]   34:     0x561d8ca8405a - std::thread::Builder::spawn_unchecked_::{{closure}}::{{closure}}::h4faa3f9db6133423
[INFO] [stdout]                                at /rustc/6067b36314ab5eb2eb47cecc464545ba58e1ad24/library/std/src/thread/mod.rs:559:17
[INFO] [stdout]   35:     0x561d8ca8405a - <core::panic::unwind_safe::AssertUnwindSafe<F> as core::ops::function::FnOnce<()>>::call_once::hf2e855a36a4ea846
[INFO] [stdout]                                at /rustc/6067b36314ab5eb2eb47cecc464545ba58e1ad24/library/core/src/panic/unwind_safe.rs:272:9
[INFO] [stdout]   36:     0x561d8ca8405a - std::panicking::try::do_call::h2f73af3616c35465
[INFO] [stdout]                                at /rustc/6067b36314ab5eb2eb47cecc464545ba58e1ad24/library/std/src/panicking.rs:587:40
[INFO] [stdout]   37:     0x561d8ca8405a - std::panicking::try::hd1660ce9efadef5a
[INFO] [stdout]                                at /rustc/6067b36314ab5eb2eb47cecc464545ba58e1ad24/library/std/src/panicking.rs:550:19
[INFO] [stdout]   38:     0x561d8ca8405a - std::panic::catch_unwind::h5ee8d7823b8ca744
[INFO] [stdout]                                at /rustc/6067b36314ab5eb2eb47cecc464545ba58e1ad24/library/std/src/panic.rs:358:14
[INFO] [stdout]   39:     0x561d8ca8405a - std::thread::Builder::spawn_unchecked_::{{closure}}::h53c3a1894dce8407
[INFO] [stdout]                                at /rustc/6067b36314ab5eb2eb47cecc464545ba58e1ad24/library/std/src/thread/mod.rs:557:30
[INFO] [stdout]   40:     0x561d8ca8405a - core::ops::function::FnOnce::call_once{{vtable.shim}}::h048ce291ad4f62bf
[INFO] [stdout]                                at /rustc/6067b36314ab5eb2eb47cecc464545ba58e1ad24/library/core/src/ops/function.rs:250:5
[INFO] [stdout]   41:     0x561d8cb2061b - <alloc::boxed::Box<F,A> as core::ops::function::FnOnce<Args>>::call_once::ha52bedf99a3b4981
[INFO] [stdout]                                at /rustc/6067b36314ab5eb2eb47cecc464545ba58e1ad24/library/alloc/src/boxed.rs:2013:9
[INFO] [stdout]   42:     0x561d8cb2061b - <alloc::boxed::Box<F,A> as core::ops::function::FnOnce<Args>>::call_once::h567748934d80ccf8
[INFO] [stdout]                                at /rustc/6067b36314ab5eb2eb47cecc464545ba58e1ad24/library/alloc/src/boxed.rs:2013:9
[INFO] [stdout]   43:     0x561d8cb2061b - std::sys::pal::unix::thread::Thread::new::thread_start::h2d970728ae887adc
[INFO] [stdout]                                at /rustc/6067b36314ab5eb2eb47cecc464545ba58e1ad24/library/std/src/sys/pal/unix/thread.rs:106:17
[INFO] [stdout]   44:     0x7c143d141ac3 - <unknown>
[INFO] [stdout]   45:     0x7c143d1d2a04 - clone
[INFO] [stdout]   46:                0x0 - <unknown>
[INFO] [stdout] 
[INFO] [stdout] ---- tests::test_recursion stdout ----
[INFO] [stdout] Matched token: Fun
[INFO] [stdout] Matched token: Equal
[INFO] [stdout] Matched token: Comma
[INFO] [stdout] block: Entering block
[INFO] [stdout] Matched token: Fun
[INFO] [stdout] Matched token: Var
[INFO] [stdout] Matched token: For
[INFO] [stdout] Matched token: While
[INFO] [stdout] Matched token: If
[INFO] [stdout] Matched token: Bang
[INFO] [stdout] Matched token: Minus
[INFO] [stdout] Matched token: Number
[INFO] [stdout] Matched token: StringLit
[INFO] [stdout] Matched token: Identifier
[INFO] [stderr] error: test failed, to rerun pass `--test test`
[INFO] [stdout] Matched token: LeftParen
[INFO] [stdout] Matched token: Slash
[INFO] [stdout] Matched token: Star
[INFO] [stdout] Matched token: Percent
[INFO] [stdout] Matched token: Minus
[INFO] [stdout] Matched token: Plus
[INFO] [stdout] Matched token: Greater
[INFO] [stdout] Matched token: GreaterEqual
[INFO] [stdout] Matched token: Less
[INFO] [stdout] Matched token: LessEqual
[INFO] [stdout] Matched token: Bang
[INFO] [stdout] Matched token: Minus
[INFO] [stdout] Matched token: Number
[INFO] [stdout] Matched token: Slash
[INFO] [stdout] Matched token: Star
[INFO] [stdout] Matched token: Percent
[INFO] [stdout] Matched token: Minus
[INFO] [stdout] Matched token: Plus
[INFO] [stdout] Matched token: Greater
[INFO] [stdout] Matched token: GreaterEqual
[INFO] [stdout] Matched token: Less
[INFO] [stdout] Matched token: LessEqual
[INFO] [stdout] Matched token: BangEqual
[INFO] [stdout] Matched token: EqualEqual
[INFO] [stdout] Matched token: Equal
[INFO] [stdout] Matched token: For
[INFO] [stdout] Matched token: While
[INFO] [stdout] Matched token: If
[INFO] [stdout] Matched token: Return
[INFO] [stdout] Matched token: Bang
[INFO] [stdout] Matched token: Minus
[INFO] [stdout] Matched token: Number
[INFO] [stdout] Matched token: Slash
[INFO] [stdout] Matched token: Star
[INFO] [stdout] Matched token: Percent
[INFO] [stdout] Matched token: Minus
[INFO] [stdout] Matched token: Plus
[INFO] [stdout] Matched token: Greater
[INFO] [stdout] Matched token: GreaterEqual
[INFO] [stdout] Matched token: Less
[INFO] [stdout] Matched token: LessEqual
[INFO] [stdout] Matched token: BangEqual
[INFO] [stdout] Matched token: EqualEqual
[INFO] [stdout] Matched token: Equal
[INFO] [stdout] Matched token: Else
[INFO] [stdout] Matched token: Fun
[INFO] [stdout] Matched token: Var
[INFO] [stdout] Matched token: For
[INFO] [stdout] Matched token: While
[INFO] [stdout] Matched token: If
[INFO] [stdout] Matched token: Return
[INFO] [stdout] Matched token: Bang
[INFO] [stdout] Matched token: Minus
[INFO] [stdout] Matched token: Number
[INFO] [stdout] Matched token: StringLit
[INFO] [stdout] Matched token: Identifier
[INFO] [stdout] Matched token: LeftParen
[INFO] [stdout] Matched token: Slash
[INFO] [stdout] Matched token: Star
[INFO] [stdout] Matched token: Bang
[INFO] [stdout] Matched token: Minus
[INFO] [stdout] Matched token: Number
[INFO] [stdout] Matched token: StringLit
[INFO] [stdout] Matched token: Identifier
[INFO] [stdout] Matched token: LeftParen
[INFO] [stdout] Matched token: Bang
[INFO] [stdout] Matched token: Minus
[INFO] [stdout] Matched token: Number
[INFO] [stdout] Matched token: StringLit
[INFO] [stdout] Matched token: Identifier
[INFO] [stdout] Matched token: LeftParen
[INFO] [stdout] Matched token: Slash
[INFO] [stdout] Matched token: Star
[INFO] [stdout] Matched token: Percent
[INFO] [stdout] Matched token: Minus
[INFO] [stdout] Matched token: Bang
[INFO] [stdout] Matched token: Minus
[INFO] [stdout] Matched token: Number
[INFO] [stdout] Matched token: Slash
[INFO] [stdout] Matched token: Star
[INFO] [stdout] Matched token: Percent
[INFO] [stdout] Matched token: Minus
[INFO] [stdout] Matched token: Plus
[INFO] [stdout] Matched token: Greater
[INFO] [stdout] Matched token: GreaterEqual
[INFO] [stdout] Matched token: Less
[INFO] [stdout] Matched token: LessEqual
[INFO] [stdout] Matched token: BangEqual
[INFO] [stdout] Matched token: EqualEqual
[INFO] [stdout] Matched token: Equal
[INFO] [stdout] Matched token: Comma
[INFO] [stdout] Matched token: Slash
[INFO] [stdout] Matched token: Star
[INFO] [stdout] Matched token: Percent
[INFO] [stdout] Matched token: Minus
[INFO] [stdout] Matched token: Plus
[INFO] [stdout] Matched token: Greater
[INFO] [stdout] Matched token: GreaterEqual
[INFO] [stdout] Matched token: Less
[INFO] [stdout] Matched token: LessEqual
[INFO] [stdout] Matched token: BangEqual
[INFO] [stdout] Matched token: EqualEqual
[INFO] [stdout] Matched token: Equal
[INFO] [stdout] block: Exiting block with statements: [If { condition: Binary { left: Variable { name: Token { token_type: Identifier, lexeme: "n", literal: None, line: 3 } }, operator: Token { token_type: LessEqual, lexeme: "<=", literal: None, line: 3 }, right: Literal { value: Number(1.0) } }, then_branch: Return { keyword: Token { token_type: Return, lexeme: "return", literal: None, line: 3 }, value: Some(Literal { value: Number(1.0) }) }, else_branch: None }, Return { keyword: Token { token_type: Return, lexeme: "return", literal: None, line: 4 }, value: Some(Binary { left: Variable { name: Token { token_type: Identifier, lexeme: "n", literal: None, line: 4 } }, operator: Token { token_type: Star, lexeme: "*", literal: None, line: 4 }, right: Call { callee: Variable { name: Token { token_type: Identifier, lexeme: "factorial", literal: None, line: 4 } }, arguments: [Binary { left: Variable { name: Token { token_type: Identifier, lexeme: "n", literal: None, line: 4 } }, operator: Token { token_type: Minus, lexeme: "-", literal: None, line: 4 }, right: Literal { value: Number(1.0) } }] } }) }]
[INFO] [stdout] Matched token: Fun
[INFO] [stdout] Matched token: Var
[INFO] [stdout] Matched token: For
[INFO] [stdout] Matched token: While
[INFO] [stdout] Matched token: If
[INFO] [stdout] Matched token: Return
[INFO] [stdout] Matched token: Print
[INFO] [stdout] Matched token: Bang
[INFO] [stdout] Matched token: Minus
[INFO] [stdout] Matched token: Number
[INFO] [stdout] Matched token: StringLit
[INFO] [stdout] Matched token: Identifier
[INFO] [stdout] Matched token: LeftParen
[INFO] [stdout] Matched token: Bang
[INFO] [stdout] Matched token: Minus
[INFO] [stdout] Matched token: Number
[INFO] [stdout] Matched token: Slash
[INFO] [stdout] Matched token: Star
[INFO] [stdout] Matched token: Percent
[INFO] [stdout] Matched token: Minus
[INFO] [stdout] Matched token: Plus
[INFO] [stdout] Matched token: Greater
[INFO] [stdout] Matched token: GreaterEqual
[INFO] [stdout] Matched token: Less
[INFO] [stdout] Matched token: LessEqual
[INFO] [stdout] Matched token: BangEqual
[INFO] [stdout] Matched token: EqualEqual
[INFO] [stdout] Matched token: Equal
[INFO] [stdout] Matched token: Comma
[INFO] [stdout] Matched token: Slash
[INFO] [stdout] Matched token: Star
[INFO] [stdout] Matched token: Percent
[INFO] [stdout] Matched token: Minus
[INFO] [stdout] Matched token: Plus
[INFO] [stdout] Matched token: Greater
[INFO] [stdout] Matched token: GreaterEqual
[INFO] [stdout] Matched token: Less
[INFO] [stdout] Matched token: LessEqual
[INFO] [stdout] Matched token: BangEqual
[INFO] [stdout] Matched token: EqualEqual
[INFO] [stdout] Matched token: Equal
[INFO] [stdout] 
[INFO] [stdout] thread 'tests::test_recursion' panicked at tests/test.rs:97:9:
[INFO] [stdout] assertion `left == right` failed: Test failed for input: 
[INFO] [stdout]             fun factorial(n) {
[INFO] [stdout]                 if (n <= 1) return 1;
[INFO] [stdout]                 return n * factorial(n - 1);
[INFO] [stdout]             }
[INFO] [stdout]             print factorial(5);
[INFO] [stdout]         
[INFO] [stdout]   left: ""
[INFO] [stdout]  right: "120"
[INFO] [stdout] stack backtrace:
[INFO] [stdout]    0:     0x561d8cb1a7ca - std::backtrace_rs::backtrace::libunwind::trace::hb059275cfc8d6126
[INFO] [stdout]                                at /rustc/6067b36314ab5eb2eb47cecc464545ba58e1ad24/library/std/src/../../backtrace/src/backtrace/libunwind.rs:116:5
[INFO] [stdout]    1:     0x561d8cb1a7ca - std::backtrace_rs::backtrace::trace_unsynchronized::h2da071e4327ce3ee
[INFO] [stdout]                                at /rustc/6067b36314ab5eb2eb47cecc464545ba58e1ad24/library/std/src/../../backtrace/src/backtrace/mod.rs:66:5
[INFO] [stdout]    2:     0x561d8cb1a7ca - std::sys::backtrace::_print_fmt::h842a1474e6f8d23f
[INFO] [stdout]                                at /rustc/6067b36314ab5eb2eb47cecc464545ba58e1ad24/library/std/src/sys/backtrace.rs:66:9
[INFO] [stdout]    3:     0x561d8cb1a7ca - <std::sys::backtrace::BacktraceLock::print::DisplayBacktrace as core::fmt::Display>::fmt::h71a62eb3b9696b12
[INFO] [stdout]                                at /rustc/6067b36314ab5eb2eb47cecc464545ba58e1ad24/library/std/src/sys/backtrace.rs:39:26
[INFO] [stdout]    4:     0x561d8cb431c3 - core::fmt::rt::Argument::fmt::hdb6b616786b41dc1
[INFO] [stdout]                                at /rustc/6067b36314ab5eb2eb47cecc464545ba58e1ad24/library/core/src/fmt/rt.rs:177:76
[INFO] [stdout]    5:     0x561d8cb431c3 - core::fmt::write::h2cc1698af7e2d686
[INFO] [stdout]                                at /rustc/6067b36314ab5eb2eb47cecc464545ba58e1ad24/library/core/src/fmt/mod.rs:1440:21
[INFO] [stdout]    6:     0x561d8cb17323 - std::io::Write::write_fmt::hab1b4cd059a79022
[INFO] [stdout]                                at /rustc/6067b36314ab5eb2eb47cecc464545ba58e1ad24/library/std/src/io/mod.rs:1887:15
[INFO] [stdout]    7:     0x561d8cb1a612 - std::sys::backtrace::BacktraceLock::print::h147fe35b4ea13b08
[INFO] [stdout]                                at /rustc/6067b36314ab5eb2eb47cecc464545ba58e1ad24/library/std/src/sys/backtrace.rs:42:9
[INFO] [stdout]    8:     0x561d8cb1bbef - std::panicking::default_hook::{{closure}}::hbd44223dbdc0d208
[INFO] [stdout]                                at /rustc/6067b36314ab5eb2eb47cecc464545ba58e1ad24/library/std/src/panicking.rs:298:22
[INFO] [stdout]    9:     0x561d8cb1ba08 - std::panicking::default_hook::h20f81eb0576efcec
[INFO] [stdout]                                at /rustc/6067b36314ab5eb2eb47cecc464545ba58e1ad24/library/std/src/panicking.rs:322:9
[INFO] [stdout]   10:     0x561d8cab9003 - <alloc::boxed::Box<F,A> as core::ops::function::Fn<Args>>::call::hdb53814c496a4d34
[INFO] [stdout]                                at /rustc/6067b36314ab5eb2eb47cecc464545ba58e1ad24/library/alloc/src/boxed.rs:2027:9
[INFO] [stdout]   11:     0x561d8cab9003 - test::test_main::{{closure}}::hc0a4963c59427c24
[INFO] [stdout]                                at /rustc/6067b36314ab5eb2eb47cecc464545ba58e1ad24/library/test/src/lib.rs:134:21
[INFO] [stdout]   12:     0x561d8cb1c6e3 - <alloc::boxed::Box<F,A> as core::ops::function::Fn<Args>>::call::h591b2225413a77e9
[INFO] [stdout]                                at /rustc/6067b36314ab5eb2eb47cecc464545ba58e1ad24/library/alloc/src/boxed.rs:2027:9
[INFO] [stdout]   13:     0x561d8cb1c6e3 - std::panicking::rust_panic_with_hook::h625eea43051b2edc
[INFO] [stdout]                                at /rustc/6067b36314ab5eb2eb47cecc464545ba58e1ad24/library/std/src/panicking.rs:839:13
[INFO] [stdout]   14:     0x561d8cb1c39a - std::panicking::begin_panic_handler::{{closure}}::h4f9159cfbc3f6bd3
[INFO] [stdout]                                at /rustc/6067b36314ab5eb2eb47cecc464545ba58e1ad24/library/std/src/panicking.rs:704:13
[INFO] [stdout]   15:     0x561d8cb1acc9 - std::sys::backtrace::__rust_end_short_backtrace::h0390abce48353151
[INFO] [stdout]                                at /rustc/6067b36314ab5eb2eb47cecc464545ba58e1ad24/library/std/src/sys/backtrace.rs:168:18
[INFO] [stdout]   16:     0x561d8cb1c02d - rust_begin_unwind
[INFO] [stdout]                                at /rustc/6067b36314ab5eb2eb47cecc464545ba58e1ad24/library/std/src/panicking.rs:695:5
[INFO] [stdout]   17:     0x561d8cb41820 - core::panicking::panic_fmt::h9e7c637e9e5f29c9
[INFO] [stdout]                                at /rustc/6067b36314ab5eb2eb47cecc464545ba58e1ad24/library/core/src/panicking.rs:75:14
[INFO] [stdout]   18:     0x561d8cb41be2 - core::panicking::assert_failed_inner::h538bec7c1374cd9c
[INFO] [stdout]   19:     0x561d8ca7df15 - core::panicking::assert_failed::h27ea9853ac3c9209
[INFO] [stdout]                                at /rustc/6067b36314ab5eb2eb47cecc464545ba58e1ad24/library/core/src/panicking.rs:364:5
[INFO] [stdout]   20:     0x561d8ca7eed9 - test::tests::test_recursion::hbc36b6f1f22e2138
[INFO] [stdout]                                at /opt/rustwide/workdir/tests/test.rs:97:9
[INFO] [stdout]   21:     0x561d8ca7ed77 - test::tests::test_recursion::{{closure}}::hd09b664ac1ebc248
[INFO] [stdout]                                at /opt/rustwide/workdir/tests/test.rs:87:24
[INFO] [stdout]   22:     0x561d8ca7daf6 - core::ops::function::FnOnce::call_once::h759141fff248ad1d
[INFO] [stdout]                                at /rustc/6067b36314ab5eb2eb47cecc464545ba58e1ad24/library/core/src/ops/function.rs:250:5
[INFO] [stdout]   23:     0x561d8cabe75b - core::ops::function::FnOnce::call_once::he27718dfdd183f43
[INFO] [stdout]                                at /rustc/6067b36314ab5eb2eb47cecc464545ba58e1ad24/library/core/src/ops/function.rs:250:5
[INFO] [stdout]   24:     0x561d8cabe75b - test::__rust_begin_short_backtrace::h4e84902998457a5d
[INFO] [stdout]                                at /rustc/6067b36314ab5eb2eb47cecc464545ba58e1ad24/library/test/src/lib.rs:632:18
[INFO] [stdout]   25:     0x561d8cabd693 - test::run_test_in_process::{{closure}}::h7176fd18fc1feca0
[INFO] [stdout]                                at /rustc/6067b36314ab5eb2eb47cecc464545ba58e1ad24/library/test/src/lib.rs:655:60
[INFO] [stdout]   26:     0x561d8cabd693 - <core::panic::unwind_safe::AssertUnwindSafe<F> as core::ops::function::FnOnce<()>>::call_once::hf79cff2a624d8cf7
[INFO] [stdout]                                at /rustc/6067b36314ab5eb2eb47cecc464545ba58e1ad24/library/core/src/panic/unwind_safe.rs:272:9
[INFO] [stdout]   27:     0x561d8cabd693 - std::panicking::try::do_call::h3da0561d9ab99c25
[INFO] [stdout]                                at /rustc/6067b36314ab5eb2eb47cecc464545ba58e1ad24/library/std/src/panicking.rs:587:40
[INFO] [stdout]   28:     0x561d8cabd693 - std::panicking::try::h41c9fa508bc61df6
[INFO] [stdout]                                at /rustc/6067b36314ab5eb2eb47cecc464545ba58e1ad24/library/std/src/panicking.rs:550:19
[INFO] [stdout]   29:     0x561d8cabd693 - std::panic::catch_unwind::h6b3ff07bb5afad93
[INFO] [stdout]                                at /rustc/6067b36314ab5eb2eb47cecc464545ba58e1ad24/library/std/src/panic.rs:358:14
[INFO] [stdout]   30:     0x561d8cabd693 - test::run_test_in_process::hc7253dd11b39b9f4
[INFO] [stdout]                                at /rustc/6067b36314ab5eb2eb47cecc464545ba58e1ad24/library/test/src/lib.rs:655:27
[INFO] [stdout]   31:     0x561d8cabd693 - test::run_test::{{closure}}::hfb2007f8649c30bb
[INFO] [stdout]                                at /rustc/6067b36314ab5eb2eb47cecc464545ba58e1ad24/library/test/src/lib.rs:576:43
[INFO] [stdout]   32:     0x561d8ca80775 - test::run_test::{{closure}}::h56a17aa7a282a9f4
[INFO] [stdout]                                at /rustc/6067b36314ab5eb2eb47cecc464545ba58e1ad24/library/test/src/lib.rs:606:41
[INFO] [stdout]   33:     0x561d8ca80775 - std::sys::backtrace::__rust_begin_short_backtrace::hd2d2d2fb8e8c6aac
[INFO] [stdout]                                at /rustc/6067b36314ab5eb2eb47cecc464545ba58e1ad24/library/std/src/sys/backtrace.rs:152:18
[INFO] [stdout]   34:     0x561d8ca8405a - std::thread::Builder::spawn_unchecked_::{{closure}}::{{closure}}::h4faa3f9db6133423
[INFO] [stdout]                                at /rustc/6067b36314ab5eb2eb47cecc464545ba58e1ad24/library/std/src/thread/mod.rs:559:17
[INFO] [stdout]   35:     0x561d8ca8405a - <core::panic::unwind_safe::AssertUnwindSafe<F> as core::ops::function::FnOnce<()>>::call_once::hf2e855a36a4ea846
[INFO] [stdout]                                at /rustc/6067b36314ab5eb2eb47cecc464545ba58e1ad24/library/core/src/panic/unwind_safe.rs:272:9
[INFO] [stdout]   36:     0x561d8ca8405a - std::panicking::try::do_call::h2f73af3616c35465
[INFO] [stdout]                                at /rustc/6067b36314ab5eb2eb47cecc464545ba58e1ad24/library/std/src/panicking.rs:587:40
[INFO] [stdout]   37:     0x561d8ca8405a - std::panicking::try::hd1660ce9efadef5a
[INFO] [stdout]                                at /rustc/6067b36314ab5eb2eb47cecc464545ba58e1ad24/library/std/src/panicking.rs:550:19
[INFO] [stdout]   38:     0x561d8ca8405a - std::panic::catch_unwind::h5ee8d7823b8ca744
[INFO] [stdout]                                at /rustc/6067b36314ab5eb2eb47cecc464545ba58e1ad24/library/std/src/panic.rs:358:14
[INFO] [stdout]   39:     0x561d8ca8405a - std::thread::Builder::spawn_unchecked_::{{closure}}::h53c3a1894dce8407
[INFO] [stdout]                                at /rustc/6067b36314ab5eb2eb47cecc464545ba58e1ad24/library/std/src/thread/mod.rs:557:30
[INFO] [stdout]   40:     0x561d8ca8405a - core::ops::function::FnOnce::call_once{{vtable.shim}}::h048ce291ad4f62bf
[INFO] [stdout]                                at /rustc/6067b36314ab5eb2eb47cecc464545ba58e1ad24/library/core/src/ops/function.rs:250:5
[INFO] [stdout]   41:     0x561d8cb2061b - <alloc::boxed::Box<F,A> as core::ops::function::FnOnce<Args>>::call_once::ha52bedf99a3b4981
[INFO] [stdout]                                at /rustc/6067b36314ab5eb2eb47cecc464545ba58e1ad24/library/alloc/src/boxed.rs:2013:9
[INFO] [stdout]   42:     0x561d8cb2061b - <alloc::boxed::Box<F,A> as core::ops::function::FnOnce<Args>>::call_once::h567748934d80ccf8
[INFO] [stdout]                                at /rustc/6067b36314ab5eb2eb47cecc464545ba58e1ad24/library/alloc/src/boxed.rs:2013:9
[INFO] [stdout]   43:     0x561d8cb2061b - std::sys::pal::unix::thread::Thread::new::thread_start::h2d970728ae887adc
[INFO] [stdout]                                at /rustc/6067b36314ab5eb2eb47cecc464545ba58e1ad24/library/std/src/sys/pal/unix/thread.rs:106:17
[INFO] [stdout]   44:     0x7c143d141ac3 - <unknown>
[INFO] [stdout]   45:     0x7c143d1d2a04 - clone
[INFO] [stdout]   46:                0x0 - <unknown>
[INFO] [stdout] 
[INFO] [stdout] ---- tests::test_functions stdout ----
[INFO] [stdout] Matched token: Fun
[INFO] [stdout] Matched token: Equal
[INFO] [stdout] Matched token: Comma
[INFO] [stdout] Matched token: Equal
[INFO] [stdout] Matched token: Comma
[INFO] [stdout] block: Entering block
[INFO] [stdout] Matched token: Fun
[INFO] [stdout] Matched token: Var
[INFO] [stdout] Matched token: For
[INFO] [stdout] Matched token: While
[INFO] [stdout] Matched token: If
[INFO] [stdout] Matched token: Return
[INFO] [stdout] Matched token: Bang
[INFO] [stdout] Matched token: Minus
[INFO] [stdout] Matched token: Number
[INFO] [stdout] Matched token: StringLit
[INFO] [stdout] Matched token: Identifier
[INFO] [stdout] Matched token: LeftParen
[INFO] [stdout] Matched token: Slash
[INFO] [stdout] Matched token: Star
[INFO] [stdout] Matched token: Percent
[INFO] [stdout] Matched token: Minus
[INFO] [stdout] Matched token: Plus
[INFO] [stdout] Matched token: Bang
[INFO] [stdout] Matched token: Minus
[INFO] [stdout] Matched token: Number
[INFO] [stdout] Matched token: StringLit
[INFO] [stdout] Matched token: Identifier
[INFO] [stdout] Matched token: LeftParen
[INFO] [stdout] Matched token: Slash
[INFO] [stdout] Matched token: Star
[INFO] [stdout] Matched token: Percent
[INFO] [stdout] Matched token: Minus
[INFO] [stdout] Matched token: Plus
[INFO] [stdout] Matched token: Greater
[INFO] [stdout] Matched token: GreaterEqual
[INFO] [stdout] Matched token: Less
[INFO] [stdout] Matched token: LessEqual
[INFO] [stdout] Matched token: BangEqual
[INFO] [stdout] Matched token: EqualEqual
[INFO] [stdout] Matched token: Equal
[INFO] [stdout] block: Exiting block with statements: [Return { keyword: Token { token_type: Return, lexeme: "return", literal: None, line: 3 }, value: Some(Binary { left: Variable { name: Token { token_type: Identifier, lexeme: "a", literal: None, line: 3 } }, operator: Token { token_type: Plus, lexeme: "+", literal: None, line: 3 }, right: Variable { name: Token { token_type: Identifier, lexeme: "b", literal: None, line: 3 } } }) }]
[INFO] [stdout] Matched token: Fun
[INFO] [stdout] Matched token: Var
[INFO] [stdout] Matched token: For
[INFO] [stdout] Matched token: While
[INFO] [stdout] Matched token: If
[INFO] [stdout] Matched token: Return
[INFO] [stdout] Matched token: Print
[INFO] [stdout] Matched token: Bang
[INFO] [stdout] Matched token: Minus
[INFO] [stdout] Matched token: Number
[INFO] [stdout] Matched token: StringLit
[INFO] [stdout] Matched token: Identifier
[INFO] [stdout] Matched token: LeftParen
[INFO] [stdout] Matched token: Bang
[INFO] [stdout] Matched token: Minus
[INFO] [stdout] Matched token: Number
[INFO] [stdout] Matched token: Slash
[INFO] [stdout] Matched token: Star
[INFO] [stdout] Matched token: Percent
[INFO] [stdout] Matched token: Minus
[INFO] [stdout] Matched token: Plus
[INFO] [stdout] Matched token: Greater
[INFO] [stdout] Matched token: GreaterEqual
[INFO] [stdout] Matched token: Less
[INFO] [stdout] Matched token: LessEqual
[INFO] [stdout] Matched token: BangEqual
[INFO] [stdout] Matched token: EqualEqual
[INFO] [stdout] Matched token: Equal
[INFO] [stdout] Matched token: Comma
[INFO] [stdout] Matched token: Bang
[INFO] [stdout] Matched token: Minus
[INFO] [stdout] Matched token: Number
[INFO] [stdout] Matched token: Slash
[INFO] [stdout] Matched token: Star
[INFO] [stdout] Matched token: Percent
[INFO] [stdout] Matched token: Minus
[INFO] [stdout] Matched token: Plus
[INFO] [stdout] Matched token: Greater
[INFO] [stdout] Matched token: GreaterEqual
[INFO] [stdout] Matched token: Less
[INFO] [stdout] Matched token: LessEqual
[INFO] [stdout] Matched token: BangEqual
[INFO] [stdout] Matched token: EqualEqual
[INFO] [stdout] Matched token: Equal
[INFO] [stdout] Matched token: Comma
[INFO] [stdout] Matched token: Slash
[INFO] [stdout] Matched token: Star
[INFO] [stdout] Matched token: Percent
[INFO] [stdout] Matched token: Minus
[INFO] [stdout] Matched token: Plus
[INFO] [stdout] Matched token: Greater
[INFO] [stdout] Matched token: GreaterEqual
[INFO] [stdout] Matched token: Less
[INFO] [stdout] Matched token: LessEqual
[INFO] [stdout] Matched token: BangEqual
[INFO] [stdout] Matched token: EqualEqual
[INFO] [stdout] Matched token: Equal
[INFO] [stdout] 
[INFO] [stdout] thread 'tests::test_functions' panicked at tests/test.rs:83:9:
[INFO] [stdout] assertion `left == right` failed: Test failed for input: 
[INFO] [stdout]             fun add(a, b) {
[INFO] [stdout]                 return a + b;
[INFO] [stdout]             }
[INFO] [stdout]             print add(3, 4);
[INFO] [stdout]         
[INFO] [stdout]   left: ""
[INFO] [stdout]  right: "7"
[INFO] [stdout] stack backtrace:
[INFO] [stdout]    0:     0x561d8cb1a7ca - std::backtrace_rs::backtrace::libunwind::trace::hb059275cfc8d6126
[INFO] [stdout]                                at /rustc/6067b36314ab5eb2eb47cecc464545ba58e1ad24/library/std/src/../../backtrace/src/backtrace/libunwind.rs:116:5
[INFO] [stdout]    1:     0x561d8cb1a7ca - std::backtrace_rs::backtrace::trace_unsynchronized::h2da071e4327ce3ee
[INFO] [stdout]                                at /rustc/6067b36314ab5eb2eb47cecc464545ba58e1ad24/library/std/src/../../backtrace/src/backtrace/mod.rs:66:5
[INFO] [stdout]    2:     0x561d8cb1a7ca - std::sys::backtrace::_print_fmt::h842a1474e6f8d23f
[INFO] [stdout]                                at /rustc/6067b36314ab5eb2eb47cecc464545ba58e1ad24/library/std/src/sys/backtrace.rs:66:9
[INFO] [stdout]    3:     0x561d8cb1a7ca - <std::sys::backtrace::BacktraceLock::print::DisplayBacktrace as core::fmt::Display>::fmt::h71a62eb3b9696b12
[INFO] [stdout]                                at /rustc/6067b36314ab5eb2eb47cecc464545ba58e1ad24/library/std/src/sys/backtrace.rs:39:26
[INFO] [stdout]    4:     0x561d8cb431c3 - core::fmt::rt::Argument::fmt::hdb6b616786b41dc1
[INFO] [stdout]                                at /rustc/6067b36314ab5eb2eb47cecc464545ba58e1ad24/library/core/src/fmt/rt.rs:177:76
[INFO] [stdout]    5:     0x561d8cb431c3 - core::fmt::write::h2cc1698af7e2d686
[INFO] [stdout]                                at /rustc/6067b36314ab5eb2eb47cecc464545ba58e1ad24/library/core/src/fmt/mod.rs:1440:21
[INFO] [stdout]    6:     0x561d8cb17323 - std::io::Write::write_fmt::hab1b4cd059a79022
[INFO] [stdout]                                at /rustc/6067b36314ab5eb2eb47cecc464545ba58e1ad24/library/std/src/io/mod.rs:1887:15
[INFO] [stdout]    7:     0x561d8cb1a612 - std::sys::backtrace::BacktraceLock::print::h147fe35b4ea13b08
[INFO] [stdout]                                at /rustc/6067b36314ab5eb2eb47cecc464545ba58e1ad24/library/std/src/sys/backtrace.rs:42:9
[INFO] [stdout]    8:     0x561d8cb1bbef - std::panicking::default_hook::{{closure}}::hbd44223dbdc0d208
[INFO] [stdout]                                at /rustc/6067b36314ab5eb2eb47cecc464545ba58e1ad24/library/std/src/panicking.rs:298:22
[INFO] [stdout]    9:     0x561d8cb1ba08 - std::panicking::default_hook::h20f81eb0576efcec
[INFO] [stdout]                                at /rustc/6067b36314ab5eb2eb47cecc464545ba58e1ad24/library/std/src/panicking.rs:322:9
[INFO] [stdout]   10:     0x561d8cab9003 - <alloc::boxed::Box<F,A> as core::ops::function::Fn<Args>>::call::hdb53814c496a4d34
[INFO] [stdout]                                at /rustc/6067b36314ab5eb2eb47cecc464545ba58e1ad24/library/alloc/src/boxed.rs:2027:9
[INFO] [stdout]   11:     0x561d8cab9003 - test::test_main::{{closure}}::hc0a4963c59427c24
[INFO] [stdout]                                at /rustc/6067b36314ab5eb2eb47cecc464545ba58e1ad24/library/test/src/lib.rs:134:21
[INFO] [stdout]   12:     0x561d8cb1c6e3 - <alloc::boxed::Box<F,A> as core::ops::function::Fn<Args>>::call::h591b2225413a77e9
[INFO] [stdout]                                at /rustc/6067b36314ab5eb2eb47cecc464545ba58e1ad24/library/alloc/src/boxed.rs:2027:9
[INFO] [stdout]   13:     0x561d8cb1c6e3 - std::panicking::rust_panic_with_hook::h625eea43051b2edc
[INFO] [stdout]                                at /rustc/6067b36314ab5eb2eb47cecc464545ba58e1ad24/library/std/src/panicking.rs:839:13
[INFO] [stdout]   14:     0x561d8cb1c39a - std::panicking::begin_panic_handler::{{closure}}::h4f9159cfbc3f6bd3
[INFO] [stdout]                                at /rustc/6067b36314ab5eb2eb47cecc464545ba58e1ad24/library/std/src/panicking.rs:704:13
[INFO] [stdout]   15:     0x561d8cb1acc9 - std::sys::backtrace::__rust_end_short_backtrace::h0390abce48353151
[INFO] [stdout]                                at /rustc/6067b36314ab5eb2eb47cecc464545ba58e1ad24/library/std/src/sys/backtrace.rs:168:18
[INFO] [stdout]   16:     0x561d8cb1c02d - rust_begin_unwind
[INFO] [stdout]                                at /rustc/6067b36314ab5eb2eb47cecc464545ba58e1ad24/library/std/src/panicking.rs:695:5
[INFO] [stdout]   17:     0x561d8cb41820 - core::panicking::panic_fmt::h9e7c637e9e5f29c9
[INFO] [stdout]                                at /rustc/6067b36314ab5eb2eb47cecc464545ba58e1ad24/library/core/src/panicking.rs:75:14
[INFO] [stdout]   18:     0x561d8cb41be2 - core::panicking::assert_failed_inner::h538bec7c1374cd9c
[INFO] [stdout]   19:     0x561d8ca7df15 - core::panicking::assert_failed::h27ea9853ac3c9209
[INFO] [stdout]                                at /rustc/6067b36314ab5eb2eb47cecc464545ba58e1ad24/library/core/src/panicking.rs:364:5
[INFO] [stdout]   20:     0x561d8ca7ed39 - test::tests::test_functions::hfa68f67e1ab624d2
[INFO] [stdout]                                at /opt/rustwide/workdir/tests/test.rs:83:9
[INFO] [stdout]   21:     0x561d8ca7ebd7 - test::tests::test_functions::{{closure}}::h2b364960c89c80ea
[INFO] [stdout]                                at /opt/rustwide/workdir/tests/test.rs:74:24
[INFO] [stdout]   22:     0x561d8ca7da36 - core::ops::function::FnOnce::call_once::h2dcc2397b92ce742
[INFO] [stdout]                                at /rustc/6067b36314ab5eb2eb47cecc464545ba58e1ad24/library/core/src/ops/function.rs:250:5
[INFO] [stdout]   23:     0x561d8cabe75b - core::ops::function::FnOnce::call_once::he27718dfdd183f43
[INFO] [stdout]                                at /rustc/6067b36314ab5eb2eb47cecc464545ba58e1ad24/library/core/src/ops/function.rs:250:5
[INFO] [stdout]   24:     0x561d8cabe75b - test::__rust_begin_short_backtrace::h4e84902998457a5d
[INFO] [stdout]                                at /rustc/6067b36314ab5eb2eb47cecc464545ba58e1ad24/library/test/src/lib.rs:632:18
[INFO] [stdout]   25:     0x561d8cabd693 - test::run_test_in_process::{{closure}}::h7176fd18fc1feca0
[INFO] [stdout]                                at /rustc/6067b36314ab5eb2eb47cecc464545ba58e1ad24/library/test/src/lib.rs:655:60
[INFO] [stdout]   26:     0x561d8cabd693 - <core::panic::unwind_safe::AssertUnwindSafe<F> as core::ops::function::FnOnce<()>>::call_once::hf79cff2a624d8cf7
[INFO] [stdout]                                at /rustc/6067b36314ab5eb2eb47cecc464545ba58e1ad24/library/core/src/panic/unwind_safe.rs:272:9
[INFO] [stdout]   27:     0x561d8cabd693 - std::panicking::try::do_call::h3da0561d9ab99c25
[INFO] [stdout]                                at /rustc/6067b36314ab5eb2eb47cecc464545ba58e1ad24/library/std/src/panicking.rs:587:40
[INFO] [stdout]   28:     0x561d8cabd693 - std::panicking::try::h41c9fa508bc61df6
[INFO] [stdout]                                at /rustc/6067b36314ab5eb2eb47cecc464545ba58e1ad24/library/std/src/panicking.rs:550:19
[INFO] [stdout]   29:     0x561d8cabd693 - std::panic::catch_unwind::h6b3ff07bb5afad93
[INFO] [stdout]                                at /rustc/6067b36314ab5eb2eb47cecc464545ba58e1ad24/library/std/src/panic.rs:358:14
[INFO] [stdout]   30:     0x561d8cabd693 - test::run_test_in_process::hc7253dd11b39b9f4
[INFO] [stdout]                                at /rustc/6067b36314ab5eb2eb47cecc464545ba58e1ad24/library/test/src/lib.rs:655:27
[INFO] [stdout]   31:     0x561d8cabd693 - test::run_test::{{closure}}::hfb2007f8649c30bb
[INFO] [stdout]                                at /rustc/6067b36314ab5eb2eb47cecc464545ba58e1ad24/library/test/src/lib.rs:576:43
[INFO] [stdout]   32:     0x561d8ca80775 - test::run_test::{{closure}}::h56a17aa7a282a9f4
[INFO] [stdout]                                at /rustc/6067b36314ab5eb2eb47cecc464545ba58e1ad24/library/test/src/lib.rs:606:41
[INFO] [stdout]   33:     0x561d8ca80775 - std::sys::backtrace::__rust_begin_short_backtrace::hd2d2d2fb8e8c6aac
[INFO] [stdout]                                at /rustc/6067b36314ab5eb2eb47cecc464545ba58e1ad24/library/std/src/sys/backtrace.rs:152:18
[INFO] [stdout]   34:     0x561d8ca8405a - std::thread::Builder::spawn_unchecked_::{{closure}}::{{closure}}::h4faa3f9db6133423
[INFO] [stdout]                                at /rustc/6067b36314ab5eb2eb47cecc464545ba58e1ad24/library/std/src/thread/mod.rs:559:17
[INFO] [stdout]   35:     0x561d8ca8405a - <core::panic::unwind_safe::AssertUnwindSafe<F> as core::ops::function::FnOnce<()>>::call_once::hf2e855a36a4ea846
[INFO] [stdout]                                at /rustc/6067b36314ab5eb2eb47cecc464545ba58e1ad24/library/core/src/panic/unwind_safe.rs:272:9
[INFO] [stdout]   36:     0x561d8ca8405a - std::panicking::try::do_call::h2f73af3616c35465
[INFO] [stdout]                                at /rustc/6067b36314ab5eb2eb47cecc464545ba58e1ad24/library/std/src/panicking.rs:587:40
[INFO] [stdout]   37:     0x561d8ca8405a - std::panicking::try::hd1660ce9efadef5a
[INFO] [stdout]                                at /rustc/6067b36314ab5eb2eb47cecc464545ba58e1ad24/library/std/src/panicking.rs:550:19
[INFO] [stdout]   38:     0x561d8ca8405a - std::panic::catch_unwind::h5ee8d7823b8ca744
[INFO] [stdout]                                at /rustc/6067b36314ab5eb2eb47cecc464545ba58e1ad24/library/std/src/panic.rs:358:14
[INFO] [stdout]   39:     0x561d8ca8405a - std::thread::Builder::spawn_unchecked_::{{closure}}::h53c3a1894dce8407
[INFO] [stdout]                                at /rustc/6067b36314ab5eb2eb47cecc464545ba58e1ad24/library/std/src/thread/mod.rs:557:30
[INFO] [stdout]   40:     0x561d8ca8405a - core::ops::function::FnOnce::call_once{{vtable.shim}}::h048ce291ad4f62bf
[INFO] [stdout]                                at /rustc/6067b36314ab5eb2eb47cecc464545ba58e1ad24/library/core/src/ops/function.rs:250:5
[INFO] [stdout]   41:     0x561d8cb2061b - <alloc::boxed::Box<F,A> as core::ops::function::FnOnce<Args>>::call_once::ha52bedf99a3b4981
[INFO] [stdout]                                at /rustc/6067b36314ab5eb2eb47cecc464545ba58e1ad24/library/alloc/src/boxed.rs:2013:9
[INFO] [stdout]   42:     0x561d8cb2061b - <alloc::boxed::Box<F,A> as core::ops::function::FnOnce<Args>>::call_once::h567748934d80ccf8
[INFO] [stdout]                                at /rustc/6067b36314ab5eb2eb47cecc464545ba58e1ad24/library/alloc/src/boxed.rs:2013:9
[INFO] [stdout]   43:     0x561d8cb2061b - std::sys::pal::unix::thread::Thread::new::thread_start::h2d970728ae887adc
[INFO] [stdout]                                at /rustc/6067b36314ab5eb2eb47cecc464545ba58e1ad24/library/std/src/sys/pal/unix/thread.rs:106:17
[INFO] [stdout]   44:     0x7c143d141ac3 - <unknown>
[INFO] [stdout]   45:     0x7c143d1d2a04 - clone
[INFO] [stdout]   46:                0x0 - <unknown>
[INFO] [stdout] 
[INFO] [stdout] 
[INFO] [stdout] failures:
[INFO] [stdout]     tests::test_arithmetic
[INFO] [stdout]     tests::test_conditionals
[INFO] [stdout]     tests::test_functions
[INFO] [stdout]     tests::test_loops
[INFO] [stdout]     tests::test_recursion
[INFO] [stdout] 
[INFO] [stdout] test result: FAILED. 2 passed; 5 failed; 0 ignored; 0 measured; 0 filtered out; finished in 0.04s
[INFO] [stdout] 
[INFO] running `Command { std: "docker" "inspect" "c2c900b4d213bc4d7d3b996c300e5f522249377afa9748a5e2079621edd71918", kill_on_drop: false }`
[INFO] running `Command { std: "docker" "rm" "-f" "c2c900b4d213bc4d7d3b996c300e5f522249377afa9748a5e2079621edd71918", kill_on_drop: false }`
[INFO] [stdout] c2c900b4d213bc4d7d3b996c300e5f522249377afa9748a5e2079621edd71918
