[INFO] cloning repository https://github.com/kahnclusions/bittower
[INFO] running `Command { std: "git" "-c" "credential.helper=" "-c" "credential.helper=/workspace/cargo-home/bin/git-credential-null" "clone" "--bare" "https://github.com/kahnclusions/bittower" "/workspace/cache/git-repos/https%3A%2F%2Fgithub.com%2Fkahnclusions%2Fbittower", kill_on_drop: false }`
[INFO] [stderr] Cloning into bare repository '/workspace/cache/git-repos/https%3A%2F%2Fgithub.com%2Fkahnclusions%2Fbittower'...
[INFO] running `Command { std: "git" "rev-parse" "HEAD", kill_on_drop: false }`
[INFO] [stdout] 3db4f13333006f1db29b6021155ff273b7cbf297
[INFO] testing kahnclusions/bittower against nightly-2025-01-18+rustflags=-Zrandomize-layout for randomize-layout-2
[INFO] running `Command { std: "git" "clone" "/workspace/cache/git-repos/https%3A%2F%2Fgithub.com%2Fkahnclusions%2Fbittower" "/workspace/builds/worker-4-tc2/source", kill_on_drop: false }`
[INFO] [stderr] Cloning into '/workspace/builds/worker-4-tc2/source'...
[INFO] [stderr] done.
[INFO] validating manifest of git repo https://github.com/kahnclusions/bittower on toolchain nightly-2025-01-18
[INFO] running `Command { std: CARGO_HOME="/workspace/cargo-home" RUSTUP_HOME="/workspace/rustup-home" "/workspace/cargo-home/bin/cargo" "+nightly-2025-01-18" "metadata" "--manifest-path" "Cargo.toml" "--no-deps", kill_on_drop: false }`
[INFO] removed /workspace/builds/worker-4-tc2/source/rust-toolchain.toml
[INFO] started tweaking git repo https://github.com/kahnclusions/bittower
[INFO] finished tweaking git repo https://github.com/kahnclusions/bittower
[INFO] tweaked toml for git repo https://github.com/kahnclusions/bittower written to /workspace/builds/worker-4-tc2/source/Cargo.toml
[INFO] crate git repo https://github.com/kahnclusions/bittower already has a lockfile, it will not be regenerated
[INFO] running `Command { std: CARGO_HOME="/workspace/cargo-home" RUSTUP_HOME="/workspace/rustup-home" "/workspace/cargo-home/bin/cargo" "+nightly-2025-01-18" "fetch" "--manifest-path" "Cargo.toml", kill_on_drop: false }`
[INFO] running `Command { std: "docker" "create" "-v" "/var/lib/crater-agent-workspace/builds/worker-4-tc2/target:/opt/rustwide/target:rw,Z" "-v" "/var/lib/crater-agent-workspace/builds/worker-4-tc2/source:/opt/rustwide/workdir:ro,Z" "-v" "/var/lib/crater-agent-workspace/cargo-home:/opt/rustwide/cargo-home:ro,Z" "-v" "/var/lib/crater-agent-workspace/rustup-home:/opt/rustwide/rustup-home:ro,Z" "-e" "SOURCE_DIR=/opt/rustwide/workdir" "-e" "CARGO_TARGET_DIR=/opt/rustwide/target" "-e" "CARGO_HOME=/opt/rustwide/cargo-home" "-e" "RUSTUP_HOME=/opt/rustwide/rustup-home" "-w" "/opt/rustwide/workdir" "-m" "1610612736" "--user" "0:0" "--network" "none" "ghcr.io/rust-lang/crates-build-env/linux@sha256:819108c5571ea2e421544af4d832f968d213c87fbe3707a016657f43d2f853bc" "/opt/rustwide/cargo-home/bin/cargo" "+nightly-2025-01-18" "metadata" "--no-deps" "--format-version=1", kill_on_drop: false }`
[INFO] [stdout] f4d624a8441cd40d04482da72900bb3f2b303c93535184f44aaefb427a5c517f
[INFO] running `Command { std: "docker" "start" "-a" "f4d624a8441cd40d04482da72900bb3f2b303c93535184f44aaefb427a5c517f", kill_on_drop: false }`
[INFO] running `Command { std: "docker" "inspect" "f4d624a8441cd40d04482da72900bb3f2b303c93535184f44aaefb427a5c517f", kill_on_drop: false }`
[INFO] running `Command { std: "docker" "rm" "-f" "f4d624a8441cd40d04482da72900bb3f2b303c93535184f44aaefb427a5c517f", kill_on_drop: false }`
[INFO] [stdout] f4d624a8441cd40d04482da72900bb3f2b303c93535184f44aaefb427a5c517f
[INFO] running `Command { std: "docker" "create" "-v" "/var/lib/crater-agent-workspace/builds/worker-4-tc2/target:/opt/rustwide/target:rw,Z" "-v" "/var/lib/crater-agent-workspace/builds/worker-4-tc2/source:/opt/rustwide/workdir:ro,Z" "-v" "/var/lib/crater-agent-workspace/cargo-home:/opt/rustwide/cargo-home:ro,Z" "-v" "/var/lib/crater-agent-workspace/rustup-home:/opt/rustwide/rustup-home:ro,Z" "-e" "SOURCE_DIR=/opt/rustwide/workdir" "-e" "CARGO_TARGET_DIR=/opt/rustwide/target" "-e" "CARGO_INCREMENTAL=0" "-e" "RUST_BACKTRACE=full" "-e" "RUSTFLAGS=--cap-lints=forbid -Zrandomize-layout" "-e" "RUSTDOCFLAGS=--cap-lints=forbid" "-e" "CARGO_HOME=/opt/rustwide/cargo-home" "-e" "RUSTUP_HOME=/opt/rustwide/rustup-home" "-w" "/opt/rustwide/workdir" "-m" "1610612736" "--user" "0:0" "--network" "none" "ghcr.io/rust-lang/crates-build-env/linux@sha256:819108c5571ea2e421544af4d832f968d213c87fbe3707a016657f43d2f853bc" "/opt/rustwide/cargo-home/bin/cargo" "+nightly-2025-01-18" "build" "--frozen" "--message-format=json", kill_on_drop: false }`
[INFO] [stdout] 00fe0756d60da166255f8734ec1374df5d5c16e2b42fa6510a11079b73313007
[INFO] running `Command { std: "docker" "start" "-a" "00fe0756d60da166255f8734ec1374df5d5c16e2b42fa6510a11079b73313007", kill_on_drop: false }`
[INFO] [stderr]    Compiling proc-macro2 v1.0.86
[INFO] [stderr]    Compiling unicode-ident v1.0.12
[INFO] [stderr]    Compiling version_check v0.9.5
[INFO] [stderr]    Compiling once_cell v1.19.0
[INFO] [stderr]    Compiling memchr v2.7.4
[INFO] [stderr]    Compiling autocfg v1.3.0
[INFO] [stderr]    Compiling libc v0.2.158
[INFO] [stderr]    Compiling serde v1.0.209
[INFO] [stderr]    Compiling byteorder v1.5.0
[INFO] [stderr]    Compiling log v0.4.22
[INFO] [stderr]    Compiling pin-project-lite v0.2.14
[INFO] [stderr]    Compiling allocator-api2 v0.2.18
[INFO] [stderr]    Compiling ahash v0.8.11
[INFO] [stderr]    Compiling futures-core v0.3.30
[INFO] [stderr]    Compiling futures-sink v0.3.30
[INFO] [stderr]    Compiling wasm-bindgen-shared v0.2.93
[INFO] [stderr]    Compiling thiserror v1.0.63
[INFO] [stderr]    Compiling slab v0.4.9
[INFO] [stderr]    Compiling futures-channel v0.3.30
[INFO] [stderr]    Compiling itoa v1.0.11
[INFO] [stderr]    Compiling bumpalo v3.16.0
[INFO] [stderr]    Compiling fnv v1.0.7
[INFO] [stderr]    Compiling equivalent v1.0.1
[INFO] [stderr]    Compiling pin-utils v0.1.0
[INFO] [stderr]    Compiling futures-io v0.3.30
[INFO] [stderr]    Compiling futures-task v0.3.30
[INFO] [stderr]    Compiling icondata_core v0.1.0
[INFO] [stderr]    Compiling shlex v1.3.0
[INFO] [stderr]    Compiling wasm-bindgen v0.2.93
[INFO] [stderr]    Compiling bytes v1.7.1
[INFO] [stderr]    Compiling tracing-core v0.1.32
[INFO] [stderr]    Compiling parking_lot_core v0.9.10
[INFO] [stderr]    Compiling lock_api v0.4.12
[INFO] [stderr]    Compiling cc v1.1.15
[INFO] [stderr]    Compiling smallvec v1.13.2
[INFO] [stderr]    Compiling quote v1.0.37
[INFO] [stderr]    Compiling crossbeam-utils v0.8.20
[INFO] [stderr]    Compiling syn v2.0.77
[INFO] [stderr]    Compiling scopeguard v1.2.0
[INFO] [stderr]    Compiling tinyvec_macros v0.1.1
[INFO] [stderr]    Compiling zerocopy v0.7.35
[INFO] [stderr]    Compiling tinyvec v1.8.0
[INFO] [stderr]    Compiling http v1.1.0
[INFO] [stderr]    Compiling proc-macro-error-attr v1.0.4
[INFO] [stderr]    Compiling ryu v1.0.18
[INFO] [stderr]    Compiling percent-encoding v2.3.1
[INFO] [stderr]    Compiling serde_json v1.0.127
[INFO] [stderr]    Compiling hashbrown v0.14.5
[INFO] [stderr]    Compiling proc-macro-error v1.0.4
[INFO] [stderr]    Compiling unicode-bidi v0.3.15
[INFO] [stderr]    Compiling same-file v1.0.6
[INFO] [stderr]    Compiling unicode-segmentation v1.11.0
[INFO] [stderr]    Compiling unicode-normalization v0.1.23
[INFO] [stderr]    Compiling paste v1.0.15
[INFO] [stderr]    Compiling convert_case v0.6.0
[INFO] [stderr]    Compiling walkdir v2.5.0
[INFO] [stderr]    Compiling concurrent-queue v2.5.0
[INFO] [stderr]    Compiling typenum v1.17.0
[INFO] [stderr]    Compiling lazy_static v1.5.0
[INFO] [stderr]    Compiling unicode-xid v0.2.5
[INFO] [stderr]    Compiling parking v2.2.0
[INFO] [stderr]    Compiling form_urlencoded v1.2.1
[INFO] [stderr]    Compiling const_format_proc_macros v0.2.32
[INFO] [stderr]    Compiling event-listener v5.3.1
[INFO] [stderr]    Compiling slotmap v1.0.7
[INFO] [stderr]    Compiling proc-macro2-diagnostics v0.10.1
[INFO] [stderr]    Compiling generic-array v0.14.7
[INFO] [stderr]    Compiling throw_error v0.2.0-beta4 (https://github.com/leptos-rs/leptos#3b1b2e2d)
[INFO] [stderr]    Compiling aho-corasick v1.1.3
[INFO] [stderr]    Compiling vcpkg v0.2.15
[INFO] [stderr]    Compiling regex-syntax v0.8.4
[INFO] [stderr]    Compiling pkg-config v0.3.30
[INFO] [stderr]    Compiling event-listener-strategy v0.5.2
[INFO] [stderr]    Compiling idna v0.5.0
[INFO] [stderr]    Compiling proc-macro-utils v0.10.0
[INFO] [stderr]    Compiling const_format v0.2.32
[INFO] [stderr]    Compiling openssl-sys v0.9.103
[INFO] [stderr]    Compiling proc-macro-utils v0.8.0
[INFO] [stderr]    Compiling mio v1.0.2
[INFO] [stderr]    Compiling socket2 v0.5.7
[INFO] [stderr]    Compiling send_wrapper v0.6.0
[INFO] [stderr]    Compiling utf8-width v0.1.7
[INFO] [stderr]    Compiling xxhash-rust v0.8.12
[INFO] [stderr]    Compiling or_poisoned v0.1.0 (https://github.com/leptos-rs/leptos#3b1b2e2d)
[INFO] [stderr]    Compiling camino v1.1.9
[INFO] [stderr]    Compiling either v1.13.0
[INFO] [stderr]    Compiling yansi v1.0.1
[INFO] [stderr]    Compiling itertools v0.13.0
[INFO] [stderr]    Compiling html-escape v0.2.13
[INFO] [stderr]    Compiling tokio v1.40.0
[INFO] [stderr]    Compiling manyhow-macros v0.10.4
[INFO] [stderr]    Compiling url v2.5.2
[INFO] [stderr]    Compiling async-lock v3.4.0
[INFO] [stderr]    Compiling wasm-bindgen-backend v0.2.93
[INFO] [stderr]    Compiling regex-automata v0.4.7
[INFO] [stderr]    Compiling server_fn_macro v0.7.0-beta4 (https://github.com/leptos-rs/leptos#3b1b2e2d)
[INFO] [stderr]    Compiling parking_lot v0.12.3
[INFO] [stderr]    Compiling backtrace v0.3.73
[INFO] [stderr]    Compiling guardian v1.2.0
[INFO] [stderr]    Compiling winnow v0.6.18
[INFO] [stderr]    Compiling gimli v0.29.0
[INFO] [stderr]    Compiling rustc-hash v2.0.0
[INFO] [stderr]    Compiling wasm-bindgen-macro-support v0.2.93
[INFO] [stderr]    Compiling minimal-lexical v0.2.1
[INFO] [stderr]    Compiling anyhow v1.0.86
[INFO] [stderr]    Compiling adler v1.0.2
[INFO] [stderr]    Compiling miniz_oxide v0.7.4
[INFO] [stderr]    Compiling nom v7.1.3
[INFO] [stderr]    Compiling manyhow v0.10.4
[INFO] [stderr]    Compiling num-traits v0.2.19
[INFO] [stderr]    Compiling either_of v0.1.0 (https://github.com/leptos-rs/leptos#3b1b2e2d)
[INFO] [stderr]    Compiling object v0.36.4
[INFO] [stderr]    Compiling serde_derive v1.0.209
[INFO] [stderr]    Compiling zerocopy-derive v0.7.35
[INFO] [stderr]    Compiling futures-macro v0.3.30
[INFO] [stderr]    Compiling thiserror-impl v1.0.63
[INFO] [stderr]    Compiling futures-util v0.3.30
[INFO] [stderr]    Compiling wasm-bindgen-macro v0.2.93
[INFO] [stderr]    Compiling tracing-attributes v0.1.27
[INFO] [stderr]    Compiling pin-project-internal v1.1.5
[INFO] [stderr]    Compiling indexmap v2.5.0
[INFO] [stderr]    Compiling js-sys v0.3.70
[INFO] [stderr]    Compiling derive-where v1.2.7
[INFO] [stderr]    Compiling tracing v0.1.40
[INFO] [stderr]    Compiling syn_derive v0.1.8
[INFO] [stderr]    Compiling quote-use-macros v0.8.4
[INFO] [stderr]    Compiling pin-project v1.1.5
[INFO] [stderr]    Compiling addr2line v0.22.0
[INFO] [stderr]    Compiling linear-map v1.2.0
[INFO] [stderr]    Compiling next_tuple v0.1.0-beta4 (https://github.com/leptos-rs/leptos#3b1b2e2d)
[INFO] [stderr]    Compiling quote-use v0.8.4
[INFO] [stderr]    Compiling base64 v0.22.1
[INFO] [stderr]    Compiling drain_filter_polyfill v0.1.3
[INFO] [stderr]    Compiling rustc-demangle v0.1.24
[INFO] [stderr]    Compiling prettyplease v0.2.22
[INFO] [stderr]    Compiling const_str_slice_concat v0.1.0 (https://github.com/leptos-rs/leptos#3b1b2e2d)
[INFO] [stderr]    Compiling rle-decode-fast v1.0.3
[INFO] [stderr]    Compiling collection_literals v1.0.1
[INFO] [stderr]    Compiling interpolator v0.5.0
[INFO] [stderr]    Compiling dashmap v6.0.1
[INFO] [stderr]    Compiling typed-builder-macro v0.19.1
[INFO] [stderr]    Compiling attribute-derive-macro v0.9.2
[INFO] [stderr]    Compiling rstml v0.12.0
[INFO] [stderr]    Compiling server_fn_macro_default v0.7.0-beta4 (https://github.com/leptos-rs/leptos#3b1b2e2d)
[INFO] [stderr]    Compiling futures-executor v0.3.30
[INFO] [stderr]    Compiling futures v0.3.30
[INFO] [stderr]    Compiling block-buffer v0.10.4
[INFO] [stderr]    Compiling crypto-common v0.1.6
[INFO] [stderr]    Compiling getrandom v0.2.15
[INFO] [stderr]    Compiling unicase v2.7.0
[INFO] [stderr]    Compiling foreign-types-shared v0.1.1
[INFO] [stderr]    Compiling strsim v0.11.1
[INFO] [stderr]    Compiling pathdiff v0.2.1
[INFO] [stderr]    Compiling ident_case v1.0.1
[INFO] [stderr]    Compiling openssl v0.10.66
[INFO] [stderr]    Compiling httparse v1.9.4
[INFO] [stderr]    Compiling typed-builder v0.19.1
[INFO] [stderr]    Compiling uuid v1.10.0
[INFO] [stderr]    Compiling digest v0.10.7
[INFO] [stderr]    Compiling darling_core v0.20.10
[INFO] [stderr]    Compiling foreign-types v0.3.2
[INFO] [stderr]    Compiling attribute-derive v0.9.2
[INFO] [stderr]    Compiling wasm-bindgen-futures v0.4.43
[INFO] [stderr]    Compiling web-sys v0.3.70
[INFO] [stderr]    Compiling any_spawner v0.1.1 (https://github.com/leptos-rs/leptos#3b1b2e2d)
[INFO] [stderr]    Compiling serde_spanned v0.6.7
[INFO] [stderr]    Compiling toml_datetime v0.6.8
[INFO] [stderr]    Compiling hydration_context v0.2.0-beta4 (https://github.com/leptos-rs/leptos#3b1b2e2d)
[INFO] [stderr]    Compiling oco_ref v0.2.0 (https://github.com/leptos-rs/leptos#3b1b2e2d)
[INFO] [stderr]    Compiling serde_qs v0.13.0
[INFO] [stderr]    Compiling leptos_hot_reload v0.7.0-beta4 (https://github.com/leptos-rs/leptos#3b1b2e2d)
[INFO] [stderr]    Compiling reactive_graph v0.1.0-beta4 (https://github.com/leptos-rs/leptos#3b1b2e2d)
[INFO] [stderr]    Compiling toml_edit v0.22.20
[INFO] [stderr]    Compiling codee v0.2.0
[INFO] [stderr]    Compiling tokio-util v0.7.11
[INFO] [stderr]    Compiling openssl-macros v0.1.1
[INFO] [stderr]    Compiling regex v1.10.6
[INFO] [stderr]    Compiling core2 v0.4.0
[INFO] [stderr]    Compiling http-body v1.0.1
[INFO] [stderr]    Compiling crc32fast v1.4.2
[INFO] [stderr]    Compiling powerfmt v0.2.0
[INFO] [stderr]    Compiling bitflags v2.6.0
[INFO] [stderr]    Compiling try-lock v0.2.5
[INFO] [stderr]    Compiling dary_heap v0.3.6
[INFO] [stderr]    Compiling time-core v0.1.2
[INFO] [stderr]    Compiling toml v0.8.19
[INFO] [stderr]    Compiling native-tls v0.2.12
[INFO] [stderr]    Compiling num-conv v0.1.0
[INFO] [stderr]    Compiling atomic-waker v1.1.2
[INFO] [stderr]    Compiling adler32 v1.2.0
[INFO] [stderr]    Compiling cpufeatures v0.2.13
[INFO] [stderr]    Compiling time-macros v0.2.18
[INFO] [stderr]    Compiling sha2 v0.10.8
[INFO] [stderr]    Compiling h2 v0.4.6
[INFO] [stderr]    Compiling config v0.14.0
[INFO] [stderr]    Compiling leptos_config v0.7.0-beta4 (https://github.com/leptos-rs/leptos#3b1b2e2d)
[INFO] [stderr]    Compiling darling_macro v0.20.10
[INFO] [stderr]    Compiling want v0.3.1
[INFO] [stderr]    Compiling deranged v0.3.11
[INFO] [stderr]    Compiling libflate_lz77 v2.1.0
[INFO] [stderr]    Compiling leptos_macro v0.7.0-beta4 (https://github.com/leptos-rs/leptos#3b1b2e2d)
[INFO] [stderr]    Compiling bstr v1.10.0
[INFO] [stderr]    Compiling cookie v0.18.1
[INFO] [stderr]    Compiling tower-layer v0.3.3
[INFO] [stderr]    Compiling tower-service v0.3.3
[INFO] [stderr]    Compiling openssl-probe v0.1.5
[INFO] [stderr]    Compiling tower v0.4.13
[INFO] [stderr]    Compiling globset v0.4.14
[INFO] [stderr]    Compiling rand_core v0.6.4
[INFO] [stderr]    Compiling hyper v1.4.1
[INFO] [stderr]    Compiling time v0.3.36
[INFO] [stderr]    Compiling mime_guess v2.0.5
[INFO] [stderr]    Compiling libflate v2.1.0
[INFO] [stderr]    Compiling darling v0.20.10
[INFO] [stderr]    Compiling ppv-lite86 v0.2.20
[INFO] [stderr]    Compiling idna v0.3.0
[INFO] [stderr]    Compiling psl-types v2.0.11
[INFO] [stderr]    Compiling mime v0.3.17
[INFO] [stderr]    Compiling publicsuffix v2.2.3
[INFO] [stderr]    Compiling include-flate-codegen v0.2.0
[INFO] [stderr]    Compiling tokio-native-tls v0.3.1
[INFO] [stderr]    Compiling hyper-util v0.1.7
[INFO] [stderr]    Compiling rand_chacha v0.3.1
[INFO] [stderr]    Compiling rust-embed-utils v8.5.0
[INFO] [stderr]    Compiling http-body-util v0.1.2
[INFO] [stderr]    Compiling rmp v0.8.14
[INFO] [stderr]    Compiling sharded-slab v0.1.7
[INFO] [stderr]    Compiling thread_local v1.1.8
[INFO] [stderr]    Compiling rustls-pki-types v1.8.0
[INFO] [stderr]    Compiling rust_decimal v1.36.0
[INFO] [stderr]    Compiling rustls-pemfile v2.1.3
[INFO] [stderr]    Compiling include-flate v0.3.0
[INFO] [stderr]    Compiling rmp-serde v1.3.0
[INFO] [stderr]    Compiling rust-embed-impl v8.5.0
[INFO] [stderr]    Compiling tracing-subscriber v0.3.18
[INFO] [stderr]    Compiling hyper-tls v0.6.0
[INFO] [stderr]    Compiling rand v0.8.5
[INFO] [stderr]    Compiling cookie_store v0.21.0
[INFO] [stderr]    Compiling tailwind_fuse_macro v0.3.1
[INFO] [stderr]    Compiling serde_urlencoded v0.7.1
[INFO] [stderr]    Compiling uuid-macro-internal v1.10.0
[INFO] [stderr]    Compiling leptos_router_macro v0.7.0-beta4 (https://github.com/leptos-rs/leptos#3b1b2e2d)
[INFO] [stderr]    Compiling icondata_vs v0.0.10
[INFO] [stderr]    Compiling icondata_fa v0.0.10
[INFO] [stderr]    Compiling icondata_ch v0.0.10
[INFO] [stderr]    Compiling icondata_ti v0.0.10
[INFO] [stderr]    Compiling icondata_bi v0.0.10
[INFO] [stderr]    Compiling icondata_oc v0.0.10
[INFO] [stderr]    Compiling icondata_wi v0.0.10
[INFO] [stderr]    Compiling icondata_si v0.0.10
[INFO] [stderr]    Compiling icondata_hi v0.0.10
[INFO] [stderr]    Compiling icondata_ai v0.0.10
[INFO] [stderr]    Compiling icondata_ri v0.0.10
[INFO] [stderr]    Compiling icondata_cg v0.0.10
[INFO] [stderr]    Compiling icondata_im v0.0.10
[INFO] [stderr]    Compiling icondata_bs v0.0.10
[INFO] [stderr]    Compiling icondata_tb v0.0.10
[INFO] [stderr]    Compiling icondata_lu v0.0.10
[INFO] [stderr]    Compiling icondata_io v0.0.10
[INFO] [stderr]    Compiling icondata_fi v0.0.10
[INFO] [stderr]    Compiling sync_wrapper v1.0.1
[INFO] [stderr]    Compiling encoding_rs v0.8.34
[INFO] [stderr]    Compiling ipnet v2.9.0
[INFO] [stderr]    Compiling arrayvec v0.7.6
[INFO] [stderr]    Compiling iana-time-zone v0.1.60
[INFO] [stderr]    Compiling tracing-wasm v0.2.1
[INFO] [stderr]    Compiling chrono v0.4.38
[INFO] [stderr]    Compiling tailwind_fuse v0.3.1
[INFO] [stderr]    Compiling rust-embed v8.5.0
[INFO] [stderr]    Compiling reqwest v0.12.7
[INFO] [stderr]    Compiling codee v0.1.2
[INFO] [stderr]    Compiling default-struct-builder v0.5.0
[INFO] [stderr]    Compiling console_error_panic_hook v0.1.7
[INFO] [stderr]    Compiling humantime v2.1.0
[INFO] [stderr]    Compiling human_bytes v0.4.3
[INFO] [stderr]    Compiling gloo-utils v0.2.0
[INFO] [stderr]    Compiling tachys v0.1.0-beta4 (https://github.com/leptos-rs/leptos#3b1b2e2d)
[INFO] [stderr]    Compiling gloo-net v0.6.0
[INFO] [stderr]    Compiling icondata v0.4.0
[INFO] [stderr]    Compiling wasm-streams v0.4.0
[INFO] [stderr]    Compiling server_fn v0.7.0-beta4 (https://github.com/leptos-rs/leptos#3b1b2e2d)
[INFO] [stderr]    Compiling leptos_server v0.7.0-beta4 (https://github.com/leptos-rs/leptos#3b1b2e2d)
[INFO] [stderr]    Compiling leptos_dom v0.7.0-beta4 (https://github.com/leptos-rs/leptos#3b1b2e2d)
[INFO] [stderr]    Compiling leptos v0.7.0-beta4 (https://github.com/leptos-rs/leptos#3b1b2e2d)
[INFO] [stderr]    Compiling leptos_meta v0.7.0-beta4 (https://github.com/leptos-rs/leptos#3b1b2e2d)
[INFO] [stderr]    Compiling leptos_icons v0.3.1 (https://github.com/kahnclusions/leptos-icons.git#deebc3f5)
[INFO] [stderr]    Compiling leptos_router v0.7.0-beta4 (https://github.com/leptos-rs/leptos#3b1b2e2d)
[INFO] [stderr]    Compiling bittower v0.1.0 (/opt/rustwide/workdir)
[INFO] [stdout] warning: unexpected `cfg` condition value: `tracing`
[INFO] [stdout]   --> src/app/mod.rs:44:1
[INFO] [stdout]    |
[INFO] [stdout] 44 | #[component]
[INFO] [stdout]    | ^^^^^^^^^^^^
[INFO] [stdout]    |
[INFO] [stdout]    = note: expected values for `feature` are: `default`, `hydrate`, and `ssr`
[INFO] [stdout]    = note: using a cfg inside a attribute macro will use the cfgs from the destination crate and not the ones from the defining crate
[INFO] [stdout]    = help: try referring to `component` crate for guidance on how handle this unexpected cfg
[INFO] [stdout]    = help: the attribute macro `component` may come from an old version of the `leptos_macro` crate, try updating your dependency with `cargo update -p leptos_macro`
[INFO] [stdout]    = note: see <https://doc.rust-lang.org/nightly/rustc/check-cfg/cargo-specifics.html> for more information about checking conditional configuration
[INFO] [stdout]    = note: `#[warn(unexpected_cfgs)]` on by default
[INFO] [stdout]    = note: this warning originates in the attribute macro `component` (in Nightly builds, run with -Z macro-backtrace for more info)
[INFO] [stdout] 
[INFO] [stdout] 
[INFO] [stdout] warning: unexpected `cfg` condition value: `tracing`
[INFO] [stdout]   --> src/app/mod.rs:96:1
[INFO] [stdout]    |
[INFO] [stdout] 96 | #[component]
[INFO] [stdout]    | ^^^^^^^^^^^^
[INFO] [stdout]    |
[INFO] [stdout]    = note: expected values for `feature` are: `default`, `hydrate`, and `ssr`
[INFO] [stdout]    = note: using a cfg inside a attribute macro will use the cfgs from the destination crate and not the ones from the defining crate
[INFO] [stdout]    = help: try referring to `component` crate for guidance on how handle this unexpected cfg
[INFO] [stdout]    = help: the attribute macro `component` may come from an old version of the `leptos_macro` crate, try updating your dependency with `cargo update -p leptos_macro`
[INFO] [stdout]    = note: see <https://doc.rust-lang.org/nightly/rustc/check-cfg/cargo-specifics.html> for more information about checking conditional configuration
[INFO] [stdout]    = note: this warning originates in the attribute macro `component` (in Nightly builds, run with -Z macro-backtrace for more info)
[INFO] [stdout] 
[INFO] [stdout] 
[INFO] [stdout] warning: unexpected `cfg` condition value: `tracing`
[INFO] [stdout]    --> src/app/mod.rs:144:1
[INFO] [stdout]     |
[INFO] [stdout] 144 | #[component]
[INFO] [stdout]     | ^^^^^^^^^^^^
[INFO] [stdout]     |
[INFO] [stdout]     = note: expected values for `feature` are: `default`, `hydrate`, and `ssr`
[INFO] [stdout]     = note: using a cfg inside a attribute macro will use the cfgs from the destination crate and not the ones from the defining crate
[INFO] [stdout]     = help: try referring to `component` crate for guidance on how handle this unexpected cfg
[INFO] [stdout]     = help: the attribute macro `component` may come from an old version of the `leptos_macro` crate, try updating your dependency with `cargo update -p leptos_macro`
[INFO] [stdout]     = note: see <https://doc.rust-lang.org/nightly/rustc/check-cfg/cargo-specifics.html> for more information about checking conditional configuration
[INFO] [stdout]     = note: this warning originates in the attribute macro `component` (in Nightly builds, run with -Z macro-backtrace for more info)
[INFO] [stdout] 
[INFO] [stdout] 
[INFO] [stdout] warning: unexpected `cfg` condition value: `tracing`
[INFO] [stdout]    --> src/app/mod.rs:163:1
[INFO] [stdout]     |
[INFO] [stdout] 163 | #[component]
[INFO] [stdout]     | ^^^^^^^^^^^^
[INFO] [stdout]     |
[INFO] [stdout]     = note: expected values for `feature` are: `default`, `hydrate`, and `ssr`
[INFO] [stdout]     = note: using a cfg inside a attribute macro will use the cfgs from the destination crate and not the ones from the defining crate
[INFO] [stdout]     = help: try referring to `component` crate for guidance on how handle this unexpected cfg
[INFO] [stdout]     = help: the attribute macro `component` may come from an old version of the `leptos_macro` crate, try updating your dependency with `cargo update -p leptos_macro`
[INFO] [stdout]     = note: see <https://doc.rust-lang.org/nightly/rustc/check-cfg/cargo-specifics.html> for more information about checking conditional configuration
[INFO] [stdout]     = note: this warning originates in the attribute macro `component` (in Nightly builds, run with -Z macro-backtrace for more info)
[INFO] [stdout] 
[INFO] [stdout] 
[INFO] [stdout] warning: unexpected `cfg` condition value: `tracing`
[INFO] [stdout]   --> src/app/components/status_bar.rs:10:1
[INFO] [stdout]    |
[INFO] [stdout] 10 | #[component]
[INFO] [stdout]    | ^^^^^^^^^^^^
[INFO] [stdout]    |
[INFO] [stdout]    = note: expected values for `feature` are: `default`, `hydrate`, and `ssr`
[INFO] [stdout]    = note: using a cfg inside a attribute macro will use the cfgs from the destination crate and not the ones from the defining crate
[INFO] [stdout]    = help: try referring to `component` crate for guidance on how handle this unexpected cfg
[INFO] [stdout]    = help: the attribute macro `component` may come from an old version of the `leptos_macro` crate, try updating your dependency with `cargo update -p leptos_macro`
[INFO] [stdout]    = note: see <https://doc.rust-lang.org/nightly/rustc/check-cfg/cargo-specifics.html> for more information about checking conditional configuration
[INFO] [stdout]    = note: this warning originates in the attribute macro `component` (in Nightly builds, run with -Z macro-backtrace for more info)
[INFO] [stdout] 
[INFO] [stdout] 
[INFO] [stdout] warning: unexpected `cfg` condition value: `tracing`
[INFO] [stdout]   --> src/app/components/torrents.rs:14:1
[INFO] [stdout]    |
[INFO] [stdout] 14 | #[component]
[INFO] [stdout]    | ^^^^^^^^^^^^
[INFO] [stdout]    |
[INFO] [stdout]    = note: expected values for `feature` are: `default`, `hydrate`, and `ssr`
[INFO] [stdout]    = note: using a cfg inside a attribute macro will use the cfgs from the destination crate and not the ones from the defining crate
[INFO] [stdout]    = help: try referring to `component` crate for guidance on how handle this unexpected cfg
[INFO] [stdout]    = help: the attribute macro `component` may come from an old version of the `leptos_macro` crate, try updating your dependency with `cargo update -p leptos_macro`
[INFO] [stdout]    = note: see <https://doc.rust-lang.org/nightly/rustc/check-cfg/cargo-specifics.html> for more information about checking conditional configuration
[INFO] [stdout]    = note: this warning originates in the attribute macro `component` (in Nightly builds, run with -Z macro-backtrace for more info)
[INFO] [stdout] 
[INFO] [stdout] 
[INFO] [stdout] warning: unexpected `cfg` condition value: `tracing`
[INFO] [stdout]   --> src/app/components/torrents.rs:49:1
[INFO] [stdout]    |
[INFO] [stdout] 49 | #[component]
[INFO] [stdout]    | ^^^^^^^^^^^^
[INFO] [stdout]    |
[INFO] [stdout]    = note: expected values for `feature` are: `default`, `hydrate`, and `ssr`
[INFO] [stdout]    = note: using a cfg inside a attribute macro will use the cfgs from the destination crate and not the ones from the defining crate
[INFO] [stdout]    = help: try referring to `component` crate for guidance on how handle this unexpected cfg
[INFO] [stdout]    = help: the attribute macro `component` may come from an old version of the `leptos_macro` crate, try updating your dependency with `cargo update -p leptos_macro`
[INFO] [stdout]    = note: see <https://doc.rust-lang.org/nightly/rustc/check-cfg/cargo-specifics.html> for more information about checking conditional configuration
[INFO] [stdout]    = note: this warning originates in the attribute macro `component` (in Nightly builds, run with -Z macro-backtrace for more info)
[INFO] [stdout] 
[INFO] [stdout] 
[INFO] [stdout] warning: unexpected `cfg` condition value: `tracing`
[INFO] [stdout]   --> src/app/components/torrents.rs:85:1
[INFO] [stdout]    |
[INFO] [stdout] 85 | #[component]
[INFO] [stdout]    | ^^^^^^^^^^^^
[INFO] [stdout]    |
[INFO] [stdout]    = note: expected values for `feature` are: `default`, `hydrate`, and `ssr`
[INFO] [stdout]    = note: using a cfg inside a attribute macro will use the cfgs from the destination crate and not the ones from the defining crate
[INFO] [stdout]    = help: try referring to `component` crate for guidance on how handle this unexpected cfg
[INFO] [stdout]    = help: the attribute macro `component` may come from an old version of the `leptos_macro` crate, try updating your dependency with `cargo update -p leptos_macro`
[INFO] [stdout]    = note: see <https://doc.rust-lang.org/nightly/rustc/check-cfg/cargo-specifics.html> for more information about checking conditional configuration
[INFO] [stdout]    = note: this warning originates in the attribute macro `component` (in Nightly builds, run with -Z macro-backtrace for more info)
[INFO] [stdout] 
[INFO] [stdout] 
[INFO] [stdout] warning: unused import: `rust_decimal::prelude::*`
[INFO] [stdout]  --> src/app/components/torrents.rs:5:5
[INFO] [stdout]   |
[INFO] [stdout] 5 | use rust_decimal::prelude::*;
[INFO] [stdout]   |     ^^^^^^^^^^^^^^^^^^^^^^^^
[INFO] [stdout]   |
[INFO] [stdout]   = note: `#[warn(unused_imports)]` on by default
[INFO] [stdout] 
[INFO] [stdout] 
[INFO] [stdout] warning: unused imports: `Text` and `View`
[INFO] [stdout]  --> src/app/components/torrents.rs:9:34
[INFO] [stdout]   |
[INFO] [stdout] 9 | use crate::app::ui::components::{Text, View};
[INFO] [stdout]   |                                  ^^^^  ^^^^
[INFO] [stdout] 
[INFO] [stdout] 
[INFO] [stdout] warning: unexpected `cfg` condition value: `tracing`
[INFO] [stdout]   --> src/app/error_template.rs:25:1
[INFO] [stdout]    |
[INFO] [stdout] 25 | #[component]
[INFO] [stdout]    | ^^^^^^^^^^^^
[INFO] [stdout]    |
[INFO] [stdout]    = note: expected values for `feature` are: `default`, `hydrate`, and `ssr`
[INFO] [stdout]    = note: using a cfg inside a attribute macro will use the cfgs from the destination crate and not the ones from the defining crate
[INFO] [stdout]    = help: try referring to `component` crate for guidance on how handle this unexpected cfg
[INFO] [stdout]    = help: the attribute macro `component` may come from an old version of the `leptos_macro` crate, try updating your dependency with `cargo update -p leptos_macro`
[INFO] [stdout]    = note: see <https://doc.rust-lang.org/nightly/rustc/check-cfg/cargo-specifics.html> for more information about checking conditional configuration
[INFO] [stdout]    = note: this warning originates in the attribute macro `component` (in Nightly builds, run with -Z macro-backtrace for more info)
[INFO] [stdout] 
[INFO] [stdout] 
[INFO] [stdout] warning: unused imports: `UseWebSocketError` and `use_websocket`
[INFO] [stdout]  --> src/app/signals/use_sync_maindata.rs:2:33
[INFO] [stdout]   |
[INFO] [stdout] 2 |     core::ConnectionReadyState, use_websocket, use_websocket_with_options, UseWebSocketError,
[INFO] [stdout]   |                                 ^^^^^^^^^^^^^                              ^^^^^^^^^^^^^^^^^
[INFO] [stdout] 
[INFO] [stdout] 
[INFO] [stdout] warning: unused imports: `status_bar::StatusBar` and `torrents::TorrentList`
[INFO] [stdout]   --> src/app/signals/use_sync_maindata.rs:11:18
[INFO] [stdout]    |
[INFO] [stdout] 11 |     components::{status_bar::StatusBar, torrents::TorrentList},
[INFO] [stdout]    |                  ^^^^^^^^^^^^^^^^^^^^^  ^^^^^^^^^^^^^^^^^^^^^
[INFO] [stdout] 
[INFO] [stdout] 
[INFO] [stdout] warning: unexpected `cfg` condition value: `tracing`
[INFO] [stdout]   --> src/app/ui/components/button.rs:49:1
[INFO] [stdout]    |
[INFO] [stdout] 49 | #[component]
[INFO] [stdout]    | ^^^^^^^^^^^^
[INFO] [stdout]    |
[INFO] [stdout]    = note: expected values for `feature` are: `default`, `hydrate`, and `ssr`
[INFO] [stdout]    = note: using a cfg inside a attribute macro will use the cfgs from the destination crate and not the ones from the defining crate
[INFO] [stdout]    = help: try referring to `component` crate for guidance on how handle this unexpected cfg
[INFO] [stdout]    = help: the attribute macro `component` may come from an old version of the `leptos_macro` crate, try updating your dependency with `cargo update -p leptos_macro`
[INFO] [stdout]    = note: see <https://doc.rust-lang.org/nightly/rustc/check-cfg/cargo-specifics.html> for more information about checking conditional configuration
[INFO] [stdout]    = note: this warning originates in the attribute macro `component` (in Nightly builds, run with -Z macro-backtrace for more info)
[INFO] [stdout] 
[INFO] [stdout] 
[INFO] [stdout] warning: unexpected `cfg` condition value: `tracing`
[INFO] [stdout]  --> src/app/ui/components/input.rs:7:1
[INFO] [stdout]   |
[INFO] [stdout] 7 | #[component]
[INFO] [stdout]   | ^^^^^^^^^^^^
[INFO] [stdout]   |
[INFO] [stdout]   = note: expected values for `feature` are: `default`, `hydrate`, and `ssr`
[INFO] [stdout]   = note: using a cfg inside a attribute macro will use the cfgs from the destination crate and not the ones from the defining crate
[INFO] [stdout]   = help: try referring to `component` crate for guidance on how handle this unexpected cfg
[INFO] [stdout]   = help: the attribute macro `component` may come from an old version of the `leptos_macro` crate, try updating your dependency with `cargo update -p leptos_macro`
[INFO] [stdout]   = note: see <https://doc.rust-lang.org/nightly/rustc/check-cfg/cargo-specifics.html> for more information about checking conditional configuration
[INFO] [stdout]   = note: this warning originates in the attribute macro `component` (in Nightly builds, run with -Z macro-backtrace for more info)
[INFO] [stdout] 
[INFO] [stdout] 
[INFO] [stdout] warning: unexpected `cfg` condition value: `tracing`
[INFO] [stdout]  --> src/app/ui/components/navbar.rs:4:1
[INFO] [stdout]   |
[INFO] [stdout] 4 | #[component]
[INFO] [stdout]   | ^^^^^^^^^^^^
[INFO] [stdout]   |
[INFO] [stdout]   = note: expected values for `feature` are: `default`, `hydrate`, and `ssr`
[INFO] [stdout]   = note: using a cfg inside a attribute macro will use the cfgs from the destination crate and not the ones from the defining crate
[INFO] [stdout]   = help: try referring to `component` crate for guidance on how handle this unexpected cfg
[INFO] [stdout]   = help: the attribute macro `component` may come from an old version of the `leptos_macro` crate, try updating your dependency with `cargo update -p leptos_macro`
[INFO] [stdout]   = note: see <https://doc.rust-lang.org/nightly/rustc/check-cfg/cargo-specifics.html> for more information about checking conditional configuration
[INFO] [stdout]   = note: this warning originates in the attribute macro `component` (in Nightly builds, run with -Z macro-backtrace for more info)
[INFO] [stdout] 
[INFO] [stdout] 
[INFO] [stdout] warning: unexpected `cfg` condition value: `tracing`
[INFO] [stdout]   --> src/app/ui/components/navbar.rs:14:1
[INFO] [stdout]    |
[INFO] [stdout] 14 | #[component]
[INFO] [stdout]    | ^^^^^^^^^^^^
[INFO] [stdout]    |
[INFO] [stdout]    = note: expected values for `feature` are: `default`, `hydrate`, and `ssr`
[INFO] [stdout]    = note: using a cfg inside a attribute macro will use the cfgs from the destination crate and not the ones from the defining crate
[INFO] [stdout]    = help: try referring to `component` crate for guidance on how handle this unexpected cfg
[INFO] [stdout]    = help: the attribute macro `component` may come from an old version of the `leptos_macro` crate, try updating your dependency with `cargo update -p leptos_macro`
[INFO] [stdout]    = note: see <https://doc.rust-lang.org/nightly/rustc/check-cfg/cargo-specifics.html> for more information about checking conditional configuration
[INFO] [stdout]    = note: this warning originates in the attribute macro `component` (in Nightly builds, run with -Z macro-backtrace for more info)
[INFO] [stdout] 
[INFO] [stdout] 
[INFO] [stdout] warning: unexpected `cfg` condition value: `tracing`
[INFO] [stdout]  --> src/app/ui/components/typography.rs:5:1
[INFO] [stdout]   |
[INFO] [stdout] 5 | #[component]
[INFO] [stdout]   | ^^^^^^^^^^^^
[INFO] [stdout]   |
[INFO] [stdout]   = note: expected values for `feature` are: `default`, `hydrate`, and `ssr`
[INFO] [stdout]   = note: using a cfg inside a attribute macro will use the cfgs from the destination crate and not the ones from the defining crate
[INFO] [stdout]   = help: try referring to `component` crate for guidance on how handle this unexpected cfg
[INFO] [stdout]   = help: the attribute macro `component` may come from an old version of the `leptos_macro` crate, try updating your dependency with `cargo update -p leptos_macro`
[INFO] [stdout]   = note: see <https://doc.rust-lang.org/nightly/rustc/check-cfg/cargo-specifics.html> for more information about checking conditional configuration
[INFO] [stdout]   = note: this warning originates in the attribute macro `component` (in Nightly builds, run with -Z macro-backtrace for more info)
[INFO] [stdout] 
[INFO] [stdout] 
[INFO] [stdout] warning: unexpected `cfg` condition value: `tracing`
[INFO] [stdout]   --> src/app/ui/components/typography.rs:21:1
[INFO] [stdout]    |
[INFO] [stdout] 21 | #[component]
[INFO] [stdout]    | ^^^^^^^^^^^^
[INFO] [stdout]    |
[INFO] [stdout]    = note: expected values for `feature` are: `default`, `hydrate`, and `ssr`
[INFO] [stdout]    = note: using a cfg inside a attribute macro will use the cfgs from the destination crate and not the ones from the defining crate
[INFO] [stdout]    = help: try referring to `component` crate for guidance on how handle this unexpected cfg
[INFO] [stdout]    = help: the attribute macro `component` may come from an old version of the `leptos_macro` crate, try updating your dependency with `cargo update -p leptos_macro`
[INFO] [stdout]    = note: see <https://doc.rust-lang.org/nightly/rustc/check-cfg/cargo-specifics.html> for more information about checking conditional configuration
[INFO] [stdout]    = note: this warning originates in the attribute macro `component` (in Nightly builds, run with -Z macro-backtrace for more info)
[INFO] [stdout] 
[INFO] [stdout] 
[INFO] [stdout] warning: unexpected `cfg` condition value: `tracing`
[INFO] [stdout]   --> src/app/ui/components/typography.rs:41:1
[INFO] [stdout]    |
[INFO] [stdout] 41 | #[component]
[INFO] [stdout]    | ^^^^^^^^^^^^
[INFO] [stdout]    |
[INFO] [stdout]    = note: expected values for `feature` are: `default`, `hydrate`, and `ssr`
[INFO] [stdout]    = note: using a cfg inside a attribute macro will use the cfgs from the destination crate and not the ones from the defining crate
[INFO] [stdout]    = help: try referring to `component` crate for guidance on how handle this unexpected cfg
[INFO] [stdout]    = help: the attribute macro `component` may come from an old version of the `leptos_macro` crate, try updating your dependency with `cargo update -p leptos_macro`
[INFO] [stdout]    = note: see <https://doc.rust-lang.org/nightly/rustc/check-cfg/cargo-specifics.html> for more information about checking conditional configuration
[INFO] [stdout]    = note: this warning originates in the attribute macro `component` (in Nightly builds, run with -Z macro-backtrace for more info)
[INFO] [stdout] 
[INFO] [stdout] 
[INFO] [stdout] warning: unexpected `cfg` condition value: `tracing`
[INFO] [stdout]   --> src/app/ui/components/typography.rs:57:1
[INFO] [stdout]    |
[INFO] [stdout] 57 | #[component]
[INFO] [stdout]    | ^^^^^^^^^^^^
[INFO] [stdout]    |
[INFO] [stdout]    = note: expected values for `feature` are: `default`, `hydrate`, and `ssr`
[INFO] [stdout]    = note: using a cfg inside a attribute macro will use the cfgs from the destination crate and not the ones from the defining crate
[INFO] [stdout]    = help: try referring to `component` crate for guidance on how handle this unexpected cfg
[INFO] [stdout]    = help: the attribute macro `component` may come from an old version of the `leptos_macro` crate, try updating your dependency with `cargo update -p leptos_macro`
[INFO] [stdout]    = note: see <https://doc.rust-lang.org/nightly/rustc/check-cfg/cargo-specifics.html> for more information about checking conditional configuration
[INFO] [stdout]    = note: this warning originates in the attribute macro `component` (in Nightly builds, run with -Z macro-backtrace for more info)
[INFO] [stdout] 
[INFO] [stdout] 
[INFO] [stdout] warning: unexpected `cfg` condition value: `tracing`
[INFO] [stdout]   --> src/app/ui/components/typography.rs:70:1
[INFO] [stdout]    |
[INFO] [stdout] 70 | #[component]
[INFO] [stdout]    | ^^^^^^^^^^^^
[INFO] [stdout]    |
[INFO] [stdout]    = note: expected values for `feature` are: `default`, `hydrate`, and `ssr`
[INFO] [stdout]    = note: using a cfg inside a attribute macro will use the cfgs from the destination crate and not the ones from the defining crate
[INFO] [stdout]    = help: try referring to `component` crate for guidance on how handle this unexpected cfg
[INFO] [stdout]    = help: the attribute macro `component` may come from an old version of the `leptos_macro` crate, try updating your dependency with `cargo update -p leptos_macro`
[INFO] [stdout]    = note: see <https://doc.rust-lang.org/nightly/rustc/check-cfg/cargo-specifics.html> for more information about checking conditional configuration
[INFO] [stdout]    = note: this warning originates in the attribute macro `component` (in Nightly builds, run with -Z macro-backtrace for more info)
[INFO] [stdout] 
[INFO] [stdout] 
[INFO] [stdout] warning: unexpected `cfg` condition value: `tracing`
[INFO] [stdout]  --> src/app/ui/components/view.rs:5:1
[INFO] [stdout]   |
[INFO] [stdout] 5 | #[component]
[INFO] [stdout]   | ^^^^^^^^^^^^
[INFO] [stdout]   |
[INFO] [stdout]   = note: expected values for `feature` are: `default`, `hydrate`, and `ssr`
[INFO] [stdout]   = note: using a cfg inside a attribute macro will use the cfgs from the destination crate and not the ones from the defining crate
[INFO] [stdout]   = help: try referring to `component` crate for guidance on how handle this unexpected cfg
[INFO] [stdout]   = help: the attribute macro `component` may come from an old version of the `leptos_macro` crate, try updating your dependency with `cargo update -p leptos_macro`
[INFO] [stdout]   = note: see <https://doc.rust-lang.org/nightly/rustc/check-cfg/cargo-specifics.html> for more information about checking conditional configuration
[INFO] [stdout]   = note: this warning originates in the attribute macro `component` (in Nightly builds, run with -Z macro-backtrace for more info)
[INFO] [stdout] 
[INFO] [stdout] 
[INFO] [stdout] warning: unused import: `input::*`
[INFO] [stdout]  --> src/app/ui/components/mod.rs:8:9
[INFO] [stdout]   |
[INFO] [stdout] 8 | pub use input::*;
[INFO] [stdout]   |         ^^^^^^^^
[INFO] [stdout] 
[INFO] [stdout] 
[INFO] [stdout] warning: unused imports: `Deserialize` and `Serialize`
[INFO] [stdout]   --> src/app/mod.rs:18:13
[INFO] [stdout]    |
[INFO] [stdout] 18 | use serde::{Deserialize, Serialize};
[INFO] [stdout]    |             ^^^^^^^^^^^  ^^^^^^^^^
[INFO] [stdout] 
[INFO] [stdout] 
[INFO] [stdout] warning: unused imports: `ServerState` and `Torrent`
[INFO] [stdout]   --> src/app/mod.rs:22:38
[INFO] [stdout]    |
[INFO] [stdout] 22 | use crate::app::signals::syncstate::{ServerState, SyncState, Torrent};
[INFO] [stdout]    |                                      ^^^^^^^^^^^             ^^^^^^^
[INFO] [stdout] 
[INFO] [stdout] 
[INFO] [stdout] warning: unused import: `Text`
[INFO] [stdout]   --> src/app/mod.rs:24:63
[INFO] [stdout]    |
[INFO] [stdout] 24 | use crate::app::ui::components::{Button, Navbar, NavbarBrand, Text, View};
[INFO] [stdout]    |                                                               ^^^^
[INFO] [stdout] 
[INFO] [stdout] 
[INFO] [stdout] warning: function `use_websocket` is never used
[INFO] [stdout]    --> src/app/hooks/use_websocket/mod.rs:234:8
[INFO] [stdout]     |
[INFO] [stdout] 234 | pub fn use_websocket<T, C>(
[INFO] [stdout]     |        ^^^^^^^^^^^^^
[INFO] [stdout]     |
[INFO] [stdout]     = note: `#[warn(dead_code)]` on by default
[INFO] [stdout] 
[INFO] [stdout] 
[INFO] [stdout] warning: variant `Infinite` is never constructed
[INFO] [stdout]    --> src/app/hooks/use_websocket/mod.rs:628:5
[INFO] [stdout]     |
[INFO] [stdout] 627 | pub enum ReconnectLimit {
[INFO] [stdout]     |          -------------- variant in this enum
[INFO] [stdout] 628 |     Infinite,
[INFO] [stdout]     |     ^^^^^^^^
[INFO] [stdout]     |
[INFO] [stdout]     = note: `ReconnectLimit` has derived impls for the traits `Debug` and `Clone`, but these are intentionally ignored during dead code analysis
[INFO] [stdout] 
[INFO] [stdout] 
[INFO] [stdout] warning: methods `on_error` and `on_message` are never used
[INFO] [stdout]    --> src/app/hooks/use_websocket/mod.rs:684:12
[INFO] [stdout]     |
[INFO] [stdout] 682 | impl<T: ?Sized, E, D> UseWebSocketOptions<T, E, D> {
[INFO] [stdout]     | -------------------------------------------------- methods in this implementation
[INFO] [stdout] 683 |     /// `WebSocket` error callback.
[INFO] [stdout] 684 |     pub fn on_error<F>(self, handler: F) -> Self
[INFO] [stdout]     |            ^^^^^^^^
[INFO] [stdout] ...
[INFO] [stdout] 695 |     pub fn on_message<F>(self, handler: F) -> Self
[INFO] [stdout]     |            ^^^^^^^^^^
[INFO] [stdout] 
[INFO] [stdout] 
[INFO] [stdout] warning: field `send` is never read
[INFO] [stdout]    --> src/app/hooks/use_websocket/mod.rs:743:9
[INFO] [stdout]     |
[INFO] [stdout] 725 | pub struct UseWebSocketReturn<T, OpenFn, CloseFn, SendFn>
[INFO] [stdout]     |            ------------------ field in this struct
[INFO] [stdout] ...
[INFO] [stdout] 743 |     pub send: SendFn,
[INFO] [stdout]     |         ^^^^
[INFO] [stdout]     |
[INFO] [stdout]     = note: `UseWebSocketReturn` has a derived impl for the trait `Clone`, but this is intentionally ignored during dead code analysis
[INFO] [stdout] 
[INFO] [stdout] 
[INFO] [stdout] warning: fields `connected`, `open`, and `close` are never read
[INFO] [stdout]   --> src/app/signals/use_sync_maindata.rs:22:9
[INFO] [stdout]    |
[INFO] [stdout] 16 | pub struct UseSyncMaindataReturn<OpenFn, CloseFn>
[INFO] [stdout]    |            --------------------- fields in this struct
[INFO] [stdout] ...
[INFO] [stdout] 22 |     pub connected: Signal<bool>,
[INFO] [stdout]    |         ^^^^^^^^^
[INFO] [stdout] 23 |     pub data: ReadSignal<SyncState>,
[INFO] [stdout] 24 |     pub open: OpenFn,
[INFO] [stdout]    |         ^^^^
[INFO] [stdout] 25 |     pub close: CloseFn,
[INFO] [stdout]    |         ^^^^^
[INFO] [stdout]    |
[INFO] [stdout]    = note: `UseSyncMaindataReturn` has a derived impl for the trait `Clone`, but this is intentionally ignored during dead code analysis
[INFO] [stdout] 
[INFO] [stdout] 
[INFO] [stdout] warning: variants `Sm`, `Lg`, and `Icon` are never constructed
[INFO] [stdout]   --> src/app/ui/components/button.rs:22:5
[INFO] [stdout]    |
[INFO] [stdout] 18 | pub enum BtnSize {
[INFO] [stdout]    |          ------- variants in this enum
[INFO] [stdout] ...
[INFO] [stdout] 22 |     Sm,
[INFO] [stdout]    |     ^^
[INFO] [stdout] 23 |     #[tw(class = "h-11 rounded-md px-8")]
[INFO] [stdout] 24 |     Lg,
[INFO] [stdout]    |     ^^
[INFO] [stdout] 25 |     #[tw(class = "h-10 w-10")]
[INFO] [stdout] 26 |     Icon,
[INFO] [stdout]    |     ^^^^
[INFO] [stdout] 
[INFO] [stdout] 
[INFO] [stdout] warning: variants `Destructive`, `Outline`, `Secondary`, `Ghost`, and `Link` are never constructed
[INFO] [stdout]   --> src/app/ui/components/button.rs:38:5
[INFO] [stdout]    |
[INFO] [stdout] 31 | pub enum BtnVariant {
[INFO] [stdout]    |          ---------- variants in this enum
[INFO] [stdout] ...
[INFO] [stdout] 38 |     Destructive,
[INFO] [stdout]    |     ^^^^^^^^^^^
[INFO] [stdout] 39 |     #[tw(class = "border border-input bg-background hover:bg-accent hover:text-accent-foreground")]
[INFO] [stdout] 40 |     Outline,
[INFO] [stdout]    |     ^^^^^^^
[INFO] [stdout] 41 |     #[tw(class = "bg-secondary text-secondary-foreground hover:bg-secondary/80")]
[INFO] [stdout] 42 |     Secondary,
[INFO] [stdout]    |     ^^^^^^^^^
[INFO] [stdout] 43 |     #[tw(class = "hover:bg-accent hover:text-accent-foreground")]
[INFO] [stdout] 44 |     Ghost,
[INFO] [stdout]    |     ^^^^^
[INFO] [stdout] 45 |     #[tw(class = "text-primary underline-offset-4 hover:underline")]
[INFO] [stdout] 46 |     Link,
[INFO] [stdout]    |     ^^^^
[INFO] [stdout] 
[INFO] [stdout] 
[INFO] [stdout] warning: constant `INPUT_CLASS` is never used
[INFO] [stdout]  --> src/app/ui/components/input.rs:5:11
[INFO] [stdout]   |
[INFO] [stdout] 5 | pub const INPUT_CLASS: &'static str = "flex h-10 w-full rounded-md border border-input bg-background px-3 py-2 text-sm ring-offset-backgr...
[INFO] [stdout]   |           ^^^^^^^^^^^
[INFO] [stdout] 
[INFO] [stdout] 
[INFO] [stdout] warning: multiple fields are never read
[INFO] [stdout]   --> src/app/ui/components/input.rs:9:23
[INFO] [stdout]    |
[INFO] [stdout] 7  | #[component]
[INFO] [stdout]    | ------------ fields in this struct
[INFO] [stdout] 8  | pub fn Input(
[INFO] [stdout] 9  |     #[prop(optional)] node_ref: NodeRef<html::Input>,
[INFO] [stdout]    |                       ^^^^^^^^
[INFO] [stdout] 10 |     #[prop(optional, into)] name: String,
[INFO] [stdout]    |                             ^^^^
[INFO] [stdout] 11 |     #[prop(optional, into)] class: String,
[INFO] [stdout]    |                             ^^^^^
[INFO] [stdout] 12 |     #[prop(optional, into)] minlength: String,
[INFO] [stdout]    |                             ^^^^^^^^^
[INFO] [stdout] 13 |     #[prop(optional, into)] maxlength: String,
[INFO] [stdout]    |                             ^^^^^^^^^
[INFO] [stdout] 14 |     #[prop(optional, into)] placeholder: String,
[INFO] [stdout]    |                             ^^^^^^^^^^^
[INFO] [stdout] 15 |     #[prop(optional, into)] value: String,
[INFO] [stdout]    |                             ^^^^^
[INFO] [stdout] 16 |     #[prop(default = false)] required: bool,
[INFO] [stdout]    |                              ^^^^^^^^
[INFO] [stdout] 17 |     #[prop(default = "text".to_string(), into)] html_type: String,
[INFO] [stdout]    |                                                 ^^^^^^^^^
[INFO] [stdout] 
[INFO] [stdout] 
[INFO] [stdout] warning: fields `class`, `node_ref`, and `children` are never read
[INFO] [stdout]  --> src/app/ui/components/typography.rs:7:29
[INFO] [stdout]   |
[INFO] [stdout] 5 | #[component]
[INFO] [stdout]   | ------------ fields in this struct
[INFO] [stdout] 6 | pub fn H1(
[INFO] [stdout] 7 |     #[prop(optional, into)] class: String,
[INFO] [stdout]   |                             ^^^^^
[INFO] [stdout] 8 |     #[prop(optional)] node_ref: NodeRef<html::H1>,
[INFO] [stdout]   |                       ^^^^^^^^
[INFO] [stdout] 9 |     children: Children,
[INFO] [stdout]   |     ^^^^^^^^
[INFO] [stdout] 
[INFO] [stdout] 
[INFO] [stdout] warning: fields `class`, `node_ref`, and `children` are never read
[INFO] [stdout]   --> src/app/ui/components/typography.rs:23:29
[INFO] [stdout]    |
[INFO] [stdout] 21 | #[component]
[INFO] [stdout]    | ------------ fields in this struct
[INFO] [stdout] 22 | pub fn H2(
[INFO] [stdout] 23 |     #[prop(optional, into)] class: String,
[INFO] [stdout]    |                             ^^^^^
[INFO] [stdout] 24 |     #[prop(optional)] node_ref: NodeRef<html::H2>,
[INFO] [stdout]    |                       ^^^^^^^^
[INFO] [stdout] 25 |     children: Children,
[INFO] [stdout]    |     ^^^^^^^^
[INFO] [stdout] 
[INFO] [stdout] 
[INFO] [stdout] warning: fields `class`, `node_ref`, and `children` are never read
[INFO] [stdout]   --> src/app/ui/components/typography.rs:43:29
[INFO] [stdout]    |
[INFO] [stdout] 41 | #[component]
[INFO] [stdout]    | ------------ fields in this struct
[INFO] [stdout] 42 | pub fn H3(
[INFO] [stdout] 43 |     #[prop(optional, into)] class: String,
[INFO] [stdout]    |                             ^^^^^
[INFO] [stdout] 44 |     #[prop(optional)] node_ref: NodeRef<html::H3>,
[INFO] [stdout]    |                       ^^^^^^^^
[INFO] [stdout] 45 |     children: Children,
[INFO] [stdout]    |     ^^^^^^^^
[INFO] [stdout] 
[INFO] [stdout] 
[INFO] [stdout] warning: fields `class`, `node_ref`, and `children` are never read
[INFO] [stdout]   --> src/app/ui/components/typography.rs:59:29
[INFO] [stdout]    |
[INFO] [stdout] 57 | #[component]
[INFO] [stdout]    | ------------ fields in this struct
[INFO] [stdout] 58 | pub fn Text(
[INFO] [stdout] 59 |     #[prop(optional, into)] class: String,
[INFO] [stdout]    |                             ^^^^^
[INFO] [stdout] 60 |     #[prop(optional)] node_ref: NodeRef<html::P>,
[INFO] [stdout]    |                       ^^^^^^^^
[INFO] [stdout] 61 |     children: Children,
[INFO] [stdout]    |     ^^^^^^^^
[INFO] [stdout] 
[INFO] [stdout] 
[INFO] [stdout] warning: fields `class`, `node_ref`, and `children` are never read
[INFO] [stdout]   --> src/app/ui/components/typography.rs:72:29
[INFO] [stdout]    |
[INFO] [stdout] 70 | #[component]
[INFO] [stdout]    | ------------ fields in this struct
[INFO] [stdout] 71 | pub fn TextSpan(
[INFO] [stdout] 72 |     #[prop(optional, into)] class: String,
[INFO] [stdout]    |                             ^^^^^
[INFO] [stdout] 73 |     #[prop(optional)] node_ref: NodeRef<html::Span>,
[INFO] [stdout]    |                       ^^^^^^^^
[INFO] [stdout] 74 |     children: Children,
[INFO] [stdout]    |     ^^^^^^^^
[INFO] [stdout] 
[INFO] [stdout] 
[INFO] [stderr]     Finished `dev` profile [unoptimized + debuginfo] target(s) in 4m 23s
[INFO] running `Command { std: "docker" "inspect" "00fe0756d60da166255f8734ec1374df5d5c16e2b42fa6510a11079b73313007", kill_on_drop: false }`
[INFO] running `Command { std: "docker" "rm" "-f" "00fe0756d60da166255f8734ec1374df5d5c16e2b42fa6510a11079b73313007", kill_on_drop: false }`
[INFO] [stdout] 00fe0756d60da166255f8734ec1374df5d5c16e2b42fa6510a11079b73313007
[INFO] running `Command { std: "docker" "create" "-v" "/var/lib/crater-agent-workspace/builds/worker-4-tc2/target:/opt/rustwide/target:rw,Z" "-v" "/var/lib/crater-agent-workspace/builds/worker-4-tc2/source:/opt/rustwide/workdir:ro,Z" "-v" "/var/lib/crater-agent-workspace/cargo-home:/opt/rustwide/cargo-home:ro,Z" "-v" "/var/lib/crater-agent-workspace/rustup-home:/opt/rustwide/rustup-home:ro,Z" "-e" "SOURCE_DIR=/opt/rustwide/workdir" "-e" "CARGO_TARGET_DIR=/opt/rustwide/target" "-e" "CARGO_INCREMENTAL=0" "-e" "RUST_BACKTRACE=full" "-e" "RUSTFLAGS=--cap-lints=forbid -Zrandomize-layout" "-e" "RUSTDOCFLAGS=--cap-lints=forbid" "-e" "CARGO_HOME=/opt/rustwide/cargo-home" "-e" "RUSTUP_HOME=/opt/rustwide/rustup-home" "-w" "/opt/rustwide/workdir" "-m" "1610612736" "--user" "0:0" "--network" "none" "ghcr.io/rust-lang/crates-build-env/linux@sha256:819108c5571ea2e421544af4d832f968d213c87fbe3707a016657f43d2f853bc" "/opt/rustwide/cargo-home/bin/cargo" "+nightly-2025-01-18" "test" "--frozen" "--no-run" "--message-format=json", kill_on_drop: false }`
[INFO] [stdout] 3b4cc468a6beea512776824db1485e3659c4949899e66a9112170e4eb6054d3d
[INFO] running `Command { std: "docker" "start" "-a" "3b4cc468a6beea512776824db1485e3659c4949899e66a9112170e4eb6054d3d", kill_on_drop: false }`
[INFO] [stdout] warning: unexpected `cfg` condition value: `tracing`
[INFO] [stdout]   --> src/app/mod.rs:44:1
[INFO] [stdout]    |
[INFO] [stdout] 44 | #[component]
[INFO] [stdout]    | ^^^^^^^^^^^^
[INFO] [stdout]    |
[INFO] [stdout]    = note: expected values for `feature` are: `default`, `hydrate`, and `ssr`
[INFO] [stdout]    = note: using a cfg inside a attribute macro will use the cfgs from the destination crate and not the ones from the defining crate
[INFO] [stdout]    = help: try referring to `component` crate for guidance on how handle this unexpected cfg
[INFO] [stdout]    = help: the attribute macro `component` may come from an old version of the `leptos_macro` crate, try updating your dependency with `cargo update -p leptos_macro`
[INFO] [stdout]    = note: see <https://doc.rust-lang.org/nightly/rustc/check-cfg/cargo-specifics.html> for more information about checking conditional configuration
[INFO] [stdout]    = note: `#[warn(unexpected_cfgs)]` on by default
[INFO] [stdout]    = note: this warning originates in the attribute macro `component` (in Nightly builds, run with -Z macro-backtrace for more info)
[INFO] [stdout] 
[INFO] [stdout] 
[INFO] [stdout] warning: unexpected `cfg` condition value: `tracing`
[INFO] [stdout]   --> src/app/mod.rs:96:1
[INFO] [stdout]    |
[INFO] [stdout] 96 | #[component]
[INFO] [stdout]    | ^^^^^^^^^^^^
[INFO] [stdout]    |
[INFO] [stdout]    = note: expected values for `feature` are: `default`, `hydrate`, and `ssr`
[INFO] [stdout]    = note: using a cfg inside a attribute macro will use the cfgs from the destination crate and not the ones from the defining crate
[INFO] [stdout]    = help: try referring to `component` crate for guidance on how handle this unexpected cfg
[INFO] [stdout]    = help: the attribute macro `component` may come from an old version of the `leptos_macro` crate, try updating your dependency with `cargo update -p leptos_macro`
[INFO] [stdout]    = note: see <https://doc.rust-lang.org/nightly/rustc/check-cfg/cargo-specifics.html> for more information about checking conditional configuration
[INFO] [stdout]    = note: this warning originates in the attribute macro `component` (in Nightly builds, run with -Z macro-backtrace for more info)
[INFO] [stdout] 
[INFO] [stdout] 
[INFO] [stdout] warning: unexpected `cfg` condition value: `tracing`
[INFO] [stdout]    --> src/app/mod.rs:144:1
[INFO] [stdout]     |
[INFO] [stdout] 144 | #[component]
[INFO] [stdout]     | ^^^^^^^^^^^^
[INFO] [stdout]     |
[INFO] [stdout]     = note: expected values for `feature` are: `default`, `hydrate`, and `ssr`
[INFO] [stdout]     = note: using a cfg inside a attribute macro will use the cfgs from the destination crate and not the ones from the defining crate
[INFO] [stdout]     = help: try referring to `component` crate for guidance on how handle this unexpected cfg
[INFO] [stdout]     = help: the attribute macro `component` may come from an old version of the `leptos_macro` crate, try updating your dependency with `cargo update -p leptos_macro`
[INFO] [stdout]     = note: see <https://doc.rust-lang.org/nightly/rustc/check-cfg/cargo-specifics.html> for more information about checking conditional configuration
[INFO] [stdout]     = note: this warning originates in the attribute macro `component` (in Nightly builds, run with -Z macro-backtrace for more info)
[INFO] [stdout] 
[INFO] [stdout] 
[INFO] [stdout] warning: unexpected `cfg` condition value: `tracing`
[INFO] [stdout]    --> src/app/mod.rs:163:1
[INFO] [stdout]     |
[INFO] [stdout] 163 | #[component]
[INFO] [stdout]     | ^^^^^^^^^^^^
[INFO] [stdout]     |
[INFO] [stdout]     = note: expected values for `feature` are: `default`, `hydrate`, and `ssr`
[INFO] [stdout]     = note: using a cfg inside a attribute macro will use the cfgs from the destination crate and not the ones from the defining crate
[INFO] [stdout]     = help: try referring to `component` crate for guidance on how handle this unexpected cfg
[INFO] [stdout]     = help: the attribute macro `component` may come from an old version of the `leptos_macro` crate, try updating your dependency with `cargo update -p leptos_macro`
[INFO] [stdout]     = note: see <https://doc.rust-lang.org/nightly/rustc/check-cfg/cargo-specifics.html> for more information about checking conditional configuration
[INFO] [stdout]     = note: this warning originates in the attribute macro `component` (in Nightly builds, run with -Z macro-backtrace for more info)
[INFO] [stdout] 
[INFO] [stdout] 
[INFO] [stdout] warning: unexpected `cfg` condition value: `tracing`
[INFO] [stdout]   --> src/app/components/status_bar.rs:10:1
[INFO] [stdout]    |
[INFO] [stdout] 10 | #[component]
[INFO] [stdout]    | ^^^^^^^^^^^^
[INFO] [stdout]    |
[INFO] [stdout]    = note: expected values for `feature` are: `default`, `hydrate`, and `ssr`
[INFO] [stdout]    = note: using a cfg inside a attribute macro will use the cfgs from the destination crate and not the ones from the defining crate
[INFO] [stdout]    = help: try referring to `component` crate for guidance on how handle this unexpected cfg
[INFO] [stdout]    = help: the attribute macro `component` may come from an old version of the `leptos_macro` crate, try updating your dependency with `cargo update -p leptos_macro`
[INFO] [stdout]    = note: see <https://doc.rust-lang.org/nightly/rustc/check-cfg/cargo-specifics.html> for more information about checking conditional configuration
[INFO] [stdout]    = note: this warning originates in the attribute macro `component` (in Nightly builds, run with -Z macro-backtrace for more info)
[INFO] [stdout] 
[INFO] [stdout] 
[INFO] [stdout] warning: unexpected `cfg` condition value: `tracing`
[INFO] [stdout]   --> src/app/components/torrents.rs:14:1
[INFO] [stdout]    |
[INFO] [stdout] 14 | #[component]
[INFO] [stdout]    | ^^^^^^^^^^^^
[INFO] [stdout]    |
[INFO] [stdout]    = note: expected values for `feature` are: `default`, `hydrate`, and `ssr`
[INFO] [stdout]    = note: using a cfg inside a attribute macro will use the cfgs from the destination crate and not the ones from the defining crate
[INFO] [stdout]    = help: try referring to `component` crate for guidance on how handle this unexpected cfg
[INFO] [stdout]    = help: the attribute macro `component` may come from an old version of the `leptos_macro` crate, try updating your dependency with `cargo update -p leptos_macro`
[INFO] [stdout]    = note: see <https://doc.rust-lang.org/nightly/rustc/check-cfg/cargo-specifics.html> for more information about checking conditional configuration
[INFO] [stdout]    = note: this warning originates in the attribute macro `component` (in Nightly builds, run with -Z macro-backtrace for more info)
[INFO] [stdout] 
[INFO] [stdout] 
[INFO] [stdout] warning: unexpected `cfg` condition value: `tracing`
[INFO] [stdout]   --> src/app/components/torrents.rs:49:1
[INFO] [stdout]    |
[INFO] [stdout] 49 | #[component]
[INFO] [stdout]    | ^^^^^^^^^^^^
[INFO] [stdout]    |
[INFO] [stdout]    = note: expected values for `feature` are: `default`, `hydrate`, and `ssr`
[INFO] [stdout]    = note: using a cfg inside a attribute macro will use the cfgs from the destination crate and not the ones from the defining crate
[INFO] [stdout]    = help: try referring to `component` crate for guidance on how handle this unexpected cfg
[INFO] [stdout]    = help: the attribute macro `component` may come from an old version of the `leptos_macro` crate, try updating your dependency with `cargo update -p leptos_macro`
[INFO] [stdout]    = note: see <https://doc.rust-lang.org/nightly/rustc/check-cfg/cargo-specifics.html> for more information about checking conditional configuration
[INFO] [stdout]    = note: this warning originates in the attribute macro `component` (in Nightly builds, run with -Z macro-backtrace for more info)
[INFO] [stdout] 
[INFO] [stdout] 
[INFO] [stdout] warning: unexpected `cfg` condition value: `tracing`
[INFO] [stdout]   --> src/app/components/torrents.rs:85:1
[INFO] [stdout]    |
[INFO] [stdout] 85 | #[component]
[INFO] [stdout]    | ^^^^^^^^^^^^
[INFO] [stdout]    |
[INFO] [stdout]    = note: expected values for `feature` are: `default`, `hydrate`, and `ssr`
[INFO] [stdout]    = note: using a cfg inside a attribute macro will use the cfgs from the destination crate and not the ones from the defining crate
[INFO] [stdout]    = help: try referring to `component` crate for guidance on how handle this unexpected cfg
[INFO] [stdout]    = help: the attribute macro `component` may come from an old version of the `leptos_macro` crate, try updating your dependency with `cargo update -p leptos_macro`
[INFO] [stdout]    = note: see <https://doc.rust-lang.org/nightly/rustc/check-cfg/cargo-specifics.html> for more information about checking conditional configuration
[INFO] [stdout]    = note: this warning originates in the attribute macro `component` (in Nightly builds, run with -Z macro-backtrace for more info)
[INFO] [stdout] 
[INFO] [stdout] 
[INFO] [stdout] warning: unused import: `rust_decimal::prelude::*`
[INFO] [stdout]  --> src/app/components/torrents.rs:5:5
[INFO] [stdout]   |
[INFO] [stdout] 5 | use rust_decimal::prelude::*;
[INFO] [stdout]   |     ^^^^^^^^^^^^^^^^^^^^^^^^
[INFO] [stdout]   |
[INFO] [stdout]   = note: `#[warn(unused_imports)]` on by default
[INFO] [stdout] 
[INFO] [stdout] 
[INFO] [stdout] warning: unused imports: `Text` and `View`
[INFO] [stdout]  --> src/app/components/torrents.rs:9:34
[INFO] [stdout]   |
[INFO] [stdout] 9 | use crate::app::ui::components::{Text, View};
[INFO] [stdout]   |                                  ^^^^  ^^^^
[INFO] [stdout] 
[INFO] [stdout] 
[INFO] [stdout] warning: unexpected `cfg` condition value: `tracing`
[INFO] [stdout]   --> src/app/error_template.rs:25:1
[INFO] [stdout]    |
[INFO] [stdout] 25 | #[component]
[INFO] [stdout]    | ^^^^^^^^^^^^
[INFO] [stdout]    |
[INFO] [stdout]    = note: expected values for `feature` are: `default`, `hydrate`, and `ssr`
[INFO] [stdout]    = note: using a cfg inside a attribute macro will use the cfgs from the destination crate and not the ones from the defining crate
[INFO] [stdout]    = help: try referring to `component` crate for guidance on how handle this unexpected cfg
[INFO] [stdout]    = help: the attribute macro `component` may come from an old version of the `leptos_macro` crate, try updating your dependency with `cargo update -p leptos_macro`
[INFO] [stdout]    = note: see <https://doc.rust-lang.org/nightly/rustc/check-cfg/cargo-specifics.html> for more information about checking conditional configuration
[INFO] [stdout]    = note: this warning originates in the attribute macro `component` (in Nightly builds, run with -Z macro-backtrace for more info)
[INFO] [stdout] 
[INFO] [stdout] 
[INFO] [stdout] warning: unused imports: `UseWebSocketError` and `use_websocket`
[INFO] [stdout]  --> src/app/signals/use_sync_maindata.rs:2:33
[INFO] [stdout]   |
[INFO] [stdout] 2 |     core::ConnectionReadyState, use_websocket, use_websocket_with_options, UseWebSocketError,
[INFO] [stdout]   |                                 ^^^^^^^^^^^^^                              ^^^^^^^^^^^^^^^^^
[INFO] [stdout] 
[INFO] [stdout] 
[INFO] [stdout] warning: unused imports: `status_bar::StatusBar` and `torrents::TorrentList`
[INFO] [stdout]   --> src/app/signals/use_sync_maindata.rs:11:18
[INFO] [stdout]    |
[INFO] [stdout] 11 |     components::{status_bar::StatusBar, torrents::TorrentList},
[INFO] [stdout]    |                  ^^^^^^^^^^^^^^^^^^^^^  ^^^^^^^^^^^^^^^^^^^^^
[INFO] [stdout] 
[INFO] [stdout] 
[INFO] [stdout] warning: unexpected `cfg` condition value: `tracing`
[INFO] [stdout]   --> src/app/ui/components/button.rs:49:1
[INFO] [stdout]    |
[INFO] [stdout] 49 | #[component]
[INFO] [stdout]    | ^^^^^^^^^^^^
[INFO] [stdout]    |
[INFO] [stdout]    = note: expected values for `feature` are: `default`, `hydrate`, and `ssr`
[INFO] [stdout]    = note: using a cfg inside a attribute macro will use the cfgs from the destination crate and not the ones from the defining crate
[INFO] [stdout]    = help: try referring to `component` crate for guidance on how handle this unexpected cfg
[INFO] [stdout]    = help: the attribute macro `component` may come from an old version of the `leptos_macro` crate, try updating your dependency with `cargo update -p leptos_macro`
[INFO] [stdout]    = note: see <https://doc.rust-lang.org/nightly/rustc/check-cfg/cargo-specifics.html> for more information about checking conditional configuration
[INFO] [stdout]    = note: this warning originates in the attribute macro `component` (in Nightly builds, run with -Z macro-backtrace for more info)
[INFO] [stdout] 
[INFO] [stdout] 
[INFO] [stdout] warning: unexpected `cfg` condition value: `tracing`
[INFO] [stdout]  --> src/app/ui/components/input.rs:7:1
[INFO] [stdout]   |
[INFO] [stdout] 7 | #[component]
[INFO] [stdout]   | ^^^^^^^^^^^^
[INFO] [stdout]   |
[INFO] [stdout]   = note: expected values for `feature` are: `default`, `hydrate`, and `ssr`
[INFO] [stdout]   = note: using a cfg inside a attribute macro will use the cfgs from the destination crate and not the ones from the defining crate
[INFO] [stdout]   = help: try referring to `component` crate for guidance on how handle this unexpected cfg
[INFO] [stdout]   = help: the attribute macro `component` may come from an old version of the `leptos_macro` crate, try updating your dependency with `cargo update -p leptos_macro`
[INFO] [stdout]   = note: see <https://doc.rust-lang.org/nightly/rustc/check-cfg/cargo-specifics.html> for more information about checking conditional configuration
[INFO] [stdout]   = note: this warning originates in the attribute macro `component` (in Nightly builds, run with -Z macro-backtrace for more info)
[INFO] [stdout] 
[INFO] [stdout] 
[INFO] [stdout] warning: unexpected `cfg` condition value: `tracing`
[INFO] [stdout]  --> src/app/ui/components/navbar.rs:4:1
[INFO] [stdout]   |
[INFO] [stdout] 4 | #[component]
[INFO] [stdout]   | ^^^^^^^^^^^^
[INFO] [stdout]   |
[INFO] [stdout]   = note: expected values for `feature` are: `default`, `hydrate`, and `ssr`
[INFO] [stdout]   = note: using a cfg inside a attribute macro will use the cfgs from the destination crate and not the ones from the defining crate
[INFO] [stdout]   = help: try referring to `component` crate for guidance on how handle this unexpected cfg
[INFO] [stdout]   = help: the attribute macro `component` may come from an old version of the `leptos_macro` crate, try updating your dependency with `cargo update -p leptos_macro`
[INFO] [stdout]   = note: see <https://doc.rust-lang.org/nightly/rustc/check-cfg/cargo-specifics.html> for more information about checking conditional configuration
[INFO] [stdout]   = note: this warning originates in the attribute macro `component` (in Nightly builds, run with -Z macro-backtrace for more info)
[INFO] [stdout] 
[INFO] [stdout] 
[INFO] [stdout] warning: unexpected `cfg` condition value: `tracing`
[INFO] [stdout]   --> src/app/ui/components/navbar.rs:14:1
[INFO] [stdout]    |
[INFO] [stdout] 14 | #[component]
[INFO] [stdout]    | ^^^^^^^^^^^^
[INFO] [stdout]    |
[INFO] [stdout]    = note: expected values for `feature` are: `default`, `hydrate`, and `ssr`
[INFO] [stdout]    = note: using a cfg inside a attribute macro will use the cfgs from the destination crate and not the ones from the defining crate
[INFO] [stdout]    = help: try referring to `component` crate for guidance on how handle this unexpected cfg
[INFO] [stdout]    = help: the attribute macro `component` may come from an old version of the `leptos_macro` crate, try updating your dependency with `cargo update -p leptos_macro`
[INFO] [stdout]    = note: see <https://doc.rust-lang.org/nightly/rustc/check-cfg/cargo-specifics.html> for more information about checking conditional configuration
[INFO] [stdout]    = note: this warning originates in the attribute macro `component` (in Nightly builds, run with -Z macro-backtrace for more info)
[INFO] [stdout] 
[INFO] [stdout] 
[INFO] [stdout] warning: unexpected `cfg` condition value: `tracing`
[INFO] [stdout]  --> src/app/ui/components/typography.rs:5:1
[INFO] [stdout]   |
[INFO] [stdout] 5 | #[component]
[INFO] [stdout]   | ^^^^^^^^^^^^
[INFO] [stdout]   |
[INFO] [stdout]   = note: expected values for `feature` are: `default`, `hydrate`, and `ssr`
[INFO] [stdout]   = note: using a cfg inside a attribute macro will use the cfgs from the destination crate and not the ones from the defining crate
[INFO] [stdout]   = help: try referring to `component` crate for guidance on how handle this unexpected cfg
[INFO] [stdout]   = help: the attribute macro `component` may come from an old version of the `leptos_macro` crate, try updating your dependency with `cargo update -p leptos_macro`
[INFO] [stdout]   = note: see <https://doc.rust-lang.org/nightly/rustc/check-cfg/cargo-specifics.html> for more information about checking conditional configuration
[INFO] [stdout]   = note: this warning originates in the attribute macro `component` (in Nightly builds, run with -Z macro-backtrace for more info)
[INFO] [stdout] 
[INFO] [stdout] 
[INFO] [stdout] warning: unexpected `cfg` condition value: `tracing`
[INFO] [stdout]   --> src/app/ui/components/typography.rs:21:1
[INFO] [stdout]    |
[INFO] [stdout] 21 | #[component]
[INFO] [stdout]    | ^^^^^^^^^^^^
[INFO] [stdout]    |
[INFO] [stdout]    = note: expected values for `feature` are: `default`, `hydrate`, and `ssr`
[INFO] [stdout]    = note: using a cfg inside a attribute macro will use the cfgs from the destination crate and not the ones from the defining crate
[INFO] [stdout]    = help: try referring to `component` crate for guidance on how handle this unexpected cfg
[INFO] [stdout]    = help: the attribute macro `component` may come from an old version of the `leptos_macro` crate, try updating your dependency with `cargo update -p leptos_macro`
[INFO] [stdout]    = note: see <https://doc.rust-lang.org/nightly/rustc/check-cfg/cargo-specifics.html> for more information about checking conditional configuration
[INFO] [stdout]    = note: this warning originates in the attribute macro `component` (in Nightly builds, run with -Z macro-backtrace for more info)
[INFO] [stdout] 
[INFO] [stdout] 
[INFO] [stdout] warning: unexpected `cfg` condition value: `tracing`
[INFO] [stdout]   --> src/app/ui/components/typography.rs:41:1
[INFO] [stdout]    |
[INFO] [stdout] 41 | #[component]
[INFO] [stdout]    | ^^^^^^^^^^^^
[INFO] [stdout]    |
[INFO] [stdout]    = note: expected values for `feature` are: `default`, `hydrate`, and `ssr`
[INFO] [stdout]    = note: using a cfg inside a attribute macro will use the cfgs from the destination crate and not the ones from the defining crate
[INFO] [stdout]    = help: try referring to `component` crate for guidance on how handle this unexpected cfg
[INFO] [stdout]    = help: the attribute macro `component` may come from an old version of the `leptos_macro` crate, try updating your dependency with `cargo update -p leptos_macro`
[INFO] [stdout]    = note: see <https://doc.rust-lang.org/nightly/rustc/check-cfg/cargo-specifics.html> for more information about checking conditional configuration
[INFO] [stdout]    = note: this warning originates in the attribute macro `component` (in Nightly builds, run with -Z macro-backtrace for more info)
[INFO] [stdout] 
[INFO] [stdout] 
[INFO] [stdout] warning: unexpected `cfg` condition value: `tracing`
[INFO] [stdout]   --> src/app/ui/components/typography.rs:57:1
[INFO] [stdout]    |
[INFO] [stdout] 57 | #[component]
[INFO] [stdout]    | ^^^^^^^^^^^^
[INFO] [stdout]    |
[INFO] [stdout]    = note: expected values for `feature` are: `default`, `hydrate`, and `ssr`
[INFO] [stdout]    = note: using a cfg inside a attribute macro will use the cfgs from the destination crate and not the ones from the defining crate
[INFO] [stdout]    = help: try referring to `component` crate for guidance on how handle this unexpected cfg
[INFO] [stdout]    = help: the attribute macro `component` may come from an old version of the `leptos_macro` crate, try updating your dependency with `cargo update -p leptos_macro`
[INFO] [stdout]    = note: see <https://doc.rust-lang.org/nightly/rustc/check-cfg/cargo-specifics.html> for more information about checking conditional configuration
[INFO] [stdout]    = note: this warning originates in the attribute macro `component` (in Nightly builds, run with -Z macro-backtrace for more info)
[INFO] [stdout] 
[INFO] [stdout] 
[INFO] [stdout] warning: unexpected `cfg` condition value: `tracing`
[INFO] [stdout]   --> src/app/ui/components/typography.rs:70:1
[INFO] [stdout]    |
[INFO] [stdout] 70 | #[component]
[INFO] [stdout]    | ^^^^^^^^^^^^
[INFO] [stdout]    |
[INFO] [stdout]    = note: expected values for `feature` are: `default`, `hydrate`, and `ssr`
[INFO] [stdout]    = note: using a cfg inside a attribute macro will use the cfgs from the destination crate and not the ones from the defining crate
[INFO] [stdout]    = help: try referring to `component` crate for guidance on how handle this unexpected cfg
[INFO] [stdout]    = help: the attribute macro `component` may come from an old version of the `leptos_macro` crate, try updating your dependency with `cargo update -p leptos_macro`
[INFO] [stdout]    = note: see <https://doc.rust-lang.org/nightly/rustc/check-cfg/cargo-specifics.html> for more information about checking conditional configuration
[INFO] [stdout]    = note: this warning originates in the attribute macro `component` (in Nightly builds, run with -Z macro-backtrace for more info)
[INFO] [stdout] 
[INFO] [stdout] 
[INFO] [stdout] warning: unexpected `cfg` condition value: `tracing`
[INFO] [stdout]  --> src/app/ui/components/view.rs:5:1
[INFO] [stdout]   |
[INFO] [stdout] 5 | #[component]
[INFO] [stdout]   | ^^^^^^^^^^^^
[INFO] [stdout]   |
[INFO] [stdout]   = note: expected values for `feature` are: `default`, `hydrate`, and `ssr`
[INFO] [stdout]   = note: using a cfg inside a attribute macro will use the cfgs from the destination crate and not the ones from the defining crate
[INFO] [stdout]   = help: try referring to `component` crate for guidance on how handle this unexpected cfg
[INFO] [stdout]   = help: the attribute macro `component` may come from an old version of the `leptos_macro` crate, try updating your dependency with `cargo update -p leptos_macro`
[INFO] [stdout]   = note: see <https://doc.rust-lang.org/nightly/rustc/check-cfg/cargo-specifics.html> for more information about checking conditional configuration
[INFO] [stdout]   = note: this warning originates in the attribute macro `component` (in Nightly builds, run with -Z macro-backtrace for more info)
[INFO] [stdout] 
[INFO] [stdout] 
[INFO] [stdout] warning: unused import: `input::*`
[INFO] [stdout]  --> src/app/ui/components/mod.rs:8:9
[INFO] [stdout]   |
[INFO] [stdout] 8 | pub use input::*;
[INFO] [stdout]   |         ^^^^^^^^
[INFO] [stdout] 
[INFO] [stdout] 
[INFO] [stdout] warning: unused imports: `Deserialize` and `Serialize`
[INFO] [stdout]   --> src/app/mod.rs:18:13
[INFO] [stdout]    |
[INFO] [stdout] 18 | use serde::{Deserialize, Serialize};
[INFO] [stdout]    |             ^^^^^^^^^^^  ^^^^^^^^^
[INFO] [stdout] 
[INFO] [stdout] 
[INFO] [stdout] warning: unused imports: `ServerState` and `Torrent`
[INFO] [stdout]   --> src/app/mod.rs:22:38
[INFO] [stdout]    |
[INFO] [stdout] 22 | use crate::app::signals::syncstate::{ServerState, SyncState, Torrent};
[INFO] [stdout]    |                                      ^^^^^^^^^^^             ^^^^^^^
[INFO] [stdout] 
[INFO] [stdout] 
[INFO] [stdout] warning: unused import: `Text`
[INFO] [stdout]   --> src/app/mod.rs:24:63
[INFO] [stdout]    |
[INFO] [stdout] 24 | use crate::app::ui::components::{Button, Navbar, NavbarBrand, Text, View};
[INFO] [stdout]    |                                                               ^^^^
[INFO] [stdout] 
[INFO] [stdout] 
[INFO] [stderr]    Compiling bittower v0.1.0 (/opt/rustwide/workdir)
[INFO] [stdout] warning: function `use_websocket` is never used
[INFO] [stdout]    --> src/app/hooks/use_websocket/mod.rs:234:8
[INFO] [stdout]     |
[INFO] [stdout] 234 | pub fn use_websocket<T, C>(
[INFO] [stdout]     |        ^^^^^^^^^^^^^
[INFO] [stdout]     |
[INFO] [stdout]     = note: `#[warn(dead_code)]` on by default
[INFO] [stdout] 
[INFO] [stdout] 
[INFO] [stdout] warning: variant `Infinite` is never constructed
[INFO] [stdout]    --> src/app/hooks/use_websocket/mod.rs:628:5
[INFO] [stdout]     |
[INFO] [stdout] 627 | pub enum ReconnectLimit {
[INFO] [stdout]     |          -------------- variant in this enum
[INFO] [stdout] 628 |     Infinite,
[INFO] [stdout]     |     ^^^^^^^^
[INFO] [stdout]     |
[INFO] [stdout]     = note: `ReconnectLimit` has derived impls for the traits `Debug` and `Clone`, but these are intentionally ignored during dead code analysis
[INFO] [stdout] 
[INFO] [stdout] 
[INFO] [stdout] warning: methods `on_error` and `on_message` are never used
[INFO] [stdout]    --> src/app/hooks/use_websocket/mod.rs:684:12
[INFO] [stdout]     |
[INFO] [stdout] 682 | impl<T: ?Sized, E, D> UseWebSocketOptions<T, E, D> {
[INFO] [stdout]     | -------------------------------------------------- methods in this implementation
[INFO] [stdout] 683 |     /// `WebSocket` error callback.
[INFO] [stdout] 684 |     pub fn on_error<F>(self, handler: F) -> Self
[INFO] [stdout]     |            ^^^^^^^^
[INFO] [stdout] ...
[INFO] [stdout] 695 |     pub fn on_message<F>(self, handler: F) -> Self
[INFO] [stdout]     |            ^^^^^^^^^^
[INFO] [stdout] 
[INFO] [stdout] 
[INFO] [stdout] warning: field `send` is never read
[INFO] [stdout]    --> src/app/hooks/use_websocket/mod.rs:743:9
[INFO] [stdout]     |
[INFO] [stdout] 725 | pub struct UseWebSocketReturn<T, OpenFn, CloseFn, SendFn>
[INFO] [stdout]     |            ------------------ field in this struct
[INFO] [stdout] ...
[INFO] [stdout] 743 |     pub send: SendFn,
[INFO] [stdout]     |         ^^^^
[INFO] [stdout]     |
[INFO] [stdout]     = note: `UseWebSocketReturn` has a derived impl for the trait `Clone`, but this is intentionally ignored during dead code analysis
[INFO] [stdout] 
[INFO] [stdout] 
[INFO] [stdout] warning: fields `connected`, `open`, and `close` are never read
[INFO] [stdout]   --> src/app/signals/use_sync_maindata.rs:22:9
[INFO] [stdout]    |
[INFO] [stdout] 16 | pub struct UseSyncMaindataReturn<OpenFn, CloseFn>
[INFO] [stdout]    |            --------------------- fields in this struct
[INFO] [stdout] ...
[INFO] [stdout] 22 |     pub connected: Signal<bool>,
[INFO] [stdout]    |         ^^^^^^^^^
[INFO] [stdout] 23 |     pub data: ReadSignal<SyncState>,
[INFO] [stdout] 24 |     pub open: OpenFn,
[INFO] [stdout]    |         ^^^^
[INFO] [stdout] 25 |     pub close: CloseFn,
[INFO] [stdout]    |         ^^^^^
[INFO] [stdout]    |
[INFO] [stdout]    = note: `UseSyncMaindataReturn` has a derived impl for the trait `Clone`, but this is intentionally ignored during dead code analysis
[INFO] [stdout] 
[INFO] [stdout] 
[INFO] [stdout] warning: variants `Sm`, `Lg`, and `Icon` are never constructed
[INFO] [stdout]   --> src/app/ui/components/button.rs:22:5
[INFO] [stdout]    |
[INFO] [stdout] 18 | pub enum BtnSize {
[INFO] [stdout]    |          ------- variants in this enum
[INFO] [stdout] ...
[INFO] [stdout] 22 |     Sm,
[INFO] [stdout]    |     ^^
[INFO] [stdout] 23 |     #[tw(class = "h-11 rounded-md px-8")]
[INFO] [stdout] 24 |     Lg,
[INFO] [stdout]    |     ^^
[INFO] [stdout] 25 |     #[tw(class = "h-10 w-10")]
[INFO] [stdout] 26 |     Icon,
[INFO] [stdout]    |     ^^^^
[INFO] [stdout] 
[INFO] [stdout] 
[INFO] [stdout] warning: variants `Destructive`, `Outline`, `Secondary`, `Ghost`, and `Link` are never constructed
[INFO] [stdout]   --> src/app/ui/components/button.rs:38:5
[INFO] [stdout]    |
[INFO] [stdout] 31 | pub enum BtnVariant {
[INFO] [stdout]    |          ---------- variants in this enum
[INFO] [stdout] ...
[INFO] [stdout] 38 |     Destructive,
[INFO] [stdout]    |     ^^^^^^^^^^^
[INFO] [stdout] 39 |     #[tw(class = "border border-input bg-background hover:bg-accent hover:text-accent-foreground")]
[INFO] [stdout] 40 |     Outline,
[INFO] [stdout]    |     ^^^^^^^
[INFO] [stdout] 41 |     #[tw(class = "bg-secondary text-secondary-foreground hover:bg-secondary/80")]
[INFO] [stdout] 42 |     Secondary,
[INFO] [stdout]    |     ^^^^^^^^^
[INFO] [stdout] 43 |     #[tw(class = "hover:bg-accent hover:text-accent-foreground")]
[INFO] [stdout] 44 |     Ghost,
[INFO] [stdout]    |     ^^^^^
[INFO] [stdout] 45 |     #[tw(class = "text-primary underline-offset-4 hover:underline")]
[INFO] [stdout] 46 |     Link,
[INFO] [stdout]    |     ^^^^
[INFO] [stdout] 
[INFO] [stdout] 
[INFO] [stdout] warning: constant `INPUT_CLASS` is never used
[INFO] [stdout]  --> src/app/ui/components/input.rs:5:11
[INFO] [stdout]   |
[INFO] [stdout] 5 | pub const INPUT_CLASS: &'static str = "flex h-10 w-full rounded-md border border-input bg-background px-3 py-2 text-sm ring-offset-backgr...
[INFO] [stdout]   |           ^^^^^^^^^^^
[INFO] [stdout] 
[INFO] [stdout] 
[INFO] [stdout] warning: multiple fields are never read
[INFO] [stdout]   --> src/app/ui/components/input.rs:9:23
[INFO] [stdout]    |
[INFO] [stdout] 7  | #[component]
[INFO] [stdout]    | ------------ fields in this struct
[INFO] [stdout] 8  | pub fn Input(
[INFO] [stdout] 9  |     #[prop(optional)] node_ref: NodeRef<html::Input>,
[INFO] [stdout]    |                       ^^^^^^^^
[INFO] [stdout] 10 |     #[prop(optional, into)] name: String,
[INFO] [stdout]    |                             ^^^^
[INFO] [stdout] 11 |     #[prop(optional, into)] class: String,
[INFO] [stdout]    |                             ^^^^^
[INFO] [stdout] 12 |     #[prop(optional, into)] minlength: String,
[INFO] [stdout]    |                             ^^^^^^^^^
[INFO] [stdout] 13 |     #[prop(optional, into)] maxlength: String,
[INFO] [stdout]    |                             ^^^^^^^^^
[INFO] [stdout] 14 |     #[prop(optional, into)] placeholder: String,
[INFO] [stdout]    |                             ^^^^^^^^^^^
[INFO] [stdout] 15 |     #[prop(optional, into)] value: String,
[INFO] [stdout]    |                             ^^^^^
[INFO] [stdout] 16 |     #[prop(default = false)] required: bool,
[INFO] [stdout]    |                              ^^^^^^^^
[INFO] [stdout] 17 |     #[prop(default = "text".to_string(), into)] html_type: String,
[INFO] [stdout]    |                                                 ^^^^^^^^^
[INFO] [stdout] 
[INFO] [stdout] 
[INFO] [stdout] warning: fields `class`, `node_ref`, and `children` are never read
[INFO] [stdout]  --> src/app/ui/components/typography.rs:7:29
[INFO] [stdout]   |
[INFO] [stdout] 5 | #[component]
[INFO] [stdout]   | ------------ fields in this struct
[INFO] [stdout] 6 | pub fn H1(
[INFO] [stdout] 7 |     #[prop(optional, into)] class: String,
[INFO] [stdout]   |                             ^^^^^
[INFO] [stdout] 8 |     #[prop(optional)] node_ref: NodeRef<html::H1>,
[INFO] [stdout]   |                       ^^^^^^^^
[INFO] [stdout] 9 |     children: Children,
[INFO] [stdout]   |     ^^^^^^^^
[INFO] [stdout] 
[INFO] [stdout] 
[INFO] [stdout] warning: fields `class`, `node_ref`, and `children` are never read
[INFO] [stdout]   --> src/app/ui/components/typography.rs:23:29
[INFO] [stdout]    |
[INFO] [stdout] 21 | #[component]
[INFO] [stdout]    | ------------ fields in this struct
[INFO] [stdout] 22 | pub fn H2(
[INFO] [stdout] 23 |     #[prop(optional, into)] class: String,
[INFO] [stdout]    |                             ^^^^^
[INFO] [stdout] 24 |     #[prop(optional)] node_ref: NodeRef<html::H2>,
[INFO] [stdout]    |                       ^^^^^^^^
[INFO] [stdout] 25 |     children: Children,
[INFO] [stdout]    |     ^^^^^^^^
[INFO] [stdout] 
[INFO] [stdout] 
[INFO] [stdout] warning: fields `class`, `node_ref`, and `children` are never read
[INFO] [stdout]   --> src/app/ui/components/typography.rs:43:29
[INFO] [stdout]    |
[INFO] [stdout] 41 | #[component]
[INFO] [stdout]    | ------------ fields in this struct
[INFO] [stdout] 42 | pub fn H3(
[INFO] [stdout] 43 |     #[prop(optional, into)] class: String,
[INFO] [stdout]    |                             ^^^^^
[INFO] [stdout] 44 |     #[prop(optional)] node_ref: NodeRef<html::H3>,
[INFO] [stdout]    |                       ^^^^^^^^
[INFO] [stdout] 45 |     children: Children,
[INFO] [stdout]    |     ^^^^^^^^
[INFO] [stdout] 
[INFO] [stdout] 
[INFO] [stdout] warning: fields `class`, `node_ref`, and `children` are never read
[INFO] [stdout]   --> src/app/ui/components/typography.rs:59:29
[INFO] [stdout]    |
[INFO] [stdout] 57 | #[component]
[INFO] [stdout]    | ------------ fields in this struct
[INFO] [stdout] 58 | pub fn Text(
[INFO] [stdout] 59 |     #[prop(optional, into)] class: String,
[INFO] [stdout]    |                             ^^^^^
[INFO] [stdout] 60 |     #[prop(optional)] node_ref: NodeRef<html::P>,
[INFO] [stdout]    |                       ^^^^^^^^
[INFO] [stdout] 61 |     children: Children,
[INFO] [stdout]    |     ^^^^^^^^
[INFO] [stdout] 
[INFO] [stdout] 
[INFO] [stdout] warning: fields `class`, `node_ref`, and `children` are never read
[INFO] [stdout]   --> src/app/ui/components/typography.rs:72:29
[INFO] [stdout]    |
[INFO] [stdout] 70 | #[component]
[INFO] [stdout]    | ------------ fields in this struct
[INFO] [stdout] 71 | pub fn TextSpan(
[INFO] [stdout] 72 |     #[prop(optional, into)] class: String,
[INFO] [stdout]    |                             ^^^^^
[INFO] [stdout] 73 |     #[prop(optional)] node_ref: NodeRef<html::Span>,
[INFO] [stdout]    |                       ^^^^^^^^
[INFO] [stdout] 74 |     children: Children,
[INFO] [stdout]    |     ^^^^^^^^
[INFO] [stdout] 
[INFO] [stdout] 
[INFO] [stdout] warning: unexpected `cfg` condition value: `tracing`
[INFO] [stdout]   --> src/app/mod.rs:44:1
[INFO] [stdout]    |
[INFO] [stdout] 44 | #[component]
[INFO] [stdout]    | ^^^^^^^^^^^^
[INFO] [stdout]    |
[INFO] [stdout]    = note: expected values for `feature` are: `default`, `hydrate`, and `ssr`
[INFO] [stdout]    = note: using a cfg inside a attribute macro will use the cfgs from the destination crate and not the ones from the defining crate
[INFO] [stdout]    = help: try referring to `component` crate for guidance on how handle this unexpected cfg
[INFO] [stdout]    = help: the attribute macro `component` may come from an old version of the `leptos_macro` crate, try updating your dependency with `cargo update -p leptos_macro`
[INFO] [stdout]    = note: see <https://doc.rust-lang.org/nightly/rustc/check-cfg/cargo-specifics.html> for more information about checking conditional configuration
[INFO] [stdout]    = note: `#[warn(unexpected_cfgs)]` on by default
[INFO] [stdout]    = note: this warning originates in the attribute macro `component` (in Nightly builds, run with -Z macro-backtrace for more info)
[INFO] [stdout] 
[INFO] [stdout] 
[INFO] [stdout] warning: unexpected `cfg` condition value: `tracing`
[INFO] [stdout]   --> src/app/mod.rs:96:1
[INFO] [stdout]    |
[INFO] [stdout] 96 | #[component]
[INFO] [stdout]    | ^^^^^^^^^^^^
[INFO] [stdout]    |
[INFO] [stdout]    = note: expected values for `feature` are: `default`, `hydrate`, and `ssr`
[INFO] [stdout]    = note: using a cfg inside a attribute macro will use the cfgs from the destination crate and not the ones from the defining crate
[INFO] [stdout]    = help: try referring to `component` crate for guidance on how handle this unexpected cfg
[INFO] [stdout]    = help: the attribute macro `component` may come from an old version of the `leptos_macro` crate, try updating your dependency with `cargo update -p leptos_macro`
[INFO] [stdout]    = note: see <https://doc.rust-lang.org/nightly/rustc/check-cfg/cargo-specifics.html> for more information about checking conditional configuration
[INFO] [stdout]    = note: this warning originates in the attribute macro `component` (in Nightly builds, run with -Z macro-backtrace for more info)
[INFO] [stdout] 
[INFO] [stdout] 
[INFO] [stdout] warning: unexpected `cfg` condition value: `tracing`
[INFO] [stdout]    --> src/app/mod.rs:144:1
[INFO] [stdout]     |
[INFO] [stdout] 144 | #[component]
[INFO] [stdout]     | ^^^^^^^^^^^^
[INFO] [stdout]     |
[INFO] [stdout]     = note: expected values for `feature` are: `default`, `hydrate`, and `ssr`
[INFO] [stdout]     = note: using a cfg inside a attribute macro will use the cfgs from the destination crate and not the ones from the defining crate
[INFO] [stdout]     = help: try referring to `component` crate for guidance on how handle this unexpected cfg
[INFO] [stdout]     = help: the attribute macro `component` may come from an old version of the `leptos_macro` crate, try updating your dependency with `cargo update -p leptos_macro`
[INFO] [stdout]     = note: see <https://doc.rust-lang.org/nightly/rustc/check-cfg/cargo-specifics.html> for more information about checking conditional configuration
[INFO] [stdout]     = note: this warning originates in the attribute macro `component` (in Nightly builds, run with -Z macro-backtrace for more info)
[INFO] [stdout] 
[INFO] [stdout] 
[INFO] [stdout] warning: unexpected `cfg` condition value: `tracing`
[INFO] [stdout]    --> src/app/mod.rs:163:1
[INFO] [stdout]     |
[INFO] [stdout] 163 | #[component]
[INFO] [stdout]     | ^^^^^^^^^^^^
[INFO] [stdout]     |
[INFO] [stdout]     = note: expected values for `feature` are: `default`, `hydrate`, and `ssr`
[INFO] [stdout]     = note: using a cfg inside a attribute macro will use the cfgs from the destination crate and not the ones from the defining crate
[INFO] [stdout]     = help: try referring to `component` crate for guidance on how handle this unexpected cfg
[INFO] [stdout]     = help: the attribute macro `component` may come from an old version of the `leptos_macro` crate, try updating your dependency with `cargo update -p leptos_macro`
[INFO] [stdout]     = note: see <https://doc.rust-lang.org/nightly/rustc/check-cfg/cargo-specifics.html> for more information about checking conditional configuration
[INFO] [stdout]     = note: this warning originates in the attribute macro `component` (in Nightly builds, run with -Z macro-backtrace for more info)
[INFO] [stdout] 
[INFO] [stdout] 
[INFO] [stdout] warning: unexpected `cfg` condition value: `tracing`
[INFO] [stdout]   --> src/app/components/status_bar.rs:10:1
[INFO] [stdout]    |
[INFO] [stdout] 10 | #[component]
[INFO] [stdout]    | ^^^^^^^^^^^^
[INFO] [stdout]    |
[INFO] [stdout]    = note: expected values for `feature` are: `default`, `hydrate`, and `ssr`
[INFO] [stdout]    = note: using a cfg inside a attribute macro will use the cfgs from the destination crate and not the ones from the defining crate
[INFO] [stdout]    = help: try referring to `component` crate for guidance on how handle this unexpected cfg
[INFO] [stdout]    = help: the attribute macro `component` may come from an old version of the `leptos_macro` crate, try updating your dependency with `cargo update -p leptos_macro`
[INFO] [stdout]    = note: see <https://doc.rust-lang.org/nightly/rustc/check-cfg/cargo-specifics.html> for more information about checking conditional configuration
[INFO] [stdout]    = note: this warning originates in the attribute macro `component` (in Nightly builds, run with -Z macro-backtrace for more info)
[INFO] [stdout] 
[INFO] [stdout] 
[INFO] [stdout] warning: unexpected `cfg` condition value: `tracing`
[INFO] [stdout]   --> src/app/components/torrents.rs:14:1
[INFO] [stdout]    |
[INFO] [stdout] 14 | #[component]
[INFO] [stdout]    | ^^^^^^^^^^^^
[INFO] [stdout]    |
[INFO] [stdout]    = note: expected values for `feature` are: `default`, `hydrate`, and `ssr`
[INFO] [stdout]    = note: using a cfg inside a attribute macro will use the cfgs from the destination crate and not the ones from the defining crate
[INFO] [stdout]    = help: try referring to `component` crate for guidance on how handle this unexpected cfg
[INFO] [stdout]    = help: the attribute macro `component` may come from an old version of the `leptos_macro` crate, try updating your dependency with `cargo update -p leptos_macro`
[INFO] [stdout]    = note: see <https://doc.rust-lang.org/nightly/rustc/check-cfg/cargo-specifics.html> for more information about checking conditional configuration
[INFO] [stdout]    = note: this warning originates in the attribute macro `component` (in Nightly builds, run with -Z macro-backtrace for more info)
[INFO] [stdout] 
[INFO] [stdout] 
[INFO] [stdout] warning: unexpected `cfg` condition value: `tracing`
[INFO] [stdout]   --> src/app/components/torrents.rs:49:1
[INFO] [stdout]    |
[INFO] [stdout] 49 | #[component]
[INFO] [stdout]    | ^^^^^^^^^^^^
[INFO] [stdout]    |
[INFO] [stdout]    = note: expected values for `feature` are: `default`, `hydrate`, and `ssr`
[INFO] [stdout]    = note: using a cfg inside a attribute macro will use the cfgs from the destination crate and not the ones from the defining crate
[INFO] [stdout]    = help: try referring to `component` crate for guidance on how handle this unexpected cfg
[INFO] [stdout]    = help: the attribute macro `component` may come from an old version of the `leptos_macro` crate, try updating your dependency with `cargo update -p leptos_macro`
[INFO] [stdout]    = note: see <https://doc.rust-lang.org/nightly/rustc/check-cfg/cargo-specifics.html> for more information about checking conditional configuration
[INFO] [stdout]    = note: this warning originates in the attribute macro `component` (in Nightly builds, run with -Z macro-backtrace for more info)
[INFO] [stdout] 
[INFO] [stdout] 
[INFO] [stdout] warning: unexpected `cfg` condition value: `tracing`
[INFO] [stdout]   --> src/app/components/torrents.rs:85:1
[INFO] [stdout]    |
[INFO] [stdout] 85 | #[component]
[INFO] [stdout]    | ^^^^^^^^^^^^
[INFO] [stdout]    |
[INFO] [stdout]    = note: expected values for `feature` are: `default`, `hydrate`, and `ssr`
[INFO] [stdout]    = note: using a cfg inside a attribute macro will use the cfgs from the destination crate and not the ones from the defining crate
[INFO] [stdout]    = help: try referring to `component` crate for guidance on how handle this unexpected cfg
[INFO] [stdout]    = help: the attribute macro `component` may come from an old version of the `leptos_macro` crate, try updating your dependency with `cargo update -p leptos_macro`
[INFO] [stdout]    = note: see <https://doc.rust-lang.org/nightly/rustc/check-cfg/cargo-specifics.html> for more information about checking conditional configuration
[INFO] [stdout]    = note: this warning originates in the attribute macro `component` (in Nightly builds, run with -Z macro-backtrace for more info)
[INFO] [stdout] 
[INFO] [stdout] 
[INFO] [stdout] warning: unused import: `rust_decimal::prelude::*`
[INFO] [stdout]  --> src/app/components/torrents.rs:5:5
[INFO] [stdout]   |
[INFO] [stdout] 5 | use rust_decimal::prelude::*;
[INFO] [stdout]   |     ^^^^^^^^^^^^^^^^^^^^^^^^
[INFO] [stdout]   |
[INFO] [stdout]   = note: `#[warn(unused_imports)]` on by default
[INFO] [stdout] 
[INFO] [stdout] 
[INFO] [stdout] warning: unused imports: `Text` and `View`
[INFO] [stdout]  --> src/app/components/torrents.rs:9:34
[INFO] [stdout]   |
[INFO] [stdout] 9 | use crate::app::ui::components::{Text, View};
[INFO] [stdout]   |                                  ^^^^  ^^^^
[INFO] [stdout] 
[INFO] [stdout] 
[INFO] [stdout] warning: unexpected `cfg` condition value: `tracing`
[INFO] [stdout]   --> src/app/error_template.rs:25:1
[INFO] [stdout]    |
[INFO] [stdout] 25 | #[component]
[INFO] [stdout]    | ^^^^^^^^^^^^
[INFO] [stdout]    |
[INFO] [stdout]    = note: expected values for `feature` are: `default`, `hydrate`, and `ssr`
[INFO] [stdout]    = note: using a cfg inside a attribute macro will use the cfgs from the destination crate and not the ones from the defining crate
[INFO] [stdout]    = help: try referring to `component` crate for guidance on how handle this unexpected cfg
[INFO] [stdout]    = help: the attribute macro `component` may come from an old version of the `leptos_macro` crate, try updating your dependency with `cargo update -p leptos_macro`
[INFO] [stdout]    = note: see <https://doc.rust-lang.org/nightly/rustc/check-cfg/cargo-specifics.html> for more information about checking conditional configuration
[INFO] [stdout]    = note: this warning originates in the attribute macro `component` (in Nightly builds, run with -Z macro-backtrace for more info)
[INFO] [stdout] 
[INFO] [stdout] 
[INFO] [stdout] warning: unused imports: `UseWebSocketError` and `use_websocket`
[INFO] [stdout]  --> src/app/signals/use_sync_maindata.rs:2:33
[INFO] [stdout]   |
[INFO] [stdout] 2 |     core::ConnectionReadyState, use_websocket, use_websocket_with_options, UseWebSocketError,
[INFO] [stdout]   |                                 ^^^^^^^^^^^^^                              ^^^^^^^^^^^^^^^^^
[INFO] [stdout] 
[INFO] [stdout] 
[INFO] [stdout] warning: unused imports: `status_bar::StatusBar` and `torrents::TorrentList`
[INFO] [stdout]   --> src/app/signals/use_sync_maindata.rs:11:18
[INFO] [stdout]    |
[INFO] [stdout] 11 |     components::{status_bar::StatusBar, torrents::TorrentList},
[INFO] [stdout]    |                  ^^^^^^^^^^^^^^^^^^^^^  ^^^^^^^^^^^^^^^^^^^^^
[INFO] [stdout] 
[INFO] [stdout] 
[INFO] [stdout] warning: unexpected `cfg` condition value: `tracing`
[INFO] [stdout]   --> src/app/ui/components/button.rs:49:1
[INFO] [stdout]    |
[INFO] [stdout] 49 | #[component]
[INFO] [stdout]    | ^^^^^^^^^^^^
[INFO] [stdout]    |
[INFO] [stdout]    = note: expected values for `feature` are: `default`, `hydrate`, and `ssr`
[INFO] [stdout]    = note: using a cfg inside a attribute macro will use the cfgs from the destination crate and not the ones from the defining crate
[INFO] [stdout]    = help: try referring to `component` crate for guidance on how handle this unexpected cfg
[INFO] [stdout]    = help: the attribute macro `component` may come from an old version of the `leptos_macro` crate, try updating your dependency with `cargo update -p leptos_macro`
[INFO] [stdout]    = note: see <https://doc.rust-lang.org/nightly/rustc/check-cfg/cargo-specifics.html> for more information about checking conditional configuration
[INFO] [stdout]    = note: this warning originates in the attribute macro `component` (in Nightly builds, run with -Z macro-backtrace for more info)
[INFO] [stdout] 
[INFO] [stdout] 
[INFO] [stdout] warning: unexpected `cfg` condition value: `tracing`
[INFO] [stdout]  --> src/app/ui/components/input.rs:7:1
[INFO] [stdout]   |
[INFO] [stdout] 7 | #[component]
[INFO] [stdout]   | ^^^^^^^^^^^^
[INFO] [stdout]   |
[INFO] [stdout]   = note: expected values for `feature` are: `default`, `hydrate`, and `ssr`
[INFO] [stdout]   = note: using a cfg inside a attribute macro will use the cfgs from the destination crate and not the ones from the defining crate
[INFO] [stdout]   = help: try referring to `component` crate for guidance on how handle this unexpected cfg
[INFO] [stdout]   = help: the attribute macro `component` may come from an old version of the `leptos_macro` crate, try updating your dependency with `cargo update -p leptos_macro`
[INFO] [stdout]   = note: see <https://doc.rust-lang.org/nightly/rustc/check-cfg/cargo-specifics.html> for more information about checking conditional configuration
[INFO] [stdout]   = note: this warning originates in the attribute macro `component` (in Nightly builds, run with -Z macro-backtrace for more info)
[INFO] [stdout] 
[INFO] [stdout] 
[INFO] [stdout] warning: unexpected `cfg` condition value: `tracing`
[INFO] [stdout]  --> src/app/ui/components/navbar.rs:4:1
[INFO] [stdout]   |
[INFO] [stdout] 4 | #[component]
[INFO] [stdout]   | ^^^^^^^^^^^^
[INFO] [stdout]   |
[INFO] [stdout]   = note: expected values for `feature` are: `default`, `hydrate`, and `ssr`
[INFO] [stdout]   = note: using a cfg inside a attribute macro will use the cfgs from the destination crate and not the ones from the defining crate
[INFO] [stdout]   = help: try referring to `component` crate for guidance on how handle this unexpected cfg
[INFO] [stdout]   = help: the attribute macro `component` may come from an old version of the `leptos_macro` crate, try updating your dependency with `cargo update -p leptos_macro`
[INFO] [stdout]   = note: see <https://doc.rust-lang.org/nightly/rustc/check-cfg/cargo-specifics.html> for more information about checking conditional configuration
[INFO] [stdout]   = note: this warning originates in the attribute macro `component` (in Nightly builds, run with -Z macro-backtrace for more info)
[INFO] [stdout] 
[INFO] [stdout] 
[INFO] [stdout] warning: unexpected `cfg` condition value: `tracing`
[INFO] [stdout]   --> src/app/ui/components/navbar.rs:14:1
[INFO] [stdout]    |
[INFO] [stdout] 14 | #[component]
[INFO] [stdout]    | ^^^^^^^^^^^^
[INFO] [stdout]    |
[INFO] [stdout]    = note: expected values for `feature` are: `default`, `hydrate`, and `ssr`
[INFO] [stdout]    = note: using a cfg inside a attribute macro will use the cfgs from the destination crate and not the ones from the defining crate
[INFO] [stdout]    = help: try referring to `component` crate for guidance on how handle this unexpected cfg
[INFO] [stdout]    = help: the attribute macro `component` may come from an old version of the `leptos_macro` crate, try updating your dependency with `cargo update -p leptos_macro`
[INFO] [stdout]    = note: see <https://doc.rust-lang.org/nightly/rustc/check-cfg/cargo-specifics.html> for more information about checking conditional configuration
[INFO] [stdout]    = note: this warning originates in the attribute macro `component` (in Nightly builds, run with -Z macro-backtrace for more info)
[INFO] [stdout] 
[INFO] [stdout] 
[INFO] [stdout] warning: unexpected `cfg` condition value: `tracing`
[INFO] [stdout]  --> src/app/ui/components/typography.rs:5:1
[INFO] [stdout]   |
[INFO] [stdout] 5 | #[component]
[INFO] [stdout]   | ^^^^^^^^^^^^
[INFO] [stdout]   |
[INFO] [stdout]   = note: expected values for `feature` are: `default`, `hydrate`, and `ssr`
[INFO] [stdout]   = note: using a cfg inside a attribute macro will use the cfgs from the destination crate and not the ones from the defining crate
[INFO] [stdout]   = help: try referring to `component` crate for guidance on how handle this unexpected cfg
[INFO] [stdout]   = help: the attribute macro `component` may come from an old version of the `leptos_macro` crate, try updating your dependency with `cargo update -p leptos_macro`
[INFO] [stdout]   = note: see <https://doc.rust-lang.org/nightly/rustc/check-cfg/cargo-specifics.html> for more information about checking conditional configuration
[INFO] [stdout]   = note: this warning originates in the attribute macro `component` (in Nightly builds, run with -Z macro-backtrace for more info)
[INFO] [stdout] 
[INFO] [stdout] 
[INFO] [stdout] warning: unexpected `cfg` condition value: `tracing`
[INFO] [stdout]   --> src/app/ui/components/typography.rs:21:1
[INFO] [stdout]    |
[INFO] [stdout] 21 | #[component]
[INFO] [stdout]    | ^^^^^^^^^^^^
[INFO] [stdout]    |
[INFO] [stdout]    = note: expected values for `feature` are: `default`, `hydrate`, and `ssr`
[INFO] [stdout]    = note: using a cfg inside a attribute macro will use the cfgs from the destination crate and not the ones from the defining crate
[INFO] [stdout]    = help: try referring to `component` crate for guidance on how handle this unexpected cfg
[INFO] [stdout]    = help: the attribute macro `component` may come from an old version of the `leptos_macro` crate, try updating your dependency with `cargo update -p leptos_macro`
[INFO] [stdout]    = note: see <https://doc.rust-lang.org/nightly/rustc/check-cfg/cargo-specifics.html> for more information about checking conditional configuration
[INFO] [stdout]    = note: this warning originates in the attribute macro `component` (in Nightly builds, run with -Z macro-backtrace for more info)
[INFO] [stdout] 
[INFO] [stdout] 
[INFO] [stdout] warning: unexpected `cfg` condition value: `tracing`
[INFO] [stdout]   --> src/app/ui/components/typography.rs:41:1
[INFO] [stdout]    |
[INFO] [stdout] 41 | #[component]
[INFO] [stdout]    | ^^^^^^^^^^^^
[INFO] [stdout]    |
[INFO] [stdout]    = note: expected values for `feature` are: `default`, `hydrate`, and `ssr`
[INFO] [stdout]    = note: using a cfg inside a attribute macro will use the cfgs from the destination crate and not the ones from the defining crate
[INFO] [stdout]    = help: try referring to `component` crate for guidance on how handle this unexpected cfg
[INFO] [stdout]    = help: the attribute macro `component` may come from an old version of the `leptos_macro` crate, try updating your dependency with `cargo update -p leptos_macro`
[INFO] [stdout]    = note: see <https://doc.rust-lang.org/nightly/rustc/check-cfg/cargo-specifics.html> for more information about checking conditional configuration
[INFO] [stdout]    = note: this warning originates in the attribute macro `component` (in Nightly builds, run with -Z macro-backtrace for more info)
[INFO] [stdout] 
[INFO] [stdout] 
[INFO] [stdout] warning: unexpected `cfg` condition value: `tracing`
[INFO] [stdout]   --> src/app/ui/components/typography.rs:57:1
[INFO] [stdout]    |
[INFO] [stdout] 57 | #[component]
[INFO] [stdout]    | ^^^^^^^^^^^^
[INFO] [stdout]    |
[INFO] [stdout]    = note: expected values for `feature` are: `default`, `hydrate`, and `ssr`
[INFO] [stdout]    = note: using a cfg inside a attribute macro will use the cfgs from the destination crate and not the ones from the defining crate
[INFO] [stdout]    = help: try referring to `component` crate for guidance on how handle this unexpected cfg
[INFO] [stdout]    = help: the attribute macro `component` may come from an old version of the `leptos_macro` crate, try updating your dependency with `cargo update -p leptos_macro`
[INFO] [stdout]    = note: see <https://doc.rust-lang.org/nightly/rustc/check-cfg/cargo-specifics.html> for more information about checking conditional configuration
[INFO] [stdout]    = note: this warning originates in the attribute macro `component` (in Nightly builds, run with -Z macro-backtrace for more info)
[INFO] [stdout] 
[INFO] [stdout] 
[INFO] [stdout] warning: unexpected `cfg` condition value: `tracing`
[INFO] [stdout]   --> src/app/ui/components/typography.rs:70:1
[INFO] [stdout]    |
[INFO] [stdout] 70 | #[component]
[INFO] [stdout]    | ^^^^^^^^^^^^
[INFO] [stdout]    |
[INFO] [stdout]    = note: expected values for `feature` are: `default`, `hydrate`, and `ssr`
[INFO] [stdout]    = note: using a cfg inside a attribute macro will use the cfgs from the destination crate and not the ones from the defining crate
[INFO] [stdout]    = help: try referring to `component` crate for guidance on how handle this unexpected cfg
[INFO] [stdout]    = help: the attribute macro `component` may come from an old version of the `leptos_macro` crate, try updating your dependency with `cargo update -p leptos_macro`
[INFO] [stdout]    = note: see <https://doc.rust-lang.org/nightly/rustc/check-cfg/cargo-specifics.html> for more information about checking conditional configuration
[INFO] [stdout]    = note: this warning originates in the attribute macro `component` (in Nightly builds, run with -Z macro-backtrace for more info)
[INFO] [stdout] 
[INFO] [stdout] 
[INFO] [stdout] warning: unexpected `cfg` condition value: `tracing`
[INFO] [stdout]  --> src/app/ui/components/view.rs:5:1
[INFO] [stdout]   |
[INFO] [stdout] 5 | #[component]
[INFO] [stdout]   | ^^^^^^^^^^^^
[INFO] [stdout]   |
[INFO] [stdout]   = note: expected values for `feature` are: `default`, `hydrate`, and `ssr`
[INFO] [stdout]   = note: using a cfg inside a attribute macro will use the cfgs from the destination crate and not the ones from the defining crate
[INFO] [stdout]   = help: try referring to `component` crate for guidance on how handle this unexpected cfg
[INFO] [stdout]   = help: the attribute macro `component` may come from an old version of the `leptos_macro` crate, try updating your dependency with `cargo update -p leptos_macro`
[INFO] [stdout]   = note: see <https://doc.rust-lang.org/nightly/rustc/check-cfg/cargo-specifics.html> for more information about checking conditional configuration
[INFO] [stdout]   = note: this warning originates in the attribute macro `component` (in Nightly builds, run with -Z macro-backtrace for more info)
[INFO] [stdout] 
[INFO] [stdout] 
[INFO] [stdout] warning: unused import: `input::*`
[INFO] [stdout]  --> src/app/ui/components/mod.rs:8:9
[INFO] [stdout]   |
[INFO] [stdout] 8 | pub use input::*;
[INFO] [stdout]   |         ^^^^^^^^
[INFO] [stdout] 
[INFO] [stdout] 
[INFO] [stdout] warning: unused imports: `Deserialize` and `Serialize`
[INFO] [stdout]   --> src/app/mod.rs:18:13
[INFO] [stdout]    |
[INFO] [stdout] 18 | use serde::{Deserialize, Serialize};
[INFO] [stdout]    |             ^^^^^^^^^^^  ^^^^^^^^^
[INFO] [stdout] 
[INFO] [stdout] 
[INFO] [stdout] warning: unused imports: `ServerState` and `Torrent`
[INFO] [stdout]   --> src/app/mod.rs:22:38
[INFO] [stdout]    |
[INFO] [stdout] 22 | use crate::app::signals::syncstate::{ServerState, SyncState, Torrent};
[INFO] [stdout]    |                                      ^^^^^^^^^^^             ^^^^^^^
[INFO] [stdout] 
[INFO] [stdout] 
[INFO] [stdout] warning: unused import: `Text`
[INFO] [stdout]   --> src/app/mod.rs:24:63
[INFO] [stdout]    |
[INFO] [stdout] 24 | use crate::app::ui::components::{Button, Navbar, NavbarBrand, Text, View};
[INFO] [stdout]    |                                                               ^^^^
[INFO] [stdout] 
[INFO] [stdout] 
[INFO] [stdout] warning: function `use_websocket` is never used
[INFO] [stdout]    --> src/app/hooks/use_websocket/mod.rs:234:8
[INFO] [stdout]     |
[INFO] [stdout] 234 | pub fn use_websocket<T, C>(
[INFO] [stdout]     |        ^^^^^^^^^^^^^
[INFO] [stdout]     |
[INFO] [stdout]     = note: `#[warn(dead_code)]` on by default
[INFO] [stdout] 
[INFO] [stdout] 
[INFO] [stdout] warning: variant `Infinite` is never constructed
[INFO] [stdout]    --> src/app/hooks/use_websocket/mod.rs:628:5
[INFO] [stdout]     |
[INFO] [stdout] 627 | pub enum ReconnectLimit {
[INFO] [stdout]     |          -------------- variant in this enum
[INFO] [stdout] 628 |     Infinite,
[INFO] [stdout]     |     ^^^^^^^^
[INFO] [stdout]     |
[INFO] [stdout]     = note: `ReconnectLimit` has derived impls for the traits `Debug` and `Clone`, but these are intentionally ignored during dead code analysis
[INFO] [stdout] 
[INFO] [stdout] 
[INFO] [stdout] warning: methods `on_error` and `on_message` are never used
[INFO] [stdout]    --> src/app/hooks/use_websocket/mod.rs:684:12
[INFO] [stdout]     |
[INFO] [stdout] 682 | impl<T: ?Sized, E, D> UseWebSocketOptions<T, E, D> {
[INFO] [stdout]     | -------------------------------------------------- methods in this implementation
[INFO] [stdout] 683 |     /// `WebSocket` error callback.
[INFO] [stdout] 684 |     pub fn on_error<F>(self, handler: F) -> Self
[INFO] [stdout]     |            ^^^^^^^^
[INFO] [stdout] ...
[INFO] [stdout] 695 |     pub fn on_message<F>(self, handler: F) -> Self
[INFO] [stdout]     |            ^^^^^^^^^^
[INFO] [stdout] 
[INFO] [stdout] 
[INFO] [stdout] warning: field `send` is never read
[INFO] [stdout]    --> src/app/hooks/use_websocket/mod.rs:743:9
[INFO] [stdout]     |
[INFO] [stdout] 725 | pub struct UseWebSocketReturn<T, OpenFn, CloseFn, SendFn>
[INFO] [stdout]     |            ------------------ field in this struct
[INFO] [stdout] ...
[INFO] [stdout] 743 |     pub send: SendFn,
[INFO] [stdout]     |         ^^^^
[INFO] [stdout]     |
[INFO] [stdout]     = note: `UseWebSocketReturn` has a derived impl for the trait `Clone`, but this is intentionally ignored during dead code analysis
[INFO] [stdout] 
[INFO] [stdout] 
[INFO] [stdout] warning: fields `connected`, `open`, and `close` are never read
[INFO] [stdout]   --> src/app/signals/use_sync_maindata.rs:22:9
[INFO] [stdout]    |
[INFO] [stdout] 16 | pub struct UseSyncMaindataReturn<OpenFn, CloseFn>
[INFO] [stdout]    |            --------------------- fields in this struct
[INFO] [stdout] ...
[INFO] [stdout] 22 |     pub connected: Signal<bool>,
[INFO] [stdout]    |         ^^^^^^^^^
[INFO] [stdout] 23 |     pub data: ReadSignal<SyncState>,
[INFO] [stdout] 24 |     pub open: OpenFn,
[INFO] [stdout]    |         ^^^^
[INFO] [stdout] 25 |     pub close: CloseFn,
[INFO] [stdout]    |         ^^^^^
[INFO] [stdout]    |
[INFO] [stdout]    = note: `UseSyncMaindataReturn` has a derived impl for the trait `Clone`, but this is intentionally ignored during dead code analysis
[INFO] [stdout] 
[INFO] [stdout] 
[INFO] [stdout] warning: variants `Sm`, `Lg`, and `Icon` are never constructed
[INFO] [stdout]   --> src/app/ui/components/button.rs:22:5
[INFO] [stdout]    |
[INFO] [stdout] 18 | pub enum BtnSize {
[INFO] [stdout]    |          ------- variants in this enum
[INFO] [stdout] ...
[INFO] [stdout] 22 |     Sm,
[INFO] [stdout]    |     ^^
[INFO] [stdout] 23 |     #[tw(class = "h-11 rounded-md px-8")]
[INFO] [stdout] 24 |     Lg,
[INFO] [stdout]    |     ^^
[INFO] [stdout] 25 |     #[tw(class = "h-10 w-10")]
[INFO] [stdout] 26 |     Icon,
[INFO] [stdout]    |     ^^^^
[INFO] [stdout] 
[INFO] [stdout] 
[INFO] [stdout] warning: variants `Destructive`, `Outline`, `Secondary`, `Ghost`, and `Link` are never constructed
[INFO] [stdout]   --> src/app/ui/components/button.rs:38:5
[INFO] [stdout]    |
[INFO] [stdout] 31 | pub enum BtnVariant {
[INFO] [stdout]    |          ---------- variants in this enum
[INFO] [stdout] ...
[INFO] [stdout] 38 |     Destructive,
[INFO] [stdout]    |     ^^^^^^^^^^^
[INFO] [stdout] 39 |     #[tw(class = "border border-input bg-background hover:bg-accent hover:text-accent-foreground")]
[INFO] [stdout] 40 |     Outline,
[INFO] [stdout]    |     ^^^^^^^
[INFO] [stdout] 41 |     #[tw(class = "bg-secondary text-secondary-foreground hover:bg-secondary/80")]
[INFO] [stdout] 42 |     Secondary,
[INFO] [stdout]    |     ^^^^^^^^^
[INFO] [stdout] 43 |     #[tw(class = "hover:bg-accent hover:text-accent-foreground")]
[INFO] [stdout] 44 |     Ghost,
[INFO] [stdout]    |     ^^^^^
[INFO] [stdout] 45 |     #[tw(class = "text-primary underline-offset-4 hover:underline")]
[INFO] [stdout] 46 |     Link,
[INFO] [stdout]    |     ^^^^
[INFO] [stdout] 
[INFO] [stdout] 
[INFO] [stdout] warning: constant `INPUT_CLASS` is never used
[INFO] [stdout]  --> src/app/ui/components/input.rs:5:11
[INFO] [stdout]   |
[INFO] [stdout] 5 | pub const INPUT_CLASS: &'static str = "flex h-10 w-full rounded-md border border-input bg-background px-3 py-2 text-sm ring-offset-backgr...
[INFO] [stdout]   |           ^^^^^^^^^^^
[INFO] [stdout] 
[INFO] [stdout] 
[INFO] [stdout] warning: multiple fields are never read
[INFO] [stdout]   --> src/app/ui/components/input.rs:9:23
[INFO] [stdout]    |
[INFO] [stdout] 7  | #[component]
[INFO] [stdout]    | ------------ fields in this struct
[INFO] [stdout] 8  | pub fn Input(
[INFO] [stdout] 9  |     #[prop(optional)] node_ref: NodeRef<html::Input>,
[INFO] [stdout]    |                       ^^^^^^^^
[INFO] [stdout] 10 |     #[prop(optional, into)] name: String,
[INFO] [stdout]    |                             ^^^^
[INFO] [stdout] 11 |     #[prop(optional, into)] class: String,
[INFO] [stdout]    |                             ^^^^^
[INFO] [stdout] 12 |     #[prop(optional, into)] minlength: String,
[INFO] [stdout]    |                             ^^^^^^^^^
[INFO] [stdout] 13 |     #[prop(optional, into)] maxlength: String,
[INFO] [stdout]    |                             ^^^^^^^^^
[INFO] [stdout] 14 |     #[prop(optional, into)] placeholder: String,
[INFO] [stdout]    |                             ^^^^^^^^^^^
[INFO] [stdout] 15 |     #[prop(optional, into)] value: String,
[INFO] [stdout]    |                             ^^^^^
[INFO] [stdout] 16 |     #[prop(default = false)] required: bool,
[INFO] [stdout]    |                              ^^^^^^^^
[INFO] [stdout] 17 |     #[prop(default = "text".to_string(), into)] html_type: String,
[INFO] [stdout]    |                                                 ^^^^^^^^^
[INFO] [stdout] 
[INFO] [stdout] 
[INFO] [stdout] warning: fields `class`, `node_ref`, and `children` are never read
[INFO] [stdout]  --> src/app/ui/components/typography.rs:7:29
[INFO] [stdout]   |
[INFO] [stdout] 5 | #[component]
[INFO] [stdout]   | ------------ fields in this struct
[INFO] [stdout] 6 | pub fn H1(
[INFO] [stdout] 7 |     #[prop(optional, into)] class: String,
[INFO] [stdout]   |                             ^^^^^
[INFO] [stdout] 8 |     #[prop(optional)] node_ref: NodeRef<html::H1>,
[INFO] [stdout]   |                       ^^^^^^^^
[INFO] [stdout] 9 |     children: Children,
[INFO] [stdout]   |     ^^^^^^^^
[INFO] [stdout] 
[INFO] [stdout] 
[INFO] [stdout] warning: fields `class`, `node_ref`, and `children` are never read
[INFO] [stdout]   --> src/app/ui/components/typography.rs:23:29
[INFO] [stdout]    |
[INFO] [stdout] 21 | #[component]
[INFO] [stdout]    | ------------ fields in this struct
[INFO] [stdout] 22 | pub fn H2(
[INFO] [stdout] 23 |     #[prop(optional, into)] class: String,
[INFO] [stdout]    |                             ^^^^^
[INFO] [stdout] 24 |     #[prop(optional)] node_ref: NodeRef<html::H2>,
[INFO] [stdout]    |                       ^^^^^^^^
[INFO] [stdout] 25 |     children: Children,
[INFO] [stdout]    |     ^^^^^^^^
[INFO] [stdout] 
[INFO] [stdout] 
[INFO] [stdout] warning: fields `class`, `node_ref`, and `children` are never read
[INFO] [stdout]   --> src/app/ui/components/typography.rs:43:29
[INFO] [stdout]    |
[INFO] [stdout] 41 | #[component]
[INFO] [stdout]    | ------------ fields in this struct
[INFO] [stdout] 42 | pub fn H3(
[INFO] [stdout] 43 |     #[prop(optional, into)] class: String,
[INFO] [stdout]    |                             ^^^^^
[INFO] [stdout] 44 |     #[prop(optional)] node_ref: NodeRef<html::H3>,
[INFO] [stdout]    |                       ^^^^^^^^
[INFO] [stdout] 45 |     children: Children,
[INFO] [stdout]    |     ^^^^^^^^
[INFO] [stdout] 
[INFO] [stdout] 
[INFO] [stdout] warning: fields `class`, `node_ref`, and `children` are never read
[INFO] [stdout]   --> src/app/ui/components/typography.rs:59:29
[INFO] [stdout]    |
[INFO] [stdout] 57 | #[component]
[INFO] [stdout]    | ------------ fields in this struct
[INFO] [stdout] 58 | pub fn Text(
[INFO] [stdout] 59 |     #[prop(optional, into)] class: String,
[INFO] [stdout]    |                             ^^^^^
[INFO] [stdout] 60 |     #[prop(optional)] node_ref: NodeRef<html::P>,
[INFO] [stdout]    |                       ^^^^^^^^
[INFO] [stdout] 61 |     children: Children,
[INFO] [stdout]    |     ^^^^^^^^
[INFO] [stdout] 
[INFO] [stdout] 
[INFO] [stdout] warning: fields `class`, `node_ref`, and `children` are never read
[INFO] [stdout]   --> src/app/ui/components/typography.rs:72:29
[INFO] [stdout]    |
[INFO] [stdout] 70 | #[component]
[INFO] [stdout]    | ------------ fields in this struct
[INFO] [stdout] 71 | pub fn TextSpan(
[INFO] [stdout] 72 |     #[prop(optional, into)] class: String,
[INFO] [stdout]    |                             ^^^^^
[INFO] [stdout] 73 |     #[prop(optional)] node_ref: NodeRef<html::Span>,
[INFO] [stdout]    |                       ^^^^^^^^
[INFO] [stdout] 74 |     children: Children,
[INFO] [stdout]    |     ^^^^^^^^
[INFO] [stdout] 
[INFO] [stdout] 
[INFO] [stderr]     Finished `test` profile [unoptimized + debuginfo] target(s) in 4.02s
[INFO] running `Command { std: "docker" "inspect" "3b4cc468a6beea512776824db1485e3659c4949899e66a9112170e4eb6054d3d", kill_on_drop: false }`
[INFO] running `Command { std: "docker" "rm" "-f" "3b4cc468a6beea512776824db1485e3659c4949899e66a9112170e4eb6054d3d", kill_on_drop: false }`
[INFO] [stdout] 3b4cc468a6beea512776824db1485e3659c4949899e66a9112170e4eb6054d3d
[INFO] running `Command { std: "docker" "create" "-v" "/var/lib/crater-agent-workspace/builds/worker-4-tc2/target:/opt/rustwide/target:rw,Z" "-v" "/var/lib/crater-agent-workspace/builds/worker-4-tc2/source:/opt/rustwide/workdir:ro,Z" "-v" "/var/lib/crater-agent-workspace/cargo-home:/opt/rustwide/cargo-home:ro,Z" "-v" "/var/lib/crater-agent-workspace/rustup-home:/opt/rustwide/rustup-home:ro,Z" "-e" "SOURCE_DIR=/opt/rustwide/workdir" "-e" "CARGO_TARGET_DIR=/opt/rustwide/target" "-e" "CARGO_INCREMENTAL=0" "-e" "RUST_BACKTRACE=full" "-e" "RUSTFLAGS=--cap-lints=forbid -Zrandomize-layout" "-e" "RUSTDOCFLAGS=--cap-lints=forbid" "-e" "CARGO_HOME=/opt/rustwide/cargo-home" "-e" "RUSTUP_HOME=/opt/rustwide/rustup-home" "-w" "/opt/rustwide/workdir" "-m" "1610612736" "--user" "0:0" "--network" "none" "ghcr.io/rust-lang/crates-build-env/linux@sha256:819108c5571ea2e421544af4d832f968d213c87fbe3707a016657f43d2f853bc" "/opt/rustwide/cargo-home/bin/cargo" "+nightly-2025-01-18" "test" "--frozen", kill_on_drop: false }`
[INFO] [stdout] 6b388f4208bd3e66f62e86c8bdc806314c5f65dda60cff82fbc544ba1bac4404
[INFO] running `Command { std: "docker" "start" "-a" "6b388f4208bd3e66f62e86c8bdc806314c5f65dda60cff82fbc544ba1bac4404", kill_on_drop: false }`
[INFO] [stderr] warning: unexpected `cfg` condition value: `tracing`
[INFO] [stderr]   --> src/app/mod.rs:44:1
[INFO] [stderr]    |
[INFO] [stderr] 44 | #[component]
[INFO] [stderr]    | ^^^^^^^^^^^^
[INFO] [stderr]    |
[INFO] [stderr]    = note: expected values for `feature` are: `default`, `hydrate`, and `ssr`
[INFO] [stderr]    = note: using a cfg inside a attribute macro will use the cfgs from the destination crate and not the ones from the defining crate
[INFO] [stderr]    = help: try referring to `component` crate for guidance on how handle this unexpected cfg
[INFO] [stderr]    = help: the attribute macro `component` may come from an old version of the `leptos_macro` crate, try updating your dependency with `cargo update -p leptos_macro`
[INFO] [stderr]    = note: see <https://doc.rust-lang.org/nightly/rustc/check-cfg/cargo-specifics.html> for more information about checking conditional configuration
[INFO] [stderr]    = note: `#[warn(unexpected_cfgs)]` on by default
[INFO] [stderr]    = note: this warning originates in the attribute macro `component` (in Nightly builds, run with -Z macro-backtrace for more info)
[INFO] [stderr] 
[INFO] [stderr] warning: unexpected `cfg` condition value: `tracing`
[INFO] [stderr]   --> src/app/mod.rs:96:1
[INFO] [stderr]    |
[INFO] [stderr] 96 | #[component]
[INFO] [stderr]    | ^^^^^^^^^^^^
[INFO] [stderr]    |
[INFO] [stderr]    = note: expected values for `feature` are: `default`, `hydrate`, and `ssr`
[INFO] [stderr]    = note: using a cfg inside a attribute macro will use the cfgs from the destination crate and not the ones from the defining crate
[INFO] [stderr]    = help: try referring to `component` crate for guidance on how handle this unexpected cfg
[INFO] [stderr]    = help: the attribute macro `component` may come from an old version of the `leptos_macro` crate, try updating your dependency with `cargo update -p leptos_macro`
[INFO] [stderr]    = note: see <https://doc.rust-lang.org/nightly/rustc/check-cfg/cargo-specifics.html> for more information about checking conditional configuration
[INFO] [stderr]    = note: this warning originates in the attribute macro `component` (in Nightly builds, run with -Z macro-backtrace for more info)
[INFO] [stderr] 
[INFO] [stderr] warning: unexpected `cfg` condition value: `tracing`
[INFO] [stderr]    --> src/app/mod.rs:144:1
[INFO] [stderr]     |
[INFO] [stderr] 144 | #[component]
[INFO] [stderr]     | ^^^^^^^^^^^^
[INFO] [stderr]     |
[INFO] [stderr]     = note: expected values for `feature` are: `default`, `hydrate`, and `ssr`
[INFO] [stderr]     = note: using a cfg inside a attribute macro will use the cfgs from the destination crate and not the ones from the defining crate
[INFO] [stderr]     = help: try referring to `component` crate for guidance on how handle this unexpected cfg
[INFO] [stderr]     = help: the attribute macro `component` may come from an old version of the `leptos_macro` crate, try updating your dependency with `cargo update -p leptos_macro`
[INFO] [stderr]     = note: see <https://doc.rust-lang.org/nightly/rustc/check-cfg/cargo-specifics.html> for more information about checking conditional configuration
[INFO] [stderr]     = note: this warning originates in the attribute macro `component` (in Nightly builds, run with -Z macro-backtrace for more info)
[INFO] [stderr] 
[INFO] [stderr] warning: unexpected `cfg` condition value: `tracing`
[INFO] [stderr]    --> src/app/mod.rs:163:1
[INFO] [stderr]     |
[INFO] [stderr] 163 | #[component]
[INFO] [stderr]     | ^^^^^^^^^^^^
[INFO] [stderr]     |
[INFO] [stderr]     = note: expected values for `feature` are: `default`, `hydrate`, and `ssr`
[INFO] [stderr]     = note: using a cfg inside a attribute macro will use the cfgs from the destination crate and not the ones from the defining crate
[INFO] [stderr]     = help: try referring to `component` crate for guidance on how handle this unexpected cfg
[INFO] [stderr]     = help: the attribute macro `component` may come from an old version of the `leptos_macro` crate, try updating your dependency with `cargo update -p leptos_macro`
[INFO] [stderr]     = note: see <https://doc.rust-lang.org/nightly/rustc/check-cfg/cargo-specifics.html> for more information about checking conditional configuration
[INFO] [stderr]     = note: this warning originates in the attribute macro `component` (in Nightly builds, run with -Z macro-backtrace for more info)
[INFO] [stderr] 
[INFO] [stderr] warning: unexpected `cfg` condition value: `tracing`
[INFO] [stderr]   --> src/app/components/status_bar.rs:10:1
[INFO] [stderr]    |
[INFO] [stderr] 10 | #[component]
[INFO] [stderr]    | ^^^^^^^^^^^^
[INFO] [stderr]    |
[INFO] [stderr]    = note: expected values for `feature` are: `default`, `hydrate`, and `ssr`
[INFO] [stderr]    = note: using a cfg inside a attribute macro will use the cfgs from the destination crate and not the ones from the defining crate
[INFO] [stderr]    = help: try referring to `component` crate for guidance on how handle this unexpected cfg
[INFO] [stderr]    = help: the attribute macro `component` may come from an old version of the `leptos_macro` crate, try updating your dependency with `cargo update -p leptos_macro`
[INFO] [stderr]    = note: see <https://doc.rust-lang.org/nightly/rustc/check-cfg/cargo-specifics.html> for more information about checking conditional configuration
[INFO] [stderr]    = note: this warning originates in the attribute macro `component` (in Nightly builds, run with -Z macro-backtrace for more info)
[INFO] [stderr] 
[INFO] [stderr] warning: unexpected `cfg` condition value: `tracing`
[INFO] [stderr]   --> src/app/components/torrents.rs:14:1
[INFO] [stderr]    |
[INFO] [stderr] 14 | #[component]
[INFO] [stderr]    | ^^^^^^^^^^^^
[INFO] [stderr]    |
[INFO] [stderr]    = note: expected values for `feature` are: `default`, `hydrate`, and `ssr`
[INFO] [stderr]    = note: using a cfg inside a attribute macro will use the cfgs from the destination crate and not the ones from the defining crate
[INFO] [stderr]    = help: try referring to `component` crate for guidance on how handle this unexpected cfg
[INFO] [stderr]    = help: the attribute macro `component` may come from an old version of the `leptos_macro` crate, try updating your dependency with `cargo update -p leptos_macro`
[INFO] [stderr]    = note: see <https://doc.rust-lang.org/nightly/rustc/check-cfg/cargo-specifics.html> for more information about checking conditional configuration
[INFO] [stderr]    = note: this warning originates in the attribute macro `component` (in Nightly builds, run with -Z macro-backtrace for more info)
[INFO] [stderr] 
[INFO] [stderr] warning: unexpected `cfg` condition value: `tracing`
[INFO] [stderr]   --> src/app/components/torrents.rs:49:1
[INFO] [stderr]    |
[INFO] [stderr] 49 | #[component]
[INFO] [stderr]    | ^^^^^^^^^^^^
[INFO] [stderr]    |
[INFO] [stderr]    = note: expected values for `feature` are: `default`, `hydrate`, and `ssr`
[INFO] [stderr]    = note: using a cfg inside a attribute macro will use the cfgs from the destination crate and not the ones from the defining crate
[INFO] [stderr]    = help: try referring to `component` crate for guidance on how handle this unexpected cfg
[INFO] [stderr]    = help: the attribute macro `component` may come from an old version of the `leptos_macro` crate, try updating your dependency with `cargo update -p leptos_macro`
[INFO] [stderr]    = note: see <https://doc.rust-lang.org/nightly/rustc/check-cfg/cargo-specifics.html> for more information about checking conditional configuration
[INFO] [stderr]    = note: this warning originates in the attribute macro `component` (in Nightly builds, run with -Z macro-backtrace for more info)
[INFO] [stderr] 
[INFO] [stderr] warning: unexpected `cfg` condition value: `tracing`
[INFO] [stderr]   --> src/app/components/torrents.rs:85:1
[INFO] [stderr]    |
[INFO] [stderr] 85 | #[component]
[INFO] [stderr]    | ^^^^^^^^^^^^
[INFO] [stderr]    |
[INFO] [stderr]    = note: expected values for `feature` are: `default`, `hydrate`, and `ssr`
[INFO] [stderr]    = note: using a cfg inside a attribute macro will use the cfgs from the destination crate and not the ones from the defining crate
[INFO] [stderr]    = help: try referring to `component` crate for guidance on how handle this unexpected cfg
[INFO] [stderr]    = help: the attribute macro `component` may come from an old version of the `leptos_macro` crate, try updating your dependency with `cargo update -p leptos_macro`
[INFO] [stderr]    = note: see <https://doc.rust-lang.org/nightly/rustc/check-cfg/cargo-specifics.html> for more information about checking conditional configuration
[INFO] [stderr]    = note: this warning originates in the attribute macro `component` (in Nightly builds, run with -Z macro-backtrace for more info)
[INFO] [stderr] 
[INFO] [stderr] warning: unused import: `rust_decimal::prelude::*`
[INFO] [stderr]  --> src/app/components/torrents.rs:5:5
[INFO] [stderr]   |
[INFO] [stderr] 5 | use rust_decimal::prelude::*;
[INFO] [stderr]   |     ^^^^^^^^^^^^^^^^^^^^^^^^
[INFO] [stderr]   |
[INFO] [stderr]   = note: `#[warn(unused_imports)]` on by default
[INFO] [stderr] 
[INFO] [stderr] warning: unused imports: `Text` and `View`
[INFO] [stderr]  --> src/app/components/torrents.rs:9:34
[INFO] [stderr]   |
[INFO] [stderr] 9 | use crate::app::ui::components::{Text, View};
[INFO] [stderr]   |                                  ^^^^  ^^^^
[INFO] [stderr] 
[INFO] [stderr] warning: unexpected `cfg` condition value: `tracing`
[INFO] [stderr]   --> src/app/error_template.rs:25:1
[INFO] [stderr]    |
[INFO] [stderr] 25 | #[component]
[INFO] [stderr]    | ^^^^^^^^^^^^
[INFO] [stderr]    |
[INFO] [stderr]    = note: expected values for `feature` are: `default`, `hydrate`, and `ssr`
[INFO] [stderr]    = note: using a cfg inside a attribute macro will use the cfgs from the destination crate and not the ones from the defining crate
[INFO] [stderr]    = help: try referring to `component` crate for guidance on how handle this unexpected cfg
[INFO] [stderr]    = help: the attribute macro `component` may come from an old version of the `leptos_macro` crate, try updating your dependency with `cargo update -p leptos_macro`
[INFO] [stderr]    = note: see <https://doc.rust-lang.org/nightly/rustc/check-cfg/cargo-specifics.html> for more information about checking conditional configuration
[INFO] [stderr]    = note: this warning originates in the attribute macro `component` (in Nightly builds, run with -Z macro-backtrace for more info)
[INFO] [stderr] 
[INFO] [stderr] warning: unused imports: `UseWebSocketError` and `use_websocket`
[INFO] [stderr]  --> src/app/signals/use_sync_maindata.rs:2:33
[INFO] [stderr]   |
[INFO] [stderr] 2 |     core::ConnectionReadyState, use_websocket, use_websocket_with_options, UseWebSocketError,
[INFO] [stderr]   |                                 ^^^^^^^^^^^^^                              ^^^^^^^^^^^^^^^^^
[INFO] [stderr] 
[INFO] [stderr] warning: unused imports: `status_bar::StatusBar` and `torrents::TorrentList`
[INFO] [stderr]   --> src/app/signals/use_sync_maindata.rs:11:18
[INFO] [stderr]    |
[INFO] [stderr] 11 |     components::{status_bar::StatusBar, torrents::TorrentList},
[INFO] [stderr]    |                  ^^^^^^^^^^^^^^^^^^^^^  ^^^^^^^^^^^^^^^^^^^^^
[INFO] [stderr] 
[INFO] [stderr] warning: unexpected `cfg` condition value: `tracing`
[INFO] [stderr]   --> src/app/ui/components/button.rs:49:1
[INFO] [stderr]    |
[INFO] [stderr] 49 | #[component]
[INFO] [stderr]    | ^^^^^^^^^^^^
[INFO] [stderr]    |
[INFO] [stderr]    = note: expected values for `feature` are: `default`, `hydrate`, and `ssr`
[INFO] [stderr]    = note: using a cfg inside a attribute macro will use the cfgs from the destination crate and not the ones from the defining crate
[INFO] [stderr]    = help: try referring to `component` crate for guidance on how handle this unexpected cfg
[INFO] [stderr]    = help: the attribute macro `component` may come from an old version of the `leptos_macro` crate, try updating your dependency with `cargo update -p leptos_macro`
[INFO] [stderr]    = note: see <https://doc.rust-lang.org/nightly/rustc/check-cfg/cargo-specifics.html> for more information about checking conditional configuration
[INFO] [stderr]    = note: this warning originates in the attribute macro `component` (in Nightly builds, run with -Z macro-backtrace for more info)
[INFO] [stderr] 
[INFO] [stderr] warning: unexpected `cfg` condition value: `tracing`
[INFO] [stderr]  --> src/app/ui/components/input.rs:7:1
[INFO] [stderr]   |
[INFO] [stderr] 7 | #[component]
[INFO] [stderr]   | ^^^^^^^^^^^^
[INFO] [stderr]   |
[INFO] [stderr]   = note: expected values for `feature` are: `default`, `hydrate`, and `ssr`
[INFO] [stderr]   = note: using a cfg inside a attribute macro will use the cfgs from the destination crate and not the ones from the defining crate
[INFO] [stderr]   = help: try referring to `component` crate for guidance on how handle this unexpected cfg
[INFO] [stderr]   = help: the attribute macro `component` may come from an old version of the `leptos_macro` crate, try updating your dependency with `cargo update -p leptos_macro`
[INFO] [stderr]   = note: see <https://doc.rust-lang.org/nightly/rustc/check-cfg/cargo-specifics.html> for more information about checking conditional configuration
[INFO] [stderr]   = note: this warning originates in the attribute macro `component` (in Nightly builds, run with -Z macro-backtrace for more info)
[INFO] [stderr] 
[INFO] [stderr] warning: unexpected `cfg` condition value: `tracing`
[INFO] [stderr]  --> src/app/ui/components/navbar.rs:4:1
[INFO] [stderr]   |
[INFO] [stderr] 4 | #[component]
[INFO] [stderr]   | ^^^^^^^^^^^^
[INFO] [stderr]   |
[INFO] [stderr]   = note: expected values for `feature` are: `default`, `hydrate`, and `ssr`
[INFO] [stderr]   = note: using a cfg inside a attribute macro will use the cfgs from the destination crate and not the ones from the defining crate
[INFO] [stderr]   = help: try referring to `component` crate for guidance on how handle this unexpected cfg
[INFO] [stderr]   = help: the attribute macro `component` may come from an old version of the `leptos_macro` crate, try updating your dependency with `cargo update -p leptos_macro`
[INFO] [stderr]   = note: see <https://doc.rust-lang.org/nightly/rustc/check-cfg/cargo-specifics.html> for more information about checking conditional configuration
[INFO] [stderr]   = note: this warning originates in the attribute macro `component` (in Nightly builds, run with -Z macro-backtrace for more info)
[INFO] [stderr] 
[INFO] [stderr] warning: unexpected `cfg` condition value: `tracing`
[INFO] [stderr]   --> src/app/ui/components/navbar.rs:14:1
[INFO] [stderr]    |
[INFO] [stderr] 14 | #[component]
[INFO] [stderr]    | ^^^^^^^^^^^^
[INFO] [stderr]    |
[INFO] [stderr]    = note: expected values for `feature` are: `default`, `hydrate`, and `ssr`
[INFO] [stderr]    = note: using a cfg inside a attribute macro will use the cfgs from the destination crate and not the ones from the defining crate
[INFO] [stderr]    = help: try referring to `component` crate for guidance on how handle this unexpected cfg
[INFO] [stderr]    = help: the attribute macro `component` may come from an old version of the `leptos_macro` crate, try updating your dependency with `cargo update -p leptos_macro`
[INFO] [stderr]    = note: see <https://doc.rust-lang.org/nightly/rustc/check-cfg/cargo-specifics.html> for more information about checking conditional configuration
[INFO] [stderr]    = note: this warning originates in the attribute macro `component` (in Nightly builds, run with -Z macro-backtrace for more info)
[INFO] [stderr] 
[INFO] [stderr] warning: unexpected `cfg` condition value: `tracing`
[INFO] [stderr]  --> src/app/ui/components/typography.rs:5:1
[INFO] [stderr]   |
[INFO] [stderr] 5 | #[component]
[INFO] [stderr]   | ^^^^^^^^^^^^
[INFO] [stderr]   |
[INFO] [stderr]   = note: expected values for `feature` are: `default`, `hydrate`, and `ssr`
[INFO] [stderr]   = note: using a cfg inside a attribute macro will use the cfgs from the destination crate and not the ones from the defining crate
[INFO] [stderr]   = help: try referring to `component` crate for guidance on how handle this unexpected cfg
[INFO] [stderr]   = help: the attribute macro `component` may come from an old version of the `leptos_macro` crate, try updating your dependency with `cargo update -p leptos_macro`
[INFO] [stderr]   = note: see <https://doc.rust-lang.org/nightly/rustc/check-cfg/cargo-specifics.html> for more information about checking conditional configuration
[INFO] [stderr]   = note: this warning originates in the attribute macro `component` (in Nightly builds, run with -Z macro-backtrace for more info)
[INFO] [stderr] 
[INFO] [stderr] warning: unexpected `cfg` condition value: `tracing`
[INFO] [stderr]   --> src/app/ui/components/typography.rs:21:1
[INFO] [stderr]    |
[INFO] [stderr] 21 | #[component]
[INFO] [stderr]    | ^^^^^^^^^^^^
[INFO] [stderr]    |
[INFO] [stderr]    = note: expected values for `feature` are: `default`, `hydrate`, and `ssr`
[INFO] [stderr]    = note: using a cfg inside a attribute macro will use the cfgs from the destination crate and not the ones from the defining crate
[INFO] [stderr]    = help: try referring to `component` crate for guidance on how handle this unexpected cfg
[INFO] [stderr]    = help: the attribute macro `component` may come from an old version of the `leptos_macro` crate, try updating your dependency with `cargo update -p leptos_macro`
[INFO] [stderr]    = note: see <https://doc.rust-lang.org/nightly/rustc/check-cfg/cargo-specifics.html> for more information about checking conditional configuration
[INFO] [stderr]    = note: this warning originates in the attribute macro `component` (in Nightly builds, run with -Z macro-backtrace for more info)
[INFO] [stderr] 
[INFO] [stderr] warning: unexpected `cfg` condition value: `tracing`
[INFO] [stderr]   --> src/app/ui/components/typography.rs:41:1
[INFO] [stderr]    |
[INFO] [stderr] 41 | #[component]
[INFO] [stderr]    | ^^^^^^^^^^^^
[INFO] [stderr]    |
[INFO] [stderr]    = note: expected values for `feature` are: `default`, `hydrate`, and `ssr`
[INFO] [stderr]    = note: using a cfg inside a attribute macro will use the cfgs from the destination crate and not the ones from the defining crate
[INFO] [stderr]    = help: try referring to `component` crate for guidance on how handle this unexpected cfg
[INFO] [stderr]    = help: the attribute macro `component` may come from an old version of the `leptos_macro` crate, try updating your dependency with `cargo update -p leptos_macro`
[INFO] [stderr]    = note: see <https://doc.rust-lang.org/nightly/rustc/check-cfg/cargo-specifics.html> for more information about checking conditional configuration
[INFO] [stderr]    = note: this warning originates in the attribute macro `component` (in Nightly builds, run with -Z macro-backtrace for more info)
[INFO] [stderr] 
[INFO] [stderr] warning: unexpected `cfg` condition value: `tracing`
[INFO] [stderr]   --> src/app/ui/components/typography.rs:57:1
[INFO] [stderr]    |
[INFO] [stderr] 57 | #[component]
[INFO] [stderr]    | ^^^^^^^^^^^^
[INFO] [stderr]    |
[INFO] [stderr]    = note: expected values for `feature` are: `default`, `hydrate`, and `ssr`
[INFO] [stderr]    = note: using a cfg inside a attribute macro will use the cfgs from the destination crate and not the ones from the defining crate
[INFO] [stderr]    = help: try referring to `component` crate for guidance on how handle this unexpected cfg
[INFO] [stderr]    = help: the attribute macro `component` may come from an old version of the `leptos_macro` crate, try updating your dependency with `cargo update -p leptos_macro`
[INFO] [stderr]    = note: see <https://doc.rust-lang.org/nightly/rustc/check-cfg/cargo-specifics.html> for more information about checking conditional configuration
[INFO] [stderr]    = note: this warning originates in the attribute macro `component` (in Nightly builds, run with -Z macro-backtrace for more info)
[INFO] [stderr] 
[INFO] [stderr] warning: unexpected `cfg` condition value: `tracing`
[INFO] [stderr]   --> src/app/ui/components/typography.rs:70:1
[INFO] [stderr]    |
[INFO] [stderr] 70 | #[component]
[INFO] [stderr]    | ^^^^^^^^^^^^
[INFO] [stderr]    |
[INFO] [stderr]    = note: expected values for `feature` are: `default`, `hydrate`, and `ssr`
[INFO] [stderr]    = note: using a cfg inside a attribute macro will use the cfgs from the destination crate and not the ones from the defining crate
[INFO] [stderr]    = help: try referring to `component` crate for guidance on how handle this unexpected cfg
[INFO] [stderr]    = help: the attribute macro `component` may come from an old version of the `leptos_macro` crate, try updating your dependency with `cargo update -p leptos_macro`
[INFO] [stderr]    = note: see <https://doc.rust-lang.org/nightly/rustc/check-cfg/cargo-specifics.html> for more information about checking conditional configuration
[INFO] [stderr]    = note: this warning originates in the attribute macro `component` (in Nightly builds, run with -Z macro-backtrace for more info)
[INFO] [stderr] 
[INFO] [stderr] warning: unexpected `cfg` condition value: `tracing`
[INFO] [stderr]  --> src/app/ui/components/view.rs:5:1
[INFO] [stderr]   |
[INFO] [stderr] 5 | #[component]
[INFO] [stderr]   | ^^^^^^^^^^^^
[INFO] [stderr]   |
[INFO] [stderr]   = note: expected values for `feature` are: `default`, `hydrate`, and `ssr`
[INFO] [stderr]   = note: using a cfg inside a attribute macro will use the cfgs from the destination crate and not the ones from the defining crate
[INFO] [stderr]   = help: try referring to `component` crate for guidance on how handle this unexpected cfg
[INFO] [stderr]   = help: the attribute macro `component` may come from an old version of the `leptos_macro` crate, try updating your dependency with `cargo update -p leptos_macro`
[INFO] [stderr]   = note: see <https://doc.rust-lang.org/nightly/rustc/check-cfg/cargo-specifics.html> for more information about checking conditional configuration
[INFO] [stderr]   = note: this warning originates in the attribute macro `component` (in Nightly builds, run with -Z macro-backtrace for more info)
[INFO] [stderr] 
[INFO] [stderr] warning: unused import: `input::*`
[INFO] [stderr]  --> src/app/ui/components/mod.rs:8:9
[INFO] [stderr]   |
[INFO] [stderr] 8 | pub use input::*;
[INFO] [stderr]   |         ^^^^^^^^
[INFO] [stderr] 
[INFO] [stderr] warning: unused imports: `Deserialize` and `Serialize`
[INFO] [stderr]   --> src/app/mod.rs:18:13
[INFO] [stderr]    |
[INFO] [stderr] 18 | use serde::{Deserialize, Serialize};
[INFO] [stderr]    |             ^^^^^^^^^^^  ^^^^^^^^^
[INFO] [stderr] 
[INFO] [stderr] warning: unused imports: `ServerState` and `Torrent`
[INFO] [stderr]   --> src/app/mod.rs:22:38
[INFO] [stderr]    |
[INFO] [stderr] 22 | use crate::app::signals::syncstate::{ServerState, SyncState, Torrent};
[INFO] [stderr]    |                                      ^^^^^^^^^^^             ^^^^^^^
[INFO] [stderr] 
[INFO] [stderr] warning: unused import: `Text`
[INFO] [stderr]   --> src/app/mod.rs:24:63
[INFO] [stderr]    |
[INFO] [stderr] 24 | use crate::app::ui::components::{Button, Navbar, NavbarBrand, Text, View};
[INFO] [stderr]    |                                                               ^^^^
[INFO] [stderr] 
[INFO] [stderr] warning: function `use_websocket` is never used
[INFO] [stderr]    --> src/app/hooks/use_websocket/mod.rs:234:8
[INFO] [stderr]     |
[INFO] [stderr] 234 | pub fn use_websocket<T, C>(
[INFO] [stderr]     |        ^^^^^^^^^^^^^
[INFO] [stderr]     |
[INFO] [stderr]     = note: `#[warn(dead_code)]` on by default
[INFO] [stderr] 
[INFO] [stderr] warning: variant `Infinite` is never constructed
[INFO] [stderr]    --> src/app/hooks/use_websocket/mod.rs:628:5
[INFO] [stderr]     |
[INFO] [stderr] 627 | pub enum ReconnectLimit {
[INFO] [stderr]     |          -------------- variant in this enum
[INFO] [stderr] 628 |     Infinite,
[INFO] [stderr]     |     ^^^^^^^^
[INFO] [stderr]     |
[INFO] [stderr]     = note: `ReconnectLimit` has derived impls for the traits `Debug` and `Clone`, but these are intentionally ignored during dead code analysis
[INFO] [stderr] 
[INFO] [stderr] warning: methods `on_error` and `on_message` are never used
[INFO] [stderr]    --> src/app/hooks/use_websocket/mod.rs:684:12
[INFO] [stderr]     |
[INFO] [stderr] 682 | impl<T: ?Sized, E, D> UseWebSocketOptions<T, E, D> {
[INFO] [stderr]     | -------------------------------------------------- methods in this implementation
[INFO] [stderr] 683 |     /// `WebSocket` error callback.
[INFO] [stderr] 684 |     pub fn on_error<F>(self, handler: F) -> Self
[INFO] [stderr]     |            ^^^^^^^^
[INFO] [stderr] ...
[INFO] [stderr] 695 |     pub fn on_message<F>(self, handler: F) -> Self
[INFO] [stderr]     |            ^^^^^^^^^^
[INFO] [stderr] 
[INFO] [stderr] warning: field `send` is never read
[INFO] [stderr]    --> src/app/hooks/use_websocket/mod.rs:743:9
[INFO] [stderr]     |
[INFO] [stderr] 725 | pub struct UseWebSocketReturn<T, OpenFn, CloseFn, SendFn>
[INFO] [stderr]     |            ------------------ field in this struct
[INFO] [stderr] ...
[INFO] [stderr] 743 |     pub send: SendFn,
[INFO] [stderr]     |         ^^^^
[INFO] [stderr]     |
[INFO] [stderr]     = note: `UseWebSocketReturn` has a derived impl for the trait `Clone`, but this is intentionally ignored during dead code analysis
[INFO] [stderr] 
[INFO] [stderr] warning: fields `connected`, `open`, and `close` are never read
[INFO] [stderr]   --> src/app/signals/use_sync_maindata.rs:22:9
[INFO] [stderr]    |
[INFO] [stderr] 16 | pub struct UseSyncMaindataReturn<OpenFn, CloseFn>
[INFO] [stderr]    |            --------------------- fields in this struct
[INFO] [stderr] ...
[INFO] [stderr] 22 |     pub connected: Signal<bool>,
[INFO] [stderr]    |         ^^^^^^^^^
[INFO] [stderr] 23 |     pub data: ReadSignal<SyncState>,
[INFO] [stderr] 24 |     pub open: OpenFn,
[INFO] [stderr]    |         ^^^^
[INFO] [stderr] 25 |     pub close: CloseFn,
[INFO] [stderr]    |         ^^^^^
[INFO] [stderr]    |
[INFO] [stderr]    = note: `UseSyncMaindataReturn` has a derived impl for the trait `Clone`, but this is intentionally ignored during dead code analysis
[INFO] [stderr] 
[INFO] [stderr] warning: variants `Sm`, `Lg`, and `Icon` are never constructed
[INFO] [stderr]   --> src/app/ui/components/button.rs:22:5
[INFO] [stderr]    |
[INFO] [stderr] 18 | pub enum BtnSize {
[INFO] [stderr]    |          ------- variants in this enum
[INFO] [stderr] ...
[INFO] [stderr] 22 |     Sm,
[INFO] [stderr]    |     ^^
[INFO] [stderr] 23 |     #[tw(class = "h-11 rounded-md px-8")]
[INFO] [stderr] 24 |     Lg,
[INFO] [stderr]    |     ^^
[INFO] [stderr] 25 |     #[tw(class = "h-10 w-10")]
[INFO] [stderr] 26 |     Icon,
[INFO] [stderr]    |     ^^^^
[INFO] [stderr] 
[INFO] [stderr] warning: variants `Destructive`, `Outline`, `Secondary`, `Ghost`, and `Link` are never constructed
[INFO] [stderr]   --> src/app/ui/components/button.rs:38:5
[INFO] [stderr]    |
[INFO] [stderr] 31 | pub enum BtnVariant {
[INFO] [stderr]    |          ---------- variants in this enum
[INFO] [stderr] ...
[INFO] [stderr] 38 |     Destructive,
[INFO] [stderr]    |     ^^^^^^^^^^^
[INFO] [stderr] 39 |     #[tw(class = "border border-input bg-background hover:bg-accent hover:text-accent-foreground")]
[INFO] [stderr] 40 |     Outline,
[INFO] [stderr]    |     ^^^^^^^
[INFO] [stderr] 41 |     #[tw(class = "bg-secondary text-secondary-foreground hover:bg-secondary/80")]
[INFO] [stderr] 42 |     Secondary,
[INFO] [stderr]    |     ^^^^^^^^^
[INFO] [stderr] 43 |     #[tw(class = "hover:bg-accent hover:text-accent-foreground")]
[INFO] [stderr] 44 |     Ghost,
[INFO] [stderr]    |     ^^^^^
[INFO] [stderr] 45 |     #[tw(class = "text-primary underline-offset-4 hover:underline")]
[INFO] [stderr] 46 |     Link,
[INFO] [stderr]    |     ^^^^
[INFO] [stderr] 
[INFO] [stderr] warning: constant `INPUT_CLASS` is never used
[INFO] [stderr]  --> src/app/ui/components/input.rs:5:11
[INFO] [stderr]   |
[INFO] [stderr] 5 | pub const INPUT_CLASS: &'static str = "flex h-10 w-full rounded-md border border-input bg-background px-3 py-2 text-sm ring-offset-backgr...
[INFO] [stderr]   |           ^^^^^^^^^^^
[INFO] [stderr] 
[INFO] [stderr] warning: multiple fields are never read
[INFO] [stderr]   --> src/app/ui/components/input.rs:9:23
[INFO] [stderr]    |
[INFO] [stderr] 7  | #[component]
[INFO] [stderr]    | ------------ fields in this struct
[INFO] [stderr] 8  | pub fn Input(
[INFO] [stderr] 9  |     #[prop(optional)] node_ref: NodeRef<html::Input>,
[INFO] [stderr]    |                       ^^^^^^^^
[INFO] [stderr] 10 |     #[prop(optional, into)] name: String,
[INFO] [stderr]    |                             ^^^^
[INFO] [stderr] 11 |     #[prop(optional, into)] class: String,
[INFO] [stderr]    |                             ^^^^^
[INFO] [stderr] 12 |     #[prop(optional, into)] minlength: String,
[INFO] [stderr]    |                             ^^^^^^^^^
[INFO] [stderr] 13 |     #[prop(optional, into)] maxlength: String,
[INFO] [stderr]    |                             ^^^^^^^^^
[INFO] [stderr] 14 |     #[prop(optional, into)] placeholder: String,
[INFO] [stderr]    |                             ^^^^^^^^^^^
[INFO] [stderr] 15 |     #[prop(optional, into)] value: String,
[INFO] [stderr]    |                             ^^^^^
[INFO] [stderr] 16 |     #[prop(default = false)] required: bool,
[INFO] [stderr]    |                              ^^^^^^^^
[INFO] [stderr] 17 |     #[prop(default = "text".to_string(), into)] html_type: String,
[INFO] [stderr]    |                                                 ^^^^^^^^^
[INFO] [stderr] 
[INFO] [stderr] warning: fields `class`, `node_ref`, and `children` are never read
[INFO] [stderr]  --> src/app/ui/components/typography.rs:7:29
[INFO] [stderr]   |
[INFO] [stderr] 5 | #[component]
[INFO] [stderr]   | ------------ fields in this struct
[INFO] [stderr] 6 | pub fn H1(
[INFO] [stderr] 7 |     #[prop(optional, into)] class: String,
[INFO] [stderr]   |                             ^^^^^
[INFO] [stderr] 8 |     #[prop(optional)] node_ref: NodeRef<html::H1>,
[INFO] [stderr]   |                       ^^^^^^^^
[INFO] [stderr] 9 |     children: Children,
[INFO] [stderr]   |     ^^^^^^^^
[INFO] [stderr] 
[INFO] [stderr] warning: fields `class`, `node_ref`, and `children` are never read
[INFO] [stderr]   --> src/app/ui/components/typography.rs:23:29
[INFO] [stderr]    |
[INFO] [stderr] 21 | #[component]
[INFO] [stderr]    | ------------ fields in this struct
[INFO] [stderr] 22 | pub fn H2(
[INFO] [stderr] 23 |     #[prop(optional, into)] class: String,
[INFO] [stderr]    |                             ^^^^^
[INFO] [stderr] 24 |     #[prop(optional)] node_ref: NodeRef<html::H2>,
[INFO] [stderr]    |                       ^^^^^^^^
[INFO] [stderr] 25 |     children: Children,
[INFO] [stderr]    |     ^^^^^^^^
[INFO] [stderr] 
[INFO] [stderr] warning: fields `class`, `node_ref`, and `children` are never read
[INFO] [stderr]   --> src/app/ui/components/typography.rs:43:29
[INFO] [stderr]    |
[INFO] [stderr] 41 | #[component]
[INFO] [stderr]    | ------------ fields in this struct
[INFO] [stderr] 42 | pub fn H3(
[INFO] [stderr] 43 |     #[prop(optional, into)] class: String,
[INFO] [stderr]    |                             ^^^^^
[INFO] [stderr] 44 |     #[prop(optional)] node_ref: NodeRef<html::H3>,
[INFO] [stderr]    |                       ^^^^^^^^
[INFO] [stderr] 45 |     children: Children,
[INFO] [stderr]    |     ^^^^^^^^
[INFO] [stderr] 
[INFO] [stderr] warning: fields `class`, `node_ref`, and `children` are never read
[INFO] [stderr]   --> src/app/ui/components/typography.rs:59:29
[INFO] [stderr]    |
[INFO] [stderr] 57 | #[component]
[INFO] [stderr]    | ------------ fields in this struct
[INFO] [stderr] 58 | pub fn Text(
[INFO] [stderr] 59 |     #[prop(optional, into)] class: String,
[INFO] [stderr]    |                             ^^^^^
[INFO] [stderr] 60 |     #[prop(optional)] node_ref: NodeRef<html::P>,
[INFO] [stderr]    |                       ^^^^^^^^
[INFO] [stderr] 61 |     children: Children,
[INFO] [stderr]    |     ^^^^^^^^
[INFO] [stderr] 
[INFO] [stderr] warning: fields `class`, `node_ref`, and `children` are never read
[INFO] [stderr]   --> src/app/ui/components/typography.rs:72:29
[INFO] [stderr]    |
[INFO] [stderr] 70 | #[component]
[INFO] [stderr]    | ------------ fields in this struct
[INFO] [stderr] 71 | pub fn TextSpan(
[INFO] [stderr] 72 |     #[prop(optional, into)] class: String,
[INFO] [stderr]    |                             ^^^^^
[INFO] [stderr] 73 |     #[prop(optional)] node_ref: NodeRef<html::Span>,
[INFO] [stderr]    |                       ^^^^^^^^
[INFO] [stderr] 74 |     children: Children,
[INFO] [stderr]    |     ^^^^^^^^
[INFO] [stderr] 
[INFO] [stderr] warning: `bittower` (lib) generated 41 warnings (run `cargo fix --lib -p bittower` to apply 8 suggestions)
[INFO] [stderr] warning: `bittower` (lib test) generated 41 warnings (41 duplicates)
[INFO] [stderr]     Finished `test` profile [unoptimized + debuginfo] target(s) in 1.04s
[INFO] [stdout] 
[INFO] [stderr]      Running unittests src/lib.rs (/opt/rustwide/target/debug/deps/bittower-7d020080e556f56e)
[INFO] [stdout] running 0 tests
[INFO] [stderr]      Running unittests src/main.rs (/opt/rustwide/target/debug/deps/bittower-ff184d0cb11b44f5)
[INFO] [stdout] 
[INFO] [stdout] test result: ok. 0 passed; 0 failed; 0 ignored; 0 measured; 0 filtered out; finished in 0.00s
[INFO] [stdout] 
[INFO] [stdout] 
[INFO] [stdout] running 0 tests
[INFO] [stderr]    Doc-tests bittower
[INFO] [stdout] 
[INFO] [stdout] test result: ok. 0 passed; 0 failed; 0 ignored; 0 measured; 0 filtered out; finished in 0.00s
[INFO] [stdout] 
[INFO] [stdout] 
[INFO] [stdout] running 5 tests
[INFO] [stdout] test src/app/hooks/use_websocket/mod.rs - app::hooks::use_websocket::use_websocket (line 204) ... FAILED
[INFO] [stdout] test src/app/hooks/use_websocket/mod.rs - app::hooks::use_websocket::use_websocket (line 85) ... FAILED
[INFO] [stdout] test src/app/hooks/use_websocket/mod.rs - app::hooks::use_websocket::use_websocket (line 140) ... ok
[INFO] [stdout] test src/app/hooks/use_websocket/mod.rs - app::hooks::use_websocket::use_websocket (line 168) ... FAILED
[INFO] [stdout] test src/app/hooks/use_websocket/mod.rs - app::hooks::use_websocket::use_websocket (line 35) ... FAILED
[INFO] [stdout] 
[INFO] [stdout] failures:
[INFO] [stdout] 
[INFO] [stdout] ---- src/app/hooks/use_websocket/mod.rs - app::hooks::use_websocket::use_websocket (line 204) stdout ----
[INFO] [stdout] error[E0432]: unresolved import `leptos_use`
[INFO] [stdout]  --> src/app/hooks/use_websocket/mod.rs:206:5
[INFO] [stdout]   |
[INFO] [stdout] 4 | use leptos_use::{use_websocket, UseWebSocketReturn};
[INFO] [stdout]   |     ^^^^^^^^^^ use of undeclared crate or module `leptos_use`
[INFO] [stdout] 
[INFO] [stdout] warning: unexpected `cfg` condition value: `tracing`
[INFO] [stdout]   --> src/app/hooks/use_websocket/mod.rs:221:1
[INFO] [stdout]    |
[INFO] [stdout] 19 | #[component]
[INFO] [stdout]    | ^^^^^^^^^^^^
[INFO] [stdout]    |
[INFO] [stdout]    = note: expected values for `feature` are: `default`, `hydrate`, and `ssr`
[INFO] [stdout]    = note: using a cfg inside a attribute macro will use the cfgs from the destination crate and not the ones from the defining crate
[INFO] [stdout]    = help: try referring to `component` crate for guidance on how handle this unexpected cfg
[INFO] [stdout]    = help: the attribute macro `component` may come from an old version of the `leptos_macro` crate, try updating your dependency with `cargo update -p leptos_macro`
[INFO] [stdout]    = note: see <https://doc.rust-lang.org/nightly/rustc/check-cfg/cargo-specifics.html> for more information about checking conditional configuration
[INFO] [stdout]    = note: `#[warn(unexpected_cfgs)]` on by default
[INFO] [stdout]    = note: this warning originates in the attribute macro `component` (in Nightly builds, run with -Z macro-backtrace for more info)
[INFO] [stdout] 
[INFO] [stdout] error: aborting due to 1 previous error; 1 warning emitted
[INFO] [stdout] 
[INFO] [stdout] For more information about this error, try `rustc --explain E0432`.
[INFO] [stdout] Couldn't compile the test.
[INFO] [stdout] ---- src/app/hooks/use_websocket/mod.rs - app::hooks::use_websocket::use_websocket (line 85) stdout ----
[INFO] [stdout] error[E0432]: unresolved import `leptos_use`
[INFO] [stdout]  --> src/app/hooks/use_websocket/mod.rs:88:5
[INFO] [stdout]   |
[INFO] [stdout] 5 | use leptos_use::{use_websocket, UseWebSocketReturn};
[INFO] [stdout]   |     ^^^^^^^^^^ use of undeclared crate or module `leptos_use`
[INFO] [stdout] 
[INFO] [stdout] warning: unexpected `cfg` condition value: `tracing`
[INFO] [stdout]  --> src/app/hooks/use_websocket/mod.rs:91:1
[INFO] [stdout]   |
[INFO] [stdout] 8 | #[component]
[INFO] [stdout]   | ^^^^^^^^^^^^
[INFO] [stdout]   |
[INFO] [stdout]   = note: expected values for `feature` are: `default`, `hydrate`, and `ssr`
[INFO] [stdout]   = note: using a cfg inside a attribute macro will use the cfgs from the destination crate and not the ones from the defining crate
[INFO] [stdout]   = help: try referring to `component` crate for guidance on how handle this unexpected cfg
[INFO] [stdout]   = help: the attribute macro `component` may come from an old version of the `leptos_macro` crate, try updating your dependency with `cargo update -p leptos_macro`
[INFO] [stdout]   = note: see <https://doc.rust-lang.org/nightly/rustc/check-cfg/cargo-specifics.html> for more information about checking conditional configuration
[INFO] [stdout]   = note: `#[warn(unexpected_cfgs)]` on by default
[INFO] [stdout]   = note: this warning originates in the attribute macro `component` (in Nightly builds, run with -Z macro-backtrace for more info)
[INFO] [stdout] 
[INFO] [stdout] error: aborting due to 1 previous error; 1 warning emitted
[INFO] [stdout] 
[INFO] [stdout] For more information about this error, try `rustc --explain E0432`.
[INFO] [stdout] Couldn't compile the test.
[INFO] [stdout] ---- src/app/hooks/use_websocket/mod.rs - app::hooks::use_websocket::use_websocket (line 168) stdout ----
[INFO] [stdout] error[E0432]: unresolved import `leptos_use`
[INFO] [stdout]  --> src/app/hooks/use_websocket/mod.rs:171:5
[INFO] [stdout]   |
[INFO] [stdout] 5 | use leptos_use::{use_websocket, UseWebSocketReturn};
[INFO] [stdout]   |     ^^^^^^^^^^ use of undeclared crate or module `leptos_use`
[INFO] [stdout] 
[INFO] [stdout] warning: unexpected `cfg` condition value: `tracing`
[INFO] [stdout]   --> src/app/hooks/use_websocket/mod.rs:188:1
[INFO] [stdout]    |
[INFO] [stdout] 22 | #[component]
[INFO] [stdout]    | ^^^^^^^^^^^^
[INFO] [stdout]    |
[INFO] [stdout]    = note: expected values for `feature` are: `default`, `hydrate`, and `ssr`
[INFO] [stdout]    = note: using a cfg inside a attribute macro will use the cfgs from the destination crate and not the ones from the defining crate
[INFO] [stdout]    = help: try referring to `component` crate for guidance on how handle this unexpected cfg
[INFO] [stdout]    = help: the attribute macro `component` may come from an old version of the `leptos_macro` crate, try updating your dependency with `cargo update -p leptos_macro`
[INFO] [stdout]    = note: see <https://doc.rust-lang.org/nightly/rustc/check-cfg/cargo-specifics.html> for more information about checking conditional configuration
[INFO] [stdout]    = note: `#[warn(unexpected_cfgs)]` on by default
[INFO] [stdout]    = note: this warning originates in the attribute macro `component` (in Nightly builds, run with -Z macro-backtrace for more info)
[INFO] [stdout] 
[INFO] [stdout] error[E0277]: `(dyn for<'a> Fn(&'a std::string::String) + 'static)` cannot be shared between threads safely
[INFO] [stdout]    --> src/app/hooks/use_websocket/mod.rs:196:17
[INFO] [stdout]     |
[INFO] [stdout] 30  | provide_context(WebsocketContext::new(message, Arc::new(send.clone())));
[INFO] [stdout]     | --------------- ^^^^^^^^^^^^^^^^^^^^^^^^^^^^^^^^^^^^^^^^^^^^^^^^^^^^^^ `(dyn for<'a> Fn(&'a std::string::String) + 'static)` cannot be shared between threads safely
[INFO] [stdout]     | |
[INFO] [stdout]     | required by a bound introduced by this call
[INFO] [stdout]     |
[INFO] [stdout]     = help: the trait `std::marker::Sync` is not implemented for `(dyn for<'a> Fn(&'a std::string::String) + 'static)`
[INFO] [stdout]     = note: required for `Arc<(dyn for<'a> Fn(&'a std::string::String) + 'static)>` to implement `Send`
[INFO] [stdout] note: required because it appears within the type `WebsocketContext`
[INFO] [stdout]    --> src/app/hooks/use_websocket/mod.rs:174:12
[INFO] [stdout]     |
[INFO] [stdout] 8   | pub struct WebsocketContext {
[INFO] [stdout]     |            ^^^^^^^^^^^^^^^^
[INFO] [stdout] note: required by a bound in `leptos::prelude::provide_context`
[INFO] [stdout]    --> /opt/rustwide/cargo-home/git/checkouts/leptos-79e4740403520456/3b1b2e2/reactive_graph/src/owner/context.rs:163:27
[INFO] [stdout]     |
[INFO] [stdout] 163 | pub fn provide_context<T: Send + Sync + 'static>(value: T) {
[INFO] [stdout]     |                           ^^^^ required by this bound in `provide_context`
[INFO] [stdout] help: use parentheses to call this trait object
[INFO] [stdout]     |
[INFO] [stdout] 30  | provide_context(WebsocketContext::new(message, Arc::new(send.clone()))(/* &std::string::String */));
[INFO] [stdout]     |                                                                       ++++++++++++++++++++++++++++
[INFO] [stdout] 
[INFO] [stdout] error[E0277]: `(dyn for<'a> Fn(&'a std::string::String) + 'static)` cannot be sent between threads safely
[INFO] [stdout]    --> src/app/hooks/use_websocket/mod.rs:196:17
[INFO] [stdout]     |
[INFO] [stdout] 30  | provide_context(WebsocketContext::new(message, Arc::new(send.clone())));
[INFO] [stdout]     | --------------- ^^^^^^^^^^^^^^^^^^^^^^^^^^^^^^^^^^^^^^^^^^^^^^^^^^^^^^ `(dyn for<'a> Fn(&'a std::string::String) + 'static)` cannot be sent between threads safely
[INFO] [stdout]     | |
[INFO] [stdout]     | required by a bound introduced by this call
[INFO] [stdout]     |
[INFO] [stdout]     = help: the trait `Send` is not implemented for `(dyn for<'a> Fn(&'a std::string::String) + 'static)`
[INFO] [stdout]     = note: required for `Arc<(dyn for<'a> Fn(&'a std::string::String) + 'static)>` to implement `Send`
[INFO] [stdout] note: required because it appears within the type `WebsocketContext`
[INFO] [stdout]    --> src/app/hooks/use_websocket/mod.rs:174:12
[INFO] [stdout]     |
[INFO] [stdout] 8   | pub struct WebsocketContext {
[INFO] [stdout]     |            ^^^^^^^^^^^^^^^^
[INFO] [stdout] note: required by a bound in `leptos::prelude::provide_context`
[INFO] [stdout]    --> /opt/rustwide/cargo-home/git/checkouts/leptos-79e4740403520456/3b1b2e2/reactive_graph/src/owner/context.rs:163:27
[INFO] [stdout]     |
[INFO] [stdout] 163 | pub fn provide_context<T: Send + Sync + 'static>(value: T) {
[INFO] [stdout]     |                           ^^^^ required by this bound in `provide_context`
[INFO] [stdout] help: use parentheses to call this trait object
[INFO] [stdout]     |
[INFO] [stdout] 30  | provide_context(WebsocketContext::new(message, Arc::new(send.clone()))(/* &std::string::String */));
[INFO] [stdout]     |                                                                       ++++++++++++++++++++++++++++
[INFO] [stdout] 
[INFO] [stdout] error: aborting due to 3 previous errors; 1 warning emitted
[INFO] [stdout] 
[INFO] [stdout] Some errors have detailed explanations: E0277, E0432.
[INFO] [stdout] For more information about an error, try `rustc --explain E0277`.
[INFO] [stdout] Couldn't compile the test.
[INFO] [stdout] ---- src/app/hooks/use_websocket/mod.rs - app::hooks::use_websocket::use_websocket (line 35) stdout ----
[INFO] [stdout] error[E0433]: failed to resolve: use of undeclared crate or module `leptos_use`
[INFO] [stdout]  --> src/app/hooks/use_websocket/mod.rs:39:5
[INFO] [stdout]   |
[INFO] [stdout] 6 | use leptos_use::core::ConnectionReadyState;
[INFO] [stdout]   |     ^^^^^^^^^^ use of undeclared crate or module `leptos_use`
[INFO] [stdout] 
[INFO] [stdout] error[E0432]: unresolved import `leptos_use`
[INFO] [stdout]  --> src/app/hooks/use_websocket/mod.rs:38:5
[INFO] [stdout]   |
[INFO] [stdout] 5 | use leptos_use::{use_websocket, UseWebSocketReturn};
[INFO] [stdout]   |     ^^^^^^^^^^ use of undeclared crate or module `leptos_use`
[INFO] [stdout] 
[INFO] [stdout] warning: unexpected `cfg` condition value: `tracing`
[INFO] [stdout]  --> src/app/hooks/use_websocket/mod.rs:41:1
[INFO] [stdout]   |
[INFO] [stdout] 8 | #[component]
[INFO] [stdout]   | ^^^^^^^^^^^^
[INFO] [stdout]   |
[INFO] [stdout]   = note: expected values for `feature` are: `default`, `hydrate`, and `ssr`
[INFO] [stdout]   = note: using a cfg inside a attribute macro will use the cfgs from the destination crate and not the ones from the defining crate
[INFO] [stdout]   = help: try referring to `component` crate for guidance on how handle this unexpected cfg
[INFO] [stdout]   = help: the attribute macro `component` may come from an old version of the `leptos_macro` crate, try updating your dependency with `cargo update -p leptos_macro`
[INFO] [stdout]   = note: see <https://doc.rust-lang.org/nightly/rustc/check-cfg/cargo-specifics.html> for more information about checking conditional configuration
[INFO] [stdout]   = note: `#[warn(unexpected_cfgs)]` on by default
[INFO] [stdout]   = note: this warning originates in the attribute macro `component` (in Nightly builds, run with -Z macro-backtrace for more info)
[INFO] [stdout] 
[INFO] [stdout] error: aborting due to 2 previous errors; 1 warning emitted
[INFO] [stdout] 
[INFO] [stdout] Some errors have detailed explanations: E0432, E0433.
[INFO] [stdout] For more information about an error, try `rustc --explain E0432`.
[INFO] [stdout] Couldn't compile the test.
[INFO] [stdout] 
[INFO] [stdout] failures:
[INFO] [stdout]     src/app/hooks/use_websocket/mod.rs - app::hooks::use_websocket::use_websocket (line 168)
[INFO] [stdout]     src/app/hooks/use_websocket/mod.rs - app::hooks::use_websocket::use_websocket (line 204)
[INFO] [stdout]     src/app/hooks/use_websocket/mod.rs - app::hooks::use_websocket::use_websocket (line 35)
[INFO] [stdout]     src/app/hooks/use_websocket/mod.rs - app::hooks::use_websocket::use_websocket (line 85)
[INFO] [stdout] 
[INFO] [stdout] test result: FAILED. 1 passed; 4 failed; 0 ignored; 0 measured; 0 filtered out; finished in 1.55s
[INFO] [stdout] 
[INFO] [stderr] error: doctest failed, to rerun pass `--doc`
[INFO] running `Command { std: "docker" "inspect" "6b388f4208bd3e66f62e86c8bdc806314c5f65dda60cff82fbc544ba1bac4404", kill_on_drop: false }`
[INFO] running `Command { std: "docker" "rm" "-f" "6b388f4208bd3e66f62e86c8bdc806314c5f65dda60cff82fbc544ba1bac4404", kill_on_drop: false }`
[INFO] [stdout] 6b388f4208bd3e66f62e86c8bdc806314c5f65dda60cff82fbc544ba1bac4404
