[INFO] cloning repository https://github.com/jteration/rs_http
[INFO] running `Command { std: "git" "-c" "credential.helper=" "-c" "credential.helper=/workspace/cargo-home/bin/git-credential-null" "clone" "--bare" "https://github.com/jteration/rs_http" "/workspace/cache/git-repos/https%3A%2F%2Fgithub.com%2Fjteration%2Frs_http", kill_on_drop: false }`
[INFO] [stderr] Cloning into bare repository '/workspace/cache/git-repos/https%3A%2F%2Fgithub.com%2Fjteration%2Frs_http'...
[INFO] running `Command { std: "git" "rev-parse" "HEAD", kill_on_drop: false }`
[INFO] [stdout] e1e343983b4fa0e4006fea018b19923238fe83d6
[INFO] testing jteration/rs_http against nightly-2025-01-18 for randomize-layout-2
[INFO] running `Command { std: "git" "clone" "/workspace/cache/git-repos/https%3A%2F%2Fgithub.com%2Fjteration%2Frs_http" "/workspace/builds/worker-1-tc1/source", kill_on_drop: false }`
[INFO] [stderr] Cloning into '/workspace/builds/worker-1-tc1/source'...
[INFO] [stderr] done.
[INFO] validating manifest of git repo https://github.com/jteration/rs_http on toolchain nightly-2025-01-18
[INFO] running `Command { std: CARGO_HOME="/workspace/cargo-home" RUSTUP_HOME="/workspace/rustup-home" "/workspace/cargo-home/bin/cargo" "+nightly-2025-01-18" "metadata" "--manifest-path" "Cargo.toml" "--no-deps", kill_on_drop: false }`
[INFO] started tweaking git repo https://github.com/jteration/rs_http
[INFO] finished tweaking git repo https://github.com/jteration/rs_http
[INFO] tweaked toml for git repo https://github.com/jteration/rs_http written to /workspace/builds/worker-1-tc1/source/Cargo.toml
[INFO] crate git repo https://github.com/jteration/rs_http already has a lockfile, it will not be regenerated
[INFO] running `Command { std: CARGO_HOME="/workspace/cargo-home" RUSTUP_HOME="/workspace/rustup-home" "/workspace/cargo-home/bin/cargo" "+nightly-2025-01-18" "fetch" "--manifest-path" "Cargo.toml", kill_on_drop: false }`
[INFO] running `Command { std: "docker" "create" "-v" "/var/lib/crater-agent-workspace/builds/worker-1-tc1/target:/opt/rustwide/target:rw,Z" "-v" "/var/lib/crater-agent-workspace/builds/worker-1-tc1/source:/opt/rustwide/workdir:ro,Z" "-v" "/var/lib/crater-agent-workspace/cargo-home:/opt/rustwide/cargo-home:ro,Z" "-v" "/var/lib/crater-agent-workspace/rustup-home:/opt/rustwide/rustup-home:ro,Z" "-e" "SOURCE_DIR=/opt/rustwide/workdir" "-e" "CARGO_TARGET_DIR=/opt/rustwide/target" "-e" "CARGO_HOME=/opt/rustwide/cargo-home" "-e" "RUSTUP_HOME=/opt/rustwide/rustup-home" "-w" "/opt/rustwide/workdir" "-m" "1610612736" "--user" "0:0" "--network" "none" "ghcr.io/rust-lang/crates-build-env/linux@sha256:819108c5571ea2e421544af4d832f968d213c87fbe3707a016657f43d2f853bc" "/opt/rustwide/cargo-home/bin/cargo" "+nightly-2025-01-18" "metadata" "--no-deps" "--format-version=1", kill_on_drop: false }`
[INFO] [stdout] afc7cbf13ffe7c5674d4ca718b44275bed45c890dc03e8038488dd446c106ecf
[INFO] running `Command { std: "docker" "start" "-a" "afc7cbf13ffe7c5674d4ca718b44275bed45c890dc03e8038488dd446c106ecf", kill_on_drop: false }`
[INFO] running `Command { std: "docker" "inspect" "afc7cbf13ffe7c5674d4ca718b44275bed45c890dc03e8038488dd446c106ecf", kill_on_drop: false }`
[INFO] running `Command { std: "docker" "rm" "-f" "afc7cbf13ffe7c5674d4ca718b44275bed45c890dc03e8038488dd446c106ecf", kill_on_drop: false }`
[INFO] [stdout] afc7cbf13ffe7c5674d4ca718b44275bed45c890dc03e8038488dd446c106ecf
[INFO] running `Command { std: "docker" "create" "-v" "/var/lib/crater-agent-workspace/builds/worker-1-tc1/target:/opt/rustwide/target:rw,Z" "-v" "/var/lib/crater-agent-workspace/builds/worker-1-tc1/source:/opt/rustwide/workdir:ro,Z" "-v" "/var/lib/crater-agent-workspace/cargo-home:/opt/rustwide/cargo-home:ro,Z" "-v" "/var/lib/crater-agent-workspace/rustup-home:/opt/rustwide/rustup-home:ro,Z" "-e" "SOURCE_DIR=/opt/rustwide/workdir" "-e" "CARGO_TARGET_DIR=/opt/rustwide/target" "-e" "CARGO_INCREMENTAL=0" "-e" "RUST_BACKTRACE=full" "-e" "RUSTFLAGS=--cap-lints=forbid" "-e" "RUSTDOCFLAGS=--cap-lints=forbid" "-e" "CARGO_HOME=/opt/rustwide/cargo-home" "-e" "RUSTUP_HOME=/opt/rustwide/rustup-home" "-w" "/opt/rustwide/workdir" "-m" "1610612736" "--user" "0:0" "--network" "none" "ghcr.io/rust-lang/crates-build-env/linux@sha256:819108c5571ea2e421544af4d832f968d213c87fbe3707a016657f43d2f853bc" "/opt/rustwide/cargo-home/bin/cargo" "+nightly-2025-01-18" "build" "--frozen" "--message-format=json", kill_on_drop: false }`
[INFO] [stdout] e9c1bdb1106ce420e5a86050e9d82601dd01f5a4704a20bbd85bb1d95029c267
[INFO] running `Command { std: "docker" "start" "-a" "e9c1bdb1106ce420e5a86050e9d82601dd01f5a4704a20bbd85bb1d95029c267", kill_on_drop: false }`
[INFO] [stderr]    Compiling rs_http v0.1.0 (/opt/rustwide/workdir)
[INFO] [stderr]     Finished `dev` profile [unoptimized + debuginfo] target(s) in 0.61s
[INFO] running `Command { std: "docker" "inspect" "e9c1bdb1106ce420e5a86050e9d82601dd01f5a4704a20bbd85bb1d95029c267", kill_on_drop: false }`
[INFO] running `Command { std: "docker" "rm" "-f" "e9c1bdb1106ce420e5a86050e9d82601dd01f5a4704a20bbd85bb1d95029c267", kill_on_drop: false }`
[INFO] [stdout] e9c1bdb1106ce420e5a86050e9d82601dd01f5a4704a20bbd85bb1d95029c267
[INFO] running `Command { std: "docker" "create" "-v" "/var/lib/crater-agent-workspace/builds/worker-1-tc1/target:/opt/rustwide/target:rw,Z" "-v" "/var/lib/crater-agent-workspace/builds/worker-1-tc1/source:/opt/rustwide/workdir:ro,Z" "-v" "/var/lib/crater-agent-workspace/cargo-home:/opt/rustwide/cargo-home:ro,Z" "-v" "/var/lib/crater-agent-workspace/rustup-home:/opt/rustwide/rustup-home:ro,Z" "-e" "SOURCE_DIR=/opt/rustwide/workdir" "-e" "CARGO_TARGET_DIR=/opt/rustwide/target" "-e" "CARGO_INCREMENTAL=0" "-e" "RUST_BACKTRACE=full" "-e" "RUSTFLAGS=--cap-lints=forbid" "-e" "RUSTDOCFLAGS=--cap-lints=forbid" "-e" "CARGO_HOME=/opt/rustwide/cargo-home" "-e" "RUSTUP_HOME=/opt/rustwide/rustup-home" "-w" "/opt/rustwide/workdir" "-m" "1610612736" "--user" "0:0" "--network" "none" "ghcr.io/rust-lang/crates-build-env/linux@sha256:819108c5571ea2e421544af4d832f968d213c87fbe3707a016657f43d2f853bc" "/opt/rustwide/cargo-home/bin/cargo" "+nightly-2025-01-18" "test" "--frozen" "--no-run" "--message-format=json", kill_on_drop: false }`
[INFO] [stdout] 9f6c5c3932fb800a0eccabc245294df2ccabe82a7579a2c52d6501f487640fec
[INFO] running `Command { std: "docker" "start" "-a" "9f6c5c3932fb800a0eccabc245294df2ccabe82a7579a2c52d6501f487640fec", kill_on_drop: false }`
[INFO] [stderr]    Compiling rs_http v0.1.0 (/opt/rustwide/workdir)
[INFO] [stderr]     Finished `test` profile [unoptimized + debuginfo] target(s) in 0.53s
[INFO] running `Command { std: "docker" "inspect" "9f6c5c3932fb800a0eccabc245294df2ccabe82a7579a2c52d6501f487640fec", kill_on_drop: false }`
[INFO] running `Command { std: "docker" "rm" "-f" "9f6c5c3932fb800a0eccabc245294df2ccabe82a7579a2c52d6501f487640fec", kill_on_drop: false }`
[INFO] [stdout] 9f6c5c3932fb800a0eccabc245294df2ccabe82a7579a2c52d6501f487640fec
[INFO] running `Command { std: "docker" "create" "-v" "/var/lib/crater-agent-workspace/builds/worker-1-tc1/target:/opt/rustwide/target:rw,Z" "-v" "/var/lib/crater-agent-workspace/builds/worker-1-tc1/source:/opt/rustwide/workdir:ro,Z" "-v" "/var/lib/crater-agent-workspace/cargo-home:/opt/rustwide/cargo-home:ro,Z" "-v" "/var/lib/crater-agent-workspace/rustup-home:/opt/rustwide/rustup-home:ro,Z" "-e" "SOURCE_DIR=/opt/rustwide/workdir" "-e" "CARGO_TARGET_DIR=/opt/rustwide/target" "-e" "CARGO_INCREMENTAL=0" "-e" "RUST_BACKTRACE=full" "-e" "RUSTFLAGS=--cap-lints=forbid" "-e" "RUSTDOCFLAGS=--cap-lints=forbid" "-e" "CARGO_HOME=/opt/rustwide/cargo-home" "-e" "RUSTUP_HOME=/opt/rustwide/rustup-home" "-w" "/opt/rustwide/workdir" "-m" "1610612736" "--user" "0:0" "--network" "none" "ghcr.io/rust-lang/crates-build-env/linux@sha256:819108c5571ea2e421544af4d832f968d213c87fbe3707a016657f43d2f853bc" "/opt/rustwide/cargo-home/bin/cargo" "+nightly-2025-01-18" "test" "--frozen", kill_on_drop: false }`
[INFO] [stdout] bbf3733e6631ebcd17231a6967cb6d2e42e50c1d329656e5fea4c0cb8bdf9040
[INFO] running `Command { std: "docker" "start" "-a" "bbf3733e6631ebcd17231a6967cb6d2e42e50c1d329656e5fea4c0cb8bdf9040", kill_on_drop: false }`
[INFO] [stderr]     Finished `test` profile [unoptimized + debuginfo] target(s) in 0.01s
[INFO] [stderr]      Running unittests src/lib.rs (/opt/rustwide/target/debug/deps/rs_http-7245c93e4126702a)
[INFO] [stdout] 
[INFO] [stderr]      Running unittests src/main.rs (/opt/rustwide/target/debug/deps/rs_http-0a6483db1a5f8eef)
[INFO] [stdout] running 0 tests
[INFO] [stdout] 
[INFO] [stdout] test result: ok. 0 passed; 0 failed; 0 ignored; 0 measured; 0 filtered out; finished in 0.00s
[INFO] [stdout] 
[INFO] [stdout] 
[INFO] [stdout] running 0 tests
[INFO] [stdout] 
[INFO] [stdout] test result: ok. 0 passed; 0 failed; 0 ignored; 0 measured; 0 filtered out; finished in 0.00s
[INFO] [stdout] 
[INFO] [stderr]      Running tests/test-responses.rs (/opt/rustwide/target/debug/deps/test_responses-dc21acdf1c8e7f3c)
[INFO] [stdout] 
[INFO] [stdout] running 1 test
[INFO] [stdout] test tests::test_response_one ... FAILED
[INFO] [stdout] 
[INFO] [stdout] failures:
[INFO] [stdout] 
[INFO] [stdout] ---- tests::test_response_one stdout ----
[INFO] [stdout] [72, 84, 84, 80, 47, 49, 46, 49, 32, 50, 48, 48, 32, 79, 75, 10, 68, 97, 116, 101, 58, 32, 84, 117, 101, 44, 32, 49, 48, 32, 65, 117, 103, 32, 50, 48, 50, 49, 32, 50, 49, 58, 51, 53, 58, 49, 50, 32, 71, 77, 84, 10, 67, 111, 110, 116, 101, 110, 116, 45, 84, 121, 112, 101, 58, 32, 97, 112, 112, 108, 105, 99, 97, 116, 105, 111, 110, 47, 106, 115, 111, 110, 10, 67, 111, 110, 116, 101, 110, 116, 45, 76, 101, 110, 103, 116, 104, 58, 32, 56, 57, 10, 67, 111, 110, 110, 101, 99, 116, 105, 111, 110, 58, 32, 107, 101, 101, 112, 45, 97, 108, 105, 118, 101, 10, 120, 45, 112, 111, 119, 101, 114, 101, 100, 45, 98, 121, 58, 32, 80, 72, 80, 47, 55, 46, 51, 46, 49, 55, 10, 99, 97, 99, 104, 101, 45, 99, 111, 110, 116, 114, 111, 108, 58, 32, 110, 111, 45, 99, 97, 99, 104, 101, 44, 32, 112, 114, 105, 118, 97, 116, 101, 10, 97, 99, 99, 101, 115, 115, 45, 99, 111, 110, 116, 114, 111, 108, 45, 97, 108, 108, 111, 119, 45, 111, 114, 105, 103, 105, 110, 58, 32, 42, 10, 118, 105, 97, 58, 32, 49, 46, 49, 32, 118, 97, 114, 110, 105, 115, 104, 32, 40, 86, 97, 114, 110, 105, 115, 104, 47, 54, 46, 51, 41, 44, 32, 49, 46, 49, 32, 118, 97, 114, 110, 105, 115, 104, 32, 40, 86, 97, 114, 110, 105, 115, 104, 47, 54, 46, 51, 41, 10, 120, 45, 99, 97, 99, 104, 101, 45, 104, 105, 116, 115, 58, 32, 48, 10, 120, 45, 99, 97, 99, 104, 101, 58, 32, 77, 73, 83, 83, 10, 97, 99, 99, 101, 112, 116, 45, 114, 97, 110, 103, 101, 115, 58, 32, 98, 121, 116, 101, 115, 10, 97, 103, 101, 58, 32, 48, 10, 118, 97, 114, 121, 58, 10, 67, 70, 45, 67, 97, 99, 104, 101, 45, 83, 116, 97, 116, 117, 115, 58, 32, 68, 89, 78, 65, 77, 73, 67, 10, 69, 120, 112, 101, 99, 116, 45, 67, 84, 58, 32, 109, 97, 120, 45, 97, 103, 101, 61, 54, 48, 52, 56, 48, 48, 44, 32, 114, 101, 112, 111, 114, 116, 45, 117, 114, 105, 61, 34, 104, 116, 116, 112, 115, 58, 47, 47, 114, 101, 112, 111, 114, 116, 45, 117, 114, 105, 46, 99, 108, 111, 117, 100, 102, 108, 97, 114, 101, 46, 99, 111, 109, 47, 99, 100, 110, 45, 99, 103, 105, 47, 98, 101, 97, 99, 111, 110, 47, 101, 120, 112, 101, 99, 116, 45, 99, 116, 34, 10, 82, 101, 112, 111, 114, 116, 45, 84, 111, 58, 32, 123, 34, 101, 110, 100, 112, 111, 105, 110, 116, 115, 34, 58, 91, 123, 34, 117, 114, 108, 34, 58, 34, 104, 116, 116, 112, 115, 58, 92, 47, 92, 47, 97, 46, 110, 101, 108, 46, 99, 108, 111, 117, 100, 102, 108, 97, 114, 101, 46, 99, 111, 109, 92, 47, 114, 101, 112, 111, 114, 116, 92, 47, 118, 51, 63, 115, 61, 108, 70, 119, 83, 105, 114, 117, 37, 50, 66, 49, 103, 101, 87, 67, 107, 104, 70, 112, 79, 98, 65, 122, 52, 119, 51, 86, 103, 84, 119, 122, 119, 90, 107, 84, 108, 50, 73, 115, 88, 107, 84, 106, 82, 76, 99, 114, 77, 99, 77, 108, 86, 109, 75, 55, 119, 107, 74, 81, 106, 89, 115, 77, 48, 116, 107, 37, 50, 66, 50, 100, 122, 83, 100, 101, 84, 73, 108, 105, 50, 54, 52, 56, 83, 87, 79, 119, 103, 108, 90, 37, 50, 70, 85, 48, 86, 114, 112, 37, 50, 66, 87, 50, 79, 88, 102, 74, 67, 80, 115, 109, 86, 56, 121, 90, 122, 112, 72, 112, 108, 117, 37, 50, 70, 76, 84, 113, 75, 88, 49, 34, 125, 93, 44, 34, 103, 114, 111, 117, 112, 34, 58, 34, 99, 102, 45, 110, 101, 108, 34, 44, 34, 109, 97, 120, 95, 97, 103, 101, 34, 58, 54, 48, 52, 56, 48, 48, 125, 10, 78, 69, 76, 58, 32, 123, 34, 115, 117, 99, 99, 101, 115, 115, 95, 102, 114, 97, 99, 116, 105, 111, 110, 34, 58, 48, 44, 34, 114, 101, 112, 111, 114, 116, 95, 116, 111, 34, 58, 34, 99, 102, 45, 110, 101, 108, 34, 44, 34, 109, 97, 120, 95, 97, 103, 101, 34, 58, 54, 48, 52, 56, 48, 48, 125, 10, 83, 101, 114, 118, 101, 114, 58, 32, 99, 108, 111, 117, 100, 102, 108, 97, 114, 101, 10, 67, 70, 45, 82, 65, 89, 58, 32, 54, 55, 99, 99, 53, 97, 52, 54, 102, 99, 48, 48, 50, 97, 101, 50, 45, 79, 82, 68, 10, 97, 108, 116, 45, 115, 118, 99, 58, 32, 104, 51, 45, 50, 55, 61, 34, 58, 52, 52, 51, 34, 59, 32, 109, 97, 61, 56, 54, 52, 48, 48, 44, 32, 104, 51, 45, 50, 56, 61, 34, 58, 52, 52, 51, 34, 59, 32, 109, 97, 61, 56, 54, 52, 48, 48, 44, 32, 104, 51, 45, 50, 57, 61, 34, 58, 52, 52, 51, 34, 59, 32, 109, 97, 61, 56, 54, 52, 48, 48, 44, 32, 104, 51, 61, 34, 58, 52, 52, 51, 34, 59, 32, 109, 97, 61, 56, 54, 52, 48, 48, 10, 10, 123, 34, 109, 101, 115, 115, 97, 103, 101, 34, 58, 34, 104, 116, 116, 112, 115, 58, 92, 47, 92, 47, 105, 109, 97, 103, 101, 115, 46, 100, 111, 103, 46, 99, 101, 111, 92, 47, 98, 114, 101, 101, 100, 115, 92, 47, 109, 97, 115, 116, 105, 102, 102, 45, 101, 110, 103, 108, 105, 115, 104, 92, 47, 49, 46, 106, 112, 103, 34, 44, 34, 115, 116, 97, 116, 117, 115, 34, 58, 34, 115, 117, 99, 99, 101, 115, 115, 34, 125]
[INFO] [stdout] 
[INFO] [stdout] thread 'tests::test_response_one' panicked at tests/test-responses.rs:60:67:
[INFO] [stdout] called `Result::unwrap()` on an `Err` value: "Unexpectedly reached end of message"
[INFO] [stdout] stack backtrace:
[INFO] [stdout]    0:     0x620e9f75058a - std::backtrace_rs::backtrace::libunwind::trace::hb059275cfc8d6126
[INFO] [stdout]                                at /rustc/6067b36314ab5eb2eb47cecc464545ba58e1ad24/library/std/src/../../backtrace/src/backtrace/libunwind.rs:116:5
[INFO] [stdout]    1:     0x620e9f75058a - std::backtrace_rs::backtrace::trace_unsynchronized::h2da071e4327ce3ee
[INFO] [stdout]                                at /rustc/6067b36314ab5eb2eb47cecc464545ba58e1ad24/library/std/src/../../backtrace/src/backtrace/mod.rs:66:5
[INFO] [stdout]    2:     0x620e9f75058a - std::sys::backtrace::_print_fmt::h842a1474e6f8d23f
[INFO] [stdout]                                at /rustc/6067b36314ab5eb2eb47cecc464545ba58e1ad24/library/std/src/sys/backtrace.rs:66:9
[INFO] [stdout]    3:     0x620e9f75058a - <std::sys::backtrace::BacktraceLock::print::DisplayBacktrace as core::fmt::Display>::fmt::h71a62eb3b9696b12
[INFO] [stdout]                                at /rustc/6067b36314ab5eb2eb47cecc464545ba58e1ad24/library/std/src/sys/backtrace.rs:39:26
[INFO] [stdout]    4:     0x620e9f778023 - core::fmt::rt::Argument::fmt::hdb6b616786b41dc1
[INFO] [stdout]                                at /rustc/6067b36314ab5eb2eb47cecc464545ba58e1ad24/library/core/src/fmt/rt.rs:177:76
[INFO] [stdout]    5:     0x620e9f778023 - core::fmt::write::h2cc1698af7e2d686
[INFO] [stdout]                                at /rustc/6067b36314ab5eb2eb47cecc464545ba58e1ad24/library/core/src/fmt/mod.rs:1440:21
[INFO] [stdout]    6:     0x620e9f74d0e3 - std::io::Write::write_fmt::hab1b4cd059a79022
[INFO] [stdout]                                at /rustc/6067b36314ab5eb2eb47cecc464545ba58e1ad24/library/std/src/io/mod.rs:1887:15
[INFO] [stdout]    7:     0x620e9f7503d2 - std::sys::backtrace::BacktraceLock::print::h147fe35b4ea13b08
[INFO] [stdout]                                at /rustc/6067b36314ab5eb2eb47cecc464545ba58e1ad24/library/std/src/sys/backtrace.rs:42:9
[INFO] [stdout]    8:     0x620e9f7519af - std::panicking::default_hook::{{closure}}::hbd44223dbdc0d208
[INFO] [stdout]                                at /rustc/6067b36314ab5eb2eb47cecc464545ba58e1ad24/library/std/src/panicking.rs:298:22
[INFO] [stdout]    9:     0x620e9f7517c8 - std::panicking::default_hook::h20f81eb0576efcec
[INFO] [stdout]                                at /rustc/6067b36314ab5eb2eb47cecc464545ba58e1ad24/library/std/src/panicking.rs:322:9
[INFO] [stdout]   10:     0x620e9f70dc93 - <alloc::boxed::Box<F,A> as core::ops::function::Fn<Args>>::call::hdb53814c496a4d34
[INFO] [stdout]                                at /rustc/6067b36314ab5eb2eb47cecc464545ba58e1ad24/library/alloc/src/boxed.rs:2027:9
[INFO] [stdout]   11:     0x620e9f70dc93 - test::test_main::{{closure}}::hc0a4963c59427c24
[INFO] [stdout]                                at /rustc/6067b36314ab5eb2eb47cecc464545ba58e1ad24/library/test/src/lib.rs:134:21
[INFO] [stdout]   12:     0x620e9f7524a3 - <alloc::boxed::Box<F,A> as core::ops::function::Fn<Args>>::call::h591b2225413a77e9
[INFO] [stdout]                                at /rustc/6067b36314ab5eb2eb47cecc464545ba58e1ad24/library/alloc/src/boxed.rs:2027:9
[INFO] [stdout]   13:     0x620e9f7524a3 - std::panicking::rust_panic_with_hook::h625eea43051b2edc
[INFO] [stdout]                                at /rustc/6067b36314ab5eb2eb47cecc464545ba58e1ad24/library/std/src/panicking.rs:839:13
[INFO] [stdout]   14:     0x620e9f75215a - std::panicking::begin_panic_handler::{{closure}}::h4f9159cfbc3f6bd3
[INFO] [stdout]                                at /rustc/6067b36314ab5eb2eb47cecc464545ba58e1ad24/library/std/src/panicking.rs:704:13
[INFO] [stdout]   15:     0x620e9f750a89 - std::sys::backtrace::__rust_end_short_backtrace::h0390abce48353151
[INFO] [stdout]                                at /rustc/6067b36314ab5eb2eb47cecc464545ba58e1ad24/library/std/src/sys/backtrace.rs:168:18
[INFO] [stdout]   16:     0x620e9f751ded - rust_begin_unwind
[INFO] [stdout]                                at /rustc/6067b36314ab5eb2eb47cecc464545ba58e1ad24/library/std/src/panicking.rs:695:5
[INFO] [stdout]   17:     0x620e9f7767c0 - core::panicking::panic_fmt::h9e7c637e9e5f29c9
[INFO] [stdout]                                at /rustc/6067b36314ab5eb2eb47cecc464545ba58e1ad24/library/core/src/panicking.rs:75:14
[INFO] [stdout]   18:     0x620e9f776b66 - core::result::unwrap_failed::h7979f09313fe1849
[INFO] [stdout]                                at /rustc/6067b36314ab5eb2eb47cecc464545ba58e1ad24/library/core/src/result.rs:1704:5
[INFO] [stdout]   19:     0x620e9f6d383b - core::result::Result<T,E>::unwrap::hef6f40f81af38bb5
[INFO] [stdout]                                at /rustc/6067b36314ab5eb2eb47cecc464545ba58e1ad24/library/core/src/result.rs:1109:23
[INFO] [stdout]   20:     0x620e9f6d383b - test_responses::tests::test_response_one::hfb57407a6fb75d3b
[INFO] [stdout]                                at /opt/rustwide/workdir/tests/test-responses.rs:60:42
[INFO] [stdout]   21:     0x620e9f6d2367 - test_responses::tests::test_response_one::{{closure}}::hab4161e52ecfd2fa
[INFO] [stdout]                                at /opt/rustwide/workdir/tests/test-responses.rs:12:24
[INFO] [stdout]   22:     0x620e9f6cf176 - core::ops::function::FnOnce::call_once::h75830eb0f6520d85
[INFO] [stdout]                                at /rustc/6067b36314ab5eb2eb47cecc464545ba58e1ad24/library/core/src/ops/function.rs:250:5
[INFO] [stdout]   23:     0x620e9f7133eb - core::ops::function::FnOnce::call_once::he27718dfdd183f43
[INFO] [stdout]                                at /rustc/6067b36314ab5eb2eb47cecc464545ba58e1ad24/library/core/src/ops/function.rs:250:5
[INFO] [stdout]   24:     0x620e9f7133eb - test::__rust_begin_short_backtrace::h4e84902998457a5d
[INFO] [stdout]                                at /rustc/6067b36314ab5eb2eb47cecc464545ba58e1ad24/library/test/src/lib.rs:632:18
[INFO] [stdout]   25:     0x620e9f712323 - test::run_test_in_process::{{closure}}::h7176fd18fc1feca0
[INFO] [stdout]                                at /rustc/6067b36314ab5eb2eb47cecc464545ba58e1ad24/library/test/src/lib.rs:655:60
[INFO] [stdout]   26:     0x620e9f712323 - <core::panic::unwind_safe::AssertUnwindSafe<F> as core::ops::function::FnOnce<()>>::call_once::hf79cff2a624d8cf7
[INFO] [stdout]                                at /rustc/6067b36314ab5eb2eb47cecc464545ba58e1ad24/library/core/src/panic/unwind_safe.rs:272:9
[INFO] [stdout]   27:     0x620e9f712323 - std::panicking::try::do_call::h3da0561d9ab99c25
[INFO] [stdout]                                at /rustc/6067b36314ab5eb2eb47cecc464545ba58e1ad24/library/std/src/panicking.rs:587:40
[INFO] [stdout]   28:     0x620e9f712323 - std::panicking::try::h41c9fa508bc61df6
[INFO] [stdout]                                at /rustc/6067b36314ab5eb2eb47cecc464545ba58e1ad24/library/std/src/panicking.rs:550:19
[INFO] [stdout]   29:     0x620e9f712323 - std::panic::catch_unwind::h6b3ff07bb5afad93
[INFO] [stdout]                                at /rustc/6067b36314ab5eb2eb47cecc464545ba58e1ad24/library/std/src/panic.rs:358:14
[INFO] [stdout]   30:     0x620e9f712323 - test::run_test_in_process::hc7253dd11b39b9f4
[INFO] [stdout]                                at /rustc/6067b36314ab5eb2eb47cecc464545ba58e1ad24/library/test/src/lib.rs:655:27
[INFO] [stdout]   31:     0x620e9f712323 - test::run_test::{{closure}}::hfb2007f8649c30bb
[INFO] [stdout]                                at /rustc/6067b36314ab5eb2eb47cecc464545ba58e1ad24/library/test/src/lib.rs:576:43
[INFO] [stdout]   32:     0x620e9f6d5405 - test::run_test::{{closure}}::h56a17aa7a282a9f4
[INFO] [stdout]                                at /rustc/6067b36314ab5eb2eb47cecc464545ba58e1ad24/library/test/src/lib.rs:606:41
[INFO] [stdout]   33:     0x620e9f6d5405 - std::sys::backtrace::__rust_begin_short_backtrace::hd2d2d2fb8e8c6aac
[INFO] [stdout]                                at /rustc/6067b36314ab5eb2eb47cecc464545ba58e1ad24/library/std/src/sys/backtrace.rs:152:18
[INFO] [stdout]   34:     0x620e9f6d8cea - std::thread::Builder::spawn_unchecked_::{{closure}}::{{closure}}::h4faa3f9db6133423
[INFO] [stdout]                                at /rustc/6067b36314ab5eb2eb47cecc464545ba58e1ad24/library/std/src/thread/mod.rs:559:17
[INFO] [stdout]   35:     0x620e9f6d8cea - <core::panic::unwind_safe::AssertUnwindSafe<F> as core::ops::function::FnOnce<()>>::call_once::hf2e855a36a4ea846
[INFO] [stdout]                                at /rustc/6067b36314ab5eb2eb47cecc464545ba58e1ad24/library/core/src/panic/unwind_safe.rs:272:9
[INFO] [stdout]   36:     0x620e9f6d8cea - std::panicking::try::do_call::h2f73af3616c35465
[INFO] [stdout]                                at /rustc/6067b36314ab5eb2eb47cecc464545ba58e1ad24/library/std/src/panicking.rs:587:40
[INFO] [stdout]   37:     0x620e9f6d8cea - std::panicking::try::hd1660ce9efadef5a
[INFO] [stdout]                                at /rustc/6067b36314ab5eb2eb47cecc464545ba58e1ad24/library/std/src/panicking.rs:550:19
[INFO] [stdout]   38:     0x620e9f6d8cea - std::panic::catch_unwind::h5ee8d7823b8ca744
[INFO] [stdout]                                at /rustc/6067b36314ab5eb2eb47cecc464545ba58e1ad24/library/std/src/panic.rs:358:14
[INFO] [stdout]   39:     0x620e9f6d8cea - std::thread::Builder::spawn_unchecked_::{{closure}}::h53c3a1894dce8407
[INFO] [stdout]                                at /rustc/6067b36314ab5eb2eb47cecc464545ba58e1ad24/library/std/src/thread/mod.rs:557:30
[INFO] [stdout]   40:     0x620e9f6d8cea - core::ops::function::FnOnce::call_once{{vtable.shim}}::h048ce291ad4f62bf
[INFO] [stdout]                                at /rustc/6067b36314ab5eb2eb47cecc464545ba58e1ad24/library/core/src/ops/function.rs:250:5
[INFO] [stdout]   41:     0x620e9f7563db - <alloc::boxed::Box<F,A> as core::ops::function::FnOnce<Args>>::call_once::ha52bedf99a3b4981
[INFO] [stdout]                                at /rustc/6067b36314ab5eb2eb47cecc464545ba58e1ad24/library/alloc/src/boxed.rs:2013:9
[INFO] [stdout]   42:     0x620e9f7563db - <alloc::boxed::Box<F,A> as core::ops::function::FnOnce<Args>>::call_once::h567748934d80ccf8
[INFO] [stdout]                                at /rustc/6067b36314ab5eb2eb47cecc464545ba58e1ad24/library/alloc/src/boxed.rs:2013:9
[INFO] [stdout]   43:     0x620e9f7563db - std::sys::pal::unix::thread::Thread::new::thread_start::h2d970728ae887adc
[INFO] [stdout]                                at /rustc/6067b36314ab5eb2eb47cecc464545ba58e1ad24/library/std/src/sys/pal/unix/thread.rs:106:17
[INFO] [stdout]   44:     0x77ede628bac3 - <unknown>
[INFO] [stdout]   45:     0x77ede631ca04 - clone
[INFO] [stdout]   46:                0x0 - <unknown>
[INFO] [stdout] 
[INFO] [stdout] 
[INFO] [stdout] failures:
[INFO] [stdout]     tests::test_response_one
[INFO] [stdout] 
[INFO] [stdout] test result: FAILED. 0 passed; 1 failed; 0 ignored; 0 measured; 0 filtered out; finished in 0.02s
[INFO] [stdout] 
[INFO] [stderr] error: test failed, to rerun pass `--test test-responses`
[INFO] running `Command { std: "docker" "inspect" "bbf3733e6631ebcd17231a6967cb6d2e42e50c1d329656e5fea4c0cb8bdf9040", kill_on_drop: false }`
[INFO] running `Command { std: "docker" "rm" "-f" "bbf3733e6631ebcd17231a6967cb6d2e42e50c1d329656e5fea4c0cb8bdf9040", kill_on_drop: false }`
[INFO] [stdout] bbf3733e6631ebcd17231a6967cb6d2e42e50c1d329656e5fea4c0cb8bdf9040
