[INFO] cloning repository https://github.com/jspencer-git/advent-of-code-2024
[INFO] running `Command { std: "git" "-c" "credential.helper=" "-c" "credential.helper=/workspace/cargo-home/bin/git-credential-null" "clone" "--bare" "https://github.com/jspencer-git/advent-of-code-2024" "/workspace/cache/git-repos/https%3A%2F%2Fgithub.com%2Fjspencer-git%2Fadvent-of-code-2024", kill_on_drop: false }`
[INFO] [stderr] Cloning into bare repository '/workspace/cache/git-repos/https%3A%2F%2Fgithub.com%2Fjspencer-git%2Fadvent-of-code-2024'...
[INFO] running `Command { std: "git" "rev-parse" "HEAD", kill_on_drop: false }`
[INFO] [stdout] ace76fdb710055c302151ea388f4b41c9821dc0e
[INFO] testing jspencer-git/advent-of-code-2024 against nightly-2025-01-18+rustflags=-Zrandomize-layout for randomize-layout-2
[INFO] running `Command { std: "git" "clone" "/workspace/cache/git-repos/https%3A%2F%2Fgithub.com%2Fjspencer-git%2Fadvent-of-code-2024" "/workspace/builds/worker-3-tc2/source", kill_on_drop: false }`
[INFO] [stderr] Cloning into '/workspace/builds/worker-3-tc2/source'...
[INFO] [stderr] done.
[INFO] validating manifest of git repo https://github.com/jspencer-git/advent-of-code-2024 on toolchain nightly-2025-01-18
[INFO] running `Command { std: CARGO_HOME="/workspace/cargo-home" RUSTUP_HOME="/workspace/rustup-home" "/workspace/cargo-home/bin/cargo" "+nightly-2025-01-18" "metadata" "--manifest-path" "Cargo.toml" "--no-deps", kill_on_drop: false }`
[INFO] started tweaking git repo https://github.com/jspencer-git/advent-of-code-2024
[INFO] finished tweaking git repo https://github.com/jspencer-git/advent-of-code-2024
[INFO] tweaked toml for git repo https://github.com/jspencer-git/advent-of-code-2024 written to /workspace/builds/worker-3-tc2/source/Cargo.toml
[INFO] crate git repo https://github.com/jspencer-git/advent-of-code-2024 already has a lockfile, it will not be regenerated
[INFO] running `Command { std: CARGO_HOME="/workspace/cargo-home" RUSTUP_HOME="/workspace/rustup-home" "/workspace/cargo-home/bin/cargo" "+nightly-2025-01-18" "fetch" "--manifest-path" "Cargo.toml", kill_on_drop: false }`
[INFO] running `Command { std: "docker" "create" "-v" "/var/lib/crater-agent-workspace/builds/worker-3-tc2/target:/opt/rustwide/target:rw,Z" "-v" "/var/lib/crater-agent-workspace/builds/worker-3-tc2/source:/opt/rustwide/workdir:ro,Z" "-v" "/var/lib/crater-agent-workspace/cargo-home:/opt/rustwide/cargo-home:ro,Z" "-v" "/var/lib/crater-agent-workspace/rustup-home:/opt/rustwide/rustup-home:ro,Z" "-e" "SOURCE_DIR=/opt/rustwide/workdir" "-e" "CARGO_TARGET_DIR=/opt/rustwide/target" "-e" "CARGO_HOME=/opt/rustwide/cargo-home" "-e" "RUSTUP_HOME=/opt/rustwide/rustup-home" "-w" "/opt/rustwide/workdir" "-m" "1610612736" "--user" "0:0" "--network" "none" "ghcr.io/rust-lang/crates-build-env/linux@sha256:819108c5571ea2e421544af4d832f968d213c87fbe3707a016657f43d2f853bc" "/opt/rustwide/cargo-home/bin/cargo" "+nightly-2025-01-18" "metadata" "--no-deps" "--format-version=1", kill_on_drop: false }`
[INFO] [stdout] be02d01804ca0c04ded533d06c49dc6cf37624bc3435a4deab06e77e9fca887f
[INFO] running `Command { std: "docker" "start" "-a" "be02d01804ca0c04ded533d06c49dc6cf37624bc3435a4deab06e77e9fca887f", kill_on_drop: false }`
[INFO] running `Command { std: "docker" "inspect" "be02d01804ca0c04ded533d06c49dc6cf37624bc3435a4deab06e77e9fca887f", kill_on_drop: false }`
[INFO] running `Command { std: "docker" "rm" "-f" "be02d01804ca0c04ded533d06c49dc6cf37624bc3435a4deab06e77e9fca887f", kill_on_drop: false }`
[INFO] [stdout] be02d01804ca0c04ded533d06c49dc6cf37624bc3435a4deab06e77e9fca887f
[INFO] running `Command { std: "docker" "create" "-v" "/var/lib/crater-agent-workspace/builds/worker-3-tc2/target:/opt/rustwide/target:rw,Z" "-v" "/var/lib/crater-agent-workspace/builds/worker-3-tc2/source:/opt/rustwide/workdir:ro,Z" "-v" "/var/lib/crater-agent-workspace/cargo-home:/opt/rustwide/cargo-home:ro,Z" "-v" "/var/lib/crater-agent-workspace/rustup-home:/opt/rustwide/rustup-home:ro,Z" "-e" "SOURCE_DIR=/opt/rustwide/workdir" "-e" "CARGO_TARGET_DIR=/opt/rustwide/target" "-e" "CARGO_INCREMENTAL=0" "-e" "RUST_BACKTRACE=full" "-e" "RUSTFLAGS=--cap-lints=forbid -Zrandomize-layout" "-e" "RUSTDOCFLAGS=--cap-lints=forbid" "-e" "CARGO_HOME=/opt/rustwide/cargo-home" "-e" "RUSTUP_HOME=/opt/rustwide/rustup-home" "-w" "/opt/rustwide/workdir" "-m" "1610612736" "--user" "0:0" "--network" "none" "ghcr.io/rust-lang/crates-build-env/linux@sha256:819108c5571ea2e421544af4d832f968d213c87fbe3707a016657f43d2f853bc" "/opt/rustwide/cargo-home/bin/cargo" "+nightly-2025-01-18" "build" "--frozen" "--message-format=json", kill_on_drop: false }`
[INFO] [stdout] bbc30b521f8721551ba807998c24c9967b08e4809220b3ef2c05e17656d0ed50
[INFO] running `Command { std: "docker" "start" "-a" "bbc30b521f8721551ba807998c24c9967b08e4809220b3ef2c05e17656d0ed50", kill_on_drop: false }`
[INFO] [stderr]    Compiling utils v0.1.0 (/opt/rustwide/workdir/utils)
[INFO] [stderr]    Compiling memchr v2.7.4
[INFO] [stderr]    Compiling regex-syntax v0.8.5
[INFO] [stderr]    Compiling lazy_static v1.5.0
[INFO] [stderr]    Compiling day-5 v0.1.0 (/opt/rustwide/workdir/day-5)
[INFO] [stderr]    Compiling day-1 v0.1.0 (/opt/rustwide/workdir/day-1)
[INFO] [stderr]    Compiling day-4 v0.1.0 (/opt/rustwide/workdir/day-4)
[INFO] [stderr]    Compiling day-2 v0.1.0 (/opt/rustwide/workdir/day-2)
[INFO] [stderr]    Compiling day-7 v0.1.0 (/opt/rustwide/workdir/day-7)
[INFO] [stdout] warning: unused import: `std::collections::VecDeque`
[INFO] [stdout]  --> day-4/src/main.rs:1:5
[INFO] [stdout]   |
[INFO] [stdout] 1 | use std::collections::VecDeque;
[INFO] [stdout]   |     ^^^^^^^^^^^^^^^^^^^^^^^^^^
[INFO] [stdout]   |
[INFO] [stdout]   = note: `#[warn(unused_imports)]` on by default
[INFO] [stdout] 
[INFO] [stdout] 
[INFO] [stdout] warning: unused imports: `thread` and `time::Duration`
[INFO] [stdout]  --> day-2/src/main.rs:1:31
[INFO] [stdout]   |
[INFO] [stdout] 1 | use std::{fs::File, io::Read, thread, time::Duration};
[INFO] [stdout]   |                               ^^^^^^  ^^^^^^^^^^^^^^
[INFO] [stdout]   |
[INFO] [stdout]   = note: `#[warn(unused_imports)]` on by default
[INFO] [stdout] 
[INFO] [stdout] 
[INFO] [stdout] warning: unused variable: `check_levels`
[INFO] [stdout]   --> day-2/src/main.rs:71:9
[INFO] [stdout]    |
[INFO] [stdout] 71 |     let check_levels = |diff_a: i64, diff_b: i64| {
[INFO] [stdout]    |         ^^^^^^^^^^^^ help: if this is intentional, prefix it with an underscore: `_check_levels`
[INFO] [stdout]    |
[INFO] [stdout]    = note: `#[warn(unused_variables)]` on by default
[INFO] [stdout] 
[INFO] [stdout] 
[INFO] [stdout] warning: function `try_solve_1` is never used
[INFO] [stdout]    --> day-2/src/main.rs:154:4
[INFO] [stdout]     |
[INFO] [stdout] 154 | fn try_solve_1(report_diffs: Vec<i64>, sign: i64) -> bool {
[INFO] [stdout]     |    ^^^^^^^^^^^
[INFO] [stdout]     |
[INFO] [stdout]     = note: `#[warn(dead_code)]` on by default
[INFO] [stdout] 
[INFO] [stdout] 
[INFO] [stdout] warning: function `solve` is never used
[INFO] [stdout]   --> day-4/src/main.rs:79:4
[INFO] [stdout]    |
[INFO] [stdout] 79 | fn solve(mut input: String) {
[INFO] [stdout]    |    ^^^^^
[INFO] [stdout]    |
[INFO] [stdout]    = note: `#[warn(dead_code)]` on by default
[INFO] [stdout] 
[INFO] [stdout] 
[INFO] [stdout] warning: constant `DIRS` is never used
[INFO] [stdout]    --> day-4/src/main.rs:129:11
[INFO] [stdout]     |
[INFO] [stdout] 129 |     const DIRS: [(i64, i64); 4] = [
[INFO] [stdout]     |           ^^^^
[INFO] [stdout] 
[INFO] [stdout] 
[INFO] [stdout] warning: function `part_one` is never used
[INFO] [stdout]    --> day-4/src/main.rs:282:4
[INFO] [stdout]     |
[INFO] [stdout] 282 | fn part_one() {
[INFO] [stdout]     |    ^^^^^^^^
[INFO] [stdout] 
[INFO] [stdout] 
[INFO] [stderr]    Compiling day-8 v0.1.0 (/opt/rustwide/workdir/day-8)
[INFO] [stdout] warning: unused imports: `collections::VecDeque`, `fs::File`, and `io::Read`
[INFO] [stdout]  --> day-8/src/main.rs:3:11
[INFO] [stdout]   |
[INFO] [stdout] 3 | use std::{collections::VecDeque, fs::File, io::Read};
[INFO] [stdout]   |           ^^^^^^^^^^^^^^^^^^^^^  ^^^^^^^^  ^^^^^^^^
[INFO] [stdout]   |
[INFO] [stdout]   = note: `#[warn(unused_imports)]` on by default
[INFO] [stdout] 
[INFO] [stdout] 
[INFO] [stdout] warning: unused import: `result`
[INFO] [stdout]  --> day-8/src/main.rs:4:16
[INFO] [stdout]   |
[INFO] [stdout] 4 | use std::{fmt, result};
[INFO] [stdout]   |                ^^^^^^
[INFO] [stdout] 
[INFO] [stdout] 
[INFO] [stdout] warning: unreachable pattern
[INFO] [stdout]   --> day-8/src/main.rs:30:13
[INFO] [stdout]    |
[INFO] [stdout] 30 |             _ => unreachable!(),
[INFO] [stdout]    |             ^ no value can reach this
[INFO] [stdout]    |
[INFO] [stdout] note: multiple earlier patterns match some of the same values
[INFO] [stdout]   --> day-8/src/main.rs:30:13
[INFO] [stdout]    |
[INFO] [stdout] 27 |             Self::Empty => '.',
[INFO] [stdout]    |             ----------- matches some of the same values
[INFO] [stdout] 28 |             Self::Object(ch) => *ch,
[INFO] [stdout]    |             ---------------- matches some of the same values
[INFO] [stdout] 29 |             Self::Antinode => '#',
[INFO] [stdout]    |             -------------- matches some of the same values
[INFO] [stdout] 30 |             _ => unreachable!(),
[INFO] [stdout]    |             ^ collectively making this unreachable
[INFO] [stdout]    = note: `#[warn(unreachable_patterns)]` on by default
[INFO] [stdout] 
[INFO] [stdout] 
[INFO] [stdout] warning: unused variable: `antenna_type`
[INFO] [stdout]   --> day-8/src/main.rs:60:10
[INFO] [stdout]    |
[INFO] [stdout] 60 |     for (antenna_type, locations) in antennas.iter() {
[INFO] [stdout]    |          ^^^^^^^^^^^^ help: if this is intentional, prefix it with an underscore: `_antenna_type`
[INFO] [stdout]    |
[INFO] [stdout]    = note: `#[warn(unused_variables)]` on by default
[INFO] [stdout] 
[INFO] [stdout] 
[INFO] [stderr]    Compiling day-9 v0.1.0 (/opt/rustwide/workdir/day-9)
[INFO] [stdout] warning: unused import: `BTreeSet`
[INFO] [stdout]  --> day-9/src/main.rs:1:34
[INFO] [stdout]   |
[INFO] [stdout] 1 | use std::collections::{BTreeMap, BTreeSet};
[INFO] [stdout]   |                                  ^^^^^^^^
[INFO] [stdout]   |
[INFO] [stdout]   = note: `#[warn(unused_imports)]` on by default
[INFO] [stdout] 
[INFO] [stdout] 
[INFO] [stderr]    Compiling day-12 v0.1.0 (/opt/rustwide/workdir/day-12)
[INFO] [stdout] warning: variable `down` is assigned to, but never used
[INFO] [stdout]   --> day-12/src/main.rs:33:13
[INFO] [stdout]    |
[INFO] [stdout] 33 |     let mut down: i64 = 0;
[INFO] [stdout]    |             ^^^^
[INFO] [stdout]    |
[INFO] [stdout]    = note: consider using `_down` instead
[INFO] [stdout]    = note: `#[warn(unused_variables)]` on by default
[INFO] [stdout] 
[INFO] [stdout] 
[INFO] [stdout] warning: value assigned to `down` is never read
[INFO] [stdout]   --> day-12/src/main.rs:36:9
[INFO] [stdout]    |
[INFO] [stdout] 36 |         down = solve(grid, plant, down_idx);
[INFO] [stdout]    |         ^^^^
[INFO] [stdout]    |
[INFO] [stdout]    = help: maybe it is overwritten before being read?
[INFO] [stdout]    = note: `#[warn(unused_assignments)]` on by default
[INFO] [stdout] 
[INFO] [stdout] 
[INFO] [stdout] warning: variable `right` is assigned to, but never used
[INFO] [stdout]   --> day-12/src/main.rs:39:13
[INFO] [stdout]    |
[INFO] [stdout] 39 |     let mut right: i64 = 0;
[INFO] [stdout]    |             ^^^^^
[INFO] [stdout]    |
[INFO] [stdout]    = note: consider using `_right` instead
[INFO] [stdout] 
[INFO] [stdout] 
[INFO] [stdout] warning: value assigned to `right` is never read
[INFO] [stdout]   --> day-12/src/main.rs:42:9
[INFO] [stdout]    |
[INFO] [stdout] 42 |         right = solve(grid, plant, right_idx);
[INFO] [stdout]    |         ^^^^^
[INFO] [stdout]    |
[INFO] [stdout]    = help: maybe it is overwritten before being read?
[INFO] [stdout] 
[INFO] [stdout] 
[INFO] [stdout] warning: unused variable: `input`
[INFO] [stdout]   --> day-12/src/main.rs:56:9
[INFO] [stdout]    |
[INFO] [stdout] 56 |     let input = get_input(path);
[INFO] [stdout]    |         ^^^^^ help: if this is intentional, prefix it with an underscore: `_input`
[INFO] [stdout] 
[INFO] [stdout] 
[INFO] [stdout] warning: function `solve` is never used
[INFO] [stdout]   --> day-12/src/main.rs:24:4
[INFO] [stdout]    |
[INFO] [stdout] 24 | fn solve(grid: &Grid<GridElem>, plant: char, idx: usize) -> i64 {
[INFO] [stdout]    |    ^^^^^
[INFO] [stdout]    |
[INFO] [stdout]    = note: `#[warn(dead_code)]` on by default
[INFO] [stdout] 
[INFO] [stdout] 
[INFO] [stdout] warning: function `part_one` is never used
[INFO] [stdout]   --> day-9/src/main.rs:50:4
[INFO] [stdout]    |
[INFO] [stdout] 50 | fn part_one(path: &str) {
[INFO] [stdout]    |    ^^^^^^^^
[INFO] [stdout]    |
[INFO] [stdout]    = note: `#[warn(dead_code)]` on by default
[INFO] [stdout] 
[INFO] [stdout] 
[INFO] [stderr]    Compiling day-11 v0.1.0 (/opt/rustwide/workdir/day-11)
[INFO] [stdout] warning: unused import: `std::collections::LinkedList`
[INFO] [stdout]  --> day-11/src/main.rs:1:5
[INFO] [stdout]   |
[INFO] [stdout] 1 | use std::collections::LinkedList;
[INFO] [stdout]   |     ^^^^^^^^^^^^^^^^^^^^^^^^^^^^
[INFO] [stdout]   |
[INFO] [stdout]   = note: `#[warn(unused_imports)]` on by default
[INFO] [stdout] 
[INFO] [stdout] 
[INFO] [stderr]    Compiling day-6 v0.1.0 (/opt/rustwide/workdir/day-6)
[INFO] [stdout] warning: unused imports: `HashSet`, `fmt`, and `str::FromStr`
[INFO] [stdout]  --> day-11/src/main.rs:3:28
[INFO] [stdout]   |
[INFO] [stdout] 3 |     collections::{HashMap, HashSet},
[INFO] [stdout]   |                            ^^^^^^^
[INFO] [stdout] 4 |     fmt,
[INFO] [stdout]   |     ^^^
[INFO] [stdout] 5 |     str::FromStr,
[INFO] [stdout]   |     ^^^^^^^^^^^^
[INFO] [stdout] 
[INFO] [stdout] 
[INFO] [stdout] warning: variable does not need to be mutable
[INFO] [stdout]   --> day-11/src/main.rs:52:9
[INFO] [stdout]    |
[INFO] [stdout] 52 |     let mut input: Vec<i64> = input
[INFO] [stdout]    |         ----^^^^^
[INFO] [stdout]    |         |
[INFO] [stdout]    |         help: remove this `mut`
[INFO] [stdout]    |
[INFO] [stdout]    = note: `#[warn(unused_mut)]` on by default
[INFO] [stdout] 
[INFO] [stdout] 
[INFO] [stdout] warning: unused import: `HashMap`
[INFO] [stdout]  --> day-6/src/main.rs:1:24
[INFO] [stdout]   |
[INFO] [stdout] 1 | use std::collections::{HashMap, HashSet};
[INFO] [stdout]   |                        ^^^^^^^
[INFO] [stdout]   |
[INFO] [stdout]   = note: `#[warn(unused_imports)]` on by default
[INFO] [stdout] 
[INFO] [stdout] 
[INFO] [stdout] warning: unused import: `std::io::Empty`
[INFO] [stdout]  --> day-6/src/main.rs:3:5
[INFO] [stdout]   |
[INFO] [stdout] 3 | use std::io::Empty;
[INFO] [stdout]   |     ^^^^^^^^^^^^^^
[INFO] [stdout] 
[INFO] [stdout] 
[INFO] [stdout] warning: unused import: `std::thread::current`
[INFO] [stdout]  --> day-6/src/main.rs:5:5
[INFO] [stdout]   |
[INFO] [stdout] 5 | use std::thread::current;
[INFO] [stdout]   |     ^^^^^^^^^^^^^^^^^^^^
[INFO] [stdout] 
[INFO] [stdout] 
[INFO] [stdout] warning: unused imports: `fs::File` and `io::Read`
[INFO] [stdout]  --> day-6/src/main.rs:6:11
[INFO] [stdout]   |
[INFO] [stdout] 6 | use std::{fs::File, io::Read};
[INFO] [stdout]   |           ^^^^^^^^  ^^^^^^^^
[INFO] [stdout] 
[INFO] [stdout] 
[INFO] [stdout] warning: function `part_one` is never used
[INFO] [stdout]  --> day-11/src/main.rs:9:4
[INFO] [stdout]   |
[INFO] [stdout] 9 | fn part_one(path: &str) {
[INFO] [stdout]   |    ^^^^^^^^
[INFO] [stdout]   |
[INFO] [stdout]   = note: `#[warn(dead_code)]` on by default
[INFO] [stdout] 
[INFO] [stdout] 
[INFO] [stderr]    Compiling aho-corasick v1.1.3
[INFO] [stdout] warning: unreachable pattern
[INFO] [stdout]   --> day-6/src/main.rs:35:13
[INFO] [stdout]    |
[INFO] [stdout] 35 |             _ => unreachable!(),
[INFO] [stdout]    |             ^ no value can reach this
[INFO] [stdout]    |
[INFO] [stdout] note: multiple earlier patterns match some of the same values
[INFO] [stdout]   --> day-6/src/main.rs:35:13
[INFO] [stdout]    |
[INFO] [stdout] 31 |             Self::Obstacle => '#',
[INFO] [stdout]    |             -------------- matches some of the same values
[INFO] [stdout] 32 |             Self::Visited => 'X',
[INFO] [stdout]    |             ------------- matches some of the same values
[INFO] [stdout] 33 |             Self::Guard => '^',
[INFO] [stdout]    |             ----------- matches some of the same values
[INFO] [stdout] 34 |             Self::Empty => '.',
[INFO] [stdout]    |             ----------- matches some of the same values
[INFO] [stdout] 35 |             _ => unreachable!(),
[INFO] [stdout]    |             ^ collectively making this unreachable
[INFO] [stdout]    = note: `#[warn(unreachable_patterns)]` on by default
[INFO] [stdout] 
[INFO] [stdout] 
[INFO] [stderr]    Compiling day-10 v0.1.0 (/opt/rustwide/workdir/day-10)
[INFO] [stdout] warning: variable does not need to be mutable
[INFO] [stdout]   --> day-6/src/main.rs:43:9
[INFO] [stdout]    |
[INFO] [stdout] 43 |     let mut g: Grid<GridElem> = Grid::from_str(&input).unwrap();
[INFO] [stdout]    |         ----^
[INFO] [stdout]    |         |
[INFO] [stdout]    |         help: remove this `mut`
[INFO] [stdout]    |
[INFO] [stdout]    = note: `#[warn(unused_mut)]` on by default
[INFO] [stdout] 
[INFO] [stdout] 
[INFO] [stdout] warning: unreachable pattern
[INFO] [stdout]    --> day-6/src/main.rs:123:13
[INFO] [stdout]     |
[INFO] [stdout] 123 |             _ => unreachable!(),
[INFO] [stdout]     |             ^ no value can reach this
[INFO] [stdout]     |
[INFO] [stdout] note: multiple earlier patterns match some of the same values
[INFO] [stdout]    --> day-6/src/main.rs:123:13
[INFO] [stdout]     |
[INFO] [stdout] 118 |             Self::Obstacle => '#',
[INFO] [stdout]     |             -------------- matches some of the same values
[INFO] [stdout] 119 |             Self::AddedObstacle => 'O',
[INFO] [stdout]     |             ------------------- matches some of the same values
[INFO] [stdout] 120 |             Self::Visited(_) => 'X',
[INFO] [stdout]     |             ---------------- matches some of the same values
[INFO] [stdout] 121 |             Self::Guard => '^',
[INFO] [stdout]     |             ----------- matches some of the same values
[INFO] [stdout] 122 |             Self::Empty => '.',
[INFO] [stdout] 123 |             _ => unreachable!(),
[INFO] [stdout]     |             ^ ...and 1 other patterns collectively make this unreachable
[INFO] [stdout] 
[INFO] [stdout] 
[INFO] [stderr]    Compiling regex-automata v0.4.9
[INFO] [stderr]    Compiling regex v1.11.1
[INFO] [stderr]    Compiling day-3 v0.1.0 (/opt/rustwide/workdir/day-3)
[INFO] [stderr]     Finished `dev` profile [unoptimized + debuginfo] target(s) in 18.44s
[INFO] running `Command { std: "docker" "inspect" "bbc30b521f8721551ba807998c24c9967b08e4809220b3ef2c05e17656d0ed50", kill_on_drop: false }`
[INFO] running `Command { std: "docker" "rm" "-f" "bbc30b521f8721551ba807998c24c9967b08e4809220b3ef2c05e17656d0ed50", kill_on_drop: false }`
[INFO] [stdout] bbc30b521f8721551ba807998c24c9967b08e4809220b3ef2c05e17656d0ed50
[INFO] running `Command { std: "docker" "create" "-v" "/var/lib/crater-agent-workspace/builds/worker-3-tc2/target:/opt/rustwide/target:rw,Z" "-v" "/var/lib/crater-agent-workspace/builds/worker-3-tc2/source:/opt/rustwide/workdir:ro,Z" "-v" "/var/lib/crater-agent-workspace/cargo-home:/opt/rustwide/cargo-home:ro,Z" "-v" "/var/lib/crater-agent-workspace/rustup-home:/opt/rustwide/rustup-home:ro,Z" "-e" "SOURCE_DIR=/opt/rustwide/workdir" "-e" "CARGO_TARGET_DIR=/opt/rustwide/target" "-e" "CARGO_INCREMENTAL=0" "-e" "RUST_BACKTRACE=full" "-e" "RUSTFLAGS=--cap-lints=forbid -Zrandomize-layout" "-e" "RUSTDOCFLAGS=--cap-lints=forbid" "-e" "CARGO_HOME=/opt/rustwide/cargo-home" "-e" "RUSTUP_HOME=/opt/rustwide/rustup-home" "-w" "/opt/rustwide/workdir" "-m" "1610612736" "--user" "0:0" "--network" "none" "ghcr.io/rust-lang/crates-build-env/linux@sha256:819108c5571ea2e421544af4d832f968d213c87fbe3707a016657f43d2f853bc" "/opt/rustwide/cargo-home/bin/cargo" "+nightly-2025-01-18" "test" "--frozen" "--no-run" "--message-format=json", kill_on_drop: false }`
[INFO] [stdout] 09898e7d65c0c77cc8f5be0649f2812da1060f856f9df7fed37961f3d2bb1521
[INFO] running `Command { std: "docker" "start" "-a" "09898e7d65c0c77cc8f5be0649f2812da1060f856f9df7fed37961f3d2bb1521", kill_on_drop: false }`
[INFO] [stderr]    Compiling day-3 v0.1.0 (/opt/rustwide/workdir/day-3)
[INFO] [stderr]    Compiling day-12 v0.1.0 (/opt/rustwide/workdir/day-12)
[INFO] [stderr]    Compiling day-10 v0.1.0 (/opt/rustwide/workdir/day-10)
[INFO] [stderr]    Compiling day-11 v0.1.0 (/opt/rustwide/workdir/day-11)
[INFO] [stderr]    Compiling day-9 v0.1.0 (/opt/rustwide/workdir/day-9)
[INFO] [stderr]    Compiling day-8 v0.1.0 (/opt/rustwide/workdir/day-8)
[INFO] [stderr]    Compiling day-6 v0.1.0 (/opt/rustwide/workdir/day-6)
[INFO] [stderr]    Compiling utils v0.1.0 (/opt/rustwide/workdir/utils)
[INFO] [stdout] warning: unused import: `std::collections::LinkedList`
[INFO] [stdout]  --> day-11/src/main.rs:1:5
[INFO] [stdout]   |
[INFO] [stdout] 1 | use std::collections::LinkedList;
[INFO] [stdout]   |     ^^^^^^^^^^^^^^^^^^^^^^^^^^^^
[INFO] [stdout]   |
[INFO] [stdout]   = note: `#[warn(unused_imports)]` on by default
[INFO] [stdout] 
[INFO] [stdout] 
[INFO] [stdout] warning: unused imports: `HashSet`, `fmt`, and `str::FromStr`
[INFO] [stdout]  --> day-11/src/main.rs:3:28
[INFO] [stdout]   |
[INFO] [stdout] 3 |     collections::{HashMap, HashSet},
[INFO] [stdout]   |                            ^^^^^^^
[INFO] [stdout] 4 |     fmt,
[INFO] [stdout]   |     ^^^
[INFO] [stdout] 5 |     str::FromStr,
[INFO] [stdout]   |     ^^^^^^^^^^^^
[INFO] [stdout] 
[INFO] [stdout] 
[INFO] [stdout] warning: variable does not need to be mutable
[INFO] [stdout]   --> day-11/src/main.rs:52:9
[INFO] [stdout]    |
[INFO] [stdout] 52 |     let mut input: Vec<i64> = input
[INFO] [stdout]    |         ----^^^^^
[INFO] [stdout]    |         |
[INFO] [stdout]    |         help: remove this `mut`
[INFO] [stdout]    |
[INFO] [stdout]    = note: `#[warn(unused_mut)]` on by default
[INFO] [stdout] 
[INFO] [stdout] 
[INFO] [stdout] warning: unused import: `std::path::Display`
[INFO] [stdout]    --> utils/src/lib.rs:113:9
[INFO] [stdout]     |
[INFO] [stdout] 113 |     use std::path::Display;
[INFO] [stdout]     |         ^^^^^^^^^^^^^^^^^^
[INFO] [stdout]     |
[INFO] [stdout]     = note: `#[warn(unused_imports)]` on by default
[INFO] [stdout] 
[INFO] [stdout] 
[INFO] [stdout] warning: unused import: `HashMap`
[INFO] [stdout]  --> day-6/src/main.rs:1:24
[INFO] [stdout]   |
[INFO] [stdout] 1 | use std::collections::{HashMap, HashSet};
[INFO] [stdout]   |                        ^^^^^^^
[INFO] [stdout]   |
[INFO] [stdout]   = note: `#[warn(unused_imports)]` on by default
[INFO] [stdout] 
[INFO] [stdout] 
[INFO] [stdout] warning: unused import: `std::io::Empty`
[INFO] [stdout]  --> day-6/src/main.rs:3:5
[INFO] [stdout]   |
[INFO] [stdout] 3 | use std::io::Empty;
[INFO] [stdout]   |     ^^^^^^^^^^^^^^
[INFO] [stdout] 
[INFO] [stdout] 
[INFO] [stdout] warning: unused import: `std::thread::current`
[INFO] [stdout]  --> day-6/src/main.rs:5:5
[INFO] [stdout]   |
[INFO] [stdout] 5 | use std::thread::current;
[INFO] [stdout]   |     ^^^^^^^^^^^^^^^^^^^^
[INFO] [stdout] 
[INFO] [stdout] 
[INFO] [stdout] warning: unused imports: `fs::File` and `io::Read`
[INFO] [stdout]  --> day-6/src/main.rs:6:11
[INFO] [stdout]   |
[INFO] [stdout] 6 | use std::{fs::File, io::Read};
[INFO] [stdout]   |           ^^^^^^^^  ^^^^^^^^
[INFO] [stdout] 
[INFO] [stdout] 
[INFO] [stdout] warning: unused import: `BTreeSet`
[INFO] [stdout]  --> day-9/src/main.rs:1:34
[INFO] [stdout]   |
[INFO] [stdout] 1 | use std::collections::{BTreeMap, BTreeSet};
[INFO] [stdout]   |                                  ^^^^^^^^
[INFO] [stdout]   |
[INFO] [stdout]   = note: `#[warn(unused_imports)]` on by default
[INFO] [stdout] 
[INFO] [stdout] 
[INFO] [stdout] warning: unused imports: `collections::VecDeque`, `fs::File`, and `io::Read`
[INFO] [stdout]  --> day-8/src/main.rs:3:11
[INFO] [stdout]   |
[INFO] [stdout] 3 | use std::{collections::VecDeque, fs::File, io::Read};
[INFO] [stdout]   |           ^^^^^^^^^^^^^^^^^^^^^  ^^^^^^^^  ^^^^^^^^
[INFO] [stdout]   |
[INFO] [stdout]   = note: `#[warn(unused_imports)]` on by default
[INFO] [stdout] 
[INFO] [stdout] 
[INFO] [stdout] warning: unused import: `result`
[INFO] [stdout]  --> day-8/src/main.rs:4:16
[INFO] [stdout]   |
[INFO] [stdout] 4 | use std::{fmt, result};
[INFO] [stdout]   |                ^^^^^^
[INFO] [stdout] 
[INFO] [stdout] 
[INFO] [stdout] warning: variable `down` is assigned to, but never used
[INFO] [stdout]   --> day-12/src/main.rs:33:13
[INFO] [stdout]    |
[INFO] [stdout] 33 |     let mut down: i64 = 0;
[INFO] [stdout]    |             ^^^^
[INFO] [stdout]    |
[INFO] [stdout]    = note: consider using `_down` instead
[INFO] [stdout]    = note: `#[warn(unused_variables)]` on by default
[INFO] [stdout] 
[INFO] [stdout] 
[INFO] [stdout] warning: value assigned to `down` is never read
[INFO] [stdout]   --> day-12/src/main.rs:36:9
[INFO] [stdout]    |
[INFO] [stdout] 36 |         down = solve(grid, plant, down_idx);
[INFO] [stdout]    |         ^^^^
[INFO] [stdout]    |
[INFO] [stdout]    = help: maybe it is overwritten before being read?
[INFO] [stdout]    = note: `#[warn(unused_assignments)]` on by default
[INFO] [stdout] 
[INFO] [stdout] 
[INFO] [stdout] warning: variable `right` is assigned to, but never used
[INFO] [stdout]   --> day-12/src/main.rs:39:13
[INFO] [stdout]    |
[INFO] [stdout] 39 |     let mut right: i64 = 0;
[INFO] [stdout]    |             ^^^^^
[INFO] [stdout]    |
[INFO] [stdout]    = note: consider using `_right` instead
[INFO] [stdout] 
[INFO] [stdout] 
[INFO] [stdout] warning: value assigned to `right` is never read
[INFO] [stdout]   --> day-12/src/main.rs:42:9
[INFO] [stdout]    |
[INFO] [stdout] 42 |         right = solve(grid, plant, right_idx);
[INFO] [stdout]    |         ^^^^^
[INFO] [stdout]    |
[INFO] [stdout]    = help: maybe it is overwritten before being read?
[INFO] [stdout] 
[INFO] [stdout] 
[INFO] [stdout] warning: unused variable: `input`
[INFO] [stdout]   --> day-12/src/main.rs:56:9
[INFO] [stdout]    |
[INFO] [stdout] 56 |     let input = get_input(path);
[INFO] [stdout]    |         ^^^^^ help: if this is intentional, prefix it with an underscore: `_input`
[INFO] [stdout] 
[INFO] [stdout] 
[INFO] [stdout] warning: function `solve` is never used
[INFO] [stdout]   --> day-12/src/main.rs:24:4
[INFO] [stdout]    |
[INFO] [stdout] 24 | fn solve(grid: &Grid<GridElem>, plant: char, idx: usize) -> i64 {
[INFO] [stdout]    |    ^^^^^
[INFO] [stdout]    |
[INFO] [stdout]    = note: `#[warn(dead_code)]` on by default
[INFO] [stdout] 
[INFO] [stdout] 
[INFO] [stdout] warning: unreachable pattern
[INFO] [stdout]    --> utils/src/lib.rs:137:17
[INFO] [stdout]     |
[INFO] [stdout] 137 |                 _ => unreachable!(),
[INFO] [stdout]     |                 ^ no value can reach this
[INFO] [stdout]     |
[INFO] [stdout] note: multiple earlier patterns match some of the same values
[INFO] [stdout]    --> utils/src/lib.rs:137:17
[INFO] [stdout]     |
[INFO] [stdout] 135 |                 Self::Empty => '.',
[INFO] [stdout]     |                 ----------- matches some of the same values
[INFO] [stdout] 136 |                 Self::Object => 'x',
[INFO] [stdout]     |                 ------------ matches some of the same values
[INFO] [stdout] 137 |                 _ => unreachable!(),
[INFO] [stdout]     |                 ^ collectively making this unreachable
[INFO] [stdout]     = note: `#[warn(unreachable_patterns)]` on by default
[INFO] [stdout] 
[INFO] [stdout] 
[INFO] [stdout] warning: unreachable pattern
[INFO] [stdout]   --> day-6/src/main.rs:35:13
[INFO] [stdout]    |
[INFO] [stdout] 35 |             _ => unreachable!(),
[INFO] [stdout]    |             ^ no value can reach this
[INFO] [stdout]    |
[INFO] [stdout] note: multiple earlier patterns match some of the same values
[INFO] [stdout]   --> day-6/src/main.rs:35:13
[INFO] [stdout]    |
[INFO] [stdout] 31 |             Self::Obstacle => '#',
[INFO] [stdout]    |             -------------- matches some of the same values
[INFO] [stdout] 32 |             Self::Visited => 'X',
[INFO] [stdout]    |             ------------- matches some of the same values
[INFO] [stdout] 33 |             Self::Guard => '^',
[INFO] [stdout]    |             ----------- matches some of the same values
[INFO] [stdout] 34 |             Self::Empty => '.',
[INFO] [stdout]    |             ----------- matches some of the same values
[INFO] [stdout] 35 |             _ => unreachable!(),
[INFO] [stdout]    |             ^ collectively making this unreachable
[INFO] [stdout]    = note: `#[warn(unreachable_patterns)]` on by default
[INFO] [stdout] 
[INFO] [stdout] 
[INFO] [stdout] warning: variable does not need to be mutable
[INFO] [stdout]   --> day-6/src/main.rs:43:9
[INFO] [stdout]    |
[INFO] [stdout] 43 |     let mut g: Grid<GridElem> = Grid::from_str(&input).unwrap();
[INFO] [stdout]    |         ----^
[INFO] [stdout]    |         |
[INFO] [stdout]    |         help: remove this `mut`
[INFO] [stdout]    |
[INFO] [stdout]    = note: `#[warn(unused_mut)]` on by default
[INFO] [stdout] 
[INFO] [stdout] 
[INFO] [stdout] warning: unreachable pattern
[INFO] [stdout]    --> day-6/src/main.rs:123:13
[INFO] [stdout]     |
[INFO] [stdout] 123 |             _ => unreachable!(),
[INFO] [stdout]     |             ^ no value can reach this
[INFO] [stdout]     |
[INFO] [stdout] note: multiple earlier patterns match some of the same values
[INFO] [stdout]    --> day-6/src/main.rs:123:13
[INFO] [stdout]     |
[INFO] [stdout] 118 |             Self::Obstacle => '#',
[INFO] [stdout]     |             -------------- matches some of the same values
[INFO] [stdout] 119 |             Self::AddedObstacle => 'O',
[INFO] [stdout]     |             ------------------- matches some of the same values
[INFO] [stdout] 120 |             Self::Visited(_) => 'X',
[INFO] [stdout]     |             ---------------- matches some of the same values
[INFO] [stdout] 121 |             Self::Guard => '^',
[INFO] [stdout]     |             ----------- matches some of the same values
[INFO] [stdout] 122 |             Self::Empty => '.',
[INFO] [stdout] 123 |             _ => unreachable!(),
[INFO] [stdout]     |             ^ ...and 1 other patterns collectively make this unreachable
[INFO] [stdout] 
[INFO] [stdout] 
[INFO] [stdout] warning: unreachable pattern
[INFO] [stdout]   --> day-8/src/main.rs:30:13
[INFO] [stdout]    |
[INFO] [stdout] 30 |             _ => unreachable!(),
[INFO] [stdout]    |             ^ no value can reach this
[INFO] [stdout]    |
[INFO] [stdout] note: multiple earlier patterns match some of the same values
[INFO] [stdout]   --> day-8/src/main.rs:30:13
[INFO] [stdout]    |
[INFO] [stdout] 27 |             Self::Empty => '.',
[INFO] [stdout]    |             ----------- matches some of the same values
[INFO] [stdout] 28 |             Self::Object(ch) => *ch,
[INFO] [stdout]    |             ---------------- matches some of the same values
[INFO] [stdout] 29 |             Self::Antinode => '#',
[INFO] [stdout]    |             -------------- matches some of the same values
[INFO] [stdout] 30 |             _ => unreachable!(),
[INFO] [stdout]    |             ^ collectively making this unreachable
[INFO] [stdout]    = note: `#[warn(unreachable_patterns)]` on by default
[INFO] [stdout] 
[INFO] [stdout] 
[INFO] [stdout] warning: unused variable: `antenna_type`
[INFO] [stdout]   --> day-8/src/main.rs:60:10
[INFO] [stdout]    |
[INFO] [stdout] 60 |     for (antenna_type, locations) in antennas.iter() {
[INFO] [stdout]    |          ^^^^^^^^^^^^ help: if this is intentional, prefix it with an underscore: `_antenna_type`
[INFO] [stdout]    |
[INFO] [stdout]    = note: `#[warn(unused_variables)]` on by default
[INFO] [stdout] 
[INFO] [stdout] 
[INFO] [stderr]    Compiling day-4 v0.1.0 (/opt/rustwide/workdir/day-4)
[INFO] [stdout] warning: unused import: `std::collections::VecDeque`
[INFO] [stdout]  --> day-4/src/main.rs:1:5
[INFO] [stdout]   |
[INFO] [stdout] 1 | use std::collections::VecDeque;
[INFO] [stdout]   |     ^^^^^^^^^^^^^^^^^^^^^^^^^^
[INFO] [stdout]   |
[INFO] [stdout]   = note: `#[warn(unused_imports)]` on by default
[INFO] [stdout] 
[INFO] [stdout] 
[INFO] [stdout] warning: constant `DIRS` is never used
[INFO] [stdout]    --> day-4/src/main.rs:129:11
[INFO] [stdout]     |
[INFO] [stdout] 129 |     const DIRS: [(i64, i64); 4] = [
[INFO] [stdout]     |           ^^^^
[INFO] [stdout]     |
[INFO] [stdout]     = note: `#[warn(dead_code)]` on by default
[INFO] [stdout] 
[INFO] [stdout] 
[INFO] [stdout] warning: function `part_one` is never used
[INFO] [stdout]    --> day-4/src/main.rs:282:4
[INFO] [stdout]     |
[INFO] [stdout] 282 | fn part_one() {
[INFO] [stdout]     |    ^^^^^^^^
[INFO] [stdout] 
[INFO] [stdout] 
[INFO] [stderr]    Compiling day-5 v0.1.0 (/opt/rustwide/workdir/day-5)
[INFO] [stderr]    Compiling day-2 v0.1.0 (/opt/rustwide/workdir/day-2)
[INFO] [stdout] warning: unused imports: `thread` and `time::Duration`
[INFO] [stdout]  --> day-2/src/main.rs:1:31
[INFO] [stdout]   |
[INFO] [stdout] 1 | use std::{fs::File, io::Read, thread, time::Duration};
[INFO] [stdout]   |                               ^^^^^^  ^^^^^^^^^^^^^^
[INFO] [stdout]   |
[INFO] [stdout]   = note: `#[warn(unused_imports)]` on by default
[INFO] [stdout] 
[INFO] [stdout] 
[INFO] [stdout] warning: unused variable: `check_levels`
[INFO] [stdout]   --> day-2/src/main.rs:71:9
[INFO] [stdout]    |
[INFO] [stdout] 71 |     let check_levels = |diff_a: i64, diff_b: i64| {
[INFO] [stdout]    |         ^^^^^^^^^^^^ help: if this is intentional, prefix it with an underscore: `_check_levels`
[INFO] [stdout]    |
[INFO] [stdout]    = note: `#[warn(unused_variables)]` on by default
[INFO] [stdout] 
[INFO] [stdout] 
[INFO] [stdout] warning: function `try_solve_1` is never used
[INFO] [stdout]    --> day-2/src/main.rs:154:4
[INFO] [stdout]     |
[INFO] [stdout] 154 | fn try_solve_1(report_diffs: Vec<i64>, sign: i64) -> bool {
[INFO] [stdout]     |    ^^^^^^^^^^^
[INFO] [stdout]     |
[INFO] [stdout]     = note: `#[warn(dead_code)]` on by default
[INFO] [stdout] 
[INFO] [stdout] 
[INFO] [stderr]    Compiling day-1 v0.1.0 (/opt/rustwide/workdir/day-1)
[INFO] [stderr]    Compiling day-7 v0.1.0 (/opt/rustwide/workdir/day-7)
[INFO] [stderr]     Finished `test` profile [unoptimized + debuginfo] target(s) in 4.21s
[INFO] running `Command { std: "docker" "inspect" "09898e7d65c0c77cc8f5be0649f2812da1060f856f9df7fed37961f3d2bb1521", kill_on_drop: false }`
[INFO] running `Command { std: "docker" "rm" "-f" "09898e7d65c0c77cc8f5be0649f2812da1060f856f9df7fed37961f3d2bb1521", kill_on_drop: false }`
[INFO] [stdout] 09898e7d65c0c77cc8f5be0649f2812da1060f856f9df7fed37961f3d2bb1521
[INFO] running `Command { std: "docker" "create" "-v" "/var/lib/crater-agent-workspace/builds/worker-3-tc2/target:/opt/rustwide/target:rw,Z" "-v" "/var/lib/crater-agent-workspace/builds/worker-3-tc2/source:/opt/rustwide/workdir:ro,Z" "-v" "/var/lib/crater-agent-workspace/cargo-home:/opt/rustwide/cargo-home:ro,Z" "-v" "/var/lib/crater-agent-workspace/rustup-home:/opt/rustwide/rustup-home:ro,Z" "-e" "SOURCE_DIR=/opt/rustwide/workdir" "-e" "CARGO_TARGET_DIR=/opt/rustwide/target" "-e" "CARGO_INCREMENTAL=0" "-e" "RUST_BACKTRACE=full" "-e" "RUSTFLAGS=--cap-lints=forbid -Zrandomize-layout" "-e" "RUSTDOCFLAGS=--cap-lints=forbid" "-e" "CARGO_HOME=/opt/rustwide/cargo-home" "-e" "RUSTUP_HOME=/opt/rustwide/rustup-home" "-w" "/opt/rustwide/workdir" "-m" "1610612736" "--user" "0:0" "--network" "none" "ghcr.io/rust-lang/crates-build-env/linux@sha256:819108c5571ea2e421544af4d832f968d213c87fbe3707a016657f43d2f853bc" "/opt/rustwide/cargo-home/bin/cargo" "+nightly-2025-01-18" "test" "--frozen", kill_on_drop: false }`
[INFO] [stdout] c5dede8abbcbb24d9f336fd6d1769116279c00b4cc2f0f5ccb9f843be3dea5ef
[INFO] running `Command { std: "docker" "start" "-a" "c5dede8abbcbb24d9f336fd6d1769116279c00b4cc2f0f5ccb9f843be3dea5ef", kill_on_drop: false }`
[INFO] [stderr] warning: unused import: `std::collections::LinkedList`
[INFO] [stderr]  --> day-11/src/main.rs:1:5
[INFO] [stderr]   |
[INFO] [stderr] 1 | use std::collections::LinkedList;
[INFO] [stderr]   |     ^^^^^^^^^^^^^^^^^^^^^^^^^^^^
[INFO] [stderr]   |
[INFO] [stderr]   = note: `#[warn(unused_imports)]` on by default
[INFO] [stderr] 
[INFO] [stderr] warning: unused imports: `HashSet`, `fmt`, and `str::FromStr`
[INFO] [stderr]  --> day-11/src/main.rs:3:28
[INFO] [stderr]   |
[INFO] [stderr] 3 |     collections::{HashMap, HashSet},
[INFO] [stderr]   |                            ^^^^^^^
[INFO] [stderr] 4 |     fmt,
[INFO] [stderr]   |     ^^^
[INFO] [stderr] 5 |     str::FromStr,
[INFO] [stderr]   |     ^^^^^^^^^^^^
[INFO] [stderr] 
[INFO] [stderr] warning: variable does not need to be mutable
[INFO] [stderr]   --> day-11/src/main.rs:52:9
[INFO] [stderr]    |
[INFO] [stderr] 52 |     let mut input: Vec<i64> = input
[INFO] [stderr]    |         ----^^^^^
[INFO] [stderr]    |         |
[INFO] [stderr]    |         help: remove this `mut`
[INFO] [stderr]    |
[INFO] [stderr]    = note: `#[warn(unused_mut)]` on by default
[INFO] [stderr] 
[INFO] [stderr] warning: variable `down` is assigned to, but never used
[INFO] [stderr]   --> day-12/src/main.rs:33:13
[INFO] [stderr]    |
[INFO] [stderr] 33 |     let mut down: i64 = 0;
[INFO] [stderr]    |             ^^^^
[INFO] [stderr]    |
[INFO] [stderr]    = note: consider using `_down` instead
[INFO] [stderr]    = note: `#[warn(unused_variables)]` on by default
[INFO] [stderr] 
[INFO] [stderr] warning: value assigned to `down` is never read
[INFO] [stderr]   --> day-12/src/main.rs:36:9
[INFO] [stderr]    |
[INFO] [stderr] 36 |         down = solve(grid, plant, down_idx);
[INFO] [stderr]    |         ^^^^
[INFO] [stderr]    |
[INFO] [stderr]    = help: maybe it is overwritten before being read?
[INFO] [stderr]    = note: `#[warn(unused_assignments)]` on by default
[INFO] [stderr] 
[INFO] [stderr] warning: variable `right` is assigned to, but never used
[INFO] [stderr]   --> day-12/src/main.rs:39:13
[INFO] [stderr]    |
[INFO] [stderr] 39 |     let mut right: i64 = 0;
[INFO] [stderr]    |             ^^^^^
[INFO] [stderr]    |
[INFO] [stderr]    = note: consider using `_right` instead
[INFO] [stderr] 
[INFO] [stderr] warning: value assigned to `right` is never read
[INFO] [stderr]   --> day-12/src/main.rs:42:9
[INFO] [stderr]    |
[INFO] [stderr] 42 |         right = solve(grid, plant, right_idx);
[INFO] [stderr]    |         ^^^^^
[INFO] [stderr]    |
[INFO] [stderr]    = help: maybe it is overwritten before being read?
[INFO] [stderr] 
[INFO] [stderr] warning: unused variable: `input`
[INFO] [stderr]   --> day-12/src/main.rs:56:9
[INFO] [stderr]    |
[INFO] [stderr] 56 |     let input = get_input(path);
[INFO] [stderr]    |         ^^^^^ help: if this is intentional, prefix it with an underscore: `_input`
[INFO] [stderr] 
[INFO] [stderr] warning: function `solve` is never used
[INFO] [stderr]   --> day-12/src/main.rs:24:4
[INFO] [stderr]    |
[INFO] [stderr] 24 | fn solve(grid: &Grid<GridElem>, plant: char, idx: usize) -> i64 {
[INFO] [stderr]    |    ^^^^^
[INFO] [stderr]    |
[INFO] [stderr]    = note: `#[warn(dead_code)]` on by default
[INFO] [stderr] 
[INFO] [stderr] warning: unused import: `HashMap`
[INFO] [stderr]  --> day-6/src/main.rs:1:24
[INFO] [stderr]   |
[INFO] [stderr] 1 | use std::collections::{HashMap, HashSet};
[INFO] [stderr]   |                        ^^^^^^^
[INFO] [stderr]   |
[INFO] [stderr]   = note: `#[warn(unused_imports)]` on by default
[INFO] [stderr] 
[INFO] [stderr] warning: unused import: `std::io::Empty`
[INFO] [stderr]  --> day-6/src/main.rs:3:5
[INFO] [stderr]   |
[INFO] [stderr] 3 | use std::io::Empty;
[INFO] [stderr]   |     ^^^^^^^^^^^^^^
[INFO] [stderr] 
[INFO] [stderr] warning: unused import: `std::thread::current`
[INFO] [stderr]  --> day-6/src/main.rs:5:5
[INFO] [stderr]   |
[INFO] [stderr] 5 | use std::thread::current;
[INFO] [stderr]   |     ^^^^^^^^^^^^^^^^^^^^
[INFO] [stderr] 
[INFO] [stderr] warning: unused imports: `fs::File` and `io::Read`
[INFO] [stderr]  --> day-6/src/main.rs:6:11
[INFO] [stderr]   |
[INFO] [stderr] 6 | use std::{fs::File, io::Read};
[INFO] [stderr]   |           ^^^^^^^^  ^^^^^^^^
[INFO] [stderr] 
[INFO] [stderr] warning: unreachable pattern
[INFO] [stderr]   --> day-6/src/main.rs:35:13
[INFO] [stderr]    |
[INFO] [stderr] 35 |             _ => unreachable!(),
[INFO] [stderr]    |             ^ no value can reach this
[INFO] [stderr]    |
[INFO] [stderr] note: multiple earlier patterns match some of the same values
[INFO] [stderr]   --> day-6/src/main.rs:35:13
[INFO] [stderr]    |
[INFO] [stderr] 31 |             Self::Obstacle => '#',
[INFO] [stderr]    |             -------------- matches some of the same values
[INFO] [stderr] 32 |             Self::Visited => 'X',
[INFO] [stderr]    |             ------------- matches some of the same values
[INFO] [stderr] 33 |             Self::Guard => '^',
[INFO] [stderr]    |             ----------- matches some of the same values
[INFO] [stderr] 34 |             Self::Empty => '.',
[INFO] [stderr]    |             ----------- matches some of the same values
[INFO] [stderr] 35 |             _ => unreachable!(),
[INFO] [stderr]    |             ^ collectively making this unreachable
[INFO] [stderr]    = note: `#[warn(unreachable_patterns)]` on by default
[INFO] [stderr] 
[INFO] [stderr] warning: variable does not need to be mutable
[INFO] [stderr]   --> day-6/src/main.rs:43:9
[INFO] [stderr]    |
[INFO] [stderr] 43 |     let mut g: Grid<GridElem> = Grid::from_str(&input).unwrap();
[INFO] [stderr]    |         ----^
[INFO] [stderr]    |         |
[INFO] [stderr]    |         help: remove this `mut`
[INFO] [stderr]    |
[INFO] [stderr]    = note: `#[warn(unused_mut)]` on by default
[INFO] [stderr] 
[INFO] [stderr] warning: unreachable pattern
[INFO] [stderr]    --> day-6/src/main.rs:123:13
[INFO] [stderr]     |
[INFO] [stderr] 123 |             _ => unreachable!(),
[INFO] [stderr]     |             ^ no value can reach this
[INFO] [stderr]     |
[INFO] [stderr] note: multiple earlier patterns match some of the same values
[INFO] [stderr]    --> day-6/src/main.rs:123:13
[INFO] [stderr]     |
[INFO] [stderr] 118 |             Self::Obstacle => '#',
[INFO] [stderr]     |             -------------- matches some of the same values
[INFO] [stderr] 119 |             Self::AddedObstacle => 'O',
[INFO] [stderr]     |             ------------------- matches some of the same values
[INFO] [stderr] 120 |             Self::Visited(_) => 'X',
[INFO] [stderr]     |             ---------------- matches some of the same values
[INFO] [stderr] 121 |             Self::Guard => '^',
[INFO] [stderr]     |             ----------- matches some of the same values
[INFO] [stderr] 122 |             Self::Empty => '.',
[INFO] [stderr] 123 |             _ => unreachable!(),
[INFO] [stderr]     |             ^ ...and 1 other patterns collectively make this unreachable
[INFO] [stderr] 
[INFO] [stderr] warning: unused imports: `collections::VecDeque`, `fs::File`, and `io::Read`
[INFO] [stderr]  --> day-8/src/main.rs:3:11
[INFO] [stderr]   |
[INFO] [stderr] 3 | use std::{collections::VecDeque, fs::File, io::Read};
[INFO] [stderr]   |           ^^^^^^^^^^^^^^^^^^^^^  ^^^^^^^^  ^^^^^^^^
[INFO] [stderr]   |
[INFO] [stderr]   = note: `#[warn(unused_imports)]` on by default
[INFO] [stderr] 
[INFO] [stderr] warning: unused import: `result`
[INFO] [stderr]  --> day-8/src/main.rs:4:16
[INFO] [stderr]   |
[INFO] [stderr] 4 | use std::{fmt, result};
[INFO] [stderr]   |                ^^^^^^
[INFO] [stderr] 
[INFO] [stderr] warning: unreachable pattern
[INFO] [stderr]   --> day-8/src/main.rs:30:13
[INFO] [stderr]    |
[INFO] [stderr] 30 |             _ => unreachable!(),
[INFO] [stderr]    |             ^ no value can reach this
[INFO] [stderr]    |
[INFO] [stderr] note: multiple earlier patterns match some of the same values
[INFO] [stderr]   --> day-8/src/main.rs:30:13
[INFO] [stderr]    |
[INFO] [stderr] 27 |             Self::Empty => '.',
[INFO] [stderr]    |             ----------- matches some of the same values
[INFO] [stderr] 28 |             Self::Object(ch) => *ch,
[INFO] [stderr]    |             ---------------- matches some of the same values
[INFO] [stderr] 29 |             Self::Antinode => '#',
[INFO] [stderr]    |             -------------- matches some of the same values
[INFO] [stderr] 30 |             _ => unreachable!(),
[INFO] [stderr]    |             ^ collectively making this unreachable
[INFO] [stderr]    = note: `#[warn(unreachable_patterns)]` on by default
[INFO] [stderr] 
[INFO] [stderr] warning: unused variable: `antenna_type`
[INFO] [stderr]   --> day-8/src/main.rs:60:10
[INFO] [stderr]    |
[INFO] [stderr] 60 |     for (antenna_type, locations) in antennas.iter() {
[INFO] [stderr]    |          ^^^^^^^^^^^^ help: if this is intentional, prefix it with an underscore: `_antenna_type`
[INFO] [stderr]    |
[INFO] [stderr]    = note: `#[warn(unused_variables)]` on by default
[INFO] [stderr] 
[INFO] [stderr] warning: `day-11` (bin "day-11" test) generated 3 warnings (run `cargo fix --bin "day-11" --tests` to apply 3 suggestions)
[INFO] [stderr] warning: `day-12` (bin "day-12" test) generated 6 warnings
[INFO] [stderr] warning: `day-6` (bin "day-6" test) generated 7 warnings (run `cargo fix --bin "day-6" --tests` to apply 5 suggestions)
[INFO] [stderr] warning: `day-8` (bin "day-8" test) generated 4 warnings (run `cargo fix --bin "day-8" --tests` to apply 2 suggestions)
[INFO] [stderr] warning: unused import: `BTreeSet`
[INFO] [stderr]  --> day-9/src/main.rs:1:34
[INFO] [stderr]   |
[INFO] [stderr] 1 | use std::collections::{BTreeMap, BTreeSet};
[INFO] [stderr]   |                                  ^^^^^^^^
[INFO] [stderr]   |
[INFO] [stderr]   = note: `#[warn(unused_imports)]` on by default
[INFO] [stderr] 
[INFO] [stderr] warning: unused imports: `thread` and `time::Duration`
[INFO] [stderr]  --> day-2/src/main.rs:1:31
[INFO] [stderr]   |
[INFO] [stderr] 1 | use std::{fs::File, io::Read, thread, time::Duration};
[INFO] [stderr]   |                               ^^^^^^  ^^^^^^^^^^^^^^
[INFO] [stderr]   |
[INFO] [stderr]   = note: `#[warn(unused_imports)]` on by default
[INFO] [stderr] 
[INFO] [stderr] warning: unused variable: `check_levels`
[INFO] [stderr]   --> day-2/src/main.rs:71:9
[INFO] [stderr]    |
[INFO] [stderr] 71 |     let check_levels = |diff_a: i64, diff_b: i64| {
[INFO] [stderr]    |         ^^^^^^^^^^^^ help: if this is intentional, prefix it with an underscore: `_check_levels`
[INFO] [stderr]    |
[INFO] [stderr]    = note: `#[warn(unused_variables)]` on by default
[INFO] [stderr] 
[INFO] [stderr] warning: function `try_solve_1` is never used
[INFO] [stderr]    --> day-2/src/main.rs:154:4
[INFO] [stderr]     |
[INFO] [stderr] 154 | fn try_solve_1(report_diffs: Vec<i64>, sign: i64) -> bool {
[INFO] [stderr]     |    ^^^^^^^^^^^
[INFO] [stderr]     |
[INFO] [stderr]     = note: `#[warn(dead_code)]` on by default
[INFO] [stderr] 
[INFO] [stderr] warning: `day-9` (bin "day-9" test) generated 1 warning (run `cargo fix --bin "day-9" --tests` to apply 1 suggestion)
[INFO] [stderr] warning: `day-2` (bin "day-2" test) generated 3 warnings (run `cargo fix --bin "day-2" --tests` to apply 1 suggestion)
[INFO] [stderr] warning: unused import: `std::collections::VecDeque`
[INFO] [stderr]  --> day-4/src/main.rs:1:5
[INFO] [stderr]   |
[INFO] [stderr] 1 | use std::collections::VecDeque;
[INFO] [stderr]   |     ^^^^^^^^^^^^^^^^^^^^^^^^^^
[INFO] [stderr]   |
[INFO] [stderr]   = note: `#[warn(unused_imports)]` on by default
[INFO] [stderr] 
[INFO] [stderr] warning: constant `DIRS` is never used
[INFO] [stderr]    --> day-4/src/main.rs:129:11
[INFO] [stderr]     |
[INFO] [stderr] 129 |     const DIRS: [(i64, i64); 4] = [
[INFO] [stderr]     |           ^^^^
[INFO] [stderr]     |
[INFO] [stderr]     = note: `#[warn(dead_code)]` on by default
[INFO] [stderr] 
[INFO] [stderr] warning: function `part_one` is never used
[INFO] [stderr]    --> day-4/src/main.rs:282:4
[INFO] [stderr]     |
[INFO] [stderr] 282 | fn part_one() {
[INFO] [stderr]     |    ^^^^^^^^
[INFO] [stderr] 
[INFO] [stderr] warning: unused import: `std::path::Display`
[INFO] [stderr]    --> utils/src/lib.rs:113:9
[INFO] [stderr]     |
[INFO] [stderr] 113 |     use std::path::Display;
[INFO] [stderr]     |         ^^^^^^^^^^^^^^^^^^
[INFO] [stderr]     |
[INFO] [stderr]     = note: `#[warn(unused_imports)]` on by default
[INFO] [stderr] 
[INFO] [stderr] warning: unreachable pattern
[INFO] [stderr]    --> utils/src/lib.rs:137:17
[INFO] [stderr]     |
[INFO] [stderr] 137 |                 _ => unreachable!(),
[INFO] [stderr]     |                 ^ no value can reach this
[INFO] [stderr]     |
[INFO] [stderr] note: multiple earlier patterns match some of the same values
[INFO] [stderr]    --> utils/src/lib.rs:137:17
[INFO] [stderr]     |
[INFO] [stderr] 135 |                 Self::Empty => '.',
[INFO] [stderr]     |                 ----------- matches some of the same values
[INFO] [stderr] 136 |                 Self::Object => 'x',
[INFO] [stderr]     |                 ------------ matches some of the same values
[INFO] [stderr] 137 |                 _ => unreachable!(),
[INFO] [stderr]     |                 ^ collectively making this unreachable
[INFO] [stderr]     = note: `#[warn(unreachable_patterns)]` on by default
[INFO] [stderr] 
[INFO] [stderr] warning: `day-4` (bin "day-4" test) generated 3 warnings (run `cargo fix --bin "day-4" --tests` to apply 1 suggestion)
[INFO] [stderr] warning: `utils` (lib test) generated 2 warnings (run `cargo fix --lib -p utils --tests` to apply 1 suggestion)
[INFO] [stderr]     Finished `test` profile [unoptimized + debuginfo] target(s) in 0.03s
[INFO] [stdout] 
[INFO] [stdout] running 0 tests
[INFO] [stdout] 
[INFO] [stdout] test result: ok. 0 passed; 0 failed; 0 ignored; 0 measured; 0 filtered out; finished in 0.00s
[INFO] [stdout] 
[INFO] [stderr]      Running unittests src/main.rs (/opt/rustwide/target/debug/deps/day_1-1d6952c25627d9b7)
[INFO] [stderr]      Running unittests src/main.rs (/opt/rustwide/target/debug/deps/day_10-75657e03cd005314)
[INFO] [stdout] 
[INFO] [stdout] running 2 tests
[INFO] [stdout] test tests::test_part_two ... ok
[INFO] [stdout] test tests::test_part_one ... ok
[INFO] [stderr]      Running unittests src/main.rs (/opt/rustwide/target/debug/deps/day_11-d6891f4fbf44b266)
[INFO] [stdout] 
[INFO] [stdout] test result: ok. 2 passed; 0 failed; 0 ignored; 0 measured; 0 filtered out; finished in 0.01s
[INFO] [stdout] 
[INFO] [stdout] 
[INFO] [stdout] running 2 tests
[INFO] [stdout] test tests::test_part_one ... FAILED
[INFO] [stdout] test tests::test_part_two ... FAILED
[INFO] [stdout] 
[INFO] [stdout] failures:
[INFO] [stdout] 
[INFO] [stdout] ---- tests::test_part_one stdout ----
[INFO] [stdout] CWD: /opt/rustwide/workdir/day-11
[INFO] [stdout] 
[INFO] [stdout] thread 'tests::test_part_one' panicked at utils/src/lib.rs:103:33:
[INFO] [stdout] called `Result::unwrap()` on an `Err` value: Os { code: 2, kind: NotFound, message: "No such file or directory" }
[INFO] [stdout] stack backtrace:
[INFO] [stdout]    0:     0x59402a75047a - std::backtrace_rs::backtrace::libunwind::trace::hb059275cfc8d6126
[INFO] [stdout]                                at /rustc/6067b36314ab5eb2eb47cecc464545ba58e1ad24/library/std/src/../../backtrace/src/backtrace/libunwind.rs:116:5
[INFO] [stdout]    1:     0x59402a75047a - std::backtrace_rs::backtrace::trace_unsynchronized::h2da071e4327ce3ee
[INFO] [stdout]                                at /rustc/6067b36314ab5eb2eb47cecc464545ba58e1ad24/library/std/src/../../backtrace/src/backtrace/mod.rs:66:5
[INFO] [stdout]    2:     0x59402a75047a - std::sys::backtrace::_print_fmt::h842a1474e6f8d23f
[INFO] [stdout]                                at /rustc/6067b36314ab5eb2eb47cecc464545ba58e1ad24/library/std/src/sys/backtrace.rs:66:9
[INFO] [stdout]    3:     0x59402a75047a - <std::sys::backtrace::BacktraceLock::print::DisplayBacktrace as core::fmt::Display>::fmt::h71a62eb3b9696b12
[INFO] [stdout]                                at /rustc/6067b36314ab5eb2eb47cecc464545ba58e1ad24/library/std/src/sys/backtrace.rs:39:26
[INFO] [stdout]    4:     0x59402a777a53 - core::fmt::rt::Argument::fmt::hdb6b616786b41dc1
[INFO] [stdout]                                at /rustc/6067b36314ab5eb2eb47cecc464545ba58e1ad24/library/core/src/fmt/rt.rs:177:76
[INFO] [stdout]    5:     0x59402a777a53 - core::fmt::write::h2cc1698af7e2d686
[INFO] [stdout]                                at /rustc/6067b36314ab5eb2eb47cecc464545ba58e1ad24/library/core/src/fmt/mod.rs:1440:21
[INFO] [stdout]    6:     0x59402a74cfd3 - std::io::Write::write_fmt::hab1b4cd059a79022
[INFO] [stdout]                                at /rustc/6067b36314ab5eb2eb47cecc464545ba58e1ad24/library/std/src/io/mod.rs:1887:15
[INFO] [stdout]    7:     0x59402a7502c2 - std::sys::backtrace::BacktraceLock::print::h147fe35b4ea13b08
[INFO] [stdout]                                at /rustc/6067b36314ab5eb2eb47cecc464545ba58e1ad24/library/std/src/sys/backtrace.rs:42:9
[INFO] [stdout]    8:     0x59402a75189f - std::panicking::default_hook::{{closure}}::hbd44223dbdc0d208
[INFO] [stdout]                                at /rustc/6067b36314ab5eb2eb47cecc464545ba58e1ad24/library/std/src/panicking.rs:298:22
[INFO] [stdout]    9:     0x59402a7516b8 - std::panicking::default_hook::h20f81eb0576efcec
[INFO] [stdout]                                at /rustc/6067b36314ab5eb2eb47cecc464545ba58e1ad24/library/std/src/panicking.rs:322:9
[INFO] [stdout]   10:     0x59402a716b03 - <alloc::boxed::Box<F,A> as core::ops::function::Fn<Args>>::call::hdb53814c496a4d34
[INFO] [stdout]                                at /rustc/6067b36314ab5eb2eb47cecc464545ba58e1ad24/library/alloc/src/boxed.rs:2027:9
[INFO] [stdout]   11:     0x59402a716b03 - test::test_main::{{closure}}::hc0a4963c59427c24
[INFO] [stdout]                                at /rustc/6067b36314ab5eb2eb47cecc464545ba58e1ad24/library/test/src/lib.rs:134:21
[INFO] [stdout]   12:     0x59402a752393 - <alloc::boxed::Box<F,A> as core::ops::function::Fn<Args>>::call::h591b2225413a77e9
[INFO] [stdout]                                at /rustc/6067b36314ab5eb2eb47cecc464545ba58e1ad24/library/alloc/src/boxed.rs:2027:9
[INFO] [stdout]   13:     0x59402a752393 - std::panicking::rust_panic_with_hook::h625eea43051b2edc
[INFO] [stdout]                                at /rustc/6067b36314ab5eb2eb47cecc464545ba58e1ad24/library/std/src/panicking.rs:839:13
[INFO] [stdout]   14:     0x59402a75204a - std::panicking::begin_panic_handler::{{closure}}::h4f9159cfbc3f6bd3
[INFO] [stdout]                                at /rustc/6067b36314ab5eb2eb47cecc464545ba58e1ad24/library/std/src/panicking.rs:704:13
[INFO] [stdout]   15:     0x59402a750979 - std::sys::backtrace::__rust_end_short_backtrace::h0390abce48353151
[INFO] [stdout]                                at /rustc/6067b36314ab5eb2eb47cecc464545ba58e1ad24/library/std/src/sys/backtrace.rs:168:18
[INFO] [stdout]   16:     0x59402a751cdd - rust_begin_unwind
[INFO] [stdout]                                at /rustc/6067b36314ab5eb2eb47cecc464545ba58e1ad24/library/std/src/panicking.rs:695:5
[INFO] [stdout]   17:     0x59402a776500 - core::panicking::panic_fmt::h9e7c637e9e5f29c9
[INFO] [stdout]                                at /rustc/6067b36314ab5eb2eb47cecc464545ba58e1ad24/library/core/src/panicking.rs:75:14
[INFO] [stdout]   18:     0x59402a7768a6 - core::result::unwrap_failed::h7979f09313fe1849
[INFO] [stdout]                                at /rustc/6067b36314ab5eb2eb47cecc464545ba58e1ad24/library/core/src/result.rs:1704:5
[INFO] [stdout]   19:     0x59402a7248ce - core::result::Result<T,E>::unwrap::hdaad25b82948ae67
[INFO] [stdout]                                at /rustc/6067b36314ab5eb2eb47cecc464545ba58e1ad24/library/core/src/result.rs:1109:23
[INFO] [stdout]   20:     0x59402a7248ce - utils::get_input::h4b4715bd1299ed28
[INFO] [stdout]                                at /opt/rustwide/workdir/utils/src/lib.rs:103:16
[INFO] [stdout]   21:     0x59402a6d348e - day_11::part_one::hfdc1ee07f3702c34
[INFO] [stdout]                                at /opt/rustwide/workdir/day-11/src/main.rs:10:17
[INFO] [stdout]   22:     0x59402a6dc77a - day_11::tests::test_part_one::h148af10c98df4b0d
[INFO] [stdout]                                at /opt/rustwide/workdir/day-11/src/main.rs:123:9
[INFO] [stdout]   23:     0x59402a6dc537 - day_11::tests::test_part_one::{{closure}}::hfa4066dd3289f088
[INFO] [stdout]                                at /opt/rustwide/workdir/day-11/src/main.rs:118:23
[INFO] [stdout]   24:     0x59402a6d9396 - core::ops::function::FnOnce::call_once::h78bf288c95e2e5e3
[INFO] [stdout]                                at /rustc/6067b36314ab5eb2eb47cecc464545ba58e1ad24/library/core/src/ops/function.rs:250:5
[INFO] [stdout]   25:     0x59402a71c25b - core::ops::function::FnOnce::call_once::he27718dfdd183f43
[INFO] [stdout]                                at /rustc/6067b36314ab5eb2eb47cecc464545ba58e1ad24/library/core/src/ops/function.rs:250:5
[INFO] [stdout]   26:     0x59402a71c25b - test::__rust_begin_short_backtrace::h4e84902998457a5d
[INFO] [stdout]                                at /rustc/6067b36314ab5eb2eb47cecc464545ba58e1ad24/library/test/src/lib.rs:632:18
[INFO] [stdout]   27:     0x59402a71b193 - test::run_test_in_process::{{closure}}::h7176fd18fc1feca0
[INFO] [stdout]                                at /rustc/6067b36314ab5eb2eb47cecc464545ba58e1ad24/library/test/src/lib.rs:655:60
[INFO] [stdout]   28:     0x59402a71b193 - <core::panic::unwind_safe::AssertUnwindSafe<F> as core::ops::function::FnOnce<()>>::call_once::hf79cff2a624d8cf7
[INFO] [stdout]                                at /rustc/6067b36314ab5eb2eb47cecc464545ba58e1ad24/library/core/src/panic/unwind_safe.rs:272:9
[INFO] [stdout]   29:     0x59402a71b193 - std::panicking::try::do_call::h3da0561d9ab99c25
[INFO] [stdout]                                at /rustc/6067b36314ab5eb2eb47cecc464545ba58e1ad24/library/std/src/panicking.rs:587:40
[INFO] [stdout]   30:     0x59402a71b193 - std::panicking::try::h41c9fa508bc61df6
[INFO] [stdout]                                at /rustc/6067b36314ab5eb2eb47cecc464545ba58e1ad24/library/std/src/panicking.rs:550:19
[INFO] [stdout]   31:     0x59402a71b193 - std::panic::catch_unwind::h6b3ff07bb5afad93
[INFO] [stdout]                                at /rustc/6067b36314ab5eb2eb47cecc464545ba58e1ad24/library/std/src/panic.rs:358:14
[INFO] [stdout]   32:     0x59402a71b193 - test::run_test_in_process::hc7253dd11b39b9f4
[INFO] [stdout]                                at /rustc/6067b36314ab5eb2eb47cecc464545ba58e1ad24/library/test/src/lib.rs:655:27
[INFO] [stdout]   33:     0x59402a71b193 - test::run_test::{{closure}}::hfb2007f8649c30bb
[INFO] [stdout]                                at /rustc/6067b36314ab5eb2eb47cecc464545ba58e1ad24/library/test/src/lib.rs:576:43
[INFO] [stdout]   34:     0x59402a6de275 - test::run_test::{{closure}}::h56a17aa7a282a9f4
[INFO] [stdout]                                at /rustc/6067b36314ab5eb2eb47cecc464545ba58e1ad24/library/test/src/lib.rs:606:41
[INFO] [stdout]   35:     0x59402a6de275 - std::sys::backtrace::__rust_begin_short_backtrace::hd2d2d2fb8e8c6aac
[INFO] [stdout]                                at /rustc/6067b36314ab5eb2eb47cecc464545ba58e1ad24/library/std/src/sys/backtrace.rs:152:18
[INFO] [stdout]   36:     0x59402a6e1b5a - std::thread::Builder::spawn_unchecked_::{{closure}}::{{closure}}::h4faa3f9db6133423
[INFO] [stdout]                                at /rustc/6067b36314ab5eb2eb47cecc464545ba58e1ad24/library/std/src/thread/mod.rs:559:17
[INFO] [stdout]   37:     0x59402a6e1b5a - <core::panic::unwind_safe::AssertUnwindSafe<F> as core::ops::function::FnOnce<()>>::call_once::hf2e855a36a4ea846
[INFO] [stdout]                                at /rustc/6067b36314ab5eb2eb47cecc464545ba58e1ad24/library/core/src/panic/unwind_safe.rs:272:9
[INFO] [stdout]   38:     0x59402a6e1b5a - std::panicking::try::do_call::h2f73af3616c35465
[INFO] [stdout]                                at /rustc/6067b36314ab5eb2eb47cecc464545ba58e1ad24/library/std/src/panicking.rs:587:40
[INFO] [stdout]   39:     0x59402a6e1b5a - std::panicking::try::hd1660ce9efadef5a
[INFO] [stdout]                                at /rustc/6067b36314ab5eb2eb47cecc464545ba58e1ad24/library/std/src/panicking.rs:550:19
[INFO] [stdout]   40:     0x59402a6e1b5a - std::panic::catch_unwind::h5ee8d7823b8ca744
[INFO] [stdout]                                at /rustc/6067b36314ab5eb2eb47cecc464545ba58e1ad24/library/std/src/panic.rs:358:14
[INFO] [stdout]   41:     0x59402a6e1b5a - std::thread::Builder::spawn_unchecked_::{{closure}}::h53c3a1894dce8407
[INFO] [stdout]                                at /rustc/6067b36314ab5eb2eb47cecc464545ba58e1ad24/library/std/src/thread/mod.rs:557:30
[INFO] [stdout]   42:     0x59402a6e1b5a - core::ops::function::FnOnce::call_once{{vtable.shim}}::h048ce291ad4f62bf
[INFO] [stdout]                                at /rustc/6067b36314ab5eb2eb47cecc464545ba58e1ad24/library/core/src/ops/function.rs:250:5
[INFO] [stdout]   43:     0x59402a7562db - <alloc::boxed::Box<F,A> as core::ops::function::FnOnce<Args>>::call_once::ha52bedf99a3b4981
[INFO] [stdout]                                at /rustc/6067b36314ab5eb2eb47cecc464545ba58e1ad24/library/alloc/src/boxed.rs:2013:9
[INFO] [stdout]   44:     0x59402a7562db - <alloc::boxed::Box<F,A> as core::ops::function::FnOnce<Args>>::call_once::h567748934d80ccf8
[INFO] [stdout]                                at /rustc/6067b36314ab5eb2eb47cecc464545ba58e1ad24/library/alloc/src/boxed.rs:2013:9
[INFO] [stdout]   45:     0x59402a7562db - std::sys::pal::unix::thread::Thread::new::thread_start::h2d970728ae887adc
[INFO] [stdout]                                at /rustc/6067b36314ab5eb2eb47cecc464545ba58e1ad24/library/std/src/sys/pal/unix/thread.rs:106:17
[INFO] [stdout]   46:     0x705cc6629ac3 - <unknown>
[INFO] [stdout]   47:     0x705cc66baa04 - clone
[INFO] [stdout]   48:                0x0 - <unknown>
[INFO] [stdout] 
[INFO] [stdout] ---- tests::test_part_two stdout ----
[INFO] [stdout] CWD: /opt/rustwide/workdir/day-11
[INFO] [stdout] 
[INFO] [stdout] thread 'tests::test_part_two' panicked at utils/src/lib.rs:103:33:
[INFO] [stdout] called `Result::unwrap()` on an `Err` value: Os { code: 2, kind: NotFound, message: "No such file or directory" }
[INFO] [stdout] stack backtrace:
[INFO] [stdout]    0:     0x59402a75047a - std::backtrace_rs::backtrace::libunwind::trace::hb059275cfc8d6126
[INFO] [stdout]                                at /rustc/6067b36314ab5eb2eb47cecc464545ba58e1ad24/library/std/src/../../backtrace/src/backtrace/libunwind.rs:116:5
[INFO] [stdout]    1:     0x59402a75047a - std::backtrace_rs::backtrace::trace_unsynchronized::h2da071e4327ce3ee
[INFO] [stdout]                                at /rustc/6067b36314ab5eb2eb47cecc464545ba58e1ad24/library/std/src/../../backtrace/src/backtrace/mod.rs:66:5
[INFO] [stdout]    2:     0x59402a75047a - std::sys::backtrace::_print_fmt::h842a1474e6f8d23f
[INFO] [stdout]                                at /rustc/6067b36314ab5eb2eb47cecc464545ba58e1ad24/library/std/src/sys/backtrace.rs:66:9
[INFO] [stdout]    3:     0x59402a75047a - <std::sys::backtrace::BacktraceLock::print::DisplayBacktrace as core::fmt::Display>::fmt::h71a62eb3b9696b12
[INFO] [stdout]                                at /rustc/6067b36314ab5eb2eb47cecc464545ba58e1ad24/library/std/src/sys/backtrace.rs:39:26
[INFO] [stdout]    4:     0x59402a777a53 - core::fmt::rt::Argument::fmt::hdb6b616786b41dc1
[INFO] [stdout]                                at /rustc/6067b36314ab5eb2eb47cecc464545ba58e1ad24/library/core/src/fmt/rt.rs:177:76
[INFO] [stdout]    5:     0x59402a777a53 - core::fmt::write::h2cc1698af7e2d686
[INFO] [stdout]                                at /rustc/6067b36314ab5eb2eb47cecc464545ba58e1ad24/library/core/src/fmt/mod.rs:1440:21
[INFO] [stdout]    6:     0x59402a74cfd3 - std::io::Write::write_fmt::hab1b4cd059a79022
[INFO] [stdout]                                at /rustc/6067b36314ab5eb2eb47cecc464545ba58e1ad24/library/std/src/io/mod.rs:1887:15
[INFO] [stdout]    7:     0x59402a7502c2 - std::sys::backtrace::BacktraceLock::print::h147fe35b4ea13b08
[INFO] [stdout]                                at /rustc/6067b36314ab5eb2eb47cecc464545ba58e1ad24/library/std/src/sys/backtrace.rs:42:9
[INFO] [stdout]    8:     0x59402a75189f - std::panicking::default_hook::{{closure}}::hbd44223dbdc0d208
[INFO] [stdout]                                at /rustc/6067b36314ab5eb2eb47cecc464545ba58e1ad24/library/std/src/panicking.rs:298:22
[INFO] [stdout]    9:     0x59402a7516b8 - std::panicking::default_hook::h20f81eb0576efcec
[INFO] [stdout]                                at /rustc/6067b36314ab5eb2eb47cecc464545ba58e1ad24/library/std/src/panicking.rs:322:9
[INFO] [stdout]   10:     0x59402a716b03 - <alloc::boxed::Box<F,A> as core::ops::function::Fn<Args>>::call::hdb53814c496a4d34
[INFO] [stdout]                                at /rustc/6067b36314ab5eb2eb47cecc464545ba58e1ad24/library/alloc/src/boxed.rs:2027:9
[INFO] [stdout]   11:     0x59402a716b03 - test::test_main::{{closure}}::hc0a4963c59427c24
[INFO] [stdout]                                at /rustc/6067b36314ab5eb2eb47cecc464545ba58e1ad24/library/test/src/lib.rs:134:21
[INFO] [stdout]   12:     0x59402a752393 - <alloc::boxed::Box<F,A> as core::ops::function::Fn<Args>>::call::h591b2225413a77e9
[INFO] [stdout]                                at /rustc/6067b36314ab5eb2eb47cecc464545ba58e1ad24/library/alloc/src/boxed.rs:2027:9
[INFO] [stdout]   13:     0x59402a752393 - std::panicking::rust_panic_with_hook::h625eea43051b2edc
[INFO] [stdout]                                at /rustc/6067b36314ab5eb2eb47cecc464545ba58e1ad24/library/std/src/panicking.rs:839:13
[INFO] [stdout]   14:     0x59402a75204a - std::panicking::begin_panic_handler::{{closure}}::h4f9159cfbc3f6bd3
[INFO] [stdout]                                at /rustc/6067b36314ab5eb2eb47cecc464545ba58e1ad24/library/std/src/panicking.rs:704:13
[INFO] [stdout]   15:     0x59402a750979 - std::sys::backtrace::__rust_end_short_backtrace::h0390abce48353151
[INFO] [stdout]                                at /rustc/6067b36314ab5eb2eb47cecc464545ba58e1ad24/library/std/src/sys/backtrace.rs:168:18
[INFO] [stdout]   16:     0x59402a751cdd - rust_begin_unwind
[INFO] [stdout]                                at /rustc/6067b36314ab5eb2eb47cecc464545ba58e1ad24/library/std/src/panicking.rs:695:5
[INFO] [stdout]   17:     0x59402a776500 - core::panicking::panic_fmt::h9e7c637e9e5f29c9
[INFO] [stdout]                                at /rustc/6067b36314ab5eb2eb47cecc464545ba58e1ad24/library/core/src/panicking.rs:75:14
[INFO] [stdout]   18:     0x59402a7768a6 - core::result::unwrap_failed::h7979f09313fe1849
[INFO] [stdout]                                at /rustc/6067b36314ab5eb2eb47cecc464545ba58e1ad24/library/core/src/result.rs:1704:5
[INFO] [stdout]   19:     0x59402a7248ce - core::result::Result<T,E>::unwrap::hdaad25b82948ae67
[INFO] [stdout]                                at /rustc/6067b36314ab5eb2eb47cecc464545ba58e1ad24/library/core/src/result.rs:1109:23
[INFO] [stdout]   20:     0x59402a7248ce - utils::get_input::h4b4715bd1299ed28
[INFO] [stdout]                                at /opt/rustwide/workdir/utils/src/lib.rs:103:16
[INFO] [stdout]   21:     0x59402a6d3d00 - day_11::part_two::h7a4901d9ab298e26
[INFO] [stdout]                                at /opt/rustwide/workdir/day-11/src/main.rs:51:17
[INFO] [stdout]   22:     0x59402a6dca0a - day_11::tests::test_part_two::h29862dd44075ee4c
[INFO] [stdout]                                at /opt/rustwide/workdir/day-11/src/main.rs:132:9
[INFO] [stdout]   23:     0x59402a6dc7c7 - day_11::tests::test_part_two::{{closure}}::h2f030c270f76cfa0
[INFO] [stdout]                                at /opt/rustwide/workdir/day-11/src/main.rs:127:23
[INFO] [stdout]   24:     0x59402a6d93d6 - core::ops::function::FnOnce::call_once::h881982bfe1363b4b
[INFO] [stdout]                                at /rustc/6067b36314ab5eb2eb47cecc464545ba58e1ad24/library/core/src/ops/function.rs:250:5
[INFO] [stdout]   25:     0x59402a71c25b - core::ops::function::FnOnce::call_once::he27718dfdd183f43
[INFO] [stdout]                                at /rustc/6067b36314ab5eb2eb47cecc464545ba58e1ad24/library/core/src/ops/function.rs:250:5
[INFO] [stdout]   26:     0x59402a71c25b - test::__rust_begin_short_backtrace::h4e84902998457a5d
[INFO] [stdout]                                at /rustc/6067b36314ab5eb2eb47cecc464545ba58e1ad24/library/test/src/lib.rs:632:18
[INFO] [stdout]   27:     0x59402a71b193 - test::run_test_in_process::{{closure}}::h7176fd18fc1feca0
[INFO] [stdout]                                at /rustc/6067b36314ab5eb2eb47cecc464545ba58e1ad24/library/test/src/lib.rs:655:60
[INFO] [stdout]   28:     0x59402a71b193 - <core::panic::unwind_safe::AssertUnwindSafe<F> as core::ops::function::FnOnce<()>>::call_once::hf79cff2a624d8cf7
[INFO] [stdout]                                at /rustc/6067b36314ab5eb2eb47cecc464545ba58e1ad24/library/core/src/panic/unwind_safe.rs:272:9
[INFO] [stdout]   29:     0x59402a71b193 - std::panicking::try::do_call::h3da0561d9ab99c25
[INFO] [stdout]                                at /rustc/6067b36314ab5eb2eb47cecc464545ba58e1ad24/library/std/src/panicking.rs:587:40
[INFO] [stdout]   30:     0x59402a71b193 - std::panicking::try::h41c9fa508bc61df6
[INFO] [stdout]                                at /rustc/6067b36314ab5eb2eb47cecc464545ba58e1ad24/library/std/src/panicking.rs:550:19
[INFO] [stdout]   31:     0x59402a71b193 - std::panic::catch_unwind::h6b3ff07bb5afad93
[INFO] [stdout]                                at /rustc/6067b36314ab5eb2eb47cecc464545ba58e1ad24/library/std/src/panic.rs:358:14
[INFO] [stdout]   32:     0x59402a71b193 - test::run_test_in_process::hc7253dd11b39b9f4
[INFO] [stdout]                                at /rustc/6067b36314ab5eb2eb47cecc464545ba58e1ad24/library/test/src/lib.rs:655:27
[INFO] [stdout]   33:     0x59402a71b193 - test::run_test::{{closure}}::hfb2007f8649c30bb
[INFO] [stdout]                                at /rustc/6067b36314ab5eb2eb47cecc464545ba58e1ad24/library/test/src/lib.rs:576:43
[INFO] [stdout]   34:     0x59402a6de275 - test::run_test::{{closure}}::h56a17aa7a282a9f4
[INFO] [stdout]                                at /rustc/6067b36314ab5eb2eb47cecc464545ba58e1ad24/library/test/src/lib.rs:606:41
[INFO] [stdout]   35:     0x59402a6de275 - std::sys::backtrace::__rust_begin_short_backtrace::hd2d2d2fb8e8c6aac
[INFO] [stdout]                                at /rustc/6067b36314ab5eb2eb47cecc464545ba58e1ad24/library/std/src/sys/backtrace.rs:152:18
[INFO] [stdout]   36:     0x59402a6e1b5a - std::thread::Builder::spawn_unchecked_::{{closure}}::{{closure}}::h4faa3f9db6133423
[INFO] [stdout]                                at /rustc/6067b36314ab5eb2eb47cecc464545ba58e1ad24/library/std/src/thread/mod.rs:559:17
[INFO] [stdout]   37:     0x59402a6e1b5a - <core::panic::unwind_safe::AssertUnwindSafe<F> as core::ops::function::FnOnce<()>>::call_once::hf2e855a36a4ea846
[INFO] [stdout]                                at /rustc/6067b36314ab5eb2eb47cecc464545ba58e1ad24/library/core/src/panic/unwind_safe.rs:272:9
[INFO] [stdout]   38:     0x59402a6e1b5a - std::panicking::try::do_call::h2f73af3616c35465
[INFO] [stdout]                                at /rustc/6067b36314ab5eb2eb47cecc464545ba58e1ad24/library/std/src/panicking.rs:587:40
[INFO] [stdout]   39:     0x59402a6e1b5a - std::panicking::try::hd1660ce9efadef5a
[INFO] [stdout]                                at /rustc/6067b36314ab5eb2eb47cecc464545ba58e1ad24/library/std/src/panicking.rs:550:19
[INFO] [stdout]   40:     0x59402a6e1b5a - std::panic::catch_unwind::h5ee8d7823b8ca744
[INFO] [stdout]                                at /rustc/6067b36314ab5eb2eb47cecc464545ba58e1ad24/library/std/src/panic.rs:358:14
[INFO] [stdout]   41:     0x59402a6e1b5a - std::thread::Builder::spawn_unchecked_::{{closure}}::h53c3a1894dce8407
[INFO] [stdout]                                at /rustc/6067b36314ab5eb2eb47cecc464545ba58e1ad24/library/std/src/thread/mod.rs:557:30
[INFO] [stdout]   42:     0x59402a6e1b5a - core::ops::function::FnOnce::call_once{{vtable.shim}}::h048ce291ad4f62bf
[INFO] [stdout]                                at /rustc/6067b36314ab5eb2eb47cecc464545ba58e1ad24/library/core/src/ops/function.rs:250:5
[INFO] [stdout]   43:     0x59402a7562db - <alloc::boxed::Box<F,A> as core::ops::function::FnOnce<Args>>::call_once::ha52bedf99a3b4981
[INFO] [stdout]                                at /rustc/6067b36314ab5eb2eb47cecc464545ba58e1ad24/library/alloc/src/boxed.rs:2013:9
[INFO] [stdout]   44:     0x59402a7562db - <alloc::boxed::Box<F,A> as core::ops::function::FnOnce<Args>>::call_once::h567748934d80ccf8
[INFO] [stdout]                                at /rustc/6067b36314ab5eb2eb47cecc464545ba58e1ad24/library/alloc/src/boxed.rs:2013:9
[INFO] [stdout]   45:     0x59402a7562db - std::sys::pal::unix::thread::Thread::new::thread_start::h2d970728ae887adc
[INFO] [stdout]                                at /rustc/6067b36314ab5eb2eb47cecc464545ba58e1ad24/library/std/src/sys/pal/unix/thread.rs:106:17
[INFO] [stdout]   46:     0x705cc6629ac3 - <unknown>
[INFO] [stdout]   47:     0x705cc66baa04 - clone
[INFO] [stdout]   48:                0x0 - <unknown>
[INFO] [stdout] 
[INFO] [stdout] 
[INFO] [stdout] failures:
[INFO] [stdout]     tests::test_part_one
[INFO] [stdout]     tests::test_part_two
[INFO] [stdout] 
[INFO] [stdout] test result: FAILED. 0 passed; 2 failed; 0 ignored; 0 measured; 0 filtered out; finished in 0.06s
[INFO] [stdout] 
[INFO] [stderr] error: test failed, to rerun pass `-p day-11 --bin day-11`
[INFO] running `Command { std: "docker" "inspect" "c5dede8abbcbb24d9f336fd6d1769116279c00b4cc2f0f5ccb9f843be3dea5ef", kill_on_drop: false }`
[INFO] running `Command { std: "docker" "rm" "-f" "c5dede8abbcbb24d9f336fd6d1769116279c00b4cc2f0f5ccb9f843be3dea5ef", kill_on_drop: false }`
[INFO] [stdout] c5dede8abbcbb24d9f336fd6d1769116279c00b4cc2f0f5ccb9f843be3dea5ef
