[INFO] cloning repository https://github.com/jsoneaday/axum-api
[INFO] running `Command { std: "git" "-c" "credential.helper=" "-c" "credential.helper=/workspace/cargo-home/bin/git-credential-null" "clone" "--bare" "https://github.com/jsoneaday/axum-api" "/workspace/cache/git-repos/https%3A%2F%2Fgithub.com%2Fjsoneaday%2Faxum-api", kill_on_drop: false }`
[INFO] [stderr] Cloning into bare repository '/workspace/cache/git-repos/https%3A%2F%2Fgithub.com%2Fjsoneaday%2Faxum-api'...
[INFO] running `Command { std: "git" "rev-parse" "HEAD", kill_on_drop: false }`
[INFO] [stdout] bf12a09ab66f3ddeb7aebd56ab28752153b1be8a
[INFO] testing jsoneaday/axum-api against nightly-2025-01-18 for randomize-layout-2
[INFO] running `Command { std: "git" "clone" "/workspace/cache/git-repos/https%3A%2F%2Fgithub.com%2Fjsoneaday%2Faxum-api" "/workspace/builds/worker-6-tc1/source", kill_on_drop: false }`
[INFO] [stderr] Cloning into '/workspace/builds/worker-6-tc1/source'...
[INFO] [stderr] done.
[INFO] validating manifest of git repo https://github.com/jsoneaday/axum-api on toolchain nightly-2025-01-18
[INFO] running `Command { std: CARGO_HOME="/workspace/cargo-home" RUSTUP_HOME="/workspace/rustup-home" "/workspace/cargo-home/bin/cargo" "+nightly-2025-01-18" "metadata" "--manifest-path" "Cargo.toml" "--no-deps", kill_on_drop: false }`
[INFO] started tweaking git repo https://github.com/jsoneaday/axum-api
[INFO] finished tweaking git repo https://github.com/jsoneaday/axum-api
[INFO] tweaked toml for git repo https://github.com/jsoneaday/axum-api written to /workspace/builds/worker-6-tc1/source/Cargo.toml
[INFO] crate git repo https://github.com/jsoneaday/axum-api already has a lockfile, it will not be regenerated
[INFO] running `Command { std: CARGO_HOME="/workspace/cargo-home" RUSTUP_HOME="/workspace/rustup-home" "/workspace/cargo-home/bin/cargo" "+nightly-2025-01-18" "fetch" "--manifest-path" "Cargo.toml", kill_on_drop: false }`
[INFO] [stderr] warning: virtual workspace defaulting to `resolver = "1"` despite one or more workspace members being on edition 2021 which implies `resolver = "2"`
[INFO] [stderr] note: to keep the current resolver, specify `workspace.resolver = "1"` in the workspace root's manifest
[INFO] [stderr] note: to use the edition 2021 resolver, specify `workspace.resolver = "2"` in the workspace root's manifest
[INFO] [stderr] note: for more details see https://doc.rust-lang.org/cargo/reference/resolver.html#resolver-versions
[INFO] [stderr]  Downloading crates ...
[INFO] [stderr]   Downloaded dummy v0.9.1
[INFO] [stderr]   Downloaded httpc-test v0.1.10
[INFO] [stderr]   Downloaded fake v3.0.1
[INFO] [stderr]   Downloaded reqwest_cookie_store v0.8.0
[INFO] running `Command { std: "docker" "create" "-v" "/var/lib/crater-agent-workspace/builds/worker-6-tc1/target:/opt/rustwide/target:rw,Z" "-v" "/var/lib/crater-agent-workspace/builds/worker-6-tc1/source:/opt/rustwide/workdir:ro,Z" "-v" "/var/lib/crater-agent-workspace/cargo-home:/opt/rustwide/cargo-home:ro,Z" "-v" "/var/lib/crater-agent-workspace/rustup-home:/opt/rustwide/rustup-home:ro,Z" "-e" "SOURCE_DIR=/opt/rustwide/workdir" "-e" "CARGO_TARGET_DIR=/opt/rustwide/target" "-e" "CARGO_HOME=/opt/rustwide/cargo-home" "-e" "RUSTUP_HOME=/opt/rustwide/rustup-home" "-w" "/opt/rustwide/workdir" "-m" "1610612736" "--user" "0:0" "--network" "none" "ghcr.io/rust-lang/crates-build-env/linux@sha256:819108c5571ea2e421544af4d832f968d213c87fbe3707a016657f43d2f853bc" "/opt/rustwide/cargo-home/bin/cargo" "+nightly-2025-01-18" "metadata" "--no-deps" "--format-version=1", kill_on_drop: false }`
[INFO] [stdout] 161c2a5d9caa27fd9bc4e9d40d2d7e25cfb9c2994eda4c22a79fe7bdd0f1166c
[INFO] running `Command { std: "docker" "start" "-a" "161c2a5d9caa27fd9bc4e9d40d2d7e25cfb9c2994eda4c22a79fe7bdd0f1166c", kill_on_drop: false }`
[INFO] running `Command { std: "docker" "inspect" "161c2a5d9caa27fd9bc4e9d40d2d7e25cfb9c2994eda4c22a79fe7bdd0f1166c", kill_on_drop: false }`
[INFO] running `Command { std: "docker" "rm" "-f" "161c2a5d9caa27fd9bc4e9d40d2d7e25cfb9c2994eda4c22a79fe7bdd0f1166c", kill_on_drop: false }`
[INFO] [stdout] 161c2a5d9caa27fd9bc4e9d40d2d7e25cfb9c2994eda4c22a79fe7bdd0f1166c
[INFO] running `Command { std: "docker" "create" "-v" "/var/lib/crater-agent-workspace/builds/worker-6-tc1/target:/opt/rustwide/target:rw,Z" "-v" "/var/lib/crater-agent-workspace/builds/worker-6-tc1/source:/opt/rustwide/workdir:ro,Z" "-v" "/var/lib/crater-agent-workspace/cargo-home:/opt/rustwide/cargo-home:ro,Z" "-v" "/var/lib/crater-agent-workspace/rustup-home:/opt/rustwide/rustup-home:ro,Z" "-e" "SOURCE_DIR=/opt/rustwide/workdir" "-e" "CARGO_TARGET_DIR=/opt/rustwide/target" "-e" "CARGO_INCREMENTAL=0" "-e" "RUST_BACKTRACE=full" "-e" "RUSTFLAGS=--cap-lints=forbid" "-e" "RUSTDOCFLAGS=--cap-lints=forbid" "-e" "CARGO_HOME=/opt/rustwide/cargo-home" "-e" "RUSTUP_HOME=/opt/rustwide/rustup-home" "-w" "/opt/rustwide/workdir" "-m" "1610612736" "--user" "0:0" "--network" "none" "ghcr.io/rust-lang/crates-build-env/linux@sha256:819108c5571ea2e421544af4d832f968d213c87fbe3707a016657f43d2f853bc" "/opt/rustwide/cargo-home/bin/cargo" "+nightly-2025-01-18" "build" "--frozen" "--message-format=json", kill_on_drop: false }`
[INFO] [stdout] b9b52de2a9a61780ab5f7a7903d3e991fc9488505c1e95bb89c5afb80db3ea0b
[INFO] running `Command { std: "docker" "start" "-a" "b9b52de2a9a61780ab5f7a7903d3e991fc9488505c1e95bb89c5afb80db3ea0b", kill_on_drop: false }`
[INFO] [stderr] warning: virtual workspace defaulting to `resolver = "1"` despite one or more workspace members being on edition 2021 which implies `resolver = "2"`
[INFO] [stderr] note: to keep the current resolver, specify `workspace.resolver = "1"` in the workspace root's manifest
[INFO] [stderr] note: to use the edition 2021 resolver, specify `workspace.resolver = "2"` in the workspace root's manifest
[INFO] [stderr] note: for more details see https://doc.rust-lang.org/cargo/reference/resolver.html#resolver-versions
[INFO] [stderr]    Compiling proc-macro2 v1.0.89
[INFO] [stderr]    Compiling unicode-ident v1.0.13
[INFO] [stderr]    Compiling libc v0.2.162
[INFO] [stderr]    Compiling serde v1.0.215
[INFO] [stderr]    Compiling autocfg v1.4.0
[INFO] [stderr]    Compiling once_cell v1.20.2
[INFO] [stderr]    Compiling version_check v0.9.5
[INFO] [stderr]    Compiling pin-project-lite v0.2.15
[INFO] [stderr]    Compiling futures-core v0.3.31
[INFO] [stderr]    Compiling shlex v1.3.0
[INFO] [stderr]    Compiling itoa v1.0.11
[INFO] [stderr]    Compiling cc v1.2.0
[INFO] [stderr]    Compiling parking_lot_core v0.9.10
[INFO] [stderr]    Compiling bytes v1.8.0
[INFO] [stderr]    Compiling scopeguard v1.2.0
[INFO] [stderr]    Compiling log v0.4.22
[INFO] [stderr]    Compiling stable_deref_trait v1.2.0
[INFO] [stderr]    Compiling memchr v2.7.4
[INFO] [stderr]    Compiling lock_api v0.4.12
[INFO] [stderr]    Compiling slab v0.4.9
[INFO] [stderr]    Compiling futures-sink v0.3.31
[INFO] [stderr]    Compiling tracing-core v0.1.32
[INFO] [stderr]    Compiling writeable v0.5.5
[INFO] [stderr]    Compiling litemap v0.7.3
[INFO] [stderr]    Compiling quote v1.0.37
[INFO] [stderr]    Compiling fnv v1.0.7
[INFO] [stderr]    Compiling futures-io v0.3.31
[INFO] [stderr]    Compiling pin-utils v0.1.0
[INFO] [stderr]    Compiling syn v2.0.87
[INFO] [stderr]    Compiling futures-task v0.3.31
[INFO] [stderr]    Compiling typenum v1.17.0
[INFO] [stderr]    Compiling icu_locid_transform_data v1.5.0
[INFO] [stderr]    Compiling generic-array v0.14.7
[INFO] [stderr]    Compiling futures-util v0.3.31
[INFO] [stderr]    Compiling equivalent v1.0.1
[INFO] [stderr]    Compiling icu_properties_data v1.5.0
[INFO] [stderr]    Compiling percent-encoding v2.3.1
[INFO] [stderr]    Compiling hashbrown v0.15.1
[INFO] [stderr]    Compiling utf16_iter v1.0.5
[INFO] [stderr]    Compiling byteorder v1.5.0
[INFO] [stderr]    Compiling bitflags v2.6.0
[INFO] [stderr]    Compiling indexmap v2.6.0
[INFO] [stderr]    Compiling icu_normalizer_data v1.5.0
[INFO] [stderr]    Compiling write16 v1.0.0
[INFO] [stderr]    Compiling tinyvec_macros v0.1.1
[INFO] [stderr]    Compiling utf8_iter v1.0.4
[INFO] [stderr]    Compiling tinyvec v1.8.0
[INFO] [stderr]    Compiling signal-hook-registry v1.4.2
[INFO] [stderr]    Compiling mio v1.0.2
[INFO] [stderr]    Compiling socket2 v0.5.7
[INFO] [stderr]    Compiling getrandom v0.2.15
[INFO] [stderr]    Compiling form_urlencoded v1.2.1
[INFO] [stderr]    Compiling futures-channel v0.3.31
[INFO] [stderr]    Compiling serde_json v1.0.132
[INFO] [stderr]    Compiling rustls-pki-types v1.10.0
[INFO] [stderr]    Compiling ryu v1.0.18
[INFO] [stderr]    Compiling http v1.1.0
[INFO] [stderr]    Compiling unicode-normalization v0.1.24
[INFO] [stderr]    Compiling unicode-bidi v0.3.17
[INFO] [stderr]    Compiling subtle v2.6.1
[INFO] [stderr]    Compiling block-buffer v0.10.4
[INFO] [stderr]    Compiling crypto-common v0.1.6
[INFO] [stderr]    Compiling ring v0.17.8
[INFO] [stderr]    Compiling vcpkg v0.2.15
[INFO] [stderr]    Compiling pkg-config v0.3.31
[INFO] [stderr]    Compiling crossbeam-utils v0.8.20
[INFO] [stderr]    Compiling digest v0.10.7
[INFO] [stderr]    Compiling http-body v1.0.1
[INFO] [stderr]    Compiling num-traits v0.2.19
[INFO] [stderr]    Compiling ahash v0.8.11
[INFO] [stderr]    Compiling httparse v1.9.5
[INFO] [stderr]    Compiling openssl-sys v0.9.104
[INFO] [stderr]    Compiling rustls-pemfile v2.2.0
[INFO] [stderr]    Compiling try-lock v0.2.5
[INFO] [stderr]    Compiling thiserror v1.0.69
[INFO] [stderr]    Compiling untrusted v0.9.0
[INFO] [stderr]    Compiling tower-service v0.3.3
[INFO] [stderr]    Compiling spin v0.9.8
[INFO] [stderr]    Compiling atomic-waker v1.1.2
[INFO] [stderr]    Compiling want v0.3.1
[INFO] [stderr]    Compiling rand_core v0.6.4
[INFO] [stderr]    Compiling httpdate v1.0.3
[INFO] [stderr]    Compiling base64 v0.22.1
[INFO] [stderr]    Compiling allocator-api2 v0.2.20
[INFO] [stderr]    Compiling minimal-lexical v0.2.1
[INFO] [stderr]    Compiling paste v1.0.15
[INFO] [stderr]    Compiling rustls v0.23.16
[INFO] [stderr]    Compiling http-body-util v0.1.2
[INFO] [stderr]    Compiling nom v7.1.3
[INFO] [stderr]    Compiling concurrent-queue v2.5.0
[INFO] [stderr]    Compiling iana-time-zone v0.1.61
[INFO] [stderr]    Compiling cpufeatures v0.2.15
[INFO] [stderr]    Compiling unicode_categories v0.1.1
[INFO] [stderr]    Compiling parking v2.2.1
[INFO] [stderr]    Compiling openssl v0.10.68
[INFO] [stderr]    Compiling zeroize v1.8.1
[INFO] [stderr]    Compiling crc-catalog v2.4.0
[INFO] [stderr]    Compiling rustix v0.38.40
[INFO] [stderr]    Compiling foreign-types-shared v0.1.1
[INFO] [stderr]    Compiling crc v3.2.1
[INFO] [stderr]    Compiling foreign-types v0.3.2
[INFO] [stderr]    Compiling event-listener v5.3.1
[INFO] [stderr]    Compiling sha2 v0.10.8
[INFO] [stderr]    Compiling synstructure v0.13.1
[INFO] [stderr]    Compiling atoi v2.0.0
[INFO] [stderr]    Compiling crossbeam-queue v0.3.11
[INFO] [stderr]    Compiling hmac v0.12.1
[INFO] [stderr]    Compiling webpki-roots v0.26.6
[INFO] [stderr]    Compiling sync_wrapper v1.0.1
[INFO] [stderr]    Compiling hex v0.4.3
[INFO] [stderr]    Compiling num-conv v0.1.0
[INFO] [stderr]    Compiling mime v0.3.17
[INFO] [stderr]    Compiling ident_case v1.0.1
[INFO] [stderr]    Compiling native-tls v0.2.12
[INFO] [stderr]    Compiling time-core v0.1.2
[INFO] [stderr]    Compiling powerfmt v0.2.0
[INFO] [stderr]    Compiling linux-raw-sys v0.4.14
[INFO] [stderr]    Compiling unicode-properties v0.1.3
[INFO] [stderr]    Compiling deranged v0.3.11
[INFO] [stderr]    Compiling time-macros v0.2.18
[INFO] [stderr]    Compiling stringprep v0.1.5
[INFO] [stderr]    Compiling darling_core v0.20.10
[INFO] [stderr]    Compiling hkdf v0.12.4
[INFO] [stderr]    Compiling sqlformat v0.2.6
[INFO] [stderr]    Compiling md-5 v0.10.6
[INFO] [stderr]    Compiling cookie v0.18.1
[INFO] [stderr]    Compiling openssl-probe v0.1.5
[INFO] [stderr]    Compiling rustls-webpki v0.102.8
[INFO] [stderr]    Compiling fastrand v2.2.0
[INFO] [stderr]    Compiling rustversion v1.0.18
[INFO] [stderr]    Compiling serde_derive v1.0.215
[INFO] [stderr]    Compiling zerofrom-derive v0.1.4
[INFO] [stderr]    Compiling yoke-derive v0.7.4
[INFO] [stderr]    Compiling zerovec-derive v0.10.3
[INFO] [stderr]    Compiling tokio-macros v2.4.0
[INFO] [stderr]    Compiling displaydoc v0.2.5
[INFO] [stderr]    Compiling icu_provider_macros v1.5.0
[INFO] [stderr]    Compiling tracing-attributes v0.1.27
[INFO] [stderr]    Compiling zerofrom v0.1.4
[INFO] [stderr]    Compiling yoke v0.7.4
[INFO] [stderr]    Compiling zerocopy-derive v0.7.35
[INFO] [stderr]    Compiling thiserror-impl v1.0.69
[INFO] [stderr]    Compiling zerovec v0.10.4
[INFO] [stderr]    Compiling openssl-macros v0.1.1
[INFO] [stderr]    Compiling zerocopy v0.7.35
[INFO] [stderr]    Compiling tinystr v0.7.6
[INFO] [stderr]    Compiling icu_collections v1.5.0
[INFO] [stderr]    Compiling tracing v0.1.40
[INFO] [stderr]    Compiling icu_locid v1.5.0
[INFO] [stderr]    Compiling home v0.5.9
[INFO] [stderr]    Compiling ppv-lite86 v0.2.20
[INFO] [stderr]    Compiling icu_provider v1.5.0
[INFO] [stderr]    Compiling icu_locid_transform v1.5.0
[INFO] [stderr]    Compiling rand_chacha v0.3.1
[INFO] [stderr]    Compiling hashbrown v0.14.5
[INFO] [stderr]    Compiling rand v0.8.5
[INFO] [stderr]    Compiling hashlink v0.9.1
[INFO] [stderr]    Compiling dotenvy v0.15.7
[INFO] [stderr]    Compiling icu_properties v1.5.1
[INFO] [stderr]    Compiling whoami v1.5.2
[INFO] [stderr]    Compiling darling_macro v0.20.10
[INFO] [stderr]    Compiling tempfile v3.14.0
[INFO] [stderr]    Compiling time v0.3.36
[INFO] [stderr]    Compiling idna v0.3.0
[INFO] [stderr]    Compiling predicates-core v1.0.8
[INFO] [stderr]    Compiling tower-layer v0.3.3
[INFO] [stderr]    Compiling litrs v0.4.1
[INFO] [stderr]    Compiling psl-types v2.0.11
[INFO] [stderr]    Compiling mockall_derive v0.13.0
[INFO] [stderr]    Compiling heck v0.5.0
[INFO] [stderr]    Compiling publicsuffix v2.2.3
[INFO] [stderr]    Compiling darling v0.20.10
[INFO] [stderr]    Compiling document-features v0.2.10
[INFO] [stderr]    Compiling async-trait v0.1.83
[INFO] [stderr]    Compiling async-stream-impl v0.3.6
[INFO] [stderr]    Compiling termtree v0.4.1
[INFO] [stderr]    Compiling anstyle v1.0.10
[INFO] [stderr]    Compiling sync_wrapper v0.1.2
[INFO] [stderr]    Compiling axum-core v0.4.5
[INFO] [stderr]    Compiling async-stream v0.3.6
[INFO] [stderr]    Compiling predicates v3.1.2
[INFO] [stderr]    Compiling predicates-tree v1.0.11
[INFO] [stderr]    Compiling dummy v0.9.1
[INFO] [stderr]    Compiling smallvec v1.13.2
[INFO] [stderr]    Compiling either v1.13.0
[INFO] [stderr]    Compiling chrono v0.4.38
[INFO] [stderr]    Compiling icu_normalizer v1.5.0
[INFO] [stderr]    Compiling serde_urlencoded v0.7.1
[INFO] [stderr]    Compiling parking_lot v0.12.3
[INFO] [stderr]    Compiling tokio v1.41.1
[INFO] [stderr]    Compiling idna_adapter v1.2.0
[INFO] [stderr]    Compiling idna v1.0.3
[INFO] [stderr]    Compiling futures-intrusive v0.5.0
[INFO] [stderr]    Compiling serde_path_to_error v0.1.16
[INFO] [stderr]    Compiling url v2.5.3
[INFO] [stderr]    Compiling cookie_store v0.21.1
[INFO] [stderr]    Compiling axum-macros v0.4.2
[INFO] [stderr]    Compiling encoding_rs v0.8.35
[INFO] [stderr]    Compiling fragile v2.0.0
[INFO] [stderr]    Compiling deunicode v1.6.0
[INFO] [stderr]    Compiling ipnet v2.10.1
[INFO] [stderr]    Compiling downcast v0.11.0
[INFO] [stderr]    Compiling matchit v0.7.3
[INFO] [stderr]    Compiling fake v3.0.1
[INFO] [stderr]    Compiling lazy_static v1.5.0
[INFO] [stderr]    Compiling overload v0.1.1
[INFO] [stderr]    Compiling dotenv v0.15.0
[INFO] [stderr]    Compiling anyhow v1.0.93
[INFO] [stderr]    Compiling assert_matches v1.5.0
[INFO] [stderr]    Compiling nu-ansi-term v0.46.0
[INFO] [stderr]    Compiling sharded-slab v0.1.7
[INFO] [stderr]    Compiling tracing-log v0.2.0
[INFO] [stderr]    Compiling thread_local v1.1.8
[INFO] [stderr]    Compiling sqlx v0.1.0 (/opt/rustwide/workdir/sqlx)
[INFO] [stderr]    Compiling response v0.1.0 (/opt/rustwide/workdir/response)
[INFO] [stderr]    Compiling middleware v0.1.0 (/opt/rustwide/workdir/middleware)
[INFO] [stderr]    Compiling routing v0.1.0 (/opt/rustwide/workdir/routing)
[INFO] [stderr]    Compiling error v0.1.0 (/opt/rustwide/workdir/error)
[INFO] [stderr]    Compiling extractor v0.1.0 (/opt/rustwide/workdir/extractor)
[INFO] [stderr]    Compiling tracing-subscriber v0.3.18
[INFO] [stderr]    Compiling mockall v0.13.0
[INFO] [stderr]    Compiling tokio-util v0.7.12
[INFO] [stderr]    Compiling tokio-stream v0.1.16
[INFO] [stderr]    Compiling tokio-native-tls v0.3.1
[INFO] [stderr]    Compiling tower v0.5.1
[INFO] [stderr]    Compiling sqlx-core v0.8.2
[INFO] [stderr]    Compiling tokio-test v0.4.4
[INFO] [stderr]    Compiling h2 v0.4.6
[INFO] [stderr]    Compiling sqlx-postgres v0.8.2
[INFO] [stderr]    Compiling hyper v1.5.0
[INFO] [stderr]    Compiling hyper-util v0.1.10
[INFO] [stderr]    Compiling sqlx-macros-core v0.8.2
[INFO] [stderr]    Compiling hyper-tls v0.6.0
[INFO] [stderr]    Compiling axum v0.7.7
[INFO] [stderr]    Compiling reqwest v0.12.9
[INFO] [stderr]    Compiling reqwest_cookie_store v0.8.0
[INFO] [stderr]    Compiling httpc-test v0.1.10
[INFO] [stderr]    Compiling sqlx-macros v0.8.2
[INFO] [stderr]    Compiling sqlx v0.8.2
[INFO] [stderr]    Compiling complete v0.1.0 (/opt/rustwide/workdir/complete)
[INFO] [stderr]    Compiling start v0.1.0 (/opt/rustwide/workdir/start)
[INFO] [stderr]     Finished `dev` profile [unoptimized + debuginfo] target(s) in 3m 24s
[INFO] running `Command { std: "docker" "inspect" "b9b52de2a9a61780ab5f7a7903d3e991fc9488505c1e95bb89c5afb80db3ea0b", kill_on_drop: false }`
[INFO] running `Command { std: "docker" "rm" "-f" "b9b52de2a9a61780ab5f7a7903d3e991fc9488505c1e95bb89c5afb80db3ea0b", kill_on_drop: false }`
[INFO] [stdout] b9b52de2a9a61780ab5f7a7903d3e991fc9488505c1e95bb89c5afb80db3ea0b
[INFO] running `Command { std: "docker" "create" "-v" "/var/lib/crater-agent-workspace/builds/worker-6-tc1/target:/opt/rustwide/target:rw,Z" "-v" "/var/lib/crater-agent-workspace/builds/worker-6-tc1/source:/opt/rustwide/workdir:ro,Z" "-v" "/var/lib/crater-agent-workspace/cargo-home:/opt/rustwide/cargo-home:ro,Z" "-v" "/var/lib/crater-agent-workspace/rustup-home:/opt/rustwide/rustup-home:ro,Z" "-e" "SOURCE_DIR=/opt/rustwide/workdir" "-e" "CARGO_TARGET_DIR=/opt/rustwide/target" "-e" "CARGO_INCREMENTAL=0" "-e" "RUST_BACKTRACE=full" "-e" "RUSTFLAGS=--cap-lints=forbid" "-e" "RUSTDOCFLAGS=--cap-lints=forbid" "-e" "CARGO_HOME=/opt/rustwide/cargo-home" "-e" "RUSTUP_HOME=/opt/rustwide/rustup-home" "-w" "/opt/rustwide/workdir" "-m" "1610612736" "--user" "0:0" "--network" "none" "ghcr.io/rust-lang/crates-build-env/linux@sha256:819108c5571ea2e421544af4d832f968d213c87fbe3707a016657f43d2f853bc" "/opt/rustwide/cargo-home/bin/cargo" "+nightly-2025-01-18" "test" "--frozen" "--no-run" "--message-format=json", kill_on_drop: false }`
[INFO] [stdout] d759d6f02d3e6c943a5f59f1bd10e9033a3e15180cb7540fc668ed095fa7dee0
[INFO] running `Command { std: "docker" "start" "-a" "d759d6f02d3e6c943a5f59f1bd10e9033a3e15180cb7540fc668ed095fa7dee0", kill_on_drop: false }`
[INFO] [stderr] warning: virtual workspace defaulting to `resolver = "1"` despite one or more workspace members being on edition 2021 which implies `resolver = "2"`
[INFO] [stderr] note: to keep the current resolver, specify `workspace.resolver = "1"` in the workspace root's manifest
[INFO] [stderr] note: to use the edition 2021 resolver, specify `workspace.resolver = "2"` in the workspace root's manifest
[INFO] [stderr] note: for more details see https://doc.rust-lang.org/cargo/reference/resolver.html#resolver-versions
[INFO] [stderr]    Compiling error v0.1.0 (/opt/rustwide/workdir/error)
[INFO] [stderr]    Compiling routing v0.1.0 (/opt/rustwide/workdir/routing)
[INFO] [stderr]    Compiling middleware v0.1.0 (/opt/rustwide/workdir/middleware)
[INFO] [stderr]    Compiling response v0.1.0 (/opt/rustwide/workdir/response)
[INFO] [stderr]    Compiling extractor v0.1.0 (/opt/rustwide/workdir/extractor)
[INFO] [stderr]    Compiling complete v0.1.0 (/opt/rustwide/workdir/complete)
[INFO] [stderr]    Compiling start v0.1.0 (/opt/rustwide/workdir/start)
[INFO] [stdout] warning: unused import: `httpc_test::new_client`
[INFO] [stdout]  --> start/tests/routes/profiles_router_test.rs:1:5
[INFO] [stdout]   |
[INFO] [stdout] 1 | use httpc_test::new_client;
[INFO] [stdout]   |     ^^^^^^^^^^^^^^^^^^^^^^
[INFO] [stdout]   |
[INFO] [stdout]   = note: `#[warn(unused_imports)]` on by default
[INFO] [stdout] 
[INFO] [stdout] 
[INFO] [stderr]    Compiling sqlx v0.1.0 (/opt/rustwide/workdir/sqlx)
[INFO] [stderr]     Finished `test` profile [unoptimized + debuginfo] target(s) in 7.37s
[INFO] running `Command { std: "docker" "inspect" "d759d6f02d3e6c943a5f59f1bd10e9033a3e15180cb7540fc668ed095fa7dee0", kill_on_drop: false }`
[INFO] running `Command { std: "docker" "rm" "-f" "d759d6f02d3e6c943a5f59f1bd10e9033a3e15180cb7540fc668ed095fa7dee0", kill_on_drop: false }`
[INFO] [stdout] d759d6f02d3e6c943a5f59f1bd10e9033a3e15180cb7540fc668ed095fa7dee0
[INFO] running `Command { std: "docker" "create" "-v" "/var/lib/crater-agent-workspace/builds/worker-6-tc1/target:/opt/rustwide/target:rw,Z" "-v" "/var/lib/crater-agent-workspace/builds/worker-6-tc1/source:/opt/rustwide/workdir:ro,Z" "-v" "/var/lib/crater-agent-workspace/cargo-home:/opt/rustwide/cargo-home:ro,Z" "-v" "/var/lib/crater-agent-workspace/rustup-home:/opt/rustwide/rustup-home:ro,Z" "-e" "SOURCE_DIR=/opt/rustwide/workdir" "-e" "CARGO_TARGET_DIR=/opt/rustwide/target" "-e" "CARGO_INCREMENTAL=0" "-e" "RUST_BACKTRACE=full" "-e" "RUSTFLAGS=--cap-lints=forbid" "-e" "RUSTDOCFLAGS=--cap-lints=forbid" "-e" "CARGO_HOME=/opt/rustwide/cargo-home" "-e" "RUSTUP_HOME=/opt/rustwide/rustup-home" "-w" "/opt/rustwide/workdir" "-m" "1610612736" "--user" "0:0" "--network" "none" "ghcr.io/rust-lang/crates-build-env/linux@sha256:819108c5571ea2e421544af4d832f968d213c87fbe3707a016657f43d2f853bc" "/opt/rustwide/cargo-home/bin/cargo" "+nightly-2025-01-18" "test" "--frozen", kill_on_drop: false }`
[INFO] [stdout] a34b0abba63233f8fc6901c98a2446d26048554446d7b2d63f0469a7bbf20ac5
[INFO] running `Command { std: "docker" "start" "-a" "a34b0abba63233f8fc6901c98a2446d26048554446d7b2d63f0469a7bbf20ac5", kill_on_drop: false }`
[INFO] [stderr] warning: virtual workspace defaulting to `resolver = "1"` despite one or more workspace members being on edition 2021 which implies `resolver = "2"`
[INFO] [stderr] note: to keep the current resolver, specify `workspace.resolver = "1"` in the workspace root's manifest
[INFO] [stderr] note: to use the edition 2021 resolver, specify `workspace.resolver = "2"` in the workspace root's manifest
[INFO] [stderr] note: for more details see https://doc.rust-lang.org/cargo/reference/resolver.html#resolver-versions
[INFO] [stderr] warning: unused import: `httpc_test::new_client`
[INFO] [stderr]  --> start/tests/routes/profiles_router_test.rs:1:5
[INFO] [stderr]   |
[INFO] [stderr] 1 | use httpc_test::new_client;
[INFO] [stderr]   |     ^^^^^^^^^^^^^^^^^^^^^^
[INFO] [stderr]   |
[INFO] [stderr]   = note: `#[warn(unused_imports)]` on by default
[INFO] [stderr] 
[INFO] [stderr] warning: `start` (test "mod") generated 1 warning (run `cargo fix --test "mod"` to apply 1 suggestion)
[INFO] [stderr]     Finished `test` profile [unoptimized + debuginfo] target(s) in 0.61s
[INFO] [stderr]      Running unittests src/lib.rs (/opt/rustwide/target/debug/deps/complete-6039f48a7b550b95)
[INFO] [stdout] 
[INFO] [stdout] running 0 tests
[INFO] [stdout] 
[INFO] [stdout] test result: ok. 0 passed; 0 failed; 0 ignored; 0 measured; 0 filtered out; finished in 0.00s
[INFO] [stdout] 
[INFO] [stderr]      Running unittests src/main.rs (/opt/rustwide/target/debug/deps/server-034b44e65b2d89f7)
[INFO] [stdout] 
[INFO] [stdout] running 0 tests
[INFO] [stderr]      Running tests/mod.rs (/opt/rustwide/target/debug/deps/mod-d7970119b7ae00c6)
[INFO] [stdout] 
[INFO] [stdout] test result: ok. 0 passed; 0 failed; 0 ignored; 0 measured; 0 filtered out; finished in 0.00s
[INFO] [stdout] 
[INFO] [stdout] 
[INFO] [stdout] running 2 tests
[INFO] [stdout] test routes::message::message_rt_test::test_insert_message ... FAILED
[INFO] [stdout] test routes::profile::profile_rt_test::test_create_profile ... FAILED
[INFO] [stdout] 
[INFO] [stdout] failures:
[INFO] [stdout] 
[INFO] [stdout] ---- routes::message::message_rt_test::test_insert_message stdout ----
[INFO] [stdout] 
[INFO] [stdout] thread 'routes::message::message_rt_test::test_insert_message' panicked at /opt/rustwide/workdir/complete/src/repository/repo.rs:55:70:
[INFO] [stdout] called `Result::unwrap()` on an `Err` value: PoolTimedOut
[INFO] [stdout] stack backtrace:
[INFO] [stdout]    0:     0x5e32ef53ef6a - std::backtrace_rs::backtrace::libunwind::trace::hb059275cfc8d6126
[INFO] [stdout]                                at /rustc/6067b36314ab5eb2eb47cecc464545ba58e1ad24/library/std/src/../../backtrace/src/backtrace/libunwind.rs:116:5
[INFO] [stdout]    1:     0x5e32ef53ef6a - std::backtrace_rs::backtrace::trace_unsynchronized::h2da071e4327ce3ee
[INFO] [stdout]                                at /rustc/6067b36314ab5eb2eb47cecc464545ba58e1ad24/library/std/src/../../backtrace/src/backtrace/mod.rs:66:5
[INFO] [stdout]    2:     0x5e32ef53ef6a - std::sys::backtrace::_print_fmt::h842a1474e6f8d23f
[INFO] [stdout]                                at /rustc/6067b36314ab5eb2eb47cecc464545ba58e1ad24/library/std/src/sys/backtrace.rs:66:9
[INFO] [stdout]    3:     0x5e32ef53ef6a - <std::sys::backtrace::BacktraceLock::print::DisplayBacktrace as core::fmt::Display>::fmt::h71a62eb3b9696b12
[INFO] [stdout]                                at /rustc/6067b36314ab5eb2eb47cecc464545ba58e1ad24/library/std/src/sys/backtrace.rs:39:26
[INFO] [stdout]    4:     0x5e32ef56aae3 - core::fmt::rt::Argument::fmt::hdb6b616786b41dc1
[INFO] [stdout]                                at /rustc/6067b36314ab5eb2eb47cecc464545ba58e1ad24/library/core/src/fmt/rt.rs:177:76
[INFO] [stdout]    5:     0x5e32ef56aae3 - core::fmt::write::h2cc1698af7e2d686
[INFO] [stdout]                                at /rustc/6067b36314ab5eb2eb47cecc464545ba58e1ad24/library/core/src/fmt/mod.rs:1440:21
[INFO] [stdout]    6:     0x5e32ef53ab43 - std::io::Write::write_fmt::hab1b4cd059a79022
[INFO] [stdout]                                at /rustc/6067b36314ab5eb2eb47cecc464545ba58e1ad24/library/std/src/io/mod.rs:1887:15
[INFO] [stdout]    7:     0x5e32ef53edb2 - std::sys::backtrace::BacktraceLock::print::h147fe35b4ea13b08
[INFO] [stdout]                                at /rustc/6067b36314ab5eb2eb47cecc464545ba58e1ad24/library/std/src/sys/backtrace.rs:42:9
[INFO] [stdout]    8:     0x5e32ef54038f - std::panicking::default_hook::{{closure}}::hbd44223dbdc0d208
[INFO] [stdout]                                at /rustc/6067b36314ab5eb2eb47cecc464545ba58e1ad24/library/std/src/panicking.rs:298:22
[INFO] [stdout]    9:     0x5e32ef5401a8 - std::panicking::default_hook::h20f81eb0576efcec
[INFO] [stdout]                                at /rustc/6067b36314ab5eb2eb47cecc464545ba58e1ad24/library/std/src/panicking.rs:322:9
[INFO] [stdout]   10:     0x5e32eee30a83 - <alloc::boxed::Box<F,A> as core::ops::function::Fn<Args>>::call::hdb53814c496a4d34
[INFO] [stdout]                                at /rustc/6067b36314ab5eb2eb47cecc464545ba58e1ad24/library/alloc/src/boxed.rs:2027:9
[INFO] [stdout]   11:     0x5e32eee30a83 - test::test_main::{{closure}}::hc0a4963c59427c24
[INFO] [stdout]                                at /rustc/6067b36314ab5eb2eb47cecc464545ba58e1ad24/library/test/src/lib.rs:134:21
[INFO] [stdout]   12:     0x5e32ef540e83 - <alloc::boxed::Box<F,A> as core::ops::function::Fn<Args>>::call::h591b2225413a77e9
[INFO] [stdout]                                at /rustc/6067b36314ab5eb2eb47cecc464545ba58e1ad24/library/alloc/src/boxed.rs:2027:9
[INFO] [stdout]   13:     0x5e32ef540e83 - std::panicking::rust_panic_with_hook::h625eea43051b2edc
[INFO] [stdout]                                at /rustc/6067b36314ab5eb2eb47cecc464545ba58e1ad24/library/std/src/panicking.rs:839:13
[INFO] [stdout]   14:     0x5e32ef540b3a - std::panicking::begin_panic_handler::{{closure}}::h4f9159cfbc3f6bd3
[INFO] [stdout]                                at /rustc/6067b36314ab5eb2eb47cecc464545ba58e1ad24/library/std/src/panicking.rs:704:13
[INFO] [stdout]   15:     0x5e32ef53f469 - std::sys::backtrace::__rust_end_short_backtrace::h0390abce48353151
[INFO] [stdout]                                at /rustc/6067b36314ab5eb2eb47cecc464545ba58e1ad24/library/std/src/sys/backtrace.rs:168:18
[INFO] [stdout]   16:     0x5e32ef5407cd - rust_begin_unwind
[INFO] [stdout]                                at /rustc/6067b36314ab5eb2eb47cecc464545ba58e1ad24/library/std/src/panicking.rs:695:5
[INFO] [stdout]   17:     0x5e32ef5686c0 - core::panicking::panic_fmt::h9e7c637e9e5f29c9
[INFO] [stdout]                                at /rustc/6067b36314ab5eb2eb47cecc464545ba58e1ad24/library/core/src/panicking.rs:75:14
[INFO] [stdout]   18:     0x5e32ef568b96 - core::result::unwrap_failed::h7979f09313fe1849
[INFO] [stdout]                                at /rustc/6067b36314ab5eb2eb47cecc464545ba58e1ad24/library/core/src/result.rs:1704:5
[INFO] [stdout]   19:     0x5e32eeded6d4 - core::result::Result<T,E>::unwrap::hae9a0ad6375849f0
[INFO] [stdout]                                at /rustc/6067b36314ab5eb2eb47cecc464545ba58e1ad24/library/core/src/result.rs:1109:23
[INFO] [stdout]   20:     0x5e32eeded6d4 - complete::repository::repo::get_coon::{{closure}}::h1462ba42f52d3d65
[INFO] [stdout]                                at /opt/rustwide/workdir/complete/src/repository/repo.rs:55:5
[INFO] [stdout]   21:     0x5e32eedec8e6 - complete::repository::repo::DbRepo::init::{{closure}}::h11c7b48fbd9626aa
[INFO] [stdout]                                at /opt/rustwide/workdir/complete/src/repository/repo.rs:29:30
[INFO] [stdout]   22:     0x5e32eede0e6f - mod::routes::message::message_rt_test::test_insert_message::{{closure}}::hc181d740556b7a50
[INFO] [stdout]                                at /opt/rustwide/workdir/complete/tests/routes/message/message_rt_test.rs:24:30
[INFO] [stdout]   23:     0x5e32eeddfd42 - <core::pin::Pin<P> as core::future::future::Future>::poll::h2f156986b2003196
[INFO] [stdout]                                at /rustc/6067b36314ab5eb2eb47cecc464545ba58e1ad24/library/core/src/future/future.rs:124:9
[INFO] [stdout]   24:     0x5e32eeddfcfd - <core::pin::Pin<P> as core::future::future::Future>::poll::h290af2265467ab3d
[INFO] [stdout]                                at /rustc/6067b36314ab5eb2eb47cecc464545ba58e1ad24/library/core/src/future/future.rs:124:9
[INFO] [stdout]   25:     0x5e32eedcd54f - tokio::runtime::scheduler::current_thread::CoreGuard::block_on::{{closure}}::{{closure}}::{{closure}}::hf579393585d8b0ac
[INFO] [stdout]                                at /opt/rustwide/cargo-home/registry/src/index.crates.io-1949cf8c6b5b557f/tokio-1.41.1/src/runtime/scheduler/current_thread/mod.rs:729:57
[INFO] [stdout]   26:     0x5e32eedcd455 - tokio::runtime::coop::with_budget::h711bf935b6aa7cb3
[INFO] [stdout]                                at /opt/rustwide/cargo-home/registry/src/index.crates.io-1949cf8c6b5b557f/tokio-1.41.1/src/runtime/coop.rs:107:5
[INFO] [stdout]   27:     0x5e32eedcd455 - tokio::runtime::coop::budget::hf48f59bb598babce
[INFO] [stdout]                                at /opt/rustwide/cargo-home/registry/src/index.crates.io-1949cf8c6b5b557f/tokio-1.41.1/src/runtime/coop.rs:73:5
[INFO] [stdout]   28:     0x5e32eedcd455 - tokio::runtime::scheduler::current_thread::CoreGuard::block_on::{{closure}}::{{closure}}::ha76540ce23f52488
[INFO] [stdout]                                at /opt/rustwide/cargo-home/registry/src/index.crates.io-1949cf8c6b5b557f/tokio-1.41.1/src/runtime/scheduler/current_thread/mod.rs:729:25
[INFO] [stdout]   29:     0x5e32eedca780 - tokio::runtime::scheduler::current_thread::Context::enter::ha4f908705a57a35b
[INFO] [stdout]                                at /opt/rustwide/cargo-home/registry/src/index.crates.io-1949cf8c6b5b557f/tokio-1.41.1/src/runtime/scheduler/current_thread/mod.rs:428:19
[INFO] [stdout]   30:     0x5e32eedcc25e - tokio::runtime::scheduler::current_thread::CoreGuard::block_on::{{closure}}::he0571bd06e93e415
[INFO] [stdout]                                at /opt/rustwide/cargo-home/registry/src/index.crates.io-1949cf8c6b5b557f/tokio-1.41.1/src/runtime/scheduler/current_thread/mod.rs:728:36
[INFO] [stdout]   31:     0x5e32eedcbf54 - tokio::runtime::scheduler::current_thread::CoreGuard::enter::{{closure}}::ha9cc7259228fcbfa
[INFO] [stdout]                                at /opt/rustwide/cargo-home/registry/src/index.crates.io-1949cf8c6b5b557f/tokio-1.41.1/src/runtime/scheduler/current_thread/mod.rs:807:68
[INFO] [stdout]   32:     0x5e32eeddf7eb - tokio::runtime::context::scoped::Scoped<T>::set::hbf741d3938bc2236
[INFO] [stdout]                                at /opt/rustwide/cargo-home/registry/src/index.crates.io-1949cf8c6b5b557f/tokio-1.41.1/src/runtime/context/scoped.rs:40:9
[INFO] [stdout]   33:     0x5e32eeddf529 - tokio::runtime::context::set_scheduler::{{closure}}::hf7b7b5109cf79027
[INFO] [stdout]                                at /opt/rustwide/cargo-home/registry/src/index.crates.io-1949cf8c6b5b557f/tokio-1.41.1/src/runtime/context.rs:180:26
[INFO] [stdout]   34:     0x5e32eedc72f2 - std::thread::local::LocalKey<T>::try_with::h6531f9adea28ae78
[INFO] [stdout]                                at /rustc/6067b36314ab5eb2eb47cecc464545ba58e1ad24/library/std/src/thread/local.rs:308:12
[INFO] [stdout]   35:     0x5e32eedc6a6a - std::thread::local::LocalKey<T>::with::hf44f010352cac052
[INFO] [stdout]                                at /rustc/6067b36314ab5eb2eb47cecc464545ba58e1ad24/library/std/src/thread/local.rs:272:9
[INFO] [stdout]   36:     0x5e32eeddf45d - tokio::runtime::context::set_scheduler::h0bf02b13af66710d
[INFO] [stdout]                                at /opt/rustwide/cargo-home/registry/src/index.crates.io-1949cf8c6b5b557f/tokio-1.41.1/src/runtime/context.rs:180:9
[INFO] [stdout]   37:     0x5e32eedcbd00 - tokio::runtime::scheduler::current_thread::CoreGuard::enter::hb3b58e8efbf25b31
[INFO] [stdout]                                at /opt/rustwide/cargo-home/registry/src/index.crates.io-1949cf8c6b5b557f/tokio-1.41.1/src/runtime/scheduler/current_thread/mod.rs:807:27
[INFO] [stdout]   38:     0x5e32eedcbf93 - tokio::runtime::scheduler::current_thread::CoreGuard::block_on::h403a903e8d2d88fe
[INFO] [stdout]                                at /opt/rustwide/cargo-home/registry/src/index.crates.io-1949cf8c6b5b557f/tokio-1.41.1/src/runtime/scheduler/current_thread/mod.rs:716:19
[INFO] [stdout]   39:     0x5e32eedc9d7a - tokio::runtime::scheduler::current_thread::CurrentThread::block_on::{{closure}}::h7fc076c6f927ae4b
[INFO] [stdout]                                at /opt/rustwide/cargo-home/registry/src/index.crates.io-1949cf8c6b5b557f/tokio-1.41.1/src/runtime/scheduler/current_thread/mod.rs:196:28
[INFO] [stdout]   40:     0x5e32eedd64b6 - tokio::runtime::context::runtime::enter_runtime::h3cfbf5a493ba1066
[INFO] [stdout]                                at /opt/rustwide/cargo-home/registry/src/index.crates.io-1949cf8c6b5b557f/tokio-1.41.1/src/runtime/context/runtime.rs:65:16
[INFO] [stdout]   41:     0x5e32eedc9b31 - tokio::runtime::scheduler::current_thread::CurrentThread::block_on::hec7f0e53c9ef8111
[INFO] [stdout]                                at /opt/rustwide/cargo-home/registry/src/index.crates.io-1949cf8c6b5b557f/tokio-1.41.1/src/runtime/scheduler/current_thread/mod.rs:184:9
[INFO] [stdout]   42:     0x5e32eedec213 - tokio::runtime::runtime::Runtime::block_on_inner::hf5344a5b6d230f7b
[INFO] [stdout]                                at /opt/rustwide/cargo-home/registry/src/index.crates.io-1949cf8c6b5b557f/tokio-1.41.1/src/runtime/runtime.rs:368:47
[INFO] [stdout]   43:     0x5e32eedec407 - tokio::runtime::runtime::Runtime::block_on::h6ca4b55fe8cbb3d3
[INFO] [stdout]                                at /opt/rustwide/cargo-home/registry/src/index.crates.io-1949cf8c6b5b557f/tokio-1.41.1/src/runtime/runtime.rs:342:13
[INFO] [stdout]   44:     0x5e32eede0afe - mod::routes::message::message_rt_test::test_insert_message::hf13b8175f3c2a6d1
[INFO] [stdout]                                at /opt/rustwide/workdir/complete/tests/routes/message/message_rt_test.rs:69:5
[INFO] [stdout]   45:     0x5e32eede0977 - mod::routes::message::message_rt_test::test_insert_message::{{closure}}::h8f69c91b28503c76
[INFO] [stdout]                                at /opt/rustwide/workdir/complete/tests/routes/message/message_rt_test.rs:20:31
[INFO] [stdout]   46:     0x5e32eedc7f86 - core::ops::function::FnOnce::call_once::hc660efcdc8e79b5a
[INFO] [stdout]                                at /rustc/6067b36314ab5eb2eb47cecc464545ba58e1ad24/library/core/src/ops/function.rs:250:5
[INFO] [stdout]   47:     0x5e32eee361db - core::ops::function::FnOnce::call_once::he27718dfdd183f43
[INFO] [stdout]                                at /rustc/6067b36314ab5eb2eb47cecc464545ba58e1ad24/library/core/src/ops/function.rs:250:5
[INFO] [stdout]   48:     0x5e32eee361db - test::__rust_begin_short_backtrace::h4e84902998457a5d
[INFO] [stdout]                                at /rustc/6067b36314ab5eb2eb47cecc464545ba58e1ad24/library/test/src/lib.rs:632:18
[INFO] [stdout]   49:     0x5e32eee35113 - test::run_test_in_process::{{closure}}::h7176fd18fc1feca0
[INFO] [stdout]                                at /rustc/6067b36314ab5eb2eb47cecc464545ba58e1ad24/library/test/src/lib.rs:655:60
[INFO] [stdout]   50:     0x5e32eee35113 - <core::panic::unwind_safe::AssertUnwindSafe<F> as core::ops::function::FnOnce<()>>::call_once::hf79cff2a624d8cf7
[INFO] [stdout]                                at /rustc/6067b36314ab5eb2eb47cecc464545ba58e1ad24/library/core/src/panic/unwind_safe.rs:272:9
[INFO] [stdout]   51:     0x5e32eee35113 - std::panicking::try::do_call::h3da0561d9ab99c25
[INFO] [stdout]                                at /rustc/6067b36314ab5eb2eb47cecc464545ba58e1ad24/library/std/src/panicking.rs:587:40
[INFO] [stdout]   52:     0x5e32eee35113 - std::panicking::try::h41c9fa508bc61df6
[INFO] [stdout]                                at /rustc/6067b36314ab5eb2eb47cecc464545ba58e1ad24/library/std/src/panicking.rs:550:19
[INFO] [stdout]   53:     0x5e32eee35113 - std::panic::catch_unwind::h6b3ff07bb5afad93
[INFO] [stdout]                                at /rustc/6067b36314ab5eb2eb47cecc464545ba58e1ad24/library/std/src/panic.rs:358:14
[INFO] [stdout]   54:     0x5e32eee35113 - test::run_test_in_process::hc7253dd11b39b9f4
[INFO] [stdout]                                at /rustc/6067b36314ab5eb2eb47cecc464545ba58e1ad24/library/test/src/lib.rs:655:27
[INFO] [stdout]   55:     0x5e32eee35113 - test::run_test::{{closure}}::hfb2007f8649c30bb
[INFO] [stdout]                                at /rustc/6067b36314ab5eb2eb47cecc464545ba58e1ad24/library/test/src/lib.rs:576:43
[INFO] [stdout]   56:     0x5e32eedf81f5 - test::run_test::{{closure}}::h56a17aa7a282a9f4
[INFO] [stdout]                                at /rustc/6067b36314ab5eb2eb47cecc464545ba58e1ad24/library/test/src/lib.rs:606:41
[INFO] [stdout]   57:     0x5e32eedf81f5 - std::sys::backtrace::__rust_begin_short_backtrace::hd2d2d2fb8e8c6aac
[INFO] [stdout]                                at /rustc/6067b36314ab5eb2eb47cecc464545ba58e1ad24/library/std/src/sys/backtrace.rs:152:18
[INFO] [stdout]   58:     0x5e32eedfbada - std::thread::Builder::spawn_unchecked_::{{closure}}::{{closure}}::h4faa3f9db6133423
[INFO] [stdout]                                at /rustc/6067b36314ab5eb2eb47cecc464545ba58e1ad24/library/std/src/thread/mod.rs:559:17
[INFO] [stdout]   59:     0x5e32eedfbada - <core::panic::unwind_safe::AssertUnwindSafe<F> as core::ops::function::FnOnce<()>>::call_once::hf2e855a36a4ea846
[INFO] [stdout]                                at /rustc/6067b36314ab5eb2eb47cecc464545ba58e1ad24/library/core/src/panic/unwind_safe.rs:272:9
[INFO] [stdout]   60:     0x5e32eedfbada - std::panicking::try::do_call::h2f73af3616c35465
[INFO] [stdout]                                at /rustc/6067b36314ab5eb2eb47cecc464545ba58e1ad24/library/std/src/panicking.rs:587:40
[INFO] [stdout]   61:     0x5e32eedfbada - std::panicking::try::hd1660ce9efadef5a
[INFO] [stdout]                                at /rustc/6067b36314ab5eb2eb47cecc464545ba58e1ad24/library/std/src/panicking.rs:550:19
[INFO] [stdout]   62:     0x5e32eedfbada - std::panic::catch_unwind::h5ee8d7823b8ca744
[INFO] [stdout]                                at /rustc/6067b36314ab5eb2eb47cecc464545ba58e1ad24/library/std/src/panic.rs:358:14
[INFO] [stdout]   63:     0x5e32eedfbada - std::thread::Builder::spawn_unchecked_::{{closure}}::h53c3a1894dce8407
[INFO] [stdout]                                at /rustc/6067b36314ab5eb2eb47cecc464545ba58e1ad24/library/std/src/thread/mod.rs:557:30
[INFO] [stdout]   64:     0x5e32eedfbada - core::ops::function::FnOnce::call_once{{vtable.shim}}::h048ce291ad4f62bf
[INFO] [stdout]                                at /rustc/6067b36314ab5eb2eb47cecc464545ba58e1ad24/library/core/src/ops/function.rs:250:5
[INFO] [stdout]   65:     0x5e32ef5453bb - <alloc::boxed::Box<F,A> as core::ops::function::FnOnce<Args>>::call_once::ha52bedf99a3b4981
[INFO] [stdout]                                at /rustc/6067b36314ab5eb2eb47cecc464545ba58e1ad24/library/alloc/src/boxed.rs:2013:9
[INFO] [stdout]   66:     0x5e32ef5453bb - <alloc::boxed::Box<F,A> as core::ops::function::FnOnce<Args>>::call_once::h567748934d80ccf8
[INFO] [stdout]                                at /rustc/6067b36314ab5eb2eb47cecc464545ba58e1ad24/library/alloc/src/boxed.rs:2013:9
[INFO] [stdout]   67:     0x5e32ef5453bb - std::sys::pal::unix::thread::Thread::new::thread_start::h2d970728ae887adc
[INFO] [stdout]                                at /rustc/6067b36314ab5eb2eb47cecc464545ba58e1ad24/library/std/src/sys/pal/unix/thread.rs:106:17
[INFO] [stdout]   68:     0x7680510f4ac3 - <unknown>
[INFO] [stdout]   69:     0x768051185a04 - clone
[INFO] [stdout]   70:                0x0 - <unknown>
[INFO] [stdout] 
[INFO] [stdout] ---- routes::profile::profile_rt_test::test_create_profile stdout ----
[INFO] [stdout] 
[INFO] [stdout] thread 'routes::profile::profile_rt_test::test_create_profile' panicked at /opt/rustwide/workdir/complete/src/repository/repo.rs:55:70:
[INFO] [stdout] called `Result::unwrap()` on an `Err` value: PoolTimedOut
[INFO] [stdout] stack backtrace:
[INFO] [stdout]    0:     0x5e32ef53ef6a - std::backtrace_rs::backtrace::libunwind::trace::hb059275cfc8d6126
[INFO] [stdout]                                at /rustc/6067b36314ab5eb2eb47cecc464545ba58e1ad24/library/std/src/../../backtrace/src/backtrace/libunwind.rs:116:5
[INFO] [stdout]    1:     0x5e32ef53ef6a - std::backtrace_rs::backtrace::trace_unsynchronized::h2da071e4327ce3ee
[INFO] [stdout]                                at /rustc/6067b36314ab5eb2eb47cecc464545ba58e1ad24/library/std/src/../../backtrace/src/backtrace/mod.rs:66:5
[INFO] [stdout]    2:     0x5e32ef53ef6a - std::sys::backtrace::_print_fmt::h842a1474e6f8d23f
[INFO] [stdout]                                at /rustc/6067b36314ab5eb2eb47cecc464545ba58e1ad24/library/std/src/sys/backtrace.rs:66:9
[INFO] [stdout]    3:     0x5e32ef53ef6a - <std::sys::backtrace::BacktraceLock::print::DisplayBacktrace as core::fmt::Display>::fmt::h71a62eb3b9696b12
[INFO] [stdout]                                at /rustc/6067b36314ab5eb2eb47cecc464545ba58e1ad24/library/std/src/sys/backtrace.rs:39:26
[INFO] [stdout]    4:     0x5e32ef56aae3 - core::fmt::rt::Argument::fmt::hdb6b616786b41dc1
[INFO] [stdout]                                at /rustc/6067b36314ab5eb2eb47cecc464545ba58e1ad24/library/core/src/fmt/rt.rs:177:76
[INFO] [stdout]    5:     0x5e32ef56aae3 - core::fmt::write::h2cc1698af7e2d686
[INFO] [stdout]                                at /rustc/6067b36314ab5eb2eb47cecc464545ba58e1ad24/library/core/src/fmt/mod.rs:1440:21
[INFO] [stdout]    6:     0x5e32ef53ab43 - std::io::Write::write_fmt::hab1b4cd059a79022
[INFO] [stdout]                                at /rustc/6067b36314ab5eb2eb47cecc464545ba58e1ad24/library/std/src/io/mod.rs:1887:15
[INFO] [stdout]    7:     0x5e32ef53edb2 - std::sys::backtrace::BacktraceLock::print::h147fe35b4ea13b08
[INFO] [stdout]                                at /rustc/6067b36314ab5eb2eb47cecc464545ba58e1ad24/library/std/src/sys/backtrace.rs:42:9
[INFO] [stdout]    8:     0x5e32ef54038f - std::panicking::default_hook::{{closure}}::hbd44223dbdc0d208
[INFO] [stdout]                                at /rustc/6067b36314ab5eb2eb47cecc464545ba58e1ad24/library/std/src/panicking.rs:298:22
[INFO] [stdout]    9:     0x5e32ef5401a8 - std::panicking::default_hook::h20f81eb0576efcec
[INFO] [stdout]                                at /rustc/6067b36314ab5eb2eb47cecc464545ba58e1ad24/library/std/src/panicking.rs:322:9
[INFO] [stdout]   10:     0x5e32eee30a83 - <alloc::boxed::Box<F,A> as core::ops::function::Fn<Args>>::call::hdb53814c496a4d34
[INFO] [stdout]                                at /rustc/6067b36314ab5eb2eb47cecc464545ba58e1ad24/library/alloc/src/boxed.rs:2027:9
[INFO] [stdout]   11:     0x5e32eee30a83 - test::test_main::{{closure}}::hc0a4963c59427c24
[INFO] [stdout]                                at /rustc/6067b36314ab5eb2eb47cecc464545ba58e1ad24/library/test/src/lib.rs:134:21
[INFO] [stdout]   12:     0x5e32ef540e83 - <alloc::boxed::Box<F,A> as core::ops::function::Fn<Args>>::call::h591b2225413a77e9
[INFO] [stdout]                                at /rustc/6067b36314ab5eb2eb47cecc464545ba58e1ad24/library/alloc/src/boxed.rs:2027:9
[INFO] [stdout]   13:     0x5e32ef540e83 - std::panicking::rust_panic_with_hook::h625eea43051b2edc
[INFO] [stdout]                                at /rustc/6067b36314ab5eb2eb47cecc464545ba58e1ad24/library/std/src/panicking.rs:839:13
[INFO] [stdout]   14:     0x5e32ef540b3a - std::panicking::begin_panic_handler::{{closure}}::h4f9159cfbc3f6bd3
[INFO] [stdout]                                at /rustc/6067b36314ab5eb2eb47cecc464545ba58e1ad24/library/std/src/panicking.rs:704:13
[INFO] [stdout]   15:     0x5e32ef53f469 - std::sys::backtrace::__rust_end_short_backtrace::h0390abce48353151
[INFO] [stdout]                                at /rustc/6067b36314ab5eb2eb47cecc464545ba58e1ad24/library/std/src/sys/backtrace.rs:168:18
[INFO] [stdout]   16:     0x5e32ef5407cd - rust_begin_unwind
[INFO] [stdout]                                at /rustc/6067b36314ab5eb2eb47cecc464545ba58e1ad24/library/std/src/panicking.rs:695:5
[INFO] [stdout]   17:     0x5e32ef5686c0 - core::panicking::panic_fmt::h9e7c637e9e5f29c9
[INFO] [stdout]                                at /rustc/6067b36314ab5eb2eb47cecc464545ba58e1ad24/library/core/src/panicking.rs:75:14
[INFO] [stdout]   18:     0x5e32ef568b96 - core::result::unwrap_failed::h7979f09313fe1849
[INFO] [stdout]                                at /rustc/6067b36314ab5eb2eb47cecc464545ba58e1ad24/library/core/src/result.rs:1704:5
[INFO] [stdout]   19:     0x5e32eeded6d4 - core::result::Result<T,E>::unwrap::hae9a0ad6375849f0
[INFO] [stdout]                                at /rustc/6067b36314ab5eb2eb47cecc464545ba58e1ad24/library/core/src/result.rs:1109:23
[INFO] [stdout]   20:     0x5e32eeded6d4 - complete::repository::repo::get_coon::{{closure}}::h1462ba42f52d3d65
[INFO] [stdout]                                at /opt/rustwide/workdir/complete/src/repository/repo.rs:55:5
[INFO] [stdout]   21:     0x5e32eedec8e6 - complete::repository::repo::DbRepo::init::{{closure}}::h11c7b48fbd9626aa
[INFO] [stdout]                                at /opt/rustwide/workdir/complete/src/repository/repo.rs:29:30
[INFO] [stdout]   22:     0x5e32eedede94 - mod::routes::profile::profile_rt_test::test_create_profile::{{closure}}::he63b66f38b7d803f
[INFO] [stdout]                                at /opt/rustwide/workdir/complete/tests/routes/profile/profile_rt_test.rs:21:30
[INFO] [stdout]   23:     0x5e32eeddfd42 - <core::pin::Pin<P> as core::future::future::Future>::poll::h2f156986b2003196
[INFO] [stdout]                                at /rustc/6067b36314ab5eb2eb47cecc464545ba58e1ad24/library/core/src/future/future.rs:124:9
[INFO] [stdout]   24:     0x5e32eeddfcfd - <core::pin::Pin<P> as core::future::future::Future>::poll::h290af2265467ab3d
[INFO] [stdout]                                at /rustc/6067b36314ab5eb2eb47cecc464545ba58e1ad24/library/core/src/future/future.rs:124:9
[INFO] [stdout]   25:     0x5e32eedcd54f - tokio::runtime::scheduler::current_thread::CoreGuard::block_on::{{closure}}::{{closure}}::{{closure}}::hf579393585d8b0ac
[INFO] [stdout]                                at /opt/rustwide/cargo-home/registry/src/index.crates.io-1949cf8c6b5b557f/tokio-1.41.1/src/runtime/scheduler/current_thread/mod.rs:729:57
[INFO] [stdout]   26:     0x5e32eedcd455 - tokio::runtime::coop::with_budget::h711bf935b6aa7cb3
[INFO] [stdout]                                at /opt/rustwide/cargo-home/registry/src/index.crates.io-1949cf8c6b5b557f/tokio-1.41.1/src/runtime/coop.rs:107:5
[INFO] [stdout]   27:     0x5e32eedcd455 - tokio::runtime::coop::budget::hf48f59bb598babce
[INFO] [stdout]                                at /opt/rustwide/cargo-home/registry/src/index.crates.io-1949cf8c6b5b557f/tokio-1.41.1/src/runtime/coop.rs:73:5
[INFO] [stdout]   28:     0x5e32eedcd455 - tokio::runtime::scheduler::current_thread::CoreGuard::block_on::{{closure}}::{{closure}}::ha76540ce23f52488
[INFO] [stdout]                                at /opt/rustwide/cargo-home/registry/src/index.crates.io-1949cf8c6b5b557f/tokio-1.41.1/src/runtime/scheduler/current_thread/mod.rs:729:25
[INFO] [stdout]   29:     0x5e32eedca780 - tokio::runtime::scheduler::current_thread::Context::enter::ha4f908705a57a35b
[INFO] [stdout]                                at /opt/rustwide/cargo-home/registry/src/index.crates.io-1949cf8c6b5b557f/tokio-1.41.1/src/runtime/scheduler/current_thread/mod.rs:428:19
[INFO] [stdout]   30:     0x5e32eedcc25e - tokio::runtime::scheduler::current_thread::CoreGuard::block_on::{{closure}}::he0571bd06e93e415
[INFO] [stdout]                                at /opt/rustwide/cargo-home/registry/src/index.crates.io-1949cf8c6b5b557f/tokio-1.41.1/src/runtime/scheduler/current_thread/mod.rs:728:36
[INFO] [stdout]   31:     0x5e32eedcbf54 - tokio::runtime::scheduler::current_thread::CoreGuard::enter::{{closure}}::ha9cc7259228fcbfa
[INFO] [stdout]                                at /opt/rustwide/cargo-home/registry/src/index.crates.io-1949cf8c6b5b557f/tokio-1.41.1/src/runtime/scheduler/current_thread/mod.rs:807:68
[INFO] [stdout]   32:     0x5e32eeddf7eb - tokio::runtime::context::scoped::Scoped<T>::set::hbf741d3938bc2236
[INFO] [stdout]                                at /opt/rustwide/cargo-home/registry/src/index.crates.io-1949cf8c6b5b557f/tokio-1.41.1/src/runtime/context/scoped.rs:40:9
[INFO] [stdout]   33:     0x5e32eeddf529 - tokio::runtime::context::set_scheduler::{{closure}}::hf7b7b5109cf79027
[INFO] [stdout]                                at /opt/rustwide/cargo-home/registry/src/index.crates.io-1949cf8c6b5b557f/tokio-1.41.1/src/runtime/context.rs:180:26
[INFO] [stdout]   34:     0x5e32eedc72f2 - std::thread::local::LocalKey<T>::try_with::h6531f9adea28ae78
[INFO] [stdout]                                at /rustc/6067b36314ab5eb2eb47cecc464545ba58e1ad24/library/std/src/thread/local.rs:308:12
[INFO] [stdout]   35:     0x5e32eedc6a6a - std::thread::local::LocalKey<T>::with::hf44f010352cac052
[INFO] [stdout]                                at /rustc/6067b36314ab5eb2eb47cecc464545ba58e1ad24/library/std/src/thread/local.rs:272:9
[INFO] [stdout]   36:     0x5e32eeddf45d - tokio::runtime::context::set_scheduler::h0bf02b13af66710d
[INFO] [stdout]                                at /opt/rustwide/cargo-home/registry/src/index.crates.io-1949cf8c6b5b557f/tokio-1.41.1/src/runtime/context.rs:180:9
[INFO] [stdout]   37:     0x5e32eedcbd00 - tokio::runtime::scheduler::current_thread::CoreGuard::enter::hb3b58e8efbf25b31
[INFO] [stdout]                                at /opt/rustwide/cargo-home/registry/src/index.crates.io-1949cf8c6b5b557f/tokio-1.41.1/src/runtime/scheduler/current_thread/mod.rs:807:27
[INFO] [stdout]   38:     0x5e32eedcbf93 - tokio::runtime::scheduler::current_thread::CoreGuard::block_on::h403a903e8d2d88fe
[INFO] [stdout]                                at /opt/rustwide/cargo-home/registry/src/index.crates.io-1949cf8c6b5b557f/tokio-1.41.1/src/runtime/scheduler/current_thread/mod.rs:716:19
[INFO] [stdout]   39:     0x5e32eedc9d7a - tokio::runtime::scheduler::current_thread::CurrentThread::block_on::{{closure}}::h7fc076c6f927ae4b
[INFO] [stdout]                                at /opt/rustwide/cargo-home/registry/src/index.crates.io-1949cf8c6b5b557f/tokio-1.41.1/src/runtime/scheduler/current_thread/mod.rs:196:28
[INFO] [stdout]   40:     0x5e32eedd64b6 - tokio::runtime::context::runtime::enter_runtime::h3cfbf5a493ba1066
[INFO] [stdout]                                at /opt/rustwide/cargo-home/registry/src/index.crates.io-1949cf8c6b5b557f/tokio-1.41.1/src/runtime/context/runtime.rs:65:16
[INFO] [stdout]   41:     0x5e32eedc9b31 - tokio::runtime::scheduler::current_thread::CurrentThread::block_on::hec7f0e53c9ef8111
[INFO] [stdout]                                at /opt/rustwide/cargo-home/registry/src/index.crates.io-1949cf8c6b5b557f/tokio-1.41.1/src/runtime/scheduler/current_thread/mod.rs:184:9
[INFO] [stdout]   42:     0x5e32eedec213 - tokio::runtime::runtime::Runtime::block_on_inner::hf5344a5b6d230f7b
[INFO] [stdout]                                at /opt/rustwide/cargo-home/registry/src/index.crates.io-1949cf8c6b5b557f/tokio-1.41.1/src/runtime/runtime.rs:368:47
[INFO] [stdout]   43:     0x5e32eedec407 - tokio::runtime::runtime::Runtime::block_on::h6ca4b55fe8cbb3d3
[INFO] [stdout]                                at /opt/rustwide/cargo-home/registry/src/index.crates.io-1949cf8c6b5b557f/tokio-1.41.1/src/runtime/runtime.rs:342:13
[INFO] [stdout]   44:     0x5e32eededbab - mod::routes::profile::profile_rt_test::test_create_profile::h7dc226ff52251acc
[INFO] [stdout]                                at /opt/rustwide/workdir/complete/tests/routes/profile/profile_rt_test.rs:58:5
[INFO] [stdout]   45:     0x5e32eededa27 - mod::routes::profile::profile_rt_test::test_create_profile::{{closure}}::h9e9a33053f5a39a5
[INFO] [stdout]                                at /opt/rustwide/workdir/complete/tests/routes/profile/profile_rt_test.rs:18:31
[INFO] [stdout]   46:     0x5e32eedc7fc6 - core::ops::function::FnOnce::call_once::hd067ee8e1339f4c2
[INFO] [stdout]                                at /rustc/6067b36314ab5eb2eb47cecc464545ba58e1ad24/library/core/src/ops/function.rs:250:5
[INFO] [stdout]   47:     0x5e32eee361db - core::ops::function::FnOnce::call_once::he27718dfdd183f43
[INFO] [stdout]                                at /rustc/6067b36314ab5eb2eb47cecc464545ba58e1ad24/library/core/src/ops/function.rs:250:5
[INFO] [stdout]   48:     0x5e32eee361db - test::__rust_begin_short_backtrace::h4e84902998457a5d
[INFO] [stdout]                                at /rustc/6067b36314ab5eb2eb47cecc464545ba58e1ad24/library/test/src/lib.rs:632:18
[INFO] [stdout]   49:     0x5e32eee35113 - test::run_test_in_process::{{closure}}::h7176fd18fc1feca0
[INFO] [stdout]                                at /rustc/6067b36314ab5eb2eb47cecc464545ba58e1ad24/library/test/src/lib.rs:655:60
[INFO] [stdout]   50:     0x5e32eee35113 - <core::panic::unwind_safe::AssertUnwindSafe<F> as core::ops::function::FnOnce<()>>::call_once::hf79cff2a624d8cf7
[INFO] [stdout]                                at /rustc/6067b36314ab5eb2eb47cecc464545ba58e1ad24/library/core/src/panic/unwind_safe.rs:272:9
[INFO] [stdout]   51:     0x5e32eee35113 - std::panicking::try::do_call::h3da0561d9ab99c25
[INFO] [stdout]                                at /rustc/6067b36314ab5eb2eb47cecc464545ba58e1ad24/library/std/src/panicking.rs:587:40
[INFO] [stdout]   52:     0x5e32eee35113 - std::panicking::try::h41c9fa508bc61df6
[INFO] [stdout]                                at /rustc/6067b36314ab5eb2eb47cecc464545ba58e1ad24/library/std/src/panicking.rs:550:19
[INFO] [stdout]   53:     0x5e32eee35113 - std::panic::catch_unwind::h6b3ff07bb5afad93
[INFO] [stdout]                                at /rustc/6067b36314ab5eb2eb47cecc464545ba58e1ad24/library/std/src/panic.rs:358:14
[INFO] [stdout]   54:     0x5e32eee35113 - test::run_test_in_process::hc7253dd11b39b9f4
[INFO] [stdout]                                at /rustc/6067b36314ab5eb2eb47cecc464545ba58e1ad24/library/test/src/lib.rs:655:27
[INFO] [stdout]   55:     0x5e32eee35113 - test::run_test::{{closure}}::hfb2007f8649c30bb
[INFO] [stdout]                                at /rustc/6067b36314ab5eb2eb47cecc464545ba58e1ad24/library/test/src/lib.rs:576:43
[INFO] [stdout]   56:     0x5e32eedf81f5 - test::run_test::{{closure}}::h56a17aa7a282a9f4
[INFO] [stdout]                                at /rustc/6067b36314ab5eb2eb47cecc464545ba58e1ad24/library/test/src/lib.rs:606:41
[INFO] [stdout]   57:     0x5e32eedf81f5 - std::sys::backtrace::__rust_begin_short_backtrace::hd2d2d2fb8e8c6aac
[INFO] [stdout]                                at /rustc/6067b36314ab5eb2eb47cecc464545ba58e1ad24/library/std/src/sys/backtrace.rs:152:18
[INFO] [stdout]   58:     0x5e32eedfbada - std::thread::Builder::spawn_unchecked_::{{closure}}::{{closure}}::h4faa3f9db6133423
[INFO] [stdout]                                at /rustc/6067b36314ab5eb2eb47cecc464545ba58e1ad24/library/std/src/thread/mod.rs:559:17
[INFO] [stdout]   59:     0x5e32eedfbada - <core::panic::unwind_safe::AssertUnwindSafe<F> as core::ops::function::FnOnce<()>>::call_once::hf2e855a36a4ea846
[INFO] [stdout]                                at /rustc/6067b36314ab5eb2eb47cecc464545ba58e1ad24/library/core/src/panic/unwind_safe.rs:272:9
[INFO] [stdout]   60:     0x5e32eedfbada - std::panicking::try::do_call::h2f73af3616c35465
[INFO] [stdout]                                at /rustc/6067b36314ab5eb2eb47cecc464545ba58e1ad24/library/std/src/panicking.rs:587:40
[INFO] [stdout]   61:     0x5e32eedfbada - std::panicking::try::hd1660ce9efadef5a
[INFO] [stdout]                                at /rustc/6067b36314ab5eb2eb47cecc464545ba58e1ad24/library/std/src/panicking.rs:550:19
[INFO] [stdout]   62:     0x5e32eedfbada - std::panic::catch_unwind::h5ee8d7823b8ca744
[INFO] [stdout]                                at /rustc/6067b36314ab5eb2eb47cecc464545ba58e1ad24/library/std/src/panic.rs:358:14
[INFO] [stdout]   63:     0x5e32eedfbada - std::thread::Builder::spawn_unchecked_::{{closure}}::h53c3a1894dce8407
[INFO] [stdout]                                at /rustc/6067b36314ab5eb2eb47cecc464545ba58e1ad24/library/std/src/thread/mod.rs:557:30
[INFO] [stdout]   64:     0x5e32eedfbada - core::ops::function::FnOnce::call_once{{vtable.shim}}::h048ce291ad4f62bf
[INFO] [stdout]                                at /rustc/6067b36314ab5eb2eb47cecc464545ba58e1ad24/library/core/src/ops/function.rs:250:5
[INFO] [stdout]   65:     0x5e32ef5453bb - <alloc::boxed::Box<F,A> as core::ops::function::FnOnce<Args>>::call_once::ha52bedf99a3b4981
[INFO] [stdout]                                at /rustc/6067b36314ab5eb2eb47cecc464545ba58e1ad24/library/alloc/src/boxed.rs:2013:9
[INFO] [stdout]   66:     0x5e32ef5453bb - <alloc::boxed::Box<F,A> as core::ops::function::FnOnce<Args>>::call_once::h567748934d80ccf8
[INFO] [stdout]                                at /rustc/6067b36314ab5eb2eb47cecc464545ba58e1ad24/library/alloc/src/boxed.rs:2013:9
[INFO] [stdout]   67:     0x5e32ef5453bb - std::sys::pal::unix::thread::Thread::new::thread_start::h2d970728ae887adc
[INFO] [stdout]                                at /rustc/6067b36314ab5eb2eb47cecc464545ba58e1ad24/library/std/src/sys/pal/unix/thread.rs:106:17
[INFO] [stdout]   68:     0x7680510f4ac3 - <unknown>
[INFO] [stdout]   69:     0x768051185a04 - clone
[INFO] [stdout]   70:                0x0 - <unknown>
[INFO] [stdout] 
[INFO] [stdout] 
[INFO] [stdout] failures:
[INFO] [stdout]     routes::message::message_rt_test::test_insert_message
[INFO] [stdout]     routes::profile::profile_rt_test::test_create_profile
[INFO] [stdout] 
[INFO] [stdout] test result: FAILED. 0 passed; 2 failed; 0 ignored; 0 measured; 0 filtered out; finished in 30.09s
[INFO] [stdout] 
[INFO] [stderr] error: test failed, to rerun pass `-p complete --test mod`
[INFO] running `Command { std: "docker" "inspect" "a34b0abba63233f8fc6901c98a2446d26048554446d7b2d63f0469a7bbf20ac5", kill_on_drop: false }`
[INFO] running `Command { std: "docker" "rm" "-f" "a34b0abba63233f8fc6901c98a2446d26048554446d7b2d63f0469a7bbf20ac5", kill_on_drop: false }`
[INFO] [stdout] a34b0abba63233f8fc6901c98a2446d26048554446d7b2d63f0469a7bbf20ac5
