[INFO] cloning repository https://github.com/joshka/ratatui-calloop
[INFO] running `Command { std: "git" "-c" "credential.helper=" "-c" "credential.helper=/workspace/cargo-home/bin/git-credential-null" "clone" "--bare" "https://github.com/joshka/ratatui-calloop" "/workspace/cache/git-repos/https%3A%2F%2Fgithub.com%2Fjoshka%2Fratatui-calloop", kill_on_drop: false }`
[INFO] [stderr] Cloning into bare repository '/workspace/cache/git-repos/https%3A%2F%2Fgithub.com%2Fjoshka%2Fratatui-calloop'...
[INFO] running `Command { std: "git" "rev-parse" "HEAD", kill_on_drop: false }`
[INFO] [stdout] 1f1f5b5c4a0c4bc9e717607a5742fd28399f7447
[INFO] testing joshka/ratatui-calloop against nightly-2025-01-18+rustflags=-Zrandomize-layout for randomize-layout-2
[INFO] running `Command { std: "git" "clone" "/workspace/cache/git-repos/https%3A%2F%2Fgithub.com%2Fjoshka%2Fratatui-calloop" "/workspace/builds/worker-2-tc2/source", kill_on_drop: false }`
[INFO] [stderr] Cloning into '/workspace/builds/worker-2-tc2/source'...
[INFO] [stderr] done.
[INFO] validating manifest of git repo https://github.com/joshka/ratatui-calloop on toolchain nightly-2025-01-18
[INFO] running `Command { std: CARGO_HOME="/workspace/cargo-home" RUSTUP_HOME="/workspace/rustup-home" "/workspace/cargo-home/bin/cargo" "+nightly-2025-01-18" "metadata" "--manifest-path" "Cargo.toml" "--no-deps", kill_on_drop: false }`
[INFO] started tweaking git repo https://github.com/joshka/ratatui-calloop
[INFO] finished tweaking git repo https://github.com/joshka/ratatui-calloop
[INFO] tweaked toml for git repo https://github.com/joshka/ratatui-calloop written to /workspace/builds/worker-2-tc2/source/Cargo.toml
[INFO] crate git repo https://github.com/joshka/ratatui-calloop already has a lockfile, it will not be regenerated
[INFO] running `Command { std: CARGO_HOME="/workspace/cargo-home" RUSTUP_HOME="/workspace/rustup-home" "/workspace/cargo-home/bin/cargo" "+nightly-2025-01-18" "fetch" "--manifest-path" "Cargo.toml", kill_on_drop: false }`
[INFO] running `Command { std: "docker" "create" "-v" "/var/lib/crater-agent-workspace/builds/worker-2-tc2/target:/opt/rustwide/target:rw,Z" "-v" "/var/lib/crater-agent-workspace/builds/worker-2-tc2/source:/opt/rustwide/workdir:ro,Z" "-v" "/var/lib/crater-agent-workspace/cargo-home:/opt/rustwide/cargo-home:ro,Z" "-v" "/var/lib/crater-agent-workspace/rustup-home:/opt/rustwide/rustup-home:ro,Z" "-e" "SOURCE_DIR=/opt/rustwide/workdir" "-e" "CARGO_TARGET_DIR=/opt/rustwide/target" "-e" "CARGO_HOME=/opt/rustwide/cargo-home" "-e" "RUSTUP_HOME=/opt/rustwide/rustup-home" "-w" "/opt/rustwide/workdir" "-m" "1610612736" "--user" "0:0" "--network" "none" "ghcr.io/rust-lang/crates-build-env/linux@sha256:819108c5571ea2e421544af4d832f968d213c87fbe3707a016657f43d2f853bc" "/opt/rustwide/cargo-home/bin/cargo" "+nightly-2025-01-18" "metadata" "--no-deps" "--format-version=1", kill_on_drop: false }`
[INFO] [stdout] 57710911f16969a786d8180f093c649ee27948c61332d7bea685186227c517d2
[INFO] running `Command { std: "docker" "start" "-a" "57710911f16969a786d8180f093c649ee27948c61332d7bea685186227c517d2", kill_on_drop: false }`
[INFO] running `Command { std: "docker" "inspect" "57710911f16969a786d8180f093c649ee27948c61332d7bea685186227c517d2", kill_on_drop: false }`
[INFO] running `Command { std: "docker" "rm" "-f" "57710911f16969a786d8180f093c649ee27948c61332d7bea685186227c517d2", kill_on_drop: false }`
[INFO] [stdout] 57710911f16969a786d8180f093c649ee27948c61332d7bea685186227c517d2
[INFO] running `Command { std: "docker" "create" "-v" "/var/lib/crater-agent-workspace/builds/worker-2-tc2/target:/opt/rustwide/target:rw,Z" "-v" "/var/lib/crater-agent-workspace/builds/worker-2-tc2/source:/opt/rustwide/workdir:ro,Z" "-v" "/var/lib/crater-agent-workspace/cargo-home:/opt/rustwide/cargo-home:ro,Z" "-v" "/var/lib/crater-agent-workspace/rustup-home:/opt/rustwide/rustup-home:ro,Z" "-e" "SOURCE_DIR=/opt/rustwide/workdir" "-e" "CARGO_TARGET_DIR=/opt/rustwide/target" "-e" "CARGO_INCREMENTAL=0" "-e" "RUST_BACKTRACE=full" "-e" "RUSTFLAGS=--cap-lints=forbid -Zrandomize-layout" "-e" "RUSTDOCFLAGS=--cap-lints=forbid" "-e" "CARGO_HOME=/opt/rustwide/cargo-home" "-e" "RUSTUP_HOME=/opt/rustwide/rustup-home" "-w" "/opt/rustwide/workdir" "-m" "1610612736" "--user" "0:0" "--network" "none" "ghcr.io/rust-lang/crates-build-env/linux@sha256:819108c5571ea2e421544af4d832f968d213c87fbe3707a016657f43d2f853bc" "/opt/rustwide/cargo-home/bin/cargo" "+nightly-2025-01-18" "build" "--frozen" "--message-format=json", kill_on_drop: false }`
[INFO] [stdout] 85c614574e5be44ca7eca9fd539ab47f97c6cb63d8c9b602f8cb6e997f607a0d
[INFO] running `Command { std: "docker" "start" "-a" "85c614574e5be44ca7eca9fd539ab47f97c6cb63d8c9b602f8cb6e997f607a0d", kill_on_drop: false }`
[INFO] [stderr]    Compiling cfg-if v1.0.0
[INFO] [stderr]    Compiling once_cell v1.19.0
[INFO] [stderr]    Compiling libc v0.2.155
[INFO] [stderr]    Compiling log v0.4.22
[INFO] [stderr]    Compiling proc-macro2 v1.0.86
[INFO] [stderr]    Compiling autocfg v1.3.0
[INFO] [stderr]    Compiling unicode-ident v1.0.12
[INFO] [stderr]    Compiling rustversion v1.0.17
[INFO] [stderr]    Compiling pin-project-lite v0.2.14
[INFO] [stderr]    Compiling rustix v0.38.34
[INFO] [stderr]    Compiling version_check v0.9.4
[INFO] [stderr]    Compiling linux-raw-sys v0.4.14
[INFO] [stderr]    Compiling lazy_static v1.5.0
[INFO] [stderr]    Compiling parking_lot_core v0.9.10
[INFO] [stderr]    Compiling bitflags v2.6.0
[INFO] [stderr]    Compiling signal-hook v0.3.17
[INFO] [stderr]    Compiling zerocopy v0.7.35
[INFO] [stderr]    Compiling sharded-slab v0.1.7
[INFO] [stderr]    Compiling either v1.13.0
[INFO] [stderr]    Compiling cc v1.0.106
[INFO] [stderr]    Compiling scopeguard v1.2.0
[INFO] [stderr]    Compiling tracing-core v0.1.32
[INFO] [stderr]    Compiling thread_local v1.1.8
[INFO] [stderr]    Compiling smallvec v1.13.2
[INFO] [stderr]    Compiling heck v0.5.0
[INFO] [stderr]    Compiling eyre v0.6.12
[INFO] [stderr]    Compiling memchr v2.7.4
[INFO] [stderr]    Compiling gimli v0.28.1
[INFO] [stderr]    Compiling ahash v0.8.11
[INFO] [stderr]    Compiling adler v1.0.2
[INFO] [stderr]    Compiling allocator-api2 v0.2.18
[INFO] [stderr]    Compiling paste v1.0.15
[INFO] [stderr]    Compiling lock_api v0.4.12
[INFO] [stderr]    Compiling slab v0.4.9
[INFO] [stderr]    Compiling miniz_oxide v0.7.4
[INFO] [stderr]    Compiling itertools v0.12.1
[INFO] [stderr]    Compiling thiserror v2.0.11
[INFO] [stderr]    Compiling quote v1.0.36
[INFO] [stderr]    Compiling tracing v0.1.40
[INFO] [stderr]    Compiling tracing-subscriber v0.3.18
[INFO] [stderr]    Compiling object v0.32.2
[INFO] [stderr]    Compiling syn v2.0.87
[INFO] [stderr]    Compiling indenter v0.3.3
[INFO] [stderr]    Compiling rustc-demangle v0.1.24
[INFO] [stderr]    Compiling castaway v0.2.3
[INFO] [stderr]    Compiling hashbrown v0.14.5
[INFO] [stderr]    Compiling unicode-width v0.1.13
[INFO] [stderr]    Compiling owo-colors v3.5.0
[INFO] [stderr]    Compiling static_assertions v1.1.0
[INFO] [stderr]    Compiling ryu v1.0.18
[INFO] [stderr]    Compiling itoa v1.0.11
[INFO] [stderr]    Compiling compact_str v0.8.0
[INFO] [stderr]    Compiling backtrace v0.3.71
[INFO] [stderr]    Compiling signal-hook-registry v1.4.2
[INFO] [stderr]    Compiling mio v1.0.2
[INFO] [stderr]    Compiling itertools v0.13.0
[INFO] [stderr]    Compiling parking_lot v0.12.3
[INFO] [stderr]    Compiling cassowary v0.3.0
[INFO] [stderr]    Compiling signal-hook-mio v0.2.4
[INFO] [stderr]    Compiling tracing-error v0.2.0
[INFO] [stderr]    Compiling lru v0.12.3
[INFO] [stderr]    Compiling indoc v2.0.5
[INFO] [stderr]    Compiling color-spantrace v0.2.1
[INFO] [stderr]    Compiling addr2line v0.21.0
[INFO] [stderr]    Compiling unicode-truncate v1.0.0
[INFO] [stderr]    Compiling unicode-segmentation v1.11.0
[INFO] [stderr]    Compiling unicode-width v0.2.0
[INFO] [stderr]    Compiling litrs v0.4.1
[INFO] [stderr]    Compiling document-features v0.2.10
[INFO] [stderr]    Compiling crossterm v0.28.1
[INFO] [stderr]    Compiling polling v3.7.2
[INFO] [stderr]    Compiling color-eyre v0.6.3
[INFO] [stderr]    Compiling calloop v0.14.2
[INFO] [stderr]    Compiling strum_macros v0.26.4
[INFO] [stderr]    Compiling thiserror-impl v2.0.11
[INFO] [stderr]    Compiling instability v0.3.2
[INFO] [stderr]    Compiling strum v0.26.3
[INFO] [stderr]    Compiling ratatui v0.29.0
[INFO] [stderr]    Compiling ratatui-calloop v0.2.0 (/opt/rustwide/workdir)
[INFO] [stderr]     Finished `dev` profile [unoptimized + debuginfo] target(s) in 26.29s
[INFO] running `Command { std: "docker" "inspect" "85c614574e5be44ca7eca9fd539ab47f97c6cb63d8c9b602f8cb6e997f607a0d", kill_on_drop: false }`
[INFO] running `Command { std: "docker" "rm" "-f" "85c614574e5be44ca7eca9fd539ab47f97c6cb63d8c9b602f8cb6e997f607a0d", kill_on_drop: false }`
[INFO] [stdout] 85c614574e5be44ca7eca9fd539ab47f97c6cb63d8c9b602f8cb6e997f607a0d
[INFO] running `Command { std: "docker" "create" "-v" "/var/lib/crater-agent-workspace/builds/worker-2-tc2/target:/opt/rustwide/target:rw,Z" "-v" "/var/lib/crater-agent-workspace/builds/worker-2-tc2/source:/opt/rustwide/workdir:ro,Z" "-v" "/var/lib/crater-agent-workspace/cargo-home:/opt/rustwide/cargo-home:ro,Z" "-v" "/var/lib/crater-agent-workspace/rustup-home:/opt/rustwide/rustup-home:ro,Z" "-e" "SOURCE_DIR=/opt/rustwide/workdir" "-e" "CARGO_TARGET_DIR=/opt/rustwide/target" "-e" "CARGO_INCREMENTAL=0" "-e" "RUST_BACKTRACE=full" "-e" "RUSTFLAGS=--cap-lints=forbid -Zrandomize-layout" "-e" "RUSTDOCFLAGS=--cap-lints=forbid" "-e" "CARGO_HOME=/opt/rustwide/cargo-home" "-e" "RUSTUP_HOME=/opt/rustwide/rustup-home" "-w" "/opt/rustwide/workdir" "-m" "1610612736" "--user" "0:0" "--network" "none" "ghcr.io/rust-lang/crates-build-env/linux@sha256:819108c5571ea2e421544af4d832f968d213c87fbe3707a016657f43d2f853bc" "/opt/rustwide/cargo-home/bin/cargo" "+nightly-2025-01-18" "test" "--frozen" "--no-run" "--message-format=json", kill_on_drop: false }`
[INFO] [stdout] 520361a2dbab770bcf1ce3ded8644104082071c91e6ab0911b572d401c3e1c9f
[INFO] running `Command { std: "docker" "start" "-a" "520361a2dbab770bcf1ce3ded8644104082071c91e6ab0911b572d401c3e1c9f", kill_on_drop: false }`
[INFO] [stderr]    Compiling ratatui-calloop v0.2.0 (/opt/rustwide/workdir)
[INFO] [stderr]     Finished `test` profile [unoptimized + debuginfo] target(s) in 1.25s
[INFO] running `Command { std: "docker" "inspect" "520361a2dbab770bcf1ce3ded8644104082071c91e6ab0911b572d401c3e1c9f", kill_on_drop: false }`
[INFO] running `Command { std: "docker" "rm" "-f" "520361a2dbab770bcf1ce3ded8644104082071c91e6ab0911b572d401c3e1c9f", kill_on_drop: false }`
[INFO] [stdout] 520361a2dbab770bcf1ce3ded8644104082071c91e6ab0911b572d401c3e1c9f
[INFO] running `Command { std: "docker" "create" "-v" "/var/lib/crater-agent-workspace/builds/worker-2-tc2/target:/opt/rustwide/target:rw,Z" "-v" "/var/lib/crater-agent-workspace/builds/worker-2-tc2/source:/opt/rustwide/workdir:ro,Z" "-v" "/var/lib/crater-agent-workspace/cargo-home:/opt/rustwide/cargo-home:ro,Z" "-v" "/var/lib/crater-agent-workspace/rustup-home:/opt/rustwide/rustup-home:ro,Z" "-e" "SOURCE_DIR=/opt/rustwide/workdir" "-e" "CARGO_TARGET_DIR=/opt/rustwide/target" "-e" "CARGO_INCREMENTAL=0" "-e" "RUST_BACKTRACE=full" "-e" "RUSTFLAGS=--cap-lints=forbid -Zrandomize-layout" "-e" "RUSTDOCFLAGS=--cap-lints=forbid" "-e" "CARGO_HOME=/opt/rustwide/cargo-home" "-e" "RUSTUP_HOME=/opt/rustwide/rustup-home" "-w" "/opt/rustwide/workdir" "-m" "1610612736" "--user" "0:0" "--network" "none" "ghcr.io/rust-lang/crates-build-env/linux@sha256:819108c5571ea2e421544af4d832f968d213c87fbe3707a016657f43d2f853bc" "/opt/rustwide/cargo-home/bin/cargo" "+nightly-2025-01-18" "test" "--frozen", kill_on_drop: false }`
[INFO] [stdout] d64c5773637ed7894ad9f2ee9c89bcb17745b7e1dabc31a857f7d1b930e4fd88
[INFO] running `Command { std: "docker" "start" "-a" "d64c5773637ed7894ad9f2ee9c89bcb17745b7e1dabc31a857f7d1b930e4fd88", kill_on_drop: false }`
[INFO] [stderr]     Finished `test` profile [unoptimized + debuginfo] target(s) in 0.10s
[INFO] [stderr]      Running unittests src/lib.rs (/opt/rustwide/target/debug/deps/ratatui_calloop-7baa52226d5998e3)
[INFO] [stderr]    Doc-tests ratatui_calloop
[INFO] [stdout] 
[INFO] [stdout] running 0 tests
[INFO] [stdout] 
[INFO] [stdout] test result: ok. 0 passed; 0 failed; 0 ignored; 0 measured; 0 filtered out; finished in 0.00s
[INFO] [stdout] 
[INFO] [stdout] 
[INFO] [stdout] running 3 tests
[INFO] [stdout] test src/app.rs - app::App (line 23) ... FAILED
[INFO] [stdout] test src/lib.rs - (line 18) - compile ... ok
[INFO] [stdout] test src/app.rs - app::App::draw (line 61) ... FAILED
[INFO] [stdout] 
[INFO] [stdout] failures:
[INFO] [stdout] 
[INFO] [stdout] ---- src/app.rs - app::App (line 23) stdout ----
[INFO] [stdout] error[E0432]: unresolved import `ratatui_calloop::Terminal`
[INFO] [stdout]  --> src/app.rs:26:28
[INFO] [stdout]   |
[INFO] [stdout] 6 | use ratatui_calloop::{App, Terminal};
[INFO] [stdout]   |                            ^^^^^^^^ no `Terminal` in the root
[INFO] [stdout]   |
[INFO] [stdout]   = help: consider importing this struct instead:
[INFO] [stdout]           ratatui::Terminal
[INFO] [stdout] 
[INFO] [stdout] error: aborting due to 1 previous error
[INFO] [stdout] 
[INFO] [stdout] For more information about this error, try `rustc --explain E0432`.
[INFO] [stdout] Couldn't compile the test.
[INFO] [stdout] ---- src/app.rs - app::App::draw (line 61) stdout ----
[INFO] [stdout] warning: use of deprecated method `ratatui::Frame::<'_>::size`: use .area() as it's the more correct name
[INFO] [stdout]   --> src/app.rs:74:42
[INFO] [stdout]    |
[INFO] [stdout] 16 |         frame.render_widget(&text, frame.size());
[INFO] [stdout]    |                                          ^^^^
[INFO] [stdout]    |
[INFO] [stdout]    = note: `#[warn(deprecated)]` on by default
[INFO] [stdout] 
[INFO] [stdout] error[E0308]: mismatched types
[INFO] [stdout]   --> src/app.rs:75:9
[INFO] [stdout]    |
[INFO] [stdout] 14 |     fn draw(&self, frame: &mut Frame) {
[INFO] [stdout]    |                                      - expected `()` because of default return type
[INFO] [stdout] ...
[INFO] [stdout] 17 |         Ok(())
[INFO] [stdout]    |         ^^^^^^ expected `()`, found `Result<(), _>`
[INFO] [stdout]    |
[INFO] [stdout]    = note: expected unit type `()`
[INFO] [stdout]                    found enum `Result<(), _>`
[INFO] [stdout] 
[INFO] [stdout] error: aborting due to 1 previous error; 1 warning emitted
[INFO] [stdout] 
[INFO] [stdout] For more information about this error, try `rustc --explain E0308`.
[INFO] [stdout] Couldn't compile the test.
[INFO] [stdout] 
[INFO] [stdout] failures:
[INFO] [stdout]     src/app.rs - app::App (line 23)
[INFO] [stdout]     src/app.rs - app::App::draw (line 61)
[INFO] [stdout] 
[INFO] [stdout] test result: FAILED. 1 passed; 2 failed; 0 ignored; 0 measured; 0 filtered out; finished in 0.22s
[INFO] [stdout] 
[INFO] [stderr] error: doctest failed, to rerun pass `--doc`
[INFO] running `Command { std: "docker" "inspect" "d64c5773637ed7894ad9f2ee9c89bcb17745b7e1dabc31a857f7d1b930e4fd88", kill_on_drop: false }`
[INFO] running `Command { std: "docker" "rm" "-f" "d64c5773637ed7894ad9f2ee9c89bcb17745b7e1dabc31a857f7d1b930e4fd88", kill_on_drop: false }`
[INFO] [stdout] d64c5773637ed7894ad9f2ee9c89bcb17745b7e1dabc31a857f7d1b930e4fd88
