[INFO] cloning repository https://github.com/josefwaller/yane
[INFO] running `Command { std: "git" "-c" "credential.helper=" "-c" "credential.helper=/workspace/cargo-home/bin/git-credential-null" "clone" "--bare" "https://github.com/josefwaller/yane" "/workspace/cache/git-repos/https%3A%2F%2Fgithub.com%2Fjosefwaller%2Fyane", kill_on_drop: false }`
[INFO] [stderr] Cloning into bare repository '/workspace/cache/git-repos/https%3A%2F%2Fgithub.com%2Fjosefwaller%2Fyane'...
[INFO] running `Command { std: "git" "rev-parse" "HEAD", kill_on_drop: false }`
[INFO] [stdout] 61456d539b353256e13f1a14989144e7897448ee
[INFO] testing josefwaller/yane against nightly-2025-01-18 for randomize-layout-2
[INFO] running `Command { std: "git" "clone" "/workspace/cache/git-repos/https%3A%2F%2Fgithub.com%2Fjosefwaller%2Fyane" "/workspace/builds/worker-2-tc1/source", kill_on_drop: false }`
[INFO] [stderr] Cloning into '/workspace/builds/worker-2-tc1/source'...
[INFO] [stderr] done.
[INFO] validating manifest of git repo https://github.com/josefwaller/yane on toolchain nightly-2025-01-18
[INFO] running `Command { std: CARGO_HOME="/workspace/cargo-home" RUSTUP_HOME="/workspace/rustup-home" "/workspace/cargo-home/bin/cargo" "+nightly-2025-01-18" "metadata" "--manifest-path" "Cargo.toml" "--no-deps", kill_on_drop: false }`
[INFO] started tweaking git repo https://github.com/josefwaller/yane
[INFO] finished tweaking git repo https://github.com/josefwaller/yane
[INFO] tweaked toml for git repo https://github.com/josefwaller/yane written to /workspace/builds/worker-2-tc1/source/Cargo.toml
[INFO] crate git repo https://github.com/josefwaller/yane already has a lockfile, it will not be regenerated
[INFO] running `Command { std: CARGO_HOME="/workspace/cargo-home" RUSTUP_HOME="/workspace/rustup-home" "/workspace/cargo-home/bin/cargo" "+nightly-2025-01-18" "fetch" "--manifest-path" "Cargo.toml", kill_on_drop: false }`
[INFO] [stderr]     Updating crates.io index
[INFO] [stderr]  Downloading crates ...
[INFO] [stderr]   Downloaded cargo-insta v1.41.1
[INFO] [stderr]   Downloaded imgui-sdl2-support v0.13.0
[INFO] [stderr]   Downloaded assert_hex v0.4.1
[INFO] [stderr]   Downloaded i24 v1.0.1
[INFO] [stderr]   Downloaded open v5.3.1
[INFO] [stderr]   Downloaded glow v0.14.1
[INFO] [stderr]   Downloaded rubato v0.16.1
[INFO] [stderr]   Downloaded wavers v1.5.1
[INFO] [stderr]   Downloaded imgui-glow-renderer v0.13.0
[INFO] running `Command { std: "docker" "create" "-v" "/var/lib/crater-agent-workspace/builds/worker-2-tc1/target:/opt/rustwide/target:rw,Z" "-v" "/var/lib/crater-agent-workspace/builds/worker-2-tc1/source:/opt/rustwide/workdir:ro,Z" "-v" "/var/lib/crater-agent-workspace/cargo-home:/opt/rustwide/cargo-home:ro,Z" "-v" "/var/lib/crater-agent-workspace/rustup-home:/opt/rustwide/rustup-home:ro,Z" "-e" "SOURCE_DIR=/opt/rustwide/workdir" "-e" "CARGO_TARGET_DIR=/opt/rustwide/target" "-e" "CARGO_HOME=/opt/rustwide/cargo-home" "-e" "RUSTUP_HOME=/opt/rustwide/rustup-home" "-w" "/opt/rustwide/workdir" "-m" "1610612736" "--user" "0:0" "--network" "none" "ghcr.io/rust-lang/crates-build-env/linux@sha256:819108c5571ea2e421544af4d832f968d213c87fbe3707a016657f43d2f853bc" "/opt/rustwide/cargo-home/bin/cargo" "+nightly-2025-01-18" "metadata" "--no-deps" "--format-version=1", kill_on_drop: false }`
[INFO] [stdout] 53c6d80a5b7502904dc8b7d7a1d3a0ba6a2dc744a07f7fbbdd50807a07aa4614
[INFO] running `Command { std: "docker" "start" "-a" "53c6d80a5b7502904dc8b7d7a1d3a0ba6a2dc744a07f7fbbdd50807a07aa4614", kill_on_drop: false }`
[INFO] running `Command { std: "docker" "inspect" "53c6d80a5b7502904dc8b7d7a1d3a0ba6a2dc744a07f7fbbdd50807a07aa4614", kill_on_drop: false }`
[INFO] running `Command { std: "docker" "rm" "-f" "53c6d80a5b7502904dc8b7d7a1d3a0ba6a2dc744a07f7fbbdd50807a07aa4614", kill_on_drop: false }`
[INFO] [stdout] 53c6d80a5b7502904dc8b7d7a1d3a0ba6a2dc744a07f7fbbdd50807a07aa4614
[INFO] running `Command { std: "docker" "create" "-v" "/var/lib/crater-agent-workspace/builds/worker-2-tc1/target:/opt/rustwide/target:rw,Z" "-v" "/var/lib/crater-agent-workspace/builds/worker-2-tc1/source:/opt/rustwide/workdir:ro,Z" "-v" "/var/lib/crater-agent-workspace/cargo-home:/opt/rustwide/cargo-home:ro,Z" "-v" "/var/lib/crater-agent-workspace/rustup-home:/opt/rustwide/rustup-home:ro,Z" "-e" "SOURCE_DIR=/opt/rustwide/workdir" "-e" "CARGO_TARGET_DIR=/opt/rustwide/target" "-e" "CARGO_INCREMENTAL=0" "-e" "RUST_BACKTRACE=full" "-e" "RUSTFLAGS=--cap-lints=forbid" "-e" "RUSTDOCFLAGS=--cap-lints=forbid" "-e" "CARGO_HOME=/opt/rustwide/cargo-home" "-e" "RUSTUP_HOME=/opt/rustwide/rustup-home" "-w" "/opt/rustwide/workdir" "-m" "1610612736" "--user" "0:0" "--network" "none" "ghcr.io/rust-lang/crates-build-env/linux@sha256:819108c5571ea2e421544af4d832f968d213c87fbe3707a016657f43d2f853bc" "/opt/rustwide/cargo-home/bin/cargo" "+nightly-2025-01-18" "build" "--frozen" "--message-format=json", kill_on_drop: false }`
[INFO] [stdout] cdfc47bbf2bd95c4f414c489066e45b4d2b3abc1204ab3f388dc33d8456ce445
[INFO] running `Command { std: "docker" "start" "-a" "cdfc47bbf2bd95c4f414c489066e45b4d2b3abc1204ab3f388dc33d8456ce445", kill_on_drop: false }`
[INFO] [stderr] warning: yane v0.1.0 (/opt/rustwide/workdir) ignoring invalid dependency `cargo-insta` which is missing a lib target
[INFO] [stderr]    Compiling autocfg v1.4.0
[INFO] [stderr]    Compiling cfg-if v1.0.0
[INFO] [stderr]    Compiling libc v0.2.166
[INFO] [stderr]    Compiling proc-macro2 v1.0.86
[INFO] [stderr]    Compiling unicode-ident v1.0.12
[INFO] [stderr]    Compiling shlex v1.3.0
[INFO] [stderr]    Compiling parking_lot_core v0.9.10
[INFO] [stderr]    Compiling version-compare v0.1.1
[INFO] [stderr]    Compiling smallvec v1.13.2
[INFO] [stderr]    Compiling version_check v0.9.5
[INFO] [stderr]    Compiling scopeguard v1.2.0
[INFO] [stderr]    Compiling mint v0.5.9
[INFO] [stderr]    Compiling strength_reduce v0.2.4
[INFO] [stderr]    Compiling chlorine v1.0.12
[INFO] [stderr]    Compiling bitflags v1.3.2
[INFO] [stderr]    Compiling byteorder v1.5.0
[INFO] [stderr]    Compiling paste v1.0.15
[INFO] [stderr]    Compiling sdl2 v0.37.0
[INFO] [stderr]    Compiling powerfmt v0.2.0
[INFO] [stderr]    Compiling time-core v0.1.2
[INFO] [stderr]    Compiling cc v1.1.31
[INFO] [stderr]    Compiling num-conv v0.1.0
[INFO] [stderr]    Compiling thiserror v1.0.69
[INFO] [stderr]    Compiling bytemuck v1.21.0
[INFO] [stderr]    Compiling num_threads v0.1.7
[INFO] [stderr]    Compiling itoa v1.0.11
[INFO] [stderr]    Compiling time-macros v0.2.18
[INFO] [stderr]    Compiling lazy_static v1.5.0
[INFO] [stderr]    Compiling sdl2-sys v0.37.0
[INFO] [stderr]    Compiling termcolor v1.4.1
[INFO] [stderr]    Compiling rustfft v6.2.0
[INFO] [stderr]    Compiling log v0.4.22
[INFO] [stderr]    Compiling glow v0.14.1
[INFO] [stderr]    Compiling assert_hex v0.4.1
[INFO] [stderr]    Compiling deranged v0.3.11
[INFO] [stderr]    Compiling num-traits v0.2.19
[INFO] [stderr]    Compiling lock_api v0.4.12
[INFO] [stderr]    Compiling memoffset v0.9.1
[INFO] [stderr]    Compiling quote v1.0.37
[INFO] [stderr]    Compiling syn v2.0.87
[INFO] [stderr]    Compiling imgui-sys v0.12.0
[INFO] [stderr]    Compiling getrandom v0.2.15
[INFO] [stderr]    Compiling rand_core v0.6.4
[INFO] [stderr]    Compiling num-integer v0.1.46
[INFO] [stderr]    Compiling num-complex v0.4.6
[INFO] [stderr]    Compiling i24 v1.0.1
[INFO] [stderr]    Compiling parking_lot v0.12.3
[INFO] [stderr]    Compiling transpose v0.2.3
[INFO] [stderr]    Compiling primal-check v0.3.4
[INFO] [stderr]    Compiling time v0.3.36
[INFO] [stderr]    Compiling simplelog v0.12.2
[INFO] [stderr]    Compiling test-case-core v3.3.1
[INFO] [stderr]    Compiling zerocopy-derive v0.7.35
[INFO] [stderr]    Compiling thiserror-impl v1.0.69
[INFO] [stderr]    Compiling test-case-macros v3.3.1
[INFO] [stderr]    Compiling test-case v3.3.1
[INFO] [stderr]    Compiling zerocopy v0.7.35
[INFO] [stderr]    Compiling wavers v1.5.1
[INFO] [stderr]    Compiling ppv-lite86 v0.2.20
[INFO] [stderr]    Compiling rand_chacha v0.3.1
[INFO] [stderr]    Compiling realfft v3.4.0
[INFO] [stderr]    Compiling rand v0.8.5
[INFO] [stderr]    Compiling rubato v0.16.1
[INFO] [stderr]    Compiling imgui v0.12.0
[INFO] [stderr]    Compiling imgui-sdl2-support v0.13.0
[INFO] [stderr]    Compiling imgui-glow-renderer v0.13.0
[INFO] [stderr]    Compiling yane v0.1.0 (/opt/rustwide/workdir)
[INFO] [stdout] warning: unused imports: `CPU_CYCLES_PER_SCANLINE` and `Screen`
[INFO] [stdout]  --> src/emulation/nes.rs:6:55
[INFO] [stdout]   |
[INFO] [stdout] 6 |     opcodes::*, Apu, Cartridge, Controller, Cpu, Ppu, Screen, Settings, CPU_CYCLES_PER_OAM,
[INFO] [stdout]   |                                                       ^^^^^^
[INFO] [stdout] 7 |     CPU_CYCLES_PER_SCANLINE,
[INFO] [stdout]   |     ^^^^^^^^^^^^^^^^^^^^^^^
[INFO] [stdout]   |
[INFO] [stdout]   = note: `#[warn(unused_imports)]` on by default
[INFO] [stdout] 
[INFO] [stdout] 
[INFO] [stdout] warning: unnecessary parentheses around assigned value
[INFO] [stdout]   --> src/emulation/cartridge/mappers/uxrom.rs:21:26
[INFO] [stdout]    |
[INFO] [stdout] 21 |         let final_addr = (cpu_addr - 0x8000 + self.bank * BANK_SIZE);
[INFO] [stdout]    |                          ^                                         ^
[INFO] [stdout]    |
[INFO] [stdout]    = note: `#[warn(unused_parens)]` on by default
[INFO] [stdout] help: remove these parentheses
[INFO] [stdout]    |
[INFO] [stdout] 21 -         let final_addr = (cpu_addr - 0x8000 + self.bank * BANK_SIZE);
[INFO] [stdout] 21 +         let final_addr = cpu_addr - 0x8000 + self.bank * BANK_SIZE;
[INFO] [stdout]    |
[INFO] [stdout] 
[INFO] [stdout] 
[INFO] [stdout] warning: unused imports: `NametableArrangement` and `cartridge`
[INFO] [stdout]  --> src/emulation/ppu.rs:3:13
[INFO] [stdout]   |
[INFO] [stdout] 3 | use super::{cartridge, Cartridge, NametableArrangement, DEBUG_PALETTE};
[INFO] [stdout]   |             ^^^^^^^^^             ^^^^^^^^^^^^^^^^^^^^
[INFO] [stdout] 
[INFO] [stdout] 
[INFO] [stdout] warning: unused import: `log::*`
[INFO] [stdout]  --> src/emulation/ppu.rs:4:5
[INFO] [stdout]   |
[INFO] [stdout] 4 | use log::*;
[INFO] [stdout]   |     ^^^^^^
[INFO] [stdout] 
[INFO] [stdout] 
[INFO] [stdout] warning: unused import: `log::*`
[INFO] [stdout]  --> src/interface/screen.rs:3:5
[INFO] [stdout]   |
[INFO] [stdout] 3 | use log::*;
[INFO] [stdout]   |     ^^^^^^
[INFO] [stdout] 
[INFO] [stdout] 
[INFO] [stdout] warning: unused import: `wavers::Samples`
[INFO] [stdout]   --> src/interface/audio.rs:10:5
[INFO] [stdout]    |
[INFO] [stdout] 10 | use wavers::Samples;
[INFO] [stdout]    |     ^^^^^^^^^^^^^^^
[INFO] [stdout] 
[INFO] [stdout] 
[INFO] [stdout] warning: unused imports: `cmp::min` and `time::Duration`
[INFO] [stdout]  --> src/interface/debug_window.rs:1:11
[INFO] [stdout]   |
[INFO] [stdout] 1 | use std::{cmp::min, time::Duration};
[INFO] [stdout]   |           ^^^^^^^^  ^^^^^^^^^^^^^^
[INFO] [stdout] 
[INFO] [stdout] 
[INFO] [stdout] warning: unused import: `NametableArrangement`
[INFO] [stdout]  --> src/interface/debug_window.rs:5:36
[INFO] [stdout]   |
[INFO] [stdout] 5 | use crate::{check_error, utils::*, NametableArrangement, Nes, Settings, DEBUG_PALETTE};
[INFO] [stdout]   |                                    ^^^^^^^^^^^^^^^^^^^^
[INFO] [stdout] 
[INFO] [stdout] 
[INFO] [stdout] warning: unused imports: `NativeProgram` and `VertexArray`
[INFO] [stdout]  --> src/interface/debug_window.rs:6:24
[INFO] [stdout]   |
[INFO] [stdout] 6 | use glow::{HasContext, NativeProgram, NativeTexture, VertexArray};
[INFO] [stdout]   |                        ^^^^^^^^^^^^^                 ^^^^^^^^^^^
[INFO] [stdout] 
[INFO] [stdout] 
[INFO] [stdout] warning: unused import: `Condition::FirstUseEver`
[INFO] [stdout]  --> src/interface/debug_window.rs:7:13
[INFO] [stdout]   |
[INFO] [stdout] 7 | use imgui::{Condition::FirstUseEver, TextureId, TreeNodeFlags};
[INFO] [stdout]   |             ^^^^^^^^^^^^^^^^^^^^^^^
[INFO] [stdout] 
[INFO] [stdout] 
[INFO] [stdout] warning: unused import: `sys::Always`
[INFO] [stdout]   --> src/interface/debug_window.rs:10:26
[INFO] [stdout]    |
[INFO] [stdout] 10 | use sdl2::{event::Event, sys::Always, EventPump, Sdl, VideoSubsystem};
[INFO] [stdout]    |                          ^^^^^^^^^^^
[INFO] [stdout] 
[INFO] [stdout] 
[INFO] [stdout] warning: unused imports: `NativeFramebuffer` and `NativeVertexArray`
[INFO] [stdout]  --> src/utils.rs:3:26
[INFO] [stdout]   |
[INFO] [stdout] 3 |     Context, HasContext, NativeFramebuffer, NativeProgram, NativeTexture, NativeVertexArray,
[INFO] [stdout]   |                          ^^^^^^^^^^^^^^^^^                                ^^^^^^^^^^^^^^^^^
[INFO] [stdout] 
[INFO] [stdout] 
[INFO] [stdout] warning: unused variable: `i`
[INFO] [stdout]    --> src/emulation/apu.rs:617:25
[INFO] [stdout]     |
[INFO] [stdout] 617 |             .for_each(|(i, reg)| {
[INFO] [stdout]     |                         ^ help: if this is intentional, prefix it with an underscore: `_i`
[INFO] [stdout]     |
[INFO] [stdout]     = note: `#[warn(unused_variables)]` on by default
[INFO] [stdout] 
[INFO] [stdout] 
[INFO] [stdout] warning: unused variable: `mem`
[INFO] [stdout]   --> src/emulation/cartridge/mappers/cnrom.rs:19:46
[INFO] [stdout]    |
[INFO] [stdout] 19 |     fn write_cpu(&mut self, cpu_addr: usize, mem: &mut crate::CartridgeMemory, value: u8) {
[INFO] [stdout]    |                                              ^^^ help: if this is intentional, prefix it with an underscore: `_mem`
[INFO] [stdout] 
[INFO] [stdout] 
[INFO] [stdout] warning: unused variable: `ppu_addr`
[INFO] [stdout]   --> src/emulation/cartridge/mappers/cnrom.rs:27:29
[INFO] [stdout]    |
[INFO] [stdout] 27 |     fn write_ppu(&mut self, ppu_addr: usize, mem: &mut crate::CartridgeMemory, value: u8) {
[INFO] [stdout]    |                             ^^^^^^^^ help: if this is intentional, prefix it with an underscore: `_ppu_addr`
[INFO] [stdout] 
[INFO] [stdout] 
[INFO] [stdout] warning: unused variable: `mem`
[INFO] [stdout]   --> src/emulation/cartridge/mappers/cnrom.rs:27:46
[INFO] [stdout]    |
[INFO] [stdout] 27 |     fn write_ppu(&mut self, ppu_addr: usize, mem: &mut crate::CartridgeMemory, value: u8) {
[INFO] [stdout]    |                                              ^^^ help: if this is intentional, prefix it with an underscore: `_mem`
[INFO] [stdout] 
[INFO] [stdout] 
[INFO] [stdout] warning: unused variable: `value`
[INFO] [stdout]   --> src/emulation/cartridge/mappers/cnrom.rs:27:80
[INFO] [stdout]    |
[INFO] [stdout] 27 |     fn write_ppu(&mut self, ppu_addr: usize, mem: &mut crate::CartridgeMemory, value: u8) {
[INFO] [stdout]    |                                                                                ^^^^^ help: if this is intentional, prefix it with an underscore: `_value`
[INFO] [stdout] 
[INFO] [stdout] 
[INFO] [stdout] warning: unused variable: `sdl`
[INFO] [stdout]   --> src/interface/debug_window.rs:37:51
[INFO] [stdout]    |
[INFO] [stdout] 37 |     pub fn new(nes: &Nes, video: &VideoSubsystem, sdl: &Sdl) -> DebugWindow {
[INFO] [stdout]    |                                                   ^^^ help: if this is intentional, prefix it with an underscore: `_sdl`
[INFO] [stdout] 
[INFO] [stdout] 
[INFO] [stdout] warning: unused variable: `nes`
[INFO] [stdout]    --> src/utils.rs:107:73
[INFO] [stdout]     |
[INFO] [stdout] 107 | pub unsafe fn refresh_chr_texture(gl: &Context, chr_tex: NativeTexture, nes: &Nes, chr: Vec<u8>) {
[INFO] [stdout]     |                                                                         ^^^ help: if this is intentional, prefix it with an underscore: `_nes`
[INFO] [stdout] 
[INFO] [stdout] 
[INFO] [stdout] warning: fields `chr_tex`, `tile_program`, `tile_vao`, `scanline_program`, and `scanline_vao` are never read
[INFO] [stdout]   --> src/interface/screen.rs:12:5
[INFO] [stdout]    |
[INFO] [stdout] 8  | pub struct Screen {
[INFO] [stdout]    |            ------ fields in this struct
[INFO] [stdout] ...
[INFO] [stdout] 12 |     chr_tex: NativeTexture,
[INFO] [stdout]    |     ^^^^^^^
[INFO] [stdout] ...
[INFO] [stdout] 18 |     tile_program: NativeProgram,
[INFO] [stdout]    |     ^^^^^^^^^^^^
[INFO] [stdout] 19 |     tile_vao: NativeVertexArray,
[INFO] [stdout]    |     ^^^^^^^^
[INFO] [stdout] 20 |     // Stuff for rendering a scanline
[INFO] [stdout] 21 |     scanline_program: NativeProgram,
[INFO] [stdout]    |     ^^^^^^^^^^^^^^^^
[INFO] [stdout] 22 |     scanline_vao: NativeVertexArray,
[INFO] [stdout]    |     ^^^^^^^^^^^^
[INFO] [stdout]    |
[INFO] [stdout]    = note: `#[warn(dead_code)]` on by default
[INFO] [stdout] 
[INFO] [stdout] 
[INFO] [stdout] warning: function `refresh_chr_texture` is never used
[INFO] [stdout]    --> src/utils.rs:107:15
[INFO] [stdout]     |
[INFO] [stdout] 107 | pub unsafe fn refresh_chr_texture(gl: &Context, chr_tex: NativeTexture, nes: &Nes, chr: Vec<u8>) {
[INFO] [stdout]     |               ^^^^^^^^^^^^^^^^^^^
[INFO] [stdout] 
[INFO] [stdout] 
[INFO] [stdout] warning: function `set_int_uniform` is never used
[INFO] [stdout]    --> src/utils.rs:149:15
[INFO] [stdout]     |
[INFO] [stdout] 149 | pub unsafe fn set_int_uniform(gl: &glow::Context, program: &glow::Program, name: &str, value: i32) {
[INFO] [stdout]     |               ^^^^^^^^^^^^^^^
[INFO] [stdout] 
[INFO] [stdout] 
[INFO] [stdout] warning: function `buffer_data_slice` is never used
[INFO] [stdout]    --> src/utils.rs:187:15
[INFO] [stdout]     |
[INFO] [stdout] 187 | pub unsafe fn buffer_data_slice(gl: &Context, program: &Program, data: &[i32]) -> VertexArray {
[INFO] [stdout]     |               ^^^^^^^^^^^^^^^^^
[INFO] [stdout] 
[INFO] [stdout] 
[INFO] [stdout] warning: unused imports: `ffi::OsStr`, `fs::OpenOptions`, and `io::BufReader`
[INFO] [stdout]   --> src/main.rs:10:5
[INFO] [stdout]    |
[INFO] [stdout] 10 |     ffi::OsStr,
[INFO] [stdout]    |     ^^^^^^^^^^
[INFO] [stdout] 11 |     fs::OpenOptions,
[INFO] [stdout]    |     ^^^^^^^^^^^^^^^
[INFO] [stdout] 12 |     io::BufReader,
[INFO] [stdout]    |     ^^^^^^^^^^^^^
[INFO] [stdout]    |
[INFO] [stdout]    = note: `#[warn(unused_imports)]` on by default
[INFO] [stdout] 
[INFO] [stdout] 
[INFO] [stdout] warning: unused import: `ffi::OsString`
[INFO] [stdout]   --> src/main.rs:16:11
[INFO] [stdout]    |
[INFO] [stdout] 16 | use std::{ffi::OsString, thread::sleep};
[INFO] [stdout]    |           ^^^^^^^^^^^^^
[INFO] [stdout] 
[INFO] [stdout] 
[INFO] [stdout] warning: unused imports: `CPU_CYCLES_PER_OAM` and `Screen`
[INFO] [stdout]   --> src/main.rs:20:34
[INFO] [stdout]    |
[INFO] [stdout] 20 |     Cartridge, DebugWindow, Nes, Screen, Settings, Window, CPU_CYCLES_PER_OAM,
[INFO] [stdout]    |                                  ^^^^^^                    ^^^^^^^^^^^^^^^^^^
[INFO] [stdout] 
[INFO] [stdout] 
[INFO] [stderr]     Finished `dev` profile [unoptimized + debuginfo] target(s) in 16.11s
[INFO] running `Command { std: "docker" "inspect" "cdfc47bbf2bd95c4f414c489066e45b4d2b3abc1204ab3f388dc33d8456ce445", kill_on_drop: false }`
[INFO] running `Command { std: "docker" "rm" "-f" "cdfc47bbf2bd95c4f414c489066e45b4d2b3abc1204ab3f388dc33d8456ce445", kill_on_drop: false }`
[INFO] [stdout] cdfc47bbf2bd95c4f414c489066e45b4d2b3abc1204ab3f388dc33d8456ce445
[INFO] running `Command { std: "docker" "create" "-v" "/var/lib/crater-agent-workspace/builds/worker-2-tc1/target:/opt/rustwide/target:rw,Z" "-v" "/var/lib/crater-agent-workspace/builds/worker-2-tc1/source:/opt/rustwide/workdir:ro,Z" "-v" "/var/lib/crater-agent-workspace/cargo-home:/opt/rustwide/cargo-home:ro,Z" "-v" "/var/lib/crater-agent-workspace/rustup-home:/opt/rustwide/rustup-home:ro,Z" "-e" "SOURCE_DIR=/opt/rustwide/workdir" "-e" "CARGO_TARGET_DIR=/opt/rustwide/target" "-e" "CARGO_INCREMENTAL=0" "-e" "RUST_BACKTRACE=full" "-e" "RUSTFLAGS=--cap-lints=forbid" "-e" "RUSTDOCFLAGS=--cap-lints=forbid" "-e" "CARGO_HOME=/opt/rustwide/cargo-home" "-e" "RUSTUP_HOME=/opt/rustwide/rustup-home" "-w" "/opt/rustwide/workdir" "-m" "1610612736" "--user" "0:0" "--network" "none" "ghcr.io/rust-lang/crates-build-env/linux@sha256:819108c5571ea2e421544af4d832f968d213c87fbe3707a016657f43d2f853bc" "/opt/rustwide/cargo-home/bin/cargo" "+nightly-2025-01-18" "test" "--frozen" "--no-run" "--message-format=json", kill_on_drop: false }`
[INFO] [stdout] d99c9232e1682047282a403676500ab257fcfa170066cb15005d6434638e9954
[INFO] running `Command { std: "docker" "start" "-a" "d99c9232e1682047282a403676500ab257fcfa170066cb15005d6434638e9954", kill_on_drop: false }`
[INFO] [stderr] warning: yane v0.1.0 (/opt/rustwide/workdir) ignoring invalid dependency `cargo-insta` which is missing a lib target
[INFO] [stderr]    Compiling utf8parse v0.2.2
[INFO] [stderr]    Compiling ucd-trie v0.1.7
[INFO] [stderr]    Compiling memchr v2.7.4
[INFO] [stderr]    Compiling anstyle-query v1.1.2
[INFO] [stderr]    Compiling once_cell v1.20.2
[INFO] [stderr]    Compiling colorchoice v1.0.3
[INFO] [stderr]    Compiling is_terminal_polyfill v1.70.1
[INFO] [stderr]    Compiling anstyle v1.0.10
[INFO] [stderr]    Compiling clap_lex v0.7.3
[INFO] [stderr]    Compiling strsim v0.11.1
[INFO] [stderr]    Compiling heck v0.5.0
[INFO] [stderr]    Compiling serde v1.0.214
[INFO] [stderr]    Compiling serde_derive v1.0.214
[INFO] [stderr]    Compiling unicode-width v0.1.14
[INFO] [stderr]    Compiling linked-hash-map v0.5.6
[INFO] [stderr]    Compiling similar v2.6.0
[INFO] [stderr]    Compiling anstyle-parse v0.2.6
[INFO] [stdout] warning: unused imports: `CPU_CYCLES_PER_SCANLINE` and `Screen`
[INFO] [stdout]  --> src/emulation/nes.rs:6:55
[INFO] [stdout]   |
[INFO] [stdout] 6 |     opcodes::*, Apu, Cartridge, Controller, Cpu, Ppu, Screen, Settings, CPU_CYCLES_PER_OAM,
[INFO] [stdout]   |                                                       ^^^^^^
[INFO] [stdout] 7 |     CPU_CYCLES_PER_SCANLINE,
[INFO] [stdout]   |     ^^^^^^^^^^^^^^^^^^^^^^^
[INFO] [stdout]   |
[INFO] [stdout]   = note: `#[warn(unused_imports)]` on by default
[INFO] [stdout] 
[INFO] [stdout] 
[INFO] [stdout] warning: unnecessary parentheses around assigned value
[INFO] [stdout]   --> src/emulation/cartridge/mappers/uxrom.rs:21:26
[INFO] [stdout]    |
[INFO] [stdout] 21 |         let final_addr = (cpu_addr - 0x8000 + self.bank * BANK_SIZE);
[INFO] [stdout]    |                          ^                                         ^
[INFO] [stdout]    |
[INFO] [stdout]    = note: `#[warn(unused_parens)]` on by default
[INFO] [stdout] help: remove these parentheses
[INFO] [stdout]    |
[INFO] [stdout] 21 -         let final_addr = (cpu_addr - 0x8000 + self.bank * BANK_SIZE);
[INFO] [stdout] 21 +         let final_addr = cpu_addr - 0x8000 + self.bank * BANK_SIZE;
[INFO] [stdout]    |
[INFO] [stdout] 
[INFO] [stdout] 
[INFO] [stdout] warning: unused imports: `NametableArrangement` and `cartridge`
[INFO] [stdout]  --> src/emulation/ppu.rs:3:13
[INFO] [stdout]   |
[INFO] [stdout] 3 | use super::{cartridge, Cartridge, NametableArrangement, DEBUG_PALETTE};
[INFO] [stdout]   |             ^^^^^^^^^             ^^^^^^^^^^^^^^^^^^^^
[INFO] [stdout] 
[INFO] [stdout] 
[INFO] [stdout] warning: unused import: `log::*`
[INFO] [stdout]  --> src/emulation/ppu.rs:4:5
[INFO] [stdout]   |
[INFO] [stdout] 4 | use log::*;
[INFO] [stdout]   |     ^^^^^^
[INFO] [stdout] 
[INFO] [stdout] 
[INFO] [stdout] warning: unused import: `log::*`
[INFO] [stdout]  --> src/interface/screen.rs:3:5
[INFO] [stdout]   |
[INFO] [stdout] 3 | use log::*;
[INFO] [stdout]   |     ^^^^^^
[INFO] [stdout] 
[INFO] [stdout] 
[INFO] [stdout] warning: unused import: `wavers::Samples`
[INFO] [stdout]   --> src/interface/audio.rs:10:5
[INFO] [stdout]    |
[INFO] [stdout] 10 | use wavers::Samples;
[INFO] [stdout]    |     ^^^^^^^^^^^^^^^
[INFO] [stdout] 
[INFO] [stdout] 
[INFO] [stdout] warning: unused imports: `cmp::min` and `time::Duration`
[INFO] [stdout]  --> src/interface/debug_window.rs:1:11
[INFO] [stdout]   |
[INFO] [stdout] 1 | use std::{cmp::min, time::Duration};
[INFO] [stdout]   |           ^^^^^^^^  ^^^^^^^^^^^^^^
[INFO] [stdout] 
[INFO] [stdout] 
[INFO] [stdout] warning: unused import: `NametableArrangement`
[INFO] [stdout]  --> src/interface/debug_window.rs:5:36
[INFO] [stdout]   |
[INFO] [stdout] 5 | use crate::{check_error, utils::*, NametableArrangement, Nes, Settings, DEBUG_PALETTE};
[INFO] [stdout]   |                                    ^^^^^^^^^^^^^^^^^^^^
[INFO] [stdout] 
[INFO] [stdout] 
[INFO] [stdout] warning: unused imports: `NativeProgram` and `VertexArray`
[INFO] [stdout]  --> src/interface/debug_window.rs:6:24
[INFO] [stdout]   |
[INFO] [stdout] 6 | use glow::{HasContext, NativeProgram, NativeTexture, VertexArray};
[INFO] [stdout]   |                        ^^^^^^^^^^^^^                 ^^^^^^^^^^^
[INFO] [stdout] 
[INFO] [stdout] 
[INFO] [stdout] warning: unused import: `Condition::FirstUseEver`
[INFO] [stdout]  --> src/interface/debug_window.rs:7:13
[INFO] [stdout]   |
[INFO] [stdout] 7 | use imgui::{Condition::FirstUseEver, TextureId, TreeNodeFlags};
[INFO] [stdout]   |             ^^^^^^^^^^^^^^^^^^^^^^^
[INFO] [stdout] 
[INFO] [stdout] 
[INFO] [stdout] warning: unused import: `sys::Always`
[INFO] [stdout]   --> src/interface/debug_window.rs:10:26
[INFO] [stdout]    |
[INFO] [stdout] 10 | use sdl2::{event::Event, sys::Always, EventPump, Sdl, VideoSubsystem};
[INFO] [stdout]    |                          ^^^^^^^^^^^
[INFO] [stdout] 
[INFO] [stdout] 
[INFO] [stdout] warning: unused imports: `NativeFramebuffer` and `NativeVertexArray`
[INFO] [stdout]  --> src/utils.rs:3:26
[INFO] [stdout]   |
[INFO] [stdout] 3 |     Context, HasContext, NativeFramebuffer, NativeProgram, NativeTexture, NativeVertexArray,
[INFO] [stdout]   |                          ^^^^^^^^^^^^^^^^^                                ^^^^^^^^^^^^^^^^^
[INFO] [stdout] 
[INFO] [stdout] 
[INFO] [stdout] warning: unused variable: `i`
[INFO] [stdout]    --> src/emulation/apu.rs:617:25
[INFO] [stdout]     |
[INFO] [stdout] 617 |             .for_each(|(i, reg)| {
[INFO] [stdout]     |                         ^ help: if this is intentional, prefix it with an underscore: `_i`
[INFO] [stdout]     |
[INFO] [stdout]     = note: `#[warn(unused_variables)]` on by default
[INFO] [stdout] 
[INFO] [stdout] 
[INFO] [stdout] warning: unused variable: `mem`
[INFO] [stdout]   --> src/emulation/cartridge/mappers/cnrom.rs:19:46
[INFO] [stdout]    |
[INFO] [stdout] 19 |     fn write_cpu(&mut self, cpu_addr: usize, mem: &mut crate::CartridgeMemory, value: u8) {
[INFO] [stdout]    |                                              ^^^ help: if this is intentional, prefix it with an underscore: `_mem`
[INFO] [stdout] 
[INFO] [stdout] 
[INFO] [stdout] warning: unused variable: `ppu_addr`
[INFO] [stdout]   --> src/emulation/cartridge/mappers/cnrom.rs:27:29
[INFO] [stdout]    |
[INFO] [stdout] 27 |     fn write_ppu(&mut self, ppu_addr: usize, mem: &mut crate::CartridgeMemory, value: u8) {
[INFO] [stdout]    |                             ^^^^^^^^ help: if this is intentional, prefix it with an underscore: `_ppu_addr`
[INFO] [stdout] 
[INFO] [stdout] 
[INFO] [stdout] warning: unused variable: `mem`
[INFO] [stdout]   --> src/emulation/cartridge/mappers/cnrom.rs:27:46
[INFO] [stdout]    |
[INFO] [stdout] 27 |     fn write_ppu(&mut self, ppu_addr: usize, mem: &mut crate::CartridgeMemory, value: u8) {
[INFO] [stdout]    |                                              ^^^ help: if this is intentional, prefix it with an underscore: `_mem`
[INFO] [stdout] 
[INFO] [stdout] 
[INFO] [stdout] warning: unused variable: `value`
[INFO] [stdout]   --> src/emulation/cartridge/mappers/cnrom.rs:27:80
[INFO] [stdout]    |
[INFO] [stdout] 27 |     fn write_ppu(&mut self, ppu_addr: usize, mem: &mut crate::CartridgeMemory, value: u8) {
[INFO] [stdout]    |                                                                                ^^^^^ help: if this is intentional, prefix it with an underscore: `_value`
[INFO] [stdout] 
[INFO] [stdout] 
[INFO] [stdout] warning: unused variable: `sdl`
[INFO] [stdout]   --> src/interface/debug_window.rs:37:51
[INFO] [stdout]    |
[INFO] [stdout] 37 |     pub fn new(nes: &Nes, video: &VideoSubsystem, sdl: &Sdl) -> DebugWindow {
[INFO] [stdout]    |                                                   ^^^ help: if this is intentional, prefix it with an underscore: `_sdl`
[INFO] [stdout] 
[INFO] [stdout] 
[INFO] [stdout] warning: unused variable: `nes`
[INFO] [stdout]    --> src/utils.rs:107:73
[INFO] [stdout]     |
[INFO] [stdout] 107 | pub unsafe fn refresh_chr_texture(gl: &Context, chr_tex: NativeTexture, nes: &Nes, chr: Vec<u8>) {
[INFO] [stdout]     |                                                                         ^^^ help: if this is intentional, prefix it with an underscore: `_nes`
[INFO] [stdout] 
[INFO] [stdout] 
[INFO] [stdout] warning: fields `chr_tex`, `tile_program`, `tile_vao`, `scanline_program`, and `scanline_vao` are never read
[INFO] [stdout]   --> src/interface/screen.rs:12:5
[INFO] [stdout]    |
[INFO] [stdout] 8  | pub struct Screen {
[INFO] [stdout]    |            ------ fields in this struct
[INFO] [stdout] ...
[INFO] [stdout] 12 |     chr_tex: NativeTexture,
[INFO] [stdout]    |     ^^^^^^^
[INFO] [stdout] ...
[INFO] [stdout] 18 |     tile_program: NativeProgram,
[INFO] [stdout]    |     ^^^^^^^^^^^^
[INFO] [stdout] 19 |     tile_vao: NativeVertexArray,
[INFO] [stdout]    |     ^^^^^^^^
[INFO] [stdout] 20 |     // Stuff for rendering a scanline
[INFO] [stdout] 21 |     scanline_program: NativeProgram,
[INFO] [stdout]    |     ^^^^^^^^^^^^^^^^
[INFO] [stdout] 22 |     scanline_vao: NativeVertexArray,
[INFO] [stdout]    |     ^^^^^^^^^^^^
[INFO] [stdout]    |
[INFO] [stdout]    = note: `#[warn(dead_code)]` on by default
[INFO] [stdout] 
[INFO] [stdout] 
[INFO] [stdout] warning: function `refresh_chr_texture` is never used
[INFO] [stdout]    --> src/utils.rs:107:15
[INFO] [stdout]     |
[INFO] [stdout] 107 | pub unsafe fn refresh_chr_texture(gl: &Context, chr_tex: NativeTexture, nes: &Nes, chr: Vec<u8>) {
[INFO] [stdout]     |               ^^^^^^^^^^^^^^^^^^^
[INFO] [stdout] 
[INFO] [stdout] 
[INFO] [stdout] warning: function `set_int_uniform` is never used
[INFO] [stdout]    --> src/utils.rs:149:15
[INFO] [stdout]     |
[INFO] [stdout] 149 | pub unsafe fn set_int_uniform(gl: &glow::Context, program: &glow::Program, name: &str, value: i32) {
[INFO] [stdout]     |               ^^^^^^^^^^^^^^^
[INFO] [stdout] 
[INFO] [stdout] 
[INFO] [stdout] warning: function `buffer_data_slice` is never used
[INFO] [stdout]    --> src/utils.rs:187:15
[INFO] [stdout]     |
[INFO] [stdout] 187 | pub unsafe fn buffer_data_slice(gl: &Context, program: &Program, data: &[i32]) -> VertexArray {
[INFO] [stdout]     |               ^^^^^^^^^^^^^^^^^
[INFO] [stdout] 
[INFO] [stdout] 
[INFO] [stdout] warning: unused imports: `ffi::OsStr`, `fs::OpenOptions`, and `io::BufReader`
[INFO] [stdout]   --> src/main.rs:10:5
[INFO] [stdout]    |
[INFO] [stdout] 10 |     ffi::OsStr,
[INFO] [stdout]    |     ^^^^^^^^^^
[INFO] [stdout] 11 |     fs::OpenOptions,
[INFO] [stdout]    |     ^^^^^^^^^^^^^^^
[INFO] [stdout] 12 |     io::BufReader,
[INFO] [stdout]    |     ^^^^^^^^^^^^^
[INFO] [stdout]    |
[INFO] [stdout]    = note: `#[warn(unused_imports)]` on by default
[INFO] [stdout] 
[INFO] [stdout] 
[INFO] [stdout] warning: unused import: `ffi::OsString`
[INFO] [stdout]   --> src/main.rs:16:11
[INFO] [stdout]    |
[INFO] [stdout] 16 | use std::{ffi::OsString, thread::sleep};
[INFO] [stdout]    |           ^^^^^^^^^^^^^
[INFO] [stdout] 
[INFO] [stdout] 
[INFO] [stdout] warning: unused imports: `CPU_CYCLES_PER_OAM` and `Screen`
[INFO] [stdout]   --> src/main.rs:20:34
[INFO] [stdout]    |
[INFO] [stdout] 20 |     Cartridge, DebugWindow, Nes, Screen, Settings, Window, CPU_CYCLES_PER_OAM,
[INFO] [stdout]    |                                  ^^^^^^                    ^^^^^^^^^^^^^^^^^^
[INFO] [stdout] 
[INFO] [stdout] 
[INFO] [stderr]    Compiling console v0.15.8
[INFO] [stderr]    Compiling clap_derive v4.5.18
[INFO] [stderr]    Compiling anstream v0.6.18
[INFO] [stderr]    Compiling clap_builder v4.5.21
[INFO] [stderr]    Compiling pest v2.7.14
[INFO] [stderr]    Compiling pest_meta v2.7.14
[INFO] [stderr]    Compiling clap v4.5.21
[INFO] [stderr]    Compiling pest_generator v2.7.14
[INFO] [stderr]    Compiling pest_derive v2.7.14
[INFO] [stderr]    Compiling insta v1.41.1
[INFO] [stderr]    Compiling yane v0.1.0 (/opt/rustwide/workdir)
[INFO] [stdout] warning: unused imports: `ffi::OsStr`, `fs::OpenOptions`, and `io::BufReader`
[INFO] [stdout]   --> src/main.rs:10:5
[INFO] [stdout]    |
[INFO] [stdout] 10 |     ffi::OsStr,
[INFO] [stdout]    |     ^^^^^^^^^^
[INFO] [stdout] 11 |     fs::OpenOptions,
[INFO] [stdout]    |     ^^^^^^^^^^^^^^^
[INFO] [stdout] 12 |     io::BufReader,
[INFO] [stdout]    |     ^^^^^^^^^^^^^
[INFO] [stdout]    |
[INFO] [stdout]    = note: `#[warn(unused_imports)]` on by default
[INFO] [stdout] 
[INFO] [stdout] 
[INFO] [stdout] warning: unused import: `ffi::OsString`
[INFO] [stdout]   --> src/main.rs:16:11
[INFO] [stdout]    |
[INFO] [stdout] 16 | use std::{ffi::OsString, thread::sleep};
[INFO] [stdout]    |           ^^^^^^^^^^^^^
[INFO] [stdout] 
[INFO] [stdout] 
[INFO] [stdout] warning: unused imports: `CPU_CYCLES_PER_OAM` and `Screen`
[INFO] [stdout]   --> src/main.rs:20:34
[INFO] [stdout]    |
[INFO] [stdout] 20 |     Cartridge, DebugWindow, Nes, Screen, Settings, Window, CPU_CYCLES_PER_OAM,
[INFO] [stdout]    |                                  ^^^^^^                    ^^^^^^^^^^^^^^^^^^
[INFO] [stdout] 
[INFO] [stdout] 
[INFO] [stdout] warning: unused import: `log::*`
[INFO] [stdout]  --> tests/cpu.rs:2:5
[INFO] [stdout]   |
[INFO] [stdout] 2 | use log::*;
[INFO] [stdout]   |     ^^^^^^
[INFO] [stdout]   |
[INFO] [stdout]   = note: `#[warn(unused_imports)]` on by default
[INFO] [stdout] 
[INFO] [stdout] 
[INFO] [stdout] warning: unused imports: `Read` and `string`
[INFO] [stdout]  --> tests/cpu.rs:6:30
[INFO] [stdout]   |
[INFO] [stdout] 6 |     io::{BufRead, BufReader, Read},
[INFO] [stdout]   |                              ^^^^
[INFO] [stdout] 7 |     string,
[INFO] [stdout]   |     ^^^^^^
[INFO] [stdout] 
[INFO] [stdout] 
[INFO] [stdout] warning: unused import: `Controller`
[INFO] [stdout]   --> tests/cpu.rs:11:23
[INFO] [stdout]    |
[INFO] [stdout] 11 | use yane::{Cartridge, Controller, Nes};
[INFO] [stdout]    |                       ^^^^^^^^^^
[INFO] [stdout] 
[INFO] [stdout] 
[INFO] [stdout] warning: unused imports: `CPU_CYCLES_PER_SCANLINE` and `Screen`
[INFO] [stdout]  --> src/emulation/nes.rs:6:55
[INFO] [stdout]   |
[INFO] [stdout] 6 |     opcodes::*, Apu, Cartridge, Controller, Cpu, Ppu, Screen, Settings, CPU_CYCLES_PER_OAM,
[INFO] [stdout]   |                                                       ^^^^^^
[INFO] [stdout] 7 |     CPU_CYCLES_PER_SCANLINE,
[INFO] [stdout]   |     ^^^^^^^^^^^^^^^^^^^^^^^
[INFO] [stdout]   |
[INFO] [stdout]   = note: `#[warn(unused_imports)]` on by default
[INFO] [stdout] 
[INFO] [stdout] 
[INFO] [stdout] warning: unnecessary parentheses around assigned value
[INFO] [stdout]   --> src/emulation/cartridge/mappers/uxrom.rs:21:26
[INFO] [stdout]    |
[INFO] [stdout] 21 |         let final_addr = (cpu_addr - 0x8000 + self.bank * BANK_SIZE);
[INFO] [stdout]    |                          ^                                         ^
[INFO] [stdout]    |
[INFO] [stdout]    = note: `#[warn(unused_parens)]` on by default
[INFO] [stdout] help: remove these parentheses
[INFO] [stdout]    |
[INFO] [stdout] 21 -         let final_addr = (cpu_addr - 0x8000 + self.bank * BANK_SIZE);
[INFO] [stdout] 21 +         let final_addr = cpu_addr - 0x8000 + self.bank * BANK_SIZE;
[INFO] [stdout]    |
[INFO] [stdout] 
[INFO] [stdout] 
[INFO] [stdout] warning: unused imports: `NametableArrangement` and `cartridge`
[INFO] [stdout]  --> src/emulation/ppu.rs:3:13
[INFO] [stdout]   |
[INFO] [stdout] 3 | use super::{cartridge, Cartridge, NametableArrangement, DEBUG_PALETTE};
[INFO] [stdout]   |             ^^^^^^^^^             ^^^^^^^^^^^^^^^^^^^^
[INFO] [stdout] 
[INFO] [stdout] 
[INFO] [stdout] warning: unused import: `log::*`
[INFO] [stdout]  --> src/emulation/ppu.rs:4:5
[INFO] [stdout]   |
[INFO] [stdout] 4 | use log::*;
[INFO] [stdout]   |     ^^^^^^
[INFO] [stdout] 
[INFO] [stdout] 
[INFO] [stdout] warning: unused import: `log::*`
[INFO] [stdout]  --> src/interface/screen.rs:3:5
[INFO] [stdout]   |
[INFO] [stdout] 3 | use log::*;
[INFO] [stdout]   |     ^^^^^^
[INFO] [stdout] 
[INFO] [stdout] 
[INFO] [stdout] warning: unused import: `wavers::Samples`
[INFO] [stdout]   --> src/interface/audio.rs:10:5
[INFO] [stdout]    |
[INFO] [stdout] 10 | use wavers::Samples;
[INFO] [stdout]    |     ^^^^^^^^^^^^^^^
[INFO] [stdout] 
[INFO] [stdout] 
[INFO] [stdout] warning: unused imports: `cmp::min` and `time::Duration`
[INFO] [stdout]  --> src/interface/debug_window.rs:1:11
[INFO] [stdout]   |
[INFO] [stdout] 1 | use std::{cmp::min, time::Duration};
[INFO] [stdout]   |           ^^^^^^^^  ^^^^^^^^^^^^^^
[INFO] [stdout] 
[INFO] [stdout] 
[INFO] [stdout] warning: unused import: `NametableArrangement`
[INFO] [stdout]  --> src/interface/debug_window.rs:5:36
[INFO] [stdout]   |
[INFO] [stdout] 5 | use crate::{check_error, utils::*, NametableArrangement, Nes, Settings, DEBUG_PALETTE};
[INFO] [stdout]   |                                    ^^^^^^^^^^^^^^^^^^^^
[INFO] [stdout] 
[INFO] [stdout] 
[INFO] [stdout] warning: unused imports: `NativeProgram` and `VertexArray`
[INFO] [stdout]  --> src/interface/debug_window.rs:6:24
[INFO] [stdout]   |
[INFO] [stdout] 6 | use glow::{HasContext, NativeProgram, NativeTexture, VertexArray};
[INFO] [stdout]   |                        ^^^^^^^^^^^^^                 ^^^^^^^^^^^
[INFO] [stdout] 
[INFO] [stdout] 
[INFO] [stdout] warning: unused import: `Condition::FirstUseEver`
[INFO] [stdout]  --> src/interface/debug_window.rs:7:13
[INFO] [stdout]   |
[INFO] [stdout] 7 | use imgui::{Condition::FirstUseEver, TextureId, TreeNodeFlags};
[INFO] [stdout]   |             ^^^^^^^^^^^^^^^^^^^^^^^
[INFO] [stdout] 
[INFO] [stdout] 
[INFO] [stdout] warning: unused import: `sys::Always`
[INFO] [stdout]   --> src/interface/debug_window.rs:10:26
[INFO] [stdout]    |
[INFO] [stdout] 10 | use sdl2::{event::Event, sys::Always, EventPump, Sdl, VideoSubsystem};
[INFO] [stdout]    |                          ^^^^^^^^^^^
[INFO] [stdout] 
[INFO] [stdout] 
[INFO] [stdout] warning: unused imports: `NativeFramebuffer` and `NativeVertexArray`
[INFO] [stdout]  --> src/utils.rs:3:26
[INFO] [stdout]   |
[INFO] [stdout] 3 |     Context, HasContext, NativeFramebuffer, NativeProgram, NativeTexture, NativeVertexArray,
[INFO] [stdout]   |                          ^^^^^^^^^^^^^^^^^                                ^^^^^^^^^^^^^^^^^
[INFO] [stdout] 
[INFO] [stdout] 
[INFO] [stdout] warning: function `get_hex` is never used
[INFO] [stdout]   --> tests/cpu.rs:64:4
[INFO] [stdout]    |
[INFO] [stdout] 64 | fn get_hex(s: &String, start: usize, len: usize) -> u8 {
[INFO] [stdout]    |    ^^^^^^^
[INFO] [stdout]    |
[INFO] [stdout]    = note: `#[warn(dead_code)]` on by default
[INFO] [stdout] 
[INFO] [stdout] 
[INFO] [stdout] warning: unused variable: `i`
[INFO] [stdout]    --> src/emulation/apu.rs:617:25
[INFO] [stdout]     |
[INFO] [stdout] 617 |             .for_each(|(i, reg)| {
[INFO] [stdout]     |                         ^ help: if this is intentional, prefix it with an underscore: `_i`
[INFO] [stdout]     |
[INFO] [stdout]     = note: `#[warn(unused_variables)]` on by default
[INFO] [stdout] 
[INFO] [stdout] 
[INFO] [stdout] warning: unused variable: `mem`
[INFO] [stdout]   --> src/emulation/cartridge/mappers/cnrom.rs:19:46
[INFO] [stdout]    |
[INFO] [stdout] 19 |     fn write_cpu(&mut self, cpu_addr: usize, mem: &mut crate::CartridgeMemory, value: u8) {
[INFO] [stdout]    |                                              ^^^ help: if this is intentional, prefix it with an underscore: `_mem`
[INFO] [stdout] 
[INFO] [stdout] 
[INFO] [stdout] warning: unused variable: `ppu_addr`
[INFO] [stdout]   --> src/emulation/cartridge/mappers/cnrom.rs:27:29
[INFO] [stdout]    |
[INFO] [stdout] 27 |     fn write_ppu(&mut self, ppu_addr: usize, mem: &mut crate::CartridgeMemory, value: u8) {
[INFO] [stdout]    |                             ^^^^^^^^ help: if this is intentional, prefix it with an underscore: `_ppu_addr`
[INFO] [stdout] 
[INFO] [stdout] 
[INFO] [stdout] warning: unused variable: `mem`
[INFO] [stdout]   --> src/emulation/cartridge/mappers/cnrom.rs:27:46
[INFO] [stdout]    |
[INFO] [stdout] 27 |     fn write_ppu(&mut self, ppu_addr: usize, mem: &mut crate::CartridgeMemory, value: u8) {
[INFO] [stdout]    |                                              ^^^ help: if this is intentional, prefix it with an underscore: `_mem`
[INFO] [stdout] 
[INFO] [stdout] 
[INFO] [stdout] warning: unused variable: `value`
[INFO] [stdout]   --> src/emulation/cartridge/mappers/cnrom.rs:27:80
[INFO] [stdout]    |
[INFO] [stdout] 27 |     fn write_ppu(&mut self, ppu_addr: usize, mem: &mut crate::CartridgeMemory, value: u8) {
[INFO] [stdout]    |                                                                                ^^^^^ help: if this is intentional, prefix it with an underscore: `_value`
[INFO] [stdout] 
[INFO] [stdout] 
[INFO] [stdout] warning: unused variable: `sdl`
[INFO] [stdout]   --> src/interface/debug_window.rs:37:51
[INFO] [stdout]    |
[INFO] [stdout] 37 |     pub fn new(nes: &Nes, video: &VideoSubsystem, sdl: &Sdl) -> DebugWindow {
[INFO] [stdout]    |                                                   ^^^ help: if this is intentional, prefix it with an underscore: `_sdl`
[INFO] [stdout] 
[INFO] [stdout] 
[INFO] [stdout] warning: unused variable: `nes`
[INFO] [stdout]    --> src/utils.rs:107:73
[INFO] [stdout]     |
[INFO] [stdout] 107 | pub unsafe fn refresh_chr_texture(gl: &Context, chr_tex: NativeTexture, nes: &Nes, chr: Vec<u8>) {
[INFO] [stdout]     |                                                                         ^^^ help: if this is intentional, prefix it with an underscore: `_nes`
[INFO] [stdout] 
[INFO] [stdout] 
[INFO] [stdout] warning: variants `Interrupt`, `Decimal`, and `Break` are never constructed
[INFO] [stdout]    --> src/emulation/cpu.rs:406:9
[INFO] [stdout]     |
[INFO] [stdout] 403 |     enum Flag {
[INFO] [stdout]     |          ---- variants in this enum
[INFO] [stdout] ...
[INFO] [stdout] 406 |         Interrupt,
[INFO] [stdout]     |         ^^^^^^^^^
[INFO] [stdout] 407 |         Decimal,
[INFO] [stdout]     |         ^^^^^^^
[INFO] [stdout] 408 |         Break,
[INFO] [stdout]     |         ^^^^^
[INFO] [stdout]     |
[INFO] [stdout]     = note: `#[warn(dead_code)]` on by default
[INFO] [stdout] 
[INFO] [stdout] 
[INFO] [stdout] warning: fields `chr_tex`, `tile_program`, `tile_vao`, `scanline_program`, and `scanline_vao` are never read
[INFO] [stdout]   --> src/interface/screen.rs:12:5
[INFO] [stdout]    |
[INFO] [stdout] 8  | pub struct Screen {
[INFO] [stdout]    |            ------ fields in this struct
[INFO] [stdout] ...
[INFO] [stdout] 12 |     chr_tex: NativeTexture,
[INFO] [stdout]    |     ^^^^^^^
[INFO] [stdout] ...
[INFO] [stdout] 18 |     tile_program: NativeProgram,
[INFO] [stdout]    |     ^^^^^^^^^^^^
[INFO] [stdout] 19 |     tile_vao: NativeVertexArray,
[INFO] [stdout]    |     ^^^^^^^^
[INFO] [stdout] 20 |     // Stuff for rendering a scanline
[INFO] [stdout] 21 |     scanline_program: NativeProgram,
[INFO] [stdout]    |     ^^^^^^^^^^^^^^^^
[INFO] [stdout] 22 |     scanline_vao: NativeVertexArray,
[INFO] [stdout]    |     ^^^^^^^^^^^^
[INFO] [stdout] 
[INFO] [stdout] 
[INFO] [stdout] warning: function `refresh_chr_texture` is never used
[INFO] [stdout]    --> src/utils.rs:107:15
[INFO] [stdout]     |
[INFO] [stdout] 107 | pub unsafe fn refresh_chr_texture(gl: &Context, chr_tex: NativeTexture, nes: &Nes, chr: Vec<u8>) {
[INFO] [stdout]     |               ^^^^^^^^^^^^^^^^^^^
[INFO] [stdout] 
[INFO] [stdout] 
[INFO] [stdout] warning: function `set_int_uniform` is never used
[INFO] [stdout]    --> src/utils.rs:149:15
[INFO] [stdout]     |
[INFO] [stdout] 149 | pub unsafe fn set_int_uniform(gl: &glow::Context, program: &glow::Program, name: &str, value: i32) {
[INFO] [stdout]     |               ^^^^^^^^^^^^^^^
[INFO] [stdout] 
[INFO] [stdout] 
[INFO] [stdout] warning: function `buffer_data_slice` is never used
[INFO] [stdout]    --> src/utils.rs:187:15
[INFO] [stdout]     |
[INFO] [stdout] 187 | pub unsafe fn buffer_data_slice(gl: &Context, program: &Program, data: &[i32]) -> VertexArray {
[INFO] [stdout]     |               ^^^^^^^^^^^^^^^^^
[INFO] [stdout] 
[INFO] [stdout] 
[INFO] [stderr]     Finished `test` profile [unoptimized + debuginfo] target(s) in 16.72s
[INFO] running `Command { std: "docker" "inspect" "d99c9232e1682047282a403676500ab257fcfa170066cb15005d6434638e9954", kill_on_drop: false }`
[INFO] running `Command { std: "docker" "rm" "-f" "d99c9232e1682047282a403676500ab257fcfa170066cb15005d6434638e9954", kill_on_drop: false }`
[INFO] [stdout] d99c9232e1682047282a403676500ab257fcfa170066cb15005d6434638e9954
[INFO] running `Command { std: "docker" "create" "-v" "/var/lib/crater-agent-workspace/builds/worker-2-tc1/target:/opt/rustwide/target:rw,Z" "-v" "/var/lib/crater-agent-workspace/builds/worker-2-tc1/source:/opt/rustwide/workdir:ro,Z" "-v" "/var/lib/crater-agent-workspace/cargo-home:/opt/rustwide/cargo-home:ro,Z" "-v" "/var/lib/crater-agent-workspace/rustup-home:/opt/rustwide/rustup-home:ro,Z" "-e" "SOURCE_DIR=/opt/rustwide/workdir" "-e" "CARGO_TARGET_DIR=/opt/rustwide/target" "-e" "CARGO_INCREMENTAL=0" "-e" "RUST_BACKTRACE=full" "-e" "RUSTFLAGS=--cap-lints=forbid" "-e" "RUSTDOCFLAGS=--cap-lints=forbid" "-e" "CARGO_HOME=/opt/rustwide/cargo-home" "-e" "RUSTUP_HOME=/opt/rustwide/rustup-home" "-w" "/opt/rustwide/workdir" "-m" "1610612736" "--user" "0:0" "--network" "none" "ghcr.io/rust-lang/crates-build-env/linux@sha256:819108c5571ea2e421544af4d832f968d213c87fbe3707a016657f43d2f853bc" "/opt/rustwide/cargo-home/bin/cargo" "+nightly-2025-01-18" "test" "--frozen", kill_on_drop: false }`
[INFO] [stdout] f0b9ae0d4799cebfaa45803bc76114080c8cd225d6b8c1c00e46f3017718603b
[INFO] running `Command { std: "docker" "start" "-a" "f0b9ae0d4799cebfaa45803bc76114080c8cd225d6b8c1c00e46f3017718603b", kill_on_drop: false }`
[INFO] [stderr] warning: yane v0.1.0 (/opt/rustwide/workdir) ignoring invalid dependency `cargo-insta` which is missing a lib target
[INFO] [stderr] warning: unused imports: `CPU_CYCLES_PER_SCANLINE` and `Screen`
[INFO] [stderr]  --> src/emulation/nes.rs:6:55
[INFO] [stderr]   |
[INFO] [stderr] 6 |     opcodes::*, Apu, Cartridge, Controller, Cpu, Ppu, Screen, Settings, CPU_CYCLES_PER_OAM,
[INFO] [stderr]   |                                                       ^^^^^^
[INFO] [stderr] 7 |     CPU_CYCLES_PER_SCANLINE,
[INFO] [stderr]   |     ^^^^^^^^^^^^^^^^^^^^^^^
[INFO] [stderr]   |
[INFO] [stderr]   = note: `#[warn(unused_imports)]` on by default
[INFO] [stderr] 
[INFO] [stderr] warning: unnecessary parentheses around assigned value
[INFO] [stderr]   --> src/emulation/cartridge/mappers/uxrom.rs:21:26
[INFO] [stderr]    |
[INFO] [stderr] 21 |         let final_addr = (cpu_addr - 0x8000 + self.bank * BANK_SIZE);
[INFO] [stderr]    |                          ^                                         ^
[INFO] [stderr]    |
[INFO] [stderr]    = note: `#[warn(unused_parens)]` on by default
[INFO] [stderr] help: remove these parentheses
[INFO] [stderr]    |
[INFO] [stderr] 21 -         let final_addr = (cpu_addr - 0x8000 + self.bank * BANK_SIZE);
[INFO] [stderr] 21 +         let final_addr = cpu_addr - 0x8000 + self.bank * BANK_SIZE;
[INFO] [stderr]    |
[INFO] [stderr] 
[INFO] [stderr] warning: unused imports: `NametableArrangement` and `cartridge`
[INFO] [stderr]  --> src/emulation/ppu.rs:3:13
[INFO] [stderr]   |
[INFO] [stderr] 3 | use super::{cartridge, Cartridge, NametableArrangement, DEBUG_PALETTE};
[INFO] [stderr]   |             ^^^^^^^^^             ^^^^^^^^^^^^^^^^^^^^
[INFO] [stderr] 
[INFO] [stderr] warning: unused import: `log::*`
[INFO] [stderr]  --> src/emulation/ppu.rs:4:5
[INFO] [stderr]   |
[INFO] [stderr] 4 | use log::*;
[INFO] [stderr]   |     ^^^^^^
[INFO] [stderr] 
[INFO] [stderr] warning: unused import: `log::*`
[INFO] [stderr]  --> src/interface/screen.rs:3:5
[INFO] [stderr]   |
[INFO] [stderr] 3 | use log::*;
[INFO] [stderr]   |     ^^^^^^
[INFO] [stderr] 
[INFO] [stderr] warning: unused import: `wavers::Samples`
[INFO] [stderr]   --> src/interface/audio.rs:10:5
[INFO] [stderr]    |
[INFO] [stderr] 10 | use wavers::Samples;
[INFO] [stderr]    |     ^^^^^^^^^^^^^^^
[INFO] [stderr] 
[INFO] [stderr] warning: unused imports: `cmp::min` and `time::Duration`
[INFO] [stderr]  --> src/interface/debug_window.rs:1:11
[INFO] [stderr]   |
[INFO] [stderr] 1 | use std::{cmp::min, time::Duration};
[INFO] [stderr]   |           ^^^^^^^^  ^^^^^^^^^^^^^^
[INFO] [stderr] 
[INFO] [stderr] warning: unused import: `NametableArrangement`
[INFO] [stderr]  --> src/interface/debug_window.rs:5:36
[INFO] [stderr]   |
[INFO] [stderr] 5 | use crate::{check_error, utils::*, NametableArrangement, Nes, Settings, DEBUG_PALETTE};
[INFO] [stderr]   |                                    ^^^^^^^^^^^^^^^^^^^^
[INFO] [stderr] 
[INFO] [stderr] warning: unused imports: `NativeProgram` and `VertexArray`
[INFO] [stderr]  --> src/interface/debug_window.rs:6:24
[INFO] [stderr]   |
[INFO] [stderr] 6 | use glow::{HasContext, NativeProgram, NativeTexture, VertexArray};
[INFO] [stderr]   |                        ^^^^^^^^^^^^^                 ^^^^^^^^^^^
[INFO] [stderr] 
[INFO] [stderr] warning: unused import: `Condition::FirstUseEver`
[INFO] [stderr]  --> src/interface/debug_window.rs:7:13
[INFO] [stderr]   |
[INFO] [stderr] 7 | use imgui::{Condition::FirstUseEver, TextureId, TreeNodeFlags};
[INFO] [stderr]   |             ^^^^^^^^^^^^^^^^^^^^^^^
[INFO] [stderr] 
[INFO] [stderr] warning: unused import: `sys::Always`
[INFO] [stderr]   --> src/interface/debug_window.rs:10:26
[INFO] [stderr]    |
[INFO] [stderr] 10 | use sdl2::{event::Event, sys::Always, EventPump, Sdl, VideoSubsystem};
[INFO] [stderr]    |                          ^^^^^^^^^^^
[INFO] [stderr] 
[INFO] [stderr] warning: unused imports: `NativeFramebuffer` and `NativeVertexArray`
[INFO] [stderr]  --> src/utils.rs:3:26
[INFO] [stderr]   |
[INFO] [stderr] 3 |     Context, HasContext, NativeFramebuffer, NativeProgram, NativeTexture, NativeVertexArray,
[INFO] [stderr]   |                          ^^^^^^^^^^^^^^^^^                                ^^^^^^^^^^^^^^^^^
[INFO] [stderr] 
[INFO] [stderr] warning: unused variable: `i`
[INFO] [stderr]    --> src/emulation/apu.rs:617:25
[INFO] [stderr]     |
[INFO] [stderr] 617 |             .for_each(|(i, reg)| {
[INFO] [stderr]     |                         ^ help: if this is intentional, prefix it with an underscore: `_i`
[INFO] [stderr]     |
[INFO] [stderr]     = note: `#[warn(unused_variables)]` on by default
[INFO] [stderr] 
[INFO] [stderr] warning: unused variable: `mem`
[INFO] [stderr]   --> src/emulation/cartridge/mappers/cnrom.rs:19:46
[INFO] [stderr]    |
[INFO] [stderr] 19 |     fn write_cpu(&mut self, cpu_addr: usize, mem: &mut crate::CartridgeMemory, value: u8) {
[INFO] [stderr]    |                                              ^^^ help: if this is intentional, prefix it with an underscore: `_mem`
[INFO] [stderr] 
[INFO] [stderr] warning: unused variable: `ppu_addr`
[INFO] [stderr]   --> src/emulation/cartridge/mappers/cnrom.rs:27:29
[INFO] [stderr]    |
[INFO] [stderr] 27 |     fn write_ppu(&mut self, ppu_addr: usize, mem: &mut crate::CartridgeMemory, value: u8) {
[INFO] [stderr]    |                             ^^^^^^^^ help: if this is intentional, prefix it with an underscore: `_ppu_addr`
[INFO] [stderr] 
[INFO] [stderr] warning: unused variable: `mem`
[INFO] [stderr]   --> src/emulation/cartridge/mappers/cnrom.rs:27:46
[INFO] [stderr]    |
[INFO] [stderr] 27 |     fn write_ppu(&mut self, ppu_addr: usize, mem: &mut crate::CartridgeMemory, value: u8) {
[INFO] [stderr]    |                                              ^^^ help: if this is intentional, prefix it with an underscore: `_mem`
[INFO] [stderr] 
[INFO] [stderr] warning: unused variable: `value`
[INFO] [stderr]   --> src/emulation/cartridge/mappers/cnrom.rs:27:80
[INFO] [stderr]    |
[INFO] [stderr] 27 |     fn write_ppu(&mut self, ppu_addr: usize, mem: &mut crate::CartridgeMemory, value: u8) {
[INFO] [stderr]    |                                                                                ^^^^^ help: if this is intentional, prefix it with an underscore: `_value`
[INFO] [stderr] 
[INFO] [stderr] warning: unused variable: `sdl`
[INFO] [stderr]   --> src/interface/debug_window.rs:37:51
[INFO] [stderr]    |
[INFO] [stderr] 37 |     pub fn new(nes: &Nes, video: &VideoSubsystem, sdl: &Sdl) -> DebugWindow {
[INFO] [stderr]    |                                                   ^^^ help: if this is intentional, prefix it with an underscore: `_sdl`
[INFO] [stderr] 
[INFO] [stderr] warning: unused variable: `nes`
[INFO] [stderr]    --> src/utils.rs:107:73
[INFO] [stderr]     |
[INFO] [stderr] 107 | pub unsafe fn refresh_chr_texture(gl: &Context, chr_tex: NativeTexture, nes: &Nes, chr: Vec<u8>) {
[INFO] [stderr]     |                                                                         ^^^ help: if this is intentional, prefix it with an underscore: `_nes`
[INFO] [stderr] 
[INFO] [stderr] warning: fields `chr_tex`, `tile_program`, `tile_vao`, `scanline_program`, and `scanline_vao` are never read
[INFO] [stderr]   --> src/interface/screen.rs:12:5
[INFO] [stderr]    |
[INFO] [stderr] 8  | pub struct Screen {
[INFO] [stderr]    |            ------ fields in this struct
[INFO] [stderr] ...
[INFO] [stderr] 12 |     chr_tex: NativeTexture,
[INFO] [stderr]    |     ^^^^^^^
[INFO] [stderr] ...
[INFO] [stderr] 18 |     tile_program: NativeProgram,
[INFO] [stderr]    |     ^^^^^^^^^^^^
[INFO] [stderr] 19 |     tile_vao: NativeVertexArray,
[INFO] [stderr]    |     ^^^^^^^^
[INFO] [stderr] 20 |     // Stuff for rendering a scanline
[INFO] [stderr] 21 |     scanline_program: NativeProgram,
[INFO] [stderr]    |     ^^^^^^^^^^^^^^^^
[INFO] [stderr] 22 |     scanline_vao: NativeVertexArray,
[INFO] [stderr]    |     ^^^^^^^^^^^^
[INFO] [stderr]    |
[INFO] [stderr]    = note: `#[warn(dead_code)]` on by default
[INFO] [stderr] 
[INFO] [stderr] warning: function `refresh_chr_texture` is never used
[INFO] [stderr]    --> src/utils.rs:107:15
[INFO] [stderr]     |
[INFO] [stderr] 107 | pub unsafe fn refresh_chr_texture(gl: &Context, chr_tex: NativeTexture, nes: &Nes, chr: Vec<u8>) {
[INFO] [stderr]     |               ^^^^^^^^^^^^^^^^^^^
[INFO] [stderr] 
[INFO] [stderr] warning: function `set_int_uniform` is never used
[INFO] [stderr]    --> src/utils.rs:149:15
[INFO] [stderr]     |
[INFO] [stderr] 149 | pub unsafe fn set_int_uniform(gl: &glow::Context, program: &glow::Program, name: &str, value: i32) {
[INFO] [stderr]     |               ^^^^^^^^^^^^^^^
[INFO] [stderr] 
[INFO] [stderr] warning: function `buffer_data_slice` is never used
[INFO] [stderr]    --> src/utils.rs:187:15
[INFO] [stderr]     |
[INFO] [stderr] 187 | pub unsafe fn buffer_data_slice(gl: &Context, program: &Program, data: &[i32]) -> VertexArray {
[INFO] [stderr]     |               ^^^^^^^^^^^^^^^^^
[INFO] [stderr] 
[INFO] [stderr] warning: `yane` (lib) generated 23 warnings (run `cargo fix --lib -p yane` to apply 12 suggestions)
[INFO] [stderr] warning: unused imports: `ffi::OsStr`, `fs::OpenOptions`, and `io::BufReader`
[INFO] [stderr]   --> src/main.rs:10:5
[INFO] [stderr]    |
[INFO] [stderr] 10 |     ffi::OsStr,
[INFO] [stderr]    |     ^^^^^^^^^^
[INFO] [stderr] 11 |     fs::OpenOptions,
[INFO] [stderr]    |     ^^^^^^^^^^^^^^^
[INFO] [stderr] 12 |     io::BufReader,
[INFO] [stderr]    |     ^^^^^^^^^^^^^
[INFO] [stderr]    |
[INFO] [stderr]    = note: `#[warn(unused_imports)]` on by default
[INFO] [stderr] 
[INFO] [stderr] warning: unused import: `ffi::OsString`
[INFO] [stderr]   --> src/main.rs:16:11
[INFO] [stderr]    |
[INFO] [stderr] 16 | use std::{ffi::OsString, thread::sleep};
[INFO] [stderr]    |           ^^^^^^^^^^^^^
[INFO] [stderr] 
[INFO] [stderr] warning: unused imports: `CPU_CYCLES_PER_OAM` and `Screen`
[INFO] [stderr]   --> src/main.rs:20:34
[INFO] [stderr]    |
[INFO] [stderr] 20 |     Cartridge, DebugWindow, Nes, Screen, Settings, Window, CPU_CYCLES_PER_OAM,
[INFO] [stderr]    |                                  ^^^^^^                    ^^^^^^^^^^^^^^^^^^
[INFO] [stderr] 
[INFO] [stderr] warning: `yane` (bin "yane") generated 3 warnings (run `cargo fix --bin "yane"` to apply 3 suggestions)
[INFO] [stderr] warning: variants `Interrupt`, `Decimal`, and `Break` are never constructed
[INFO] [stderr]    --> src/emulation/cpu.rs:406:9
[INFO] [stderr]     |
[INFO] [stderr] 403 |     enum Flag {
[INFO] [stderr]     |          ---- variants in this enum
[INFO] [stderr] ...
[INFO] [stderr] 406 |         Interrupt,
[INFO] [stderr]     |         ^^^^^^^^^
[INFO] [stderr] 407 |         Decimal,
[INFO] [stderr]     |         ^^^^^^^
[INFO] [stderr] 408 |         Break,
[INFO] [stderr]     |         ^^^^^
[INFO] [stderr]     |
[INFO] [stderr]     = note: `#[warn(dead_code)]` on by default
[INFO] [stderr] 
[INFO] [stderr] warning: fields `chr_tex`, `tile_program`, `tile_vao`, `scanline_program`, and `scanline_vao` are never read
[INFO] [stderr]   --> src/interface/screen.rs:12:5
[INFO] [stderr]    |
[INFO] [stderr] 8  | pub struct Screen {
[INFO] [stderr]    |            ------ fields in this struct
[INFO] [stderr] ...
[INFO] [stderr] 12 |     chr_tex: NativeTexture,
[INFO] [stderr]    |     ^^^^^^^
[INFO] [stderr] ...
[INFO] [stderr] 18 |     tile_program: NativeProgram,
[INFO] [stderr]    |     ^^^^^^^^^^^^
[INFO] [stderr] 19 |     tile_vao: NativeVertexArray,
[INFO] [stderr]    |     ^^^^^^^^
[INFO] [stderr] 20 |     // Stuff for rendering a scanline
[INFO] [stderr] 21 |     scanline_program: NativeProgram,
[INFO] [stderr]    |     ^^^^^^^^^^^^^^^^
[INFO] [stderr] 22 |     scanline_vao: NativeVertexArray,
[INFO] [stderr]    |     ^^^^^^^^^^^^
[INFO] [stderr] 
[INFO] [stderr] warning: unused import: `log::*`
[INFO] [stderr]  --> tests/cpu.rs:2:5
[INFO] [stderr]   |
[INFO] [stderr] 2 | use log::*;
[INFO] [stderr]   |     ^^^^^^
[INFO] [stderr]   |
[INFO] [stderr]   = note: `#[warn(unused_imports)]` on by default
[INFO] [stderr] 
[INFO] [stderr] warning: unused imports: `Read` and `string`
[INFO] [stderr]  --> tests/cpu.rs:6:30
[INFO] [stderr]   |
[INFO] [stderr] 6 |     io::{BufRead, BufReader, Read},
[INFO] [stderr]   |                              ^^^^
[INFO] [stderr] 7 |     string,
[INFO] [stderr]   |     ^^^^^^
[INFO] [stderr] 
[INFO] [stderr] warning: unused import: `Controller`
[INFO] [stderr]   --> tests/cpu.rs:11:23
[INFO] [stderr]    |
[INFO] [stderr] 11 | use yane::{Cartridge, Controller, Nes};
[INFO] [stderr]    |                       ^^^^^^^^^^
[INFO] [stderr] 
[INFO] [stderr] warning: function `get_hex` is never used
[INFO] [stderr]   --> tests/cpu.rs:64:4
[INFO] [stderr]    |
[INFO] [stderr] 64 | fn get_hex(s: &String, start: usize, len: usize) -> u8 {
[INFO] [stderr]    |    ^^^^^^^
[INFO] [stderr]    |
[INFO] [stderr]    = note: `#[warn(dead_code)]` on by default
[INFO] [stderr] 
[INFO] [stderr] warning: `yane` (lib test) generated 24 warnings (22 duplicates)
[INFO] [stderr] warning: `yane` (test "cpu") generated 4 warnings (run `cargo fix --test "cpu"` to apply 3 suggestions)
[INFO] [stderr] warning: `yane` (bin "yane" test) generated 3 warnings (3 duplicates)
[INFO] [stderr]     Finished `test` profile [unoptimized + debuginfo] target(s) in 0.15s
[INFO] [stderr]      Running unittests src/lib.rs (/opt/rustwide/target/debug/deps/yane-8bae87df4215e668)
[INFO] [stdout] 
[INFO] [stdout] running 19 tests
[INFO] [stdout] test emulation::cpu::tests::test_adc ... ok
[INFO] [stdout] test emulation::cpu::tests::test_adc_signed_overflow ... ok
[INFO] [stdout] test emulation::cpu::tests::test_adc_negative ... ok
[INFO] [stdout] test emulation::cpu::tests::test_adc_unsigned_overflow ... ok
[INFO] [stdout] test emulation::cpu::tests::test_adc_zero ... ok
[INFO] [stdout] test emulation::cpu::tests::test_adc_with_carry ... ok
[INFO] [stdout] test emulation::cpu::tests::test_and_negative ... ok
[INFO] [stdout] test emulation::cpu::tests::test_and_zero ... ok
[INFO] [stdout] test emulation::cpu::tests::test_asl::carry_is_set ... ok
[INFO] [stdout] test emulation::cpu::tests::test_asl::happy_case ... ok
[INFO] [stdout] test emulation::cpu::tests::test_adc_carry_unsigned_overflow ... ok
[INFO] [stdout] test emulation::cpu::tests::test_and ... ok
[INFO] [stdout] test emulation::cpu::tests::test_asl::negative_and_carry_are_set ... ok
[INFO] [stdout] test emulation::cpu::tests::test_asl::zero_and_carry_is_set ... ok
[INFO] [stdout] test emulation::cpu::tests::test_asl::zero_is_set ... ok
[INFO] [stdout] test emulation::cpu::tests::test_ldx ... ok
[INFO] [stdout] test emulation::cpu::tests::test_ldy ... ok
[INFO] [stdout] test emulation::cpu::tests::test_asl::negative_is_set ... ok
[INFO] [stdout] test emulation::cpu::tests::test_lda ... ok
[INFO] [stdout] 
[INFO] [stdout] test result: ok. 19 passed; 0 failed; 0 ignored; 0 measured; 0 filtered out; finished in 0.02s
[INFO] [stdout] 
[INFO] [stderr]      Running unittests src/main.rs (/opt/rustwide/target/debug/deps/yane-271714656a2bf731)
[INFO] [stdout] 
[INFO] [stdout] running 0 tests
[INFO] [stdout] 
[INFO] [stdout] test result: ok. 0 passed; 0 failed; 0 ignored; 0 measured; 0 filtered out; finished in 0.00s
[INFO] [stdout] 
[INFO] [stderr]      Running tests/cpu.rs (/opt/rustwide/target/debug/deps/cpu-e3be93191f71a542)
[INFO] [stdout] 
[INFO] [stdout] running 4 tests
[INFO] [stdout] test test_nestest_log ... ok
[INFO] [stdout] test test_branch ... ok
[INFO] [stdout] test test_nestest_file ... ok
[INFO] [stdout] test test_official has been running for over 60 seconds
[INFO] [stdout] test test_official ... ok
[INFO] [stdout] 
[INFO] [stdout] test result: ok. 4 passed; 0 failed; 0 ignored; 0 measured; 0 filtered out; finished in 169.25s
[INFO] [stdout] 
[INFO] [stderr]      Running tests/ppu.rs (/opt/rustwide/target/debug/deps/ppu-059e2accc3b616af)
[INFO] [stdout] 
[INFO] [stdout] running 8 tests
[INFO] [stdout] test test_open_bus ... ok
[INFO] [stdout] test test_vbl_timing ... ok
[INFO] [stdout] test test_oam_read ... ok
[INFO] [stdout] test test_spr_overflow ... ok
[INFO] [stdout] test test_palette_ram ... ok
[INFO] [stdout] test test_spr_overflow_details ... ok
[INFO] [stdout] test test_oam_ram ... ok
[INFO] [stdout] test test_vram_access ... ok
[INFO] [stdout] 
[INFO] [stdout] test result: ok. 8 passed; 0 failed; 0 ignored; 0 measured; 0 filtered out; finished in 13.84s
[INFO] [stdout] 
[INFO] [stderr]      Running tests/sprite_0_hit.rs (/opt/rustwide/target/debug/deps/sprite_0_hit-b8e8920145fc409a)
[INFO] [stdout] 
[INFO] [stdout] running 8 tests
[INFO] [stdout] test test_alignment ... ok
[INFO] [stdout] test test_flip ... ok
[INFO] [stdout] test test_corners ... ok
[INFO] [stdout] test test_right_edge ... ok
[INFO] [stdout] test test_basic ... ok
[INFO] [stdout] test test_8x16 ... ok
[INFO] [stdout] test test_clip ... FAILED
[INFO] [stdout] test test_bottom ... FAILED
[INFO] [stdout] 
[INFO] [stdout] failures:
[INFO] [stdout] 
[INFO] [stdout] ---- test_clip stdout ----
[INFO] [stdout] ━━━━━━━━━━━━━━━━━━━━━━━━━━━━━━━ Snapshot Summary ━━━━━━━━━━━━━━━━━━━━━━━━━━━━━━━
[INFO] [stdout] Snapshot file: tests/snapshots/sprite_0_hit__clip.snap
[INFO] [stdout] Snapshot: clip
[INFO] [stdout] Source: tests/sprite_0_hit.rs:22
[INFO] [stdout] ────────────────────────────────────────────────────────────────────────────────
[INFO] [stdout] Expression: screen.as_slice()
[INFO] [stdout] ────────────────────────────────────────────────────────────────────────────────
[INFO] [stdout] -old snapshot
[INFO] [stdout] +new results
[INFO] [stdout] ────────────┬───────────────────────────────────────────────────────────────────
[INFO] [stdout]     3     3 │     "20 20 20 20 20 20 20 20 20 20 20 20 20 20 20 20 20 20 20 20 20 20 20 20 20 20 20 20 20 20 20 20",
[INFO] [stdout]     4     4 │     "20 20 20 20 20 20 20 20 20 20 20 20 20 20 20 20 20 20 20 20 20 20 20 20 20 20 20 20 20 20 20 20",
[INFO] [stdout]     5     5 │     "20 20 53 50 52 49 54 45 20 48 49 54 20 4C 45 46 54 20 43 4C 49 50 50 49 4E 47 20 20 20 20 20 20",
[INFO] [stdout]     6     6 │     "20 20 20 20 20 20 20 20 20 20 20 20 20 20 20 20 20 20 20 20 20 20 20 20 20 20 20 20 20 20 20 20",
[INFO] [stdout]     7       │-    "20 20 50 41 53 53 45 44 20 20 20 20 20 20 20 20 20 20 20 20 20 20 20 20 20 20 20 20 20 20 20 20",
[INFO] [stdout]           7 │+    "20 20 46 41 49 4C 45 44 20 23 37 20 20 20 20 20 20 20 20 20 20 20 20 20 20 20 20 20 20 20 20 20",
[INFO] [stdout]     8     8 │     "20 20 20 20 20 20 20 20 20 20 20 20 20 20 20 20 20 20 20 20 20 20 20 20 20 20 20 20 20 20 20 20",
[INFO] [stdout]     9     9 │     "20 20 20 20 20 20 20 20 20 20 20 20 20 20 20 20 20 20 20 20 20 20 20 20 20 20 20 20 20 20 20 20",
[INFO] [stdout]    10    10 │     "20 20 20 20 20 20 20 20 20 20 20 20 20 20 20 20 20 20 20 20 20 20 20 20 20 20 20 20 20 20 20 20",
[INFO] [stdout]    11    11 │     "20 20 20 20 20 20 20 20 20 20 20 20 20 20 20 20 20 20 20 20 20 20 20 20 20 20 20 20 20 20 20 20",
[INFO] [stdout] ────────────┴───────────────────────────────────────────────────────────────────
[INFO] [stdout] 
[INFO] [stdout] thread 'test_clip' panicked at tests/sprite_0_hit.rs:22:5:
[INFO] [stdout] called `Result::unwrap()` on an `Err` value: FileIo(Os { code: 30, kind: ReadOnlyFilesystem, message: "Read-only file system" }, "/opt/rustwide/workdir/tests/snapshots/sprite_0_hit__clip.snap.new")
[INFO] [stdout] stack backtrace:
[INFO] [stdout]    0:     0x6372c0c4c7ca - std::backtrace_rs::backtrace::libunwind::trace::hb059275cfc8d6126
[INFO] [stdout]                                at /rustc/6067b36314ab5eb2eb47cecc464545ba58e1ad24/library/std/src/../../backtrace/src/backtrace/libunwind.rs:116:5
[INFO] [stdout]    1:     0x6372c0c4c7ca - std::backtrace_rs::backtrace::trace_unsynchronized::h2da071e4327ce3ee
[INFO] [stdout]                                at /rustc/6067b36314ab5eb2eb47cecc464545ba58e1ad24/library/std/src/../../backtrace/src/backtrace/mod.rs:66:5
[INFO] [stdout]    2:     0x6372c0c4c7ca - std::sys::backtrace::_print_fmt::h842a1474e6f8d23f
[INFO] [stdout]                                at /rustc/6067b36314ab5eb2eb47cecc464545ba58e1ad24/library/std/src/sys/backtrace.rs:66:9
[INFO] [stdout]    3:     0x6372c0c4c7ca - <std::sys::backtrace::BacktraceLock::print::DisplayBacktrace as core::fmt::Display>::fmt::h71a62eb3b9696b12
[INFO] [stdout]                                at /rustc/6067b36314ab5eb2eb47cecc464545ba58e1ad24/library/std/src/sys/backtrace.rs:39:26
[INFO] [stdout]    4:     0x6372c0c77533 - core::fmt::rt::Argument::fmt::hdb6b616786b41dc1
[INFO] [stdout]                                at /rustc/6067b36314ab5eb2eb47cecc464545ba58e1ad24/library/core/src/fmt/rt.rs:177:76
[INFO] [stdout]    5:     0x6372c0c77533 - core::fmt::write::h2cc1698af7e2d686
[INFO] [stdout]                                at /rustc/6067b36314ab5eb2eb47cecc464545ba58e1ad24/library/core/src/fmt/mod.rs:1440:21
[INFO] [stdout]    6:     0x6372c0c48303 - std::io::Write::write_fmt::hab1b4cd059a79022
[INFO] [stdout]                                at /rustc/6067b36314ab5eb2eb47cecc464545ba58e1ad24/library/std/src/io/mod.rs:1887:15
[INFO] [stdout]    7:     0x6372c0c4c612 - std::sys::backtrace::BacktraceLock::print::h147fe35b4ea13b08
[INFO] [stdout]                                at /rustc/6067b36314ab5eb2eb47cecc464545ba58e1ad24/library/std/src/sys/backtrace.rs:42:9
[INFO] [stdout]    8:     0x6372c0c4dbef - std::panicking::default_hook::{{closure}}::hbd44223dbdc0d208
[INFO] [stdout]                                at /rustc/6067b36314ab5eb2eb47cecc464545ba58e1ad24/library/std/src/panicking.rs:298:22
[INFO] [stdout]    9:     0x6372c0c4da08 - std::panicking::default_hook::h20f81eb0576efcec
[INFO] [stdout]                                at /rustc/6067b36314ab5eb2eb47cecc464545ba58e1ad24/library/std/src/panicking.rs:322:9
[INFO] [stdout]   10:     0x6372c0bef263 - <alloc::boxed::Box<F,A> as core::ops::function::Fn<Args>>::call::hdb53814c496a4d34
[INFO] [stdout]                                at /rustc/6067b36314ab5eb2eb47cecc464545ba58e1ad24/library/alloc/src/boxed.rs:2027:9
[INFO] [stdout]   11:     0x6372c0bef263 - test::test_main::{{closure}}::hc0a4963c59427c24
[INFO] [stdout]                                at /rustc/6067b36314ab5eb2eb47cecc464545ba58e1ad24/library/test/src/lib.rs:134:21
[INFO] [stdout]   12:     0x6372c0c4e6e3 - <alloc::boxed::Box<F,A> as core::ops::function::Fn<Args>>::call::h591b2225413a77e9
[INFO] [stdout]                                at /rustc/6067b36314ab5eb2eb47cecc464545ba58e1ad24/library/alloc/src/boxed.rs:2027:9
[INFO] [stdout]   13:     0x6372c0c4e6e3 - std::panicking::rust_panic_with_hook::h625eea43051b2edc
[INFO] [stdout]                                at /rustc/6067b36314ab5eb2eb47cecc464545ba58e1ad24/library/std/src/panicking.rs:839:13
[INFO] [stdout]   14:     0x6372c0c4e39a - std::panicking::begin_panic_handler::{{closure}}::h4f9159cfbc3f6bd3
[INFO] [stdout]                                at /rustc/6067b36314ab5eb2eb47cecc464545ba58e1ad24/library/std/src/panicking.rs:704:13
[INFO] [stdout]   15:     0x6372c0c4ccc9 - std::sys::backtrace::__rust_end_short_backtrace::h0390abce48353151
[INFO] [stdout]                                at /rustc/6067b36314ab5eb2eb47cecc464545ba58e1ad24/library/std/src/sys/backtrace.rs:168:18
[INFO] [stdout]   16:     0x6372c0c4e02d - rust_begin_unwind
[INFO] [stdout]                                at /rustc/6067b36314ab5eb2eb47cecc464545ba58e1ad24/library/std/src/panicking.rs:695:5
[INFO] [stdout]   17:     0x6372c0c752e0 - core::panicking::panic_fmt::h9e7c637e9e5f29c9
[INFO] [stdout]                                at /rustc/6067b36314ab5eb2eb47cecc464545ba58e1ad24/library/core/src/panicking.rs:75:14
[INFO] [stdout]   18:     0x6372c0c75756 - core::result::unwrap_failed::h7979f09313fe1849
[INFO] [stdout]                                at /rustc/6067b36314ab5eb2eb47cecc464545ba58e1ad24/library/core/src/result.rs:1704:5
[INFO] [stdout]   19:     0x6372c0a79883 - core::result::Result<T,E>::unwrap::he25ebccacd9cdcf0
[INFO] [stdout]                                at /rustc/6067b36314ab5eb2eb47cecc464545ba58e1ad24/library/core/src/result.rs:1109:23
[INFO] [stdout]   20:     0x6372c0a79883 - sprite_0_hit::test_clip::h03e291d3606a30b8
[INFO] [stdout]                                at /opt/rustwide/workdir/tests/common/mod.rs:82:9
[INFO] [stdout]   21:     0x6372c0a79337 - sprite_0_hit::test_clip::{{closure}}::hd56f54b086c13bab
[INFO] [stdout]                                at /opt/rustwide/workdir/tests/sprite_0_hit.rs:21:15
[INFO] [stdout]   22:     0x6372c0a7c266 - core::ops::function::FnOnce::call_once::h43e0a8ef4b1fd3c5
[INFO] [stdout]                                at /rustc/6067b36314ab5eb2eb47cecc464545ba58e1ad24/library/core/src/ops/function.rs:250:5
[INFO] [stdout]   23:     0x6372c0bf49bb - core::ops::function::FnOnce::call_once::he27718dfdd183f43
[INFO] [stdout]                                at /rustc/6067b36314ab5eb2eb47cecc464545ba58e1ad24/library/core/src/ops/function.rs:250:5
[INFO] [stdout]   24:     0x6372c0bf49bb - test::__rust_begin_short_backtrace::h4e84902998457a5d
[INFO] [stdout]                                at /rustc/6067b36314ab5eb2eb47cecc464545ba58e1ad24/library/test/src/lib.rs:632:18
[INFO] [stdout]   25:     0x6372c0bf38f3 - test::run_test_in_process::{{closure}}::h7176fd18fc1feca0
[INFO] [stdout]                                at /rustc/6067b36314ab5eb2eb47cecc464545ba58e1ad24/library/test/src/lib.rs:655:60
[INFO] [stdout]   26:     0x6372c0bf38f3 - <core::panic::unwind_safe::AssertUnwindSafe<F> as core::ops::function::FnOnce<()>>::call_once::hf79cff2a624d8cf7
[INFO] [stdout]                                at /rustc/6067b36314ab5eb2eb47cecc464545ba58e1ad24/library/core/src/panic/unwind_safe.rs:272:9
[INFO] [stdout]   27:     0x6372c0bf38f3 - std::panicking::try::do_call::h3da0561d9ab99c25
[INFO] [stdout]                                at /rustc/6067b36314ab5eb2eb47cecc464545ba58e1ad24/library/std/src/panicking.rs:587:40
[INFO] [stdout]   28:     0x6372c0bf38f3 - std::panicking::try::h41c9fa508bc61df6
[INFO] [stdout]                                at /rustc/6067b36314ab5eb2eb47cecc464545ba58e1ad24/library/std/src/panicking.rs:550:19
[INFO] [stdout]   29:     0x6372c0bf38f3 - std::panic::catch_unwind::h6b3ff07bb5afad93
[INFO] [stdout]                                at /rustc/6067b36314ab5eb2eb47cecc464545ba58e1ad24/library/std/src/panic.rs:358:14
[INFO] [stdout]   30:     0x6372c0bf38f3 - test::run_test_in_process::hc7253dd11b39b9f4
[INFO] [stdout]                                at /rustc/6067b36314ab5eb2eb47cecc464545ba58e1ad24/library/test/src/lib.rs:655:27
[INFO] [stdout]   31:     0x6372c0bf38f3 - test::run_test::{{closure}}::hfb2007f8649c30bb
[INFO] [stdout]                                at /rustc/6067b36314ab5eb2eb47cecc464545ba58e1ad24/library/test/src/lib.rs:576:43
[INFO] [stdout]   32:     0x6372c0bb69d5 - test::run_test::{{closure}}::h56a17aa7a282a9f4
[INFO] [stdout]                                at /rustc/6067b36314ab5eb2eb47cecc464545ba58e1ad24/library/test/src/lib.rs:606:41
[INFO] [stdout]   33:     0x6372c0bb69d5 - std::sys::backtrace::__rust_begin_short_backtrace::hd2d2d2fb8e8c6aac
[INFO] [stdout]                                at /rustc/6067b36314ab5eb2eb47cecc464545ba58e1ad24/library/std/src/sys/backtrace.rs:152:18
[INFO] [stdout]   34:     0x6372c0bba2ba - std::thread::Builder::spawn_unchecked_::{{closure}}::{{closure}}::h4faa3f9db6133423
[INFO] [stdout]                                at /rustc/6067b36314ab5eb2eb47cecc464545ba58e1ad24/library/std/src/thread/mod.rs:559:17
[INFO] [stdout]   35:     0x6372c0bba2ba - <core::panic::unwind_safe::AssertUnwindSafe<F> as core::ops::function::FnOnce<()>>::call_once::hf2e855a36a4ea846
[INFO] [stdout]                                at /rustc/6067b36314ab5eb2eb47cecc464545ba58e1ad24/library/core/src/panic/unwind_safe.rs:272:9
[INFO] [stdout]   36:     0x6372c0bba2ba - std::panicking::try::do_call::h2f73af3616c35465
[INFO] [stdout]                                at /rustc/6067b36314ab5eb2eb47cecc464545ba58e1ad24/library/std/src/panicking.rs:587:40
[INFO] [stdout]   37:     0x6372c0bba2ba - std::panicking::try::hd1660ce9efadef5a
[INFO] [stdout]                                at /rustc/6067b36314ab5eb2eb47cecc464545ba58e1ad24/library/std/src/panicking.rs:550:19
[INFO] [stdout]   38:     0x6372c0bba2ba - std::panic::catch_unwind::h5ee8d7823b8ca744
[INFO] [stdout]                                at /rustc/6067b36314ab5eb2eb47cecc464545ba58e1ad24/library/std/src/panic.rs:358:14
[INFO] [stdout]   39:     0x6372c0bba2ba - std::thread::Builder::spawn_unchecked_::{{closure}}::h53c3a1894dce8407
[INFO] [stdout]                                at /rustc/6067b36314ab5eb2eb47cecc464545ba58e1ad24/library/std/src/thread/mod.rs:557:30
[INFO] [stdout]   40:     0x6372c0bba2ba - core::ops::function::FnOnce::call_once{{vtable.shim}}::h048ce291ad4f62bf
[INFO] [stdout]                                at /rustc/6067b36314ab5eb2eb47cecc464545ba58e1ad24/library/core/src/ops/function.rs:250:5
[INFO] [stdout]   41:     0x6372c0c5315b - <alloc::boxed::Box<F,A> as core::ops::function::FnOnce<Args>>::call_once::ha52bedf99a3b4981
[INFO] [stdout]                                at /rustc/6067b36314ab5eb2eb47cecc464545ba58e1ad24/library/alloc/src/boxed.rs:2013:9
[INFO] [stdout]   42:     0x6372c0c5315b - <alloc::boxed::Box<F,A> as core::ops::function::FnOnce<Args>>::call_once::h567748934d80ccf8
[INFO] [stdout]                                at /rustc/6067b36314ab5eb2eb47cecc464545ba58e1ad24/library/alloc/src/boxed.rs:2013:9
[INFO] [stdout]   43:     0x6372c0c5315b - std::sys::pal::unix::thread::Thread::new::thread_start::h2d970728ae887adc
[INFO] [stdout]                                at /rustc/6067b36314ab5eb2eb47cecc464545ba58e1ad24/library/std/src/sys/pal/unix/thread.rs:106:17
[INFO] [stdout]   44:     0x773a74763ac3 - <unknown>
[INFO] [stdout]   45:     0x773a747f4a04 - clone
[INFO] [stdout]   46:                0x0 - <unknown>
[INFO] [stdout] 
[INFO] [stdout] ---- test_bottom stdout ----
[INFO] [stdout] ━━━━━━━━━━━━━━━━━━━━━━━━━━━━━━━ Snapshot Summary ━━━━━━━━━━━━━━━━━━━━━━━━━━━━━━━
[INFO] [stdout] Snapshot file: tests/snapshots/sprite_0_hit__bottom.snap
[INFO] [stdout] Snapshot: bottom
[INFO] [stdout] Source: tests/sprite_0_hit.rs:30
[INFO] [stdout] ────────────────────────────────────────────────────────────────────────────────
[INFO] [stdout] Expression: screen.as_slice()
[INFO] [stdout] ────────────────────────────────────────────────────────────────────────────────
[INFO] [stdout] -old snapshot
[INFO] [stdout] +new results
[INFO] [stdout] ────────────┬───────────────────────────────────────────────────────────────────
[INFO] [stdout]     3     3 │     "20 20 20 20 20 20 20 20 20 20 20 20 20 20 20 20 20 20 20 20 20 20 20 20 20 20 20 20 20 20 20 20",
[INFO] [stdout]     4     4 │     "20 20 20 20 20 20 20 20 20 20 20 20 20 20 20 20 20 20 20 20 20 20 20 20 20 20 20 20 20 20 20 20",
[INFO] [stdout]     5     5 │     "20 20 53 50 52 49 54 45 20 48 49 54 20 53 43 52 45 45 4E 20 42 4F 54 54 4F 4D 20 20 20 20 20 20",
[INFO] [stdout]     6     6 │     "20 20 20 20 20 20 20 20 20 20 20 20 20 20 20 20 20 20 20 20 20 20 20 20 20 20 20 20 20 20 20 20",
[INFO] [stdout]     7       │-    "20 20 50 41 53 53 45 44 20 20 20 20 20 20 20 20 20 20 20 20 20 20 20 20 20 20 20 20 20 20 20 20",
[INFO] [stdout]           7 │+    "20 20 46 41 49 4C 45 44 20 23 33 20 20 20 20 20 20 20 20 20 20 20 20 20 20 20 20 20 20 20 20 20",
[INFO] [stdout]     8     8 │     "20 20 20 20 20 20 20 20 20 20 20 20 20 20 20 20 20 20 20 20 20 20 20 20 20 20 20 20 20 20 20 20",
[INFO] [stdout]     9     9 │     "20 20 20 20 20 20 20 20 20 20 20 20 20 20 20 20 20 20 20 20 20 20 20 20 20 20 20 20 20 20 20 20",
[INFO] [stdout]    10    10 │     "20 20 20 20 20 20 20 20 20 20 20 20 20 20 20 20 20 20 20 20 20 20 20 20 20 20 20 20 20 20 20 20",
[INFO] [stdout]    11    11 │     "20 20 20 20 20 20 20 20 20 20 20 20 20 20 20 20 20 20 20 20 20 20 20 20 20 20 20 20 20 20 20 20",
[INFO] [stdout] ────────────┴───────────────────────────────────────────────────────────────────
[INFO] [stdout] 
[INFO] [stdout] thread 'test_bottom' panicked at tests/sprite_0_hit.rs:30:5:
[INFO] [stdout] called `Result::unwrap()` on an `Err` value: FileIo(Os { code: 30, kind: ReadOnlyFilesystem, message: "Read-only file system" }, "/opt/rustwide/workdir/tests/snapshots/sprite_0_hit__bottom.snap.new")
[INFO] [stdout] stack backtrace:
[INFO] [stdout]    0:     0x6372c0c4c7ca - std::backtrace_rs::backtrace::libunwind::trace::hb059275cfc8d6126
[INFO] [stdout]                                at /rustc/6067b36314ab5eb2eb47cecc464545ba58e1ad24/library/std/src/../../backtrace/src/backtrace/libunwind.rs:116:5
[INFO] [stdout]    1:     0x6372c0c4c7ca - std::backtrace_rs::backtrace::trace_unsynchronized::h2da071e4327ce3ee
[INFO] [stdout]                                at /rustc/6067b36314ab5eb2eb47cecc464545ba58e1ad24/library/std/src/../../backtrace/src/backtrace/mod.rs:66:5
[INFO] [stdout]    2:     0x6372c0c4c7ca - std::sys::backtrace::_print_fmt::h842a1474e6f8d23f
[INFO] [stdout]                                at /rustc/6067b36314ab5eb2eb47cecc464545ba58e1ad24/library/std/src/sys/backtrace.rs:66:9
[INFO] [stdout]    3:     0x6372c0c4c7ca - <std::sys::backtrace::BacktraceLock::print::DisplayBacktrace as core::fmt::Display>::fmt::h71a62eb3b9696b12
[INFO] [stdout]                                at /rustc/6067b36314ab5eb2eb47cecc464545ba58e1ad24/library/std/src/sys/backtrace.rs:39:26
[INFO] [stdout]    4:     0x6372c0c77533 - core::fmt::rt::Argument::fmt::hdb6b616786b41dc1
[INFO] [stdout]                                at /rustc/6067b36314ab5eb2eb47cecc464545ba58e1ad24/library/core/src/fmt/rt.rs:177:76
[INFO] [stdout]    5:     0x6372c0c77533 - core::fmt::write::h2cc1698af7e2d686
[INFO] [stdout]                                at /rustc/6067b36314ab5eb2eb47cecc464545ba58e1ad24/library/core/src/fmt/mod.rs:1440:21
[INFO] [stdout]    6:     0x6372c0c48303 - std::io::Write::write_fmt::hab1b4cd059a79022
[INFO] [stdout]                                at /rustc/6067b36314ab5eb2eb47cecc464545ba58e1ad24/library/std/src/io/mod.rs:1887:15
[INFO] [stdout]    7:     0x6372c0c4c612 - std::sys::backtrace::BacktraceLock::print::h147fe35b4ea13b08
[INFO] [stdout]                                at /rustc/6067b36314ab5eb2eb47cecc464545ba58e1ad24/library/std/src/sys/backtrace.rs:42:9
[INFO] [stdout]    8:     0x6372c0c4dbef - std::panicking::default_hook::{{closure}}::hbd44223dbdc0d208
[INFO] [stdout]                                at /rustc/6067b36314ab5eb2eb47cecc464545ba58e1ad24/library/std/src/panicking.rs:298:22
[INFO] [stdout]    9:     0x6372c0c4da08 - std::panicking::default_hook::h20f81eb0576efcec
[INFO] [stdout]                                at /rustc/6067b36314ab5eb2eb47cecc464545ba58e1ad24/library/std/src/panicking.rs:322:9
[INFO] [stdout]   10:     0x6372c0bef263 - <alloc::boxed::Box<F,A> as core::ops::function::Fn<Args>>::call::hdb53814c496a4d34
[INFO] [stdout]                                at /rustc/6067b36314ab5eb2eb47cecc464545ba58e1ad24/library/alloc/src/boxed.rs:2027:9
[INFO] [stdout]   11:     0x6372c0bef263 - test::test_main::{{closure}}::hc0a4963c59427c24
[INFO] [stdout]                                at /rustc/6067b36314ab5eb2eb47cecc464545ba58e1ad24/library/test/src/lib.rs:134:21
[INFO] [stdout]   12:     0x6372c0c4e6e3 - <alloc::boxed::Box<F,A> as core::ops::function::Fn<Args>>::call::h591b2225413a77e9
[INFO] [stdout]                                at /rustc/6067b36314ab5eb2eb47cecc464545ba58e1ad24/library/alloc/src/boxed.rs:2027:9
[INFO] [stdout]   13:     0x6372c0c4e6e3 - std::panicking::rust_panic_with_hook::h625eea43051b2edc
[INFO] [stdout]                                at /rustc/6067b36314ab5eb2eb47cecc464545ba58e1ad24/library/std/src/panicking.rs:839:13
[INFO] [stdout]   14:     0x6372c0c4e39a - std::panicking::begin_panic_handler::{{closure}}::h4f9159cfbc3f6bd3
[INFO] [stdout]                                at /rustc/6067b36314ab5eb2eb47cecc464545ba58e1ad24/library/std/src/panicking.rs:704:13
[INFO] [stdout]   15:     0x6372c0c4ccc9 - std::sys::backtrace::__rust_end_short_backtrace::h0390abce48353151
[INFO] [stdout]                                at /rustc/6067b36314ab5eb2eb47cecc464545ba58e1ad24/library/std/src/sys/backtrace.rs:168:18
[INFO] [stdout]   16:     0x6372c0c4e02d - rust_begin_unwind
[INFO] [stdout]                                at /rustc/6067b36314ab5eb2eb47cecc464545ba58e1ad24/library/std/src/panicking.rs:695:5
[INFO] [stdout]   17:     0x6372c0c752e0 - core::panicking::panic_fmt::h9e7c637e9e5f29c9
[INFO] [stdout]                                at /rustc/6067b36314ab5eb2eb47cecc464545ba58e1ad24/library/core/src/panicking.rs:75:14
[INFO] [stdout]   18:     0x6372c0c75756 - core::result::unwrap_failed::h7979f09313fe1849
[INFO] [stdout]                                at /rustc/6067b36314ab5eb2eb47cecc464545ba58e1ad24/library/core/src/result.rs:1704:5
[INFO] [stdout]   19:     0x6372c0a7ada3 - core::result::Result<T,E>::unwrap::he25ebccacd9cdcf0
[INFO] [stdout]                                at /rustc/6067b36314ab5eb2eb47cecc464545ba58e1ad24/library/core/src/result.rs:1109:23
[INFO] [stdout]   20:     0x6372c0a7ada3 - sprite_0_hit::test_bottom::h01d6572c6a1f2f25
[INFO] [stdout]                                at /opt/rustwide/workdir/tests/common/mod.rs:82:9
[INFO] [stdout]   21:     0x6372c0a7a857 - sprite_0_hit::test_bottom::{{closure}}::h33831a16dc2f3a8b
[INFO] [stdout]                                at /opt/rustwide/workdir/tests/sprite_0_hit.rs:29:17
[INFO] [stdout]   22:     0x6372c0a7c366 - core::ops::function::FnOnce::call_once::ha9a1458f6247a101
[INFO] [stdout]                                at /rustc/6067b36314ab5eb2eb47cecc464545ba58e1ad24/library/core/src/ops/function.rs:250:5
[INFO] [stdout]   23:     0x6372c0bf49bb - core::ops::function::FnOnce::call_once::he27718dfdd183f43
[INFO] [stdout]                                at /rustc/6067b36314ab5eb2eb47cecc464545ba58e1ad24/library/core/src/ops/function.rs:250:5
[INFO] [stdout]   24:     0x6372c0bf49bb - test::__rust_begin_short_backtrace::h4e84902998457a5d
[INFO] [stdout]                                at /rustc/6067b36314ab5eb2eb47cecc464545ba58e1ad24/library/test/src/lib.rs:632:18
[INFO] [stdout]   25:     0x6372c0bf38f3 - test::run_test_in_process::{{closure}}::h7176fd18fc1feca0
[INFO] [stdout]                                at /rustc/6067b36314ab5eb2eb47cecc464545ba58e1ad24/library/test/src/lib.rs:655:60
[INFO] [stdout]   26:     0x6372c0bf38f3 - <core::panic::unwind_safe::AssertUnwindSafe<F> as core::ops::function::FnOnce<()>>::call_once::hf79cff2a624d8cf7
[INFO] [stdout]                                at /rustc/6067b36314ab5eb2eb47cecc464545ba58e1ad24/library/core/src/panic/unwind_safe.rs:272:9
[INFO] [stdout]   27:     0x6372c0bf38f3 - std::panicking::try::do_call::h3da0561d9ab99c25
[INFO] [stdout]                                at /rustc/6067b36314ab5eb2eb47cecc464545ba58e1ad24/library/std/src/panicking.rs:587:40
[INFO] [stdout]   28:     0x6372c0bf38f3 - std::panicking::try::h41c9fa508bc61df6
[INFO] [stdout]                                at /rustc/6067b36314ab5eb2eb47cecc464545ba58e1ad24/library/std/src/panicking.rs:550:19
[INFO] [stdout]   29:     0x6372c0bf38f3 - std::panic::catch_unwind::h6b3ff07bb5afad93
[INFO] [stdout]                                at /rustc/6067b36314ab5eb2eb47cecc464545ba58e1ad24/library/std/src/panic.rs:358:14
[INFO] [stdout]   30:     0x6372c0bf38f3 - test::run_test_in_process::hc7253dd11b39b9f4
[INFO] [stdout]                                at /rustc/6067b36314ab5eb2eb47cecc464545ba58e1ad24/library/test/src/lib.rs:655:27
[INFO] [stdout]   31:     0x6372c0bf38f3 - test::run_test::{{closure}}::hfb2007f8649c30bb
[INFO] [stdout]                                at /rustc/6067b36314ab5eb2eb47cecc464545ba58e1ad24/library/test/src/lib.rs:576:43
[INFO] [stdout]   32:     0x6372c0bb69d5 - test::run_test::{{closure}}::h56a17aa7a282a9f4
[INFO] [stdout]                                at /rustc/6067b36314ab5eb2eb47cecc464545ba58e1ad24/library/test/src/lib.rs:606:41
[INFO] [stdout]   33:     0x6372c0bb69d5 - std::sys::backtrace::__rust_begin_short_backtrace::hd2d2d2fb8e8c6aac
[INFO] [stdout]                                at /rustc/6067b36314ab5eb2eb47cecc464545ba58e1ad24/library/std/src/sys/backtrace.rs:152:18
[INFO] [stdout]   34:     0x6372c0bba2ba - std::thread::Builder::spawn_unchecked_::{{closure}}::{{closure}}::h4faa3f9db6133423
[INFO] [stdout]                                at /rustc/6067b36314ab5eb2eb47cecc464545ba58e1ad24/library/std/src/thread/mod.rs:559:17
[INFO] [stdout]   35:     0x6372c0bba2ba - <core::panic::unwind_safe::AssertUnwindSafe<F> as core::ops::function::FnOnce<()>>::call_once::hf2e855a36a4ea846
[INFO] [stdout]                                at /rustc/6067b36314ab5eb2eb47cecc464545ba58e1ad24/library/core/src/panic/unwind_safe.rs:272:9
[INFO] [stdout]   36:     0x6372c0bba2ba - std::panicking::try::do_call::h2f73af3616c35465
[INFO] [stdout]                                at /rustc/6067b36314ab5eb2eb47cecc464545ba58e1ad24/library/std/src/panicking.rs:587:40
[INFO] [stdout]   37:     0x6372c0bba2ba - std::panicking::try::hd1660ce9efadef5a
[INFO] [stdout]                                at /rustc/6067b36314ab5eb2eb47cecc464545ba58e1ad24/library/std/src/panicking.rs:550:19
[INFO] [stdout]   38:     0x6372c0bba2ba - std::panic::catch_unwind::h5ee8d7823b8ca744
[INFO] [stdout]                                at /rustc/6067b36314ab5eb2eb47cecc464545ba58e1ad24/library/std/src/panic.rs:358:14
[INFO] [stdout]   39:     0x6372c0bba2ba - std::thread::Builder::spawn_unchecked_::{{closure}}::h53c3a1894dce8407
[INFO] [stdout]                                at /rustc/6067b36314ab5eb2eb47cecc464545ba58e1ad24/library/std/src/thread/mod.rs:557:30
[INFO] [stdout]   40:     0x6372c0bba2ba - core::ops::function::FnOnce::call_once{{vtable.shim}}::h048ce291ad4f62bf
[INFO] [stdout]                                at /rustc/6067b36314ab5eb2eb47cecc464545ba58e1ad24/library/core/src/ops/function.rs:250:5
[INFO] [stdout]   41:     0x6372c0c5315b - <alloc::boxed::Box<F,A> as core::ops::function::FnOnce<Args>>::call_once::ha52bedf99a3b4981
[INFO] [stdout]                                at /rustc/6067b36314ab5eb2eb47cecc464545ba58e1ad24/library/alloc/src/boxed.rs:2013:9
[INFO] [stdout]   42:     0x6372c0c5315b - <alloc::boxed::Box<F,A> as core::ops::function::FnOnce<Args>>::call_once::h567748934d80ccf8
[INFO] [stdout]                                at /rustc/6067b36314ab5eb2eb47cecc464545ba58e1ad24/library/alloc/src/boxed.rs:2013:9
[INFO] [stdout]   43:     0x6372c0c5315b - std::sys::pal::unix::thread::Thread::new::thread_start::h2d970728ae887adc
[INFO] [stdout]                                at /rustc/6067b36314ab5eb2eb47cecc464545ba58e1ad24/library/std/src/sys/pal/unix/thread.rs:106:17
[INFO] [stdout]   44:     0x773a74763ac3 - <unknown>
[INFO] [stdout]   45:     0x773a747f4a04 - clone
[INFO] [stdout]   46:                0x0 - <unknown>
[INFO] [stdout] 
[INFO] [stdout] 
[INFO] [stdout] failures:
[INFO] [stdout]     test_bottom
[INFO] [stdout]     test_clip
[INFO] [stdout] 
[INFO] [stdout] test result: FAILED. 6 passed; 2 failed; 0 ignored; 0 measured; 0 filtered out; finished in 9.74s
[INFO] [stdout] 
[INFO] [stderr] error: test failed, to rerun pass `--test sprite_0_hit`
[INFO] running `Command { std: "docker" "inspect" "f0b9ae0d4799cebfaa45803bc76114080c8cd225d6b8c1c00e46f3017718603b", kill_on_drop: false }`
[INFO] running `Command { std: "docker" "rm" "-f" "f0b9ae0d4799cebfaa45803bc76114080c8cd225d6b8c1c00e46f3017718603b", kill_on_drop: false }`
[INFO] [stdout] f0b9ae0d4799cebfaa45803bc76114080c8cd225d6b8c1c00e46f3017718603b
