[INFO] cloning repository https://github.com/jorpic/tla-ui
[INFO] running `Command { std: "git" "-c" "credential.helper=" "-c" "credential.helper=/workspace/cargo-home/bin/git-credential-null" "clone" "--bare" "https://github.com/jorpic/tla-ui" "/workspace/cache/git-repos/https%3A%2F%2Fgithub.com%2Fjorpic%2Ftla-ui", kill_on_drop: false }`
[INFO] [stderr] Cloning into bare repository '/workspace/cache/git-repos/https%3A%2F%2Fgithub.com%2Fjorpic%2Ftla-ui'...
[INFO] running `Command { std: "git" "rev-parse" "HEAD", kill_on_drop: false }`
[INFO] [stdout] 4f4ce1f690ccf6bd741a83579bd85ef18f5df8fb
[INFO] testing jorpic/tla-ui against nightly-2025-01-18+rustflags=-Zrandomize-layout for randomize-layout-2
[INFO] running `Command { std: "git" "clone" "/workspace/cache/git-repos/https%3A%2F%2Fgithub.com%2Fjorpic%2Ftla-ui" "/workspace/builds/worker-2-tc2/source", kill_on_drop: false }`
[INFO] [stderr] Cloning into '/workspace/builds/worker-2-tc2/source'...
[INFO] [stderr] done.
[INFO] validating manifest of git repo https://github.com/jorpic/tla-ui on toolchain nightly-2025-01-18
[INFO] running `Command { std: CARGO_HOME="/workspace/cargo-home" RUSTUP_HOME="/workspace/rustup-home" "/workspace/cargo-home/bin/cargo" "+nightly-2025-01-18" "metadata" "--manifest-path" "Cargo.toml" "--no-deps", kill_on_drop: false }`
[INFO] started tweaking git repo https://github.com/jorpic/tla-ui
[INFO] finished tweaking git repo https://github.com/jorpic/tla-ui
[INFO] tweaked toml for git repo https://github.com/jorpic/tla-ui written to /workspace/builds/worker-2-tc2/source/Cargo.toml
[INFO] crate git repo https://github.com/jorpic/tla-ui already has a lockfile, it will not be regenerated
[INFO] running `Command { std: CARGO_HOME="/workspace/cargo-home" RUSTUP_HOME="/workspace/rustup-home" "/workspace/cargo-home/bin/cargo" "+nightly-2025-01-18" "fetch" "--manifest-path" "Cargo.toml", kill_on_drop: false }`
[INFO] [stderr] warning: profiles for the non root package will be ignored, specify profiles at the workspace root:
[INFO] [stderr] package:   /workspace/builds/worker-2-tc2/source/tla-web/Cargo.toml
[INFO] [stderr] workspace: /workspace/builds/worker-2-tc2/source/Cargo.toml
[INFO] running `Command { std: "docker" "create" "-v" "/var/lib/crater-agent-workspace/builds/worker-2-tc2/target:/opt/rustwide/target:rw,Z" "-v" "/var/lib/crater-agent-workspace/builds/worker-2-tc2/source:/opt/rustwide/workdir:ro,Z" "-v" "/var/lib/crater-agent-workspace/cargo-home:/opt/rustwide/cargo-home:ro,Z" "-v" "/var/lib/crater-agent-workspace/rustup-home:/opt/rustwide/rustup-home:ro,Z" "-e" "SOURCE_DIR=/opt/rustwide/workdir" "-e" "CARGO_TARGET_DIR=/opt/rustwide/target" "-e" "CARGO_HOME=/opt/rustwide/cargo-home" "-e" "RUSTUP_HOME=/opt/rustwide/rustup-home" "-w" "/opt/rustwide/workdir" "-m" "1610612736" "--user" "0:0" "--network" "none" "ghcr.io/rust-lang/crates-build-env/linux@sha256:819108c5571ea2e421544af4d832f968d213c87fbe3707a016657f43d2f853bc" "/opt/rustwide/cargo-home/bin/cargo" "+nightly-2025-01-18" "metadata" "--no-deps" "--format-version=1", kill_on_drop: false }`
[INFO] [stdout] e6496e78e88491795b1108ab6787f1e46de01bc1b40732831bf1929cdcae779e
[INFO] running `Command { std: "docker" "start" "-a" "e6496e78e88491795b1108ab6787f1e46de01bc1b40732831bf1929cdcae779e", kill_on_drop: false }`
[INFO] running `Command { std: "docker" "inspect" "e6496e78e88491795b1108ab6787f1e46de01bc1b40732831bf1929cdcae779e", kill_on_drop: false }`
[INFO] running `Command { std: "docker" "rm" "-f" "e6496e78e88491795b1108ab6787f1e46de01bc1b40732831bf1929cdcae779e", kill_on_drop: false }`
[INFO] [stdout] e6496e78e88491795b1108ab6787f1e46de01bc1b40732831bf1929cdcae779e
[INFO] running `Command { std: "docker" "create" "-v" "/var/lib/crater-agent-workspace/builds/worker-2-tc2/target:/opt/rustwide/target:rw,Z" "-v" "/var/lib/crater-agent-workspace/builds/worker-2-tc2/source:/opt/rustwide/workdir:ro,Z" "-v" "/var/lib/crater-agent-workspace/cargo-home:/opt/rustwide/cargo-home:ro,Z" "-v" "/var/lib/crater-agent-workspace/rustup-home:/opt/rustwide/rustup-home:ro,Z" "-e" "SOURCE_DIR=/opt/rustwide/workdir" "-e" "CARGO_TARGET_DIR=/opt/rustwide/target" "-e" "CARGO_INCREMENTAL=0" "-e" "RUST_BACKTRACE=full" "-e" "RUSTFLAGS=--cap-lints=forbid -Zrandomize-layout" "-e" "RUSTDOCFLAGS=--cap-lints=forbid" "-e" "CARGO_HOME=/opt/rustwide/cargo-home" "-e" "RUSTUP_HOME=/opt/rustwide/rustup-home" "-w" "/opt/rustwide/workdir" "-m" "1610612736" "--user" "0:0" "--network" "none" "ghcr.io/rust-lang/crates-build-env/linux@sha256:819108c5571ea2e421544af4d832f968d213c87fbe3707a016657f43d2f853bc" "/opt/rustwide/cargo-home/bin/cargo" "+nightly-2025-01-18" "build" "--frozen" "--message-format=json", kill_on_drop: false }`
[INFO] [stdout] 02155c17ec6a2e217155740c55022af6a67b0d921f28eeb7a9af880502bac873
[INFO] running `Command { std: "docker" "start" "-a" "02155c17ec6a2e217155740c55022af6a67b0d921f28eeb7a9af880502bac873", kill_on_drop: false }`
[INFO] [stderr] warning: profiles for the non root package will be ignored, specify profiles at the workspace root:
[INFO] [stderr] package:   /opt/rustwide/workdir/tla-web/Cargo.toml
[INFO] [stderr] workspace: /opt/rustwide/workdir/Cargo.toml
[INFO] [stderr]    Compiling libc v0.2.58
[INFO] [stderr]    Compiling cfg-if v0.1.9
[INFO] [stderr]    Compiling autocfg v0.1.4
[INFO] [stderr]    Compiling rand_core v0.4.0
[INFO] [stderr]    Compiling lazy_static v1.3.0
[INFO] [stderr]    Compiling byteorder v1.3.2
[INFO] [stderr]    Compiling futures v0.1.27
[INFO] [stderr]    Compiling either v1.5.2
[INFO] [stderr]    Compiling proc-macro2 v0.4.30
[INFO] [stderr]    Compiling unicode-xid v0.1.0
[INFO] [stderr]    Compiling syn v0.15.34
[INFO] [stderr]    Compiling version_check v0.1.5
[INFO] [stderr]    Compiling fnv v1.0.6
[INFO] [stderr]    Compiling smallvec v0.6.10
[INFO] [stderr]    Compiling scopeguard v0.3.3
[INFO] [stderr]    Compiling slab v0.4.2
[INFO] [stderr]    Compiling log v0.4.6
[INFO] [stderr]    Compiling crossbeam-utils v0.6.5
[INFO] [stderr]    Compiling semver-parser v0.7.0
[INFO] [stderr]    Compiling stable_deref_trait v1.1.1
[INFO] [stderr]    Compiling itoa v0.4.4
[INFO] [stderr]    Compiling owning_ref v0.4.0
[INFO] [stderr]    Compiling typenum v1.10.0
[INFO] [stderr]    Compiling arrayvec v0.4.10
[INFO] [stderr]    Compiling siphasher v0.2.3
[INFO] [stderr]    Compiling lock_api v0.1.5
[INFO] [stderr]    Compiling rand_core v0.3.1
[INFO] [stderr]    Compiling rand_jitter v0.1.4
[INFO] [stderr]    Compiling rand_isaac v0.1.1
[INFO] [stderr]    Compiling rand_hc v0.1.0
[INFO] [stderr]    Compiling rand_xorshift v0.1.1
[INFO] [stderr]    Compiling semver v0.9.0
[INFO] [stderr]    Compiling unicase v1.4.2
[INFO] [stderr]    Compiling nodrop v0.1.13
[INFO] [stderr]    Compiling rand_chacha v0.1.1
[INFO] [stderr]    Compiling rand_pcg v0.1.2
[INFO] [stderr]    Compiling rand v0.6.5
[INFO] [stderr]    Compiling memoffset v0.2.1
[INFO] [stderr]    Compiling unicase v2.4.0
[INFO] [stderr]    Compiling byte-tools v0.3.1
[INFO] [stderr]    Compiling wasm-bindgen-shared v0.2.40
[INFO] [stderr]    Compiling serde v1.0.92
[INFO] [stderr]    Compiling matches v0.1.8
[INFO] [stderr]    Compiling phf_shared v0.7.24
[INFO] [stderr]    Compiling unicode-bidi v0.3.4
[INFO] [stderr]    Compiling rustc_version v0.2.3
[INFO] [stderr]    Compiling block-padding v0.1.4
[INFO] [stderr]    Compiling crossbeam-queue v0.1.2
[INFO] [stderr]    Compiling unicode-normalization v0.1.8
[INFO] [stderr]    Compiling httparse v1.3.3
[INFO] [stderr]    Compiling cc v1.0.37
[INFO] [stderr]    Compiling memchr v2.2.0
[INFO] [stderr]    Compiling ryu v0.2.8
[INFO] [stderr]    Compiling percent-encoding v1.0.1
[INFO] [stderr]    Compiling bitflags v1.1.0
[INFO] [stderr]    Compiling opaque-debug v0.2.2
[INFO] [stderr]    Compiling fake-simd v0.1.2
[INFO] [stderr]    Compiling parking_lot_core v0.4.0
[INFO] [stderr]    Compiling quote v0.6.12
[INFO] [stderr]    Compiling crossbeam-epoch v0.7.1
[INFO] [stderr]    Compiling bumpalo v2.4.3
[INFO] [stderr]    Compiling base64 v0.10.1
[INFO] [stderr]    Compiling iovec v0.1.2
[INFO] [stderr]    Compiling rand_os v0.1.3
[INFO] [stderr]    Compiling num_cpus v1.10.1
[INFO] [stderr]    Compiling bytes v0.4.12
[INFO] [stderr]    Compiling net2 v0.2.33
[INFO] [stderr]    Compiling crossbeam-deque v0.7.1
[INFO] [stderr]    Compiling mime v0.3.13
[INFO] [stderr]    Compiling time v0.1.42
[INFO] [stderr]    Compiling http v0.1.17
[INFO] [stderr]    Compiling string v0.2.0
[INFO] [stderr]    Compiling backtrace v0.3.30
[INFO] [stderr]    Compiling tokio-trace-core v0.2.0
[INFO] [stderr]    Compiling regex v1.1.7
[INFO] [stderr]    Compiling mio v0.6.19
[INFO] [stderr]    Compiling ucd-util v0.1.3
[INFO] [stderr]    Compiling generic-array v0.12.0
[INFO] [stderr]    Compiling indexmap v1.0.2
[INFO] [stderr]    Compiling try-lock v0.2.2
[INFO] [stderr]    Compiling failure_derive v0.1.5
[INFO] [stderr]    Compiling regex-syntax v0.6.7
[INFO] [stderr]    Compiling input_buffer v0.2.0
[INFO] [stderr]    Compiling aho-corasick v0.7.3
[INFO] [stderr]    Compiling block-buffer v0.7.3
[INFO] [stderr]    Compiling digest v0.8.0
[INFO] [stderr]    Compiling phf v0.7.24
[INFO] [stderr]    Compiling thread_local v0.3.6
[INFO] [stderr]    Compiling tokio-executor v0.1.7
[INFO] [stderr]    Compiling tokio-io v0.1.12
[INFO] [stderr]    Compiling tokio-sync v0.1.6
[INFO] [stderr]    Compiling backtrace-sys v0.1.28
[INFO] [stderr]    Compiling tokio-current-thread v0.1.6
[INFO] [stderr]    Compiling tokio-timer v0.2.11
[INFO] [stderr]    Compiling sha-1 v0.8.1
[INFO] [stderr]    Compiling tokio-buf v0.1.1
[INFO] [stderr]    Compiling futures-cpupool v0.1.8
[INFO] [stderr]    Compiling tokio-codec v0.1.1
[INFO] [stderr]    Compiling want v0.0.6
[INFO] [stderr]    Compiling wasm-bindgen v0.2.40
[INFO] [stderr]    Compiling void v1.0.2
[INFO] [stderr]    Compiling quick-error v1.2.2
[INFO] [stderr]    Compiling rustc-demangle v0.1.15
[INFO] [stderr]    Compiling utf-8 v0.7.5
[INFO] [stderr]    Compiling wee_alloc v0.4.4
[INFO] [stderr]    Compiling utf8-ranges v1.0.3
[INFO] [stderr]    Compiling dtoa v0.4.4
[INFO] [stderr]    Compiling phf_generator v0.7.24
[INFO] [stderr]    Compiling tokio-threadpool v0.1.14
[INFO] [stderr]    Compiling phf_codegen v0.7.24
[INFO] [stderr]    Compiling mio-uds v0.6.7
[INFO] [stderr]    Compiling humantime v1.2.0
[INFO] [stderr]    Compiling unreachable v1.0.0
[INFO] [stderr]    Compiling atty v0.2.11
[INFO] [stderr]    Compiling rand v0.4.6
[INFO] [stderr]    Compiling scoped-tls v1.0.0
[INFO] [stderr]    Compiling mime_guess v2.0.0-alpha.6
[INFO] [stderr]    Compiling remove_dir_all v0.5.1
[INFO] [stderr]    Compiling urlencoding v1.0.0
[INFO] [stderr]    Compiling parking_lot v0.7.1
[INFO] [stderr]    Compiling unicode-segmentation v1.3.0
[INFO] [stderr]    Compiling memory_units v0.4.0
[INFO] [stderr]    Compiling termcolor v1.0.5
[INFO] [stderr]    Compiling tla-parser v0.1.0 (/opt/rustwide/workdir/tla-parser)
[INFO] [stderr]    Compiling tokio-reactor v0.1.9
[INFO] [stdout] warning: the feature `is_sorted` has been stable since 1.82.0 and no longer requires an attribute to enable
[INFO] [stdout]  --> tla-parser/src/lib.rs:1:12
[INFO] [stdout]   |
[INFO] [stdout] 1 | #![feature(is_sorted)]
[INFO] [stdout]   |            ^^^^^^^^^
[INFO] [stdout]   |
[INFO] [stdout]   = note: `#[warn(stable_features)]` on by default
[INFO] [stdout] 
[INFO] [stdout] 
[INFO] [stderr]    Compiling tokio-fs v0.1.6
[INFO] [stdout] warning: unused variable: `code`
[INFO] [stdout]   --> tla-parser/src/lexer/mod.rs:26:12
[INFO] [stdout]    |
[INFO] [stdout] 26 | pub fn lex(code: &str) -> Vec<Lexeme> {
[INFO] [stdout]    |            ^^^^ help: if this is intentional, prefix it with an underscore: `_code`
[INFO] [stdout]    |
[INFO] [stdout]    = note: `#[warn(unused_variables)]` on by default
[INFO] [stdout] 
[INFO] [stdout] 
[INFO] [stderr]    Compiling idna v0.1.5
[INFO] [stderr]    Compiling tokio-udp v0.1.3
[INFO] [stderr]    Compiling tokio-tcp v0.1.3
[INFO] [stderr]    Compiling tokio-uds v0.2.5
[INFO] [stderr]    Compiling tempdir v0.3.7
[INFO] [stderr]    Compiling tokio v0.1.21
[INFO] [stderr]    Compiling h2 v0.1.23
[INFO] [stderr]    Compiling headers-core v0.1.1
[INFO] [stderr]    Compiling http-body v0.1.0
[INFO] [stderr]    Compiling url v1.7.2
[INFO] [stderr]    Compiling env_logger v0.6.1
[INFO] [stderr]    Compiling wasm-bindgen-backend v0.2.40
[INFO] [stderr]    Compiling synstructure v0.10.2
[INFO] [stderr]    Compiling tungstenite v0.8.1
[INFO] [stderr]    Compiling serde_derive v1.0.92
[INFO] [stderr]    Compiling headers-derive v0.1.0
[INFO] [stderr]    Compiling headers v0.2.1
[INFO] [stderr]    Compiling failure v0.1.5
[INFO] [stderr]    Compiling wasm-bindgen-macro-support v0.2.40
[INFO] [stderr]    Compiling hyper v0.12.29
[INFO] [stderr]    Compiling wasm-bindgen-macro v0.2.40
[INFO] [stderr]    Compiling tla-web v0.1.0 (/opt/rustwide/workdir/tla-web)
[INFO] [stdout] warning: unused import: `tla_parser::lexer::Pos`
[INFO] [stdout]  --> tla-web/src/lib.rs:7:5
[INFO] [stdout]   |
[INFO] [stdout] 7 | use tla_parser::lexer::Pos;
[INFO] [stdout]   |     ^^^^^^^^^^^^^^^^^^^^^^
[INFO] [stdout]   |
[INFO] [stdout]   = note: `#[warn(unused_imports)]` on by default
[INFO] [stdout] 
[INFO] [stdout] 
[INFO] [stderr]    Compiling serde_urlencoded v0.5.5
[INFO] [stderr]    Compiling serde_json v1.0.39
[INFO] [stderr]    Compiling toml v0.5.1
[INFO] [stderr]    Compiling warp v0.1.16
[INFO] [stderr]    Compiling backend v0.1.0 (/opt/rustwide/workdir/backend)
[INFO] [stdout] warning: unexpected `cfg` condition value: `cargo-clippy`
[INFO] [stdout]   --> backend/src/main.rs:17:10
[INFO] [stdout]    |
[INFO] [stdout] 17 | #[derive(Deserialize)]
[INFO] [stdout]    |          ^^^^^^^^^^^
[INFO] [stdout]    |
[INFO] [stdout]    = note: no expected values for `feature`
[INFO] [stdout]    = note: using a cfg inside a derive macro will use the cfgs from the destination crate and not the ones from the defining crate
[INFO] [stdout]    = help: try referring to `Deserialize` crate for guidance on how handle this unexpected cfg
[INFO] [stdout]    = help: the derive macro `Deserialize` may come from an old version of the `serde_derive` crate, try updating your dependency with `cargo update -p serde_derive`
[INFO] [stdout]    = note: see <https://doc.rust-lang.org/nightly/rustc/check-cfg/cargo-specifics.html> for more information about checking conditional configuration
[INFO] [stdout]    = note: `#[warn(unexpected_cfgs)]` on by default
[INFO] [stdout]    = note: this warning originates in the derive macro `Deserialize` (in Nightly builds, run with -Z macro-backtrace for more info)
[INFO] [stdout] 
[INFO] [stdout] 
[INFO] [stdout] warning: unused variable: `config`
[INFO] [stdout]   --> backend/src/main.rs:88:15
[INFO] [stdout]    |
[INFO] [stdout] 88 | fn pcal_trans(config: Arc<Config>, data: Value) -> Result<impl Reply, Rejection> {
[INFO] [stdout]    |               ^^^^^^ help: if this is intentional, prefix it with an underscore: `_config`
[INFO] [stdout]    |
[INFO] [stdout]    = note: `#[warn(unused_variables)]` on by default
[INFO] [stdout] 
[INFO] [stdout] 
[INFO] [stdout] warning: unused variable: `data`
[INFO] [stdout]   --> backend/src/main.rs:88:36
[INFO] [stdout]    |
[INFO] [stdout] 88 | fn pcal_trans(config: Arc<Config>, data: Value) -> Result<impl Reply, Rejection> {
[INFO] [stdout]    |                                    ^^^^ help: if this is intentional, prefix it with an underscore: `_data`
[INFO] [stdout] 
[INFO] [stdout] 
[INFO] [stdout] warning: non-local `impl` definition, `impl` blocks should be written at the same level as their item
[INFO] [stdout]   --> backend/src/main.rs:17:10
[INFO] [stdout]    |
[INFO] [stdout] 17 | #[derive(Deserialize)]
[INFO] [stdout]    |          ^----------
[INFO] [stdout]    |          |
[INFO] [stdout]    |          `Deserialize` is not local
[INFO] [stdout]    |          move the `impl` block outside of this constant `_IMPL_DESERIALIZE_FOR_Config`
[INFO] [stdout] 18 | struct Config {
[INFO] [stdout]    |        ------ `Config` is not local
[INFO] [stdout]    |
[INFO] [stdout]    = note: the derive macro `Deserialize` defines the non-local `impl`, and may need to be changed
[INFO] [stdout]    = note: the derive macro `Deserialize` may come from an old version of the `serde_derive` crate, try updating your dependency with `cargo update -p serde_derive`
[INFO] [stdout]    = note: an `impl` is never scoped, even when it is nested inside an item, as it may impact type checking outside of that item, which can be the case if neither the trait or the self type are at the same nesting level as the `impl`
[INFO] [stdout]    = note: items in an anonymous const item (`const _: () = { ... }`) are treated as in the same scope as the anonymous const's declaration for the purpose of this lint
[INFO] [stdout]    = note: `#[warn(non_local_definitions)]` on by default
[INFO] [stdout]    = note: this warning originates in the derive macro `Deserialize` (in Nightly builds, run with -Z macro-backtrace for more info)
[INFO] [stdout] 
[INFO] [stdout] 
[INFO] [stderr]     Finished `dev` profile [unoptimized + debuginfo] target(s) in 1m 01s
[INFO] [stderr] warning: the following packages contain code that will be rejected by a future version of Rust: wasm-bindgen v0.2.40
[INFO] [stderr] note: to see what the problems were, use the option `--future-incompat-report`, or run `cargo report future-incompatibilities --id 1`
[INFO] running `Command { std: "docker" "inspect" "02155c17ec6a2e217155740c55022af6a67b0d921f28eeb7a9af880502bac873", kill_on_drop: false }`
[INFO] running `Command { std: "docker" "rm" "-f" "02155c17ec6a2e217155740c55022af6a67b0d921f28eeb7a9af880502bac873", kill_on_drop: false }`
[INFO] [stdout] 02155c17ec6a2e217155740c55022af6a67b0d921f28eeb7a9af880502bac873
[INFO] running `Command { std: "docker" "create" "-v" "/var/lib/crater-agent-workspace/builds/worker-2-tc2/target:/opt/rustwide/target:rw,Z" "-v" "/var/lib/crater-agent-workspace/builds/worker-2-tc2/source:/opt/rustwide/workdir:ro,Z" "-v" "/var/lib/crater-agent-workspace/cargo-home:/opt/rustwide/cargo-home:ro,Z" "-v" "/var/lib/crater-agent-workspace/rustup-home:/opt/rustwide/rustup-home:ro,Z" "-e" "SOURCE_DIR=/opt/rustwide/workdir" "-e" "CARGO_TARGET_DIR=/opt/rustwide/target" "-e" "CARGO_INCREMENTAL=0" "-e" "RUST_BACKTRACE=full" "-e" "RUSTFLAGS=--cap-lints=forbid -Zrandomize-layout" "-e" "RUSTDOCFLAGS=--cap-lints=forbid" "-e" "CARGO_HOME=/opt/rustwide/cargo-home" "-e" "RUSTUP_HOME=/opt/rustwide/rustup-home" "-w" "/opt/rustwide/workdir" "-m" "1610612736" "--user" "0:0" "--network" "none" "ghcr.io/rust-lang/crates-build-env/linux@sha256:819108c5571ea2e421544af4d832f968d213c87fbe3707a016657f43d2f853bc" "/opt/rustwide/cargo-home/bin/cargo" "+nightly-2025-01-18" "test" "--frozen" "--no-run" "--message-format=json", kill_on_drop: false }`
[INFO] [stdout] 415f2fd7fed757f77155e7fb0d483becba94f5d97f59d992d7c6cbe9c8ce5ea5
[INFO] running `Command { std: "docker" "start" "-a" "415f2fd7fed757f77155e7fb0d483becba94f5d97f59d992d7c6cbe9c8ce5ea5", kill_on_drop: false }`
[INFO] [stderr] warning: profiles for the non root package will be ignored, specify profiles at the workspace root:
[INFO] [stderr] package:   /opt/rustwide/workdir/tla-web/Cargo.toml
[INFO] [stderr] workspace: /opt/rustwide/workdir/Cargo.toml
[INFO] [stdout] warning: the feature `is_sorted` has been stable since 1.82.0 and no longer requires an attribute to enable
[INFO] [stdout]  --> tla-parser/src/lib.rs:1:12
[INFO] [stdout]   |
[INFO] [stdout] 1 | #![feature(is_sorted)]
[INFO] [stdout]   |            ^^^^^^^^^
[INFO] [stdout]   |
[INFO] [stdout]   = note: `#[warn(stable_features)]` on by default
[INFO] [stdout] 
[INFO] [stdout] 
[INFO] [stdout] warning: unused variable: `code`
[INFO] [stdout]   --> tla-parser/src/lexer/mod.rs:26:12
[INFO] [stdout]    |
[INFO] [stdout] 26 | pub fn lex(code: &str) -> Vec<Lexeme> {
[INFO] [stdout]    |            ^^^^ help: if this is intentional, prefix it with an underscore: `_code`
[INFO] [stdout]    |
[INFO] [stdout]    = note: `#[warn(unused_variables)]` on by default
[INFO] [stdout] 
[INFO] [stdout] 
[INFO] [stderr]    Compiling js-sys v0.3.17
[INFO] [stderr]    Compiling console_error_panic_hook v0.1.6
[INFO] [stderr]    Compiling wasm-bindgen-test-macro v0.2.40
[INFO] [stdout] warning: unused import: `tla_parser::lexer::Pos`
[INFO] [stdout]  --> tla-web/src/lib.rs:7:5
[INFO] [stdout]   |
[INFO] [stdout] 7 | use tla_parser::lexer::Pos;
[INFO] [stdout]   |     ^^^^^^^^^^^^^^^^^^^^^^
[INFO] [stdout]   |
[INFO] [stdout]   = note: `#[warn(unused_imports)]` on by default
[INFO] [stdout] 
[INFO] [stdout] 
[INFO] [stderr]    Compiling tla-parser v0.1.0 (/opt/rustwide/workdir/tla-parser)
[INFO] [stderr]    Compiling backend v0.1.0 (/opt/rustwide/workdir/backend)
[INFO] [stdout] warning: unexpected `cfg` condition value: `cargo-clippy`
[INFO] [stdout]   --> backend/src/main.rs:17:10
[INFO] [stdout]    |
[INFO] [stdout] 17 | #[derive(Deserialize)]
[INFO] [stdout]    |          ^^^^^^^^^^^
[INFO] [stdout]    |
[INFO] [stdout]    = note: no expected values for `feature`
[INFO] [stdout]    = note: using a cfg inside a derive macro will use the cfgs from the destination crate and not the ones from the defining crate
[INFO] [stdout]    = help: try referring to `Deserialize` crate for guidance on how handle this unexpected cfg
[INFO] [stdout]    = help: the derive macro `Deserialize` may come from an old version of the `serde_derive` crate, try updating your dependency with `cargo update -p serde_derive`
[INFO] [stdout]    = note: see <https://doc.rust-lang.org/nightly/rustc/check-cfg/cargo-specifics.html> for more information about checking conditional configuration
[INFO] [stdout]    = note: `#[warn(unexpected_cfgs)]` on by default
[INFO] [stdout]    = note: this warning originates in the derive macro `Deserialize` (in Nightly builds, run with -Z macro-backtrace for more info)
[INFO] [stdout] 
[INFO] [stdout] 
[INFO] [stdout] warning: unused variable: `config`
[INFO] [stdout]   --> backend/src/main.rs:88:15
[INFO] [stdout]    |
[INFO] [stdout] 88 | fn pcal_trans(config: Arc<Config>, data: Value) -> Result<impl Reply, Rejection> {
[INFO] [stdout]    |               ^^^^^^ help: if this is intentional, prefix it with an underscore: `_config`
[INFO] [stdout]    |
[INFO] [stdout]    = note: `#[warn(unused_variables)]` on by default
[INFO] [stdout] 
[INFO] [stdout] 
[INFO] [stdout] warning: unused variable: `data`
[INFO] [stdout]   --> backend/src/main.rs:88:36
[INFO] [stdout]    |
[INFO] [stdout] 88 | fn pcal_trans(config: Arc<Config>, data: Value) -> Result<impl Reply, Rejection> {
[INFO] [stdout]    |                                    ^^^^ help: if this is intentional, prefix it with an underscore: `_data`
[INFO] [stdout] 
[INFO] [stdout] 
[INFO] [stdout] warning: the feature `is_sorted` has been stable since 1.82.0 and no longer requires an attribute to enable
[INFO] [stdout]  --> tla-parser/src/lib.rs:1:12
[INFO] [stdout]   |
[INFO] [stdout] 1 | #![feature(is_sorted)]
[INFO] [stdout]   |            ^^^^^^^^^
[INFO] [stdout]   |
[INFO] [stdout]   = note: `#[warn(stable_features)]` on by default
[INFO] [stdout] 
[INFO] [stdout] 
[INFO] [stdout] warning: unused variable: `code`
[INFO] [stdout]   --> tla-parser/src/lexer/mod.rs:26:12
[INFO] [stdout]    |
[INFO] [stdout] 26 | pub fn lex(code: &str) -> Vec<Lexeme> {
[INFO] [stdout]    |            ^^^^ help: if this is intentional, prefix it with an underscore: `_code`
[INFO] [stdout]    |
[INFO] [stdout]    = note: `#[warn(unused_variables)]` on by default
[INFO] [stdout] 
[INFO] [stdout] 
[INFO] [stdout] warning: non-local `impl` definition, `impl` blocks should be written at the same level as their item
[INFO] [stdout]   --> backend/src/main.rs:17:10
[INFO] [stdout]    |
[INFO] [stdout] 17 | #[derive(Deserialize)]
[INFO] [stdout]    |          ^----------
[INFO] [stdout]    |          |
[INFO] [stdout]    |          `Deserialize` is not local
[INFO] [stdout]    |          move the `impl` block outside of this constant `_IMPL_DESERIALIZE_FOR_Config`
[INFO] [stdout] 18 | struct Config {
[INFO] [stdout]    |        ------ `Config` is not local
[INFO] [stdout]    |
[INFO] [stdout]    = note: the derive macro `Deserialize` defines the non-local `impl`, and may need to be changed
[INFO] [stdout]    = note: the derive macro `Deserialize` may come from an old version of the `serde_derive` crate, try updating your dependency with `cargo update -p serde_derive`
[INFO] [stdout]    = note: an `impl` is never scoped, even when it is nested inside an item, as it may impact type checking outside of that item, which can be the case if neither the trait or the self type are at the same nesting level as the `impl`
[INFO] [stdout]    = note: items in an anonymous const item (`const _: () = { ... }`) are treated as in the same scope as the anonymous const's declaration for the purpose of this lint
[INFO] [stdout]    = note: `#[warn(non_local_definitions)]` on by default
[INFO] [stdout]    = note: this warning originates in the derive macro `Deserialize` (in Nightly builds, run with -Z macro-backtrace for more info)
[INFO] [stdout] 
[INFO] [stdout] 
[INFO] [stderr]    Compiling wasm-bindgen-futures v0.3.17
[INFO] [stderr]    Compiling wasm-bindgen-test v0.2.40
[INFO] [stderr]    Compiling tla-web v0.1.0 (/opt/rustwide/workdir/tla-web)
[INFO] [stdout] warning: unused import: `tla_parser::lexer::Pos`
[INFO] [stdout]  --> tla-web/src/lib.rs:7:5
[INFO] [stdout]   |
[INFO] [stdout] 7 | use tla_parser::lexer::Pos;
[INFO] [stdout]   |     ^^^^^^^^^^^^^^^^^^^^^^
[INFO] [stdout]   |
[INFO] [stdout]   = note: `#[warn(unused_imports)]` on by default
[INFO] [stdout] 
[INFO] [stdout] 
[INFO] [stderr]     Finished `test` profile [unoptimized + debuginfo] target(s) in 3.77s
[INFO] [stderr] warning: the following packages contain code that will be rejected by a future version of Rust: wasm-bindgen v0.2.40
[INFO] [stderr] note: to see what the problems were, use the option `--future-incompat-report`, or run `cargo report future-incompatibilities --id 1`
[INFO] running `Command { std: "docker" "inspect" "415f2fd7fed757f77155e7fb0d483becba94f5d97f59d992d7c6cbe9c8ce5ea5", kill_on_drop: false }`
[INFO] running `Command { std: "docker" "rm" "-f" "415f2fd7fed757f77155e7fb0d483becba94f5d97f59d992d7c6cbe9c8ce5ea5", kill_on_drop: false }`
[INFO] [stdout] 415f2fd7fed757f77155e7fb0d483becba94f5d97f59d992d7c6cbe9c8ce5ea5
[INFO] running `Command { std: "docker" "create" "-v" "/var/lib/crater-agent-workspace/builds/worker-2-tc2/target:/opt/rustwide/target:rw,Z" "-v" "/var/lib/crater-agent-workspace/builds/worker-2-tc2/source:/opt/rustwide/workdir:ro,Z" "-v" "/var/lib/crater-agent-workspace/cargo-home:/opt/rustwide/cargo-home:ro,Z" "-v" "/var/lib/crater-agent-workspace/rustup-home:/opt/rustwide/rustup-home:ro,Z" "-e" "SOURCE_DIR=/opt/rustwide/workdir" "-e" "CARGO_TARGET_DIR=/opt/rustwide/target" "-e" "CARGO_INCREMENTAL=0" "-e" "RUST_BACKTRACE=full" "-e" "RUSTFLAGS=--cap-lints=forbid -Zrandomize-layout" "-e" "RUSTDOCFLAGS=--cap-lints=forbid" "-e" "CARGO_HOME=/opt/rustwide/cargo-home" "-e" "RUSTUP_HOME=/opt/rustwide/rustup-home" "-w" "/opt/rustwide/workdir" "-m" "1610612736" "--user" "0:0" "--network" "none" "ghcr.io/rust-lang/crates-build-env/linux@sha256:819108c5571ea2e421544af4d832f968d213c87fbe3707a016657f43d2f853bc" "/opt/rustwide/cargo-home/bin/cargo" "+nightly-2025-01-18" "test" "--frozen", kill_on_drop: false }`
[INFO] [stdout] 223db7edb90618341da4e07f489c4d860956f7bd0e1821ecb1b18c4cb0dddc89
[INFO] running `Command { std: "docker" "start" "-a" "223db7edb90618341da4e07f489c4d860956f7bd0e1821ecb1b18c4cb0dddc89", kill_on_drop: false }`
[INFO] [stderr] warning: profiles for the non root package will be ignored, specify profiles at the workspace root:
[INFO] [stderr] package:   /opt/rustwide/workdir/tla-web/Cargo.toml
[INFO] [stderr] workspace: /opt/rustwide/workdir/Cargo.toml
[INFO] [stderr] warning: the feature `is_sorted` has been stable since 1.82.0 and no longer requires an attribute to enable
[INFO] [stderr]  --> tla-parser/src/lib.rs:1:12
[INFO] [stderr]   |
[INFO] [stderr] 1 | #![feature(is_sorted)]
[INFO] [stderr]   |            ^^^^^^^^^
[INFO] [stderr]   |
[INFO] [stderr]   = note: `#[warn(stable_features)]` on by default
[INFO] [stderr] 
[INFO] [stderr] warning: unused variable: `code`
[INFO] [stderr]   --> tla-parser/src/lexer/mod.rs:26:12
[INFO] [stderr]    |
[INFO] [stderr] 26 | pub fn lex(code: &str) -> Vec<Lexeme> {
[INFO] [stderr]    |            ^^^^ help: if this is intentional, prefix it with an underscore: `_code`
[INFO] [stderr]    |
[INFO] [stderr]    = note: `#[warn(unused_variables)]` on by default
[INFO] [stderr] 
[INFO] [stderr] warning: `tla-parser` (lib) generated 2 warnings
[INFO] [stderr] warning: unused import: `tla_parser::lexer::Pos`
[INFO] [stderr]  --> tla-web/src/lib.rs:7:5
[INFO] [stderr]   |
[INFO] [stderr] 7 | use tla_parser::lexer::Pos;
[INFO] [stderr]   |     ^^^^^^^^^^^^^^^^^^^^^^
[INFO] [stderr]   |
[INFO] [stderr]   = note: `#[warn(unused_imports)]` on by default
[INFO] [stderr] 
[INFO] [stderr] warning: `tla-web` (lib) generated 1 warning (run `cargo fix --lib -p tla-web` to apply 1 suggestion)
[INFO] [stderr] warning: `tla-web` (lib test) generated 1 warning (1 duplicate)
[INFO] [stderr] warning: `tla-parser` (lib test) generated 2 warnings (2 duplicates)
[INFO] [stderr] warning: unexpected `cfg` condition value: `cargo-clippy`
[INFO] [stderr]   --> backend/src/main.rs:17:10
[INFO] [stderr]    |
[INFO] [stderr] 17 | #[derive(Deserialize)]
[INFO] [stderr]    |          ^^^^^^^^^^^
[INFO] [stderr]    |
[INFO] [stderr]    = note: no expected values for `feature`
[INFO] [stderr]    = note: using a cfg inside a derive macro will use the cfgs from the destination crate and not the ones from the defining crate
[INFO] [stderr]    = help: try referring to `Deserialize` crate for guidance on how handle this unexpected cfg
[INFO] [stderr]    = help: the derive macro `Deserialize` may come from an old version of the `serde_derive` crate, try updating your dependency with `cargo update -p serde_derive`
[INFO] [stderr]    = note: see <https://doc.rust-lang.org/nightly/rustc/check-cfg/cargo-specifics.html> for more information about checking conditional configuration
[INFO] [stderr]    = note: `#[warn(unexpected_cfgs)]` on by default
[INFO] [stderr]    = note: this warning originates in the derive macro `Deserialize` (in Nightly builds, run with -Z macro-backtrace for more info)
[INFO] [stderr] 
[INFO] [stderr] warning: unused variable: `config`
[INFO] [stderr]   --> backend/src/main.rs:88:15
[INFO] [stderr]    |
[INFO] [stderr] 88 | fn pcal_trans(config: Arc<Config>, data: Value) -> Result<impl Reply, Rejection> {
[INFO] [stderr]    |               ^^^^^^ help: if this is intentional, prefix it with an underscore: `_config`
[INFO] [stderr]    |
[INFO] [stderr]    = note: `#[warn(unused_variables)]` on by default
[INFO] [stderr] 
[INFO] [stderr] warning: unused variable: `data`
[INFO] [stderr]   --> backend/src/main.rs:88:36
[INFO] [stderr]    |
[INFO] [stderr] 88 | fn pcal_trans(config: Arc<Config>, data: Value) -> Result<impl Reply, Rejection> {
[INFO] [stderr]    |                                    ^^^^ help: if this is intentional, prefix it with an underscore: `_data`
[INFO] [stderr] 
[INFO] [stderr] warning: non-local `impl` definition, `impl` blocks should be written at the same level as their item
[INFO] [stderr]   --> backend/src/main.rs:17:10
[INFO] [stderr]    |
[INFO] [stderr] 17 | #[derive(Deserialize)]
[INFO] [stderr]    |          ^----------
[INFO] [stderr]    |          |
[INFO] [stderr]    |          `Deserialize` is not local
[INFO] [stderr]    |          move the `impl` block outside of this constant `_IMPL_DESERIALIZE_FOR_Config`
[INFO] [stderr] 18 | struct Config {
[INFO] [stderr]    |        ------ `Config` is not local
[INFO] [stderr]    |
[INFO] [stderr]    = note: the derive macro `Deserialize` defines the non-local `impl`, and may need to be changed
[INFO] [stderr]    = note: the derive macro `Deserialize` may come from an old version of the `serde_derive` crate, try updating your dependency with `cargo update -p serde_derive`
[INFO] [stderr]    = note: an `impl` is never scoped, even when it is nested inside an item, as it may impact type checking outside of that item, which can be the case if neither the trait or the self type are at the same nesting level as the `impl`
[INFO] [stderr]    = note: items in an anonymous const item (`const _: () = { ... }`) are treated as in the same scope as the anonymous const's declaration for the purpose of this lint
[INFO] [stderr]    = note: `#[warn(non_local_definitions)]` on by default
[INFO] [stderr]    = note: this warning originates in the derive macro `Deserialize` (in Nightly builds, run with -Z macro-backtrace for more info)
[INFO] [stderr] 
[INFO] [stderr] warning: `backend` (bin "backend" test) generated 4 warnings
[INFO] [stderr]     Finished `test` profile [unoptimized + debuginfo] target(s) in 0.19s
[INFO] [stderr] warning: the following packages contain code that will be rejected by a future version of Rust: wasm-bindgen v0.2.40
[INFO] [stderr] note: to see what the problems were, use the option `--future-incompat-report`, or run `cargo report future-incompatibilities --id 1`
[INFO] [stderr]      Running unittests src/main.rs (/opt/rustwide/target/debug/deps/backend-15d3a0f9c4926e5f)
[INFO] [stderr]      Running unittests src/lib.rs (/opt/rustwide/target/debug/deps/tla_parser-e856e2b22cfa7986)
[INFO] [stdout] 
[INFO] [stdout] running 0 tests
[INFO] [stdout] 
[INFO] [stdout] test result: ok. 0 passed; 0 failed; 0 ignored; 0 measured; 0 filtered out; finished in 0.00s
[INFO] [stdout] 
[INFO] [stdout] 
[INFO] [stdout] running 8 tests
[INFO] [stdout] test lexer::combinators::tests::line_comment ... ok
[INFO] [stdout] test lexer::combinators::tests::block_comment ... ok
[INFO] [stdout] test lexer::combinators::tests::skip ... ok
[INFO] [stdout] test lexer::combinators::tests::skip_many ... ok
[INFO] [stdout] test lexer::combinators::tests::skip_until ... ok
[INFO] [stdout] test lexer::base::tests::next_char ... ok
[INFO] [stdout] test lexer::token_type::tests::tables_are_sorted ... ok
[INFO] [stdout] test lexer::combinators::tests::operator ... FAILED
[INFO] [stdout] 
[INFO] [stdout] failures:
[INFO] [stdout] 
[INFO] [stdout] ---- lexer::combinators::tests::operator stdout ----
[INFO] [stdout] 
[INFO] [stdout] thread 'lexer::combinators::tests::operator' panicked at tla-parser/src/lexer/combinators.rs:251:9:
[INFO] [stdout] assertion `left == right` failed
[INFO] [stdout]   left: "-"
[INFO] [stdout]  right: "-+->"
[INFO] [stdout] stack backtrace:
[INFO] [stdout]    0:     0x5633a831999a - std::backtrace_rs::backtrace::libunwind::trace::hb059275cfc8d6126
[INFO] [stdout]                                at /rustc/6067b36314ab5eb2eb47cecc464545ba58e1ad24/library/std/src/../../backtrace/src/backtrace/libunwind.rs:116:5
[INFO] [stdout]    1:     0x5633a831999a - std::backtrace_rs::backtrace::trace_unsynchronized::h2da071e4327ce3ee
[INFO] [stdout]                                at /rustc/6067b36314ab5eb2eb47cecc464545ba58e1ad24/library/std/src/../../backtrace/src/backtrace/mod.rs:66:5
[INFO] [stdout]    2:     0x5633a831999a - std::sys::backtrace::_print_fmt::h842a1474e6f8d23f
[INFO] [stdout]                                at /rustc/6067b36314ab5eb2eb47cecc464545ba58e1ad24/library/std/src/sys/backtrace.rs:66:9
[INFO] [stdout]    3:     0x5633a831999a - <std::sys::backtrace::BacktraceLock::print::DisplayBacktrace as core::fmt::Display>::fmt::h71a62eb3b9696b12
[INFO] [stdout]                                at /rustc/6067b36314ab5eb2eb47cecc464545ba58e1ad24/library/std/src/sys/backtrace.rs:39:26
[INFO] [stdout]    4:     0x5633a8340f23 - core::fmt::rt::Argument::fmt::hdb6b616786b41dc1
[INFO] [stdout]                                at /rustc/6067b36314ab5eb2eb47cecc464545ba58e1ad24/library/core/src/fmt/rt.rs:177:76
[INFO] [stdout]    5:     0x5633a8340f23 - core::fmt::write::h2cc1698af7e2d686
[INFO] [stdout]                                at /rustc/6067b36314ab5eb2eb47cecc464545ba58e1ad24/library/core/src/fmt/mod.rs:1440:21
[INFO] [stdout]    6:     0x5633a83164f3 - std::io::Write::write_fmt::hab1b4cd059a79022
[INFO] [stdout]                                at /rustc/6067b36314ab5eb2eb47cecc464545ba58e1ad24/library/std/src/io/mod.rs:1887:15
[INFO] [stdout]    7:     0x5633a83197e2 - std::sys::backtrace::BacktraceLock::print::h147fe35b4ea13b08
[INFO] [stdout]                                at /rustc/6067b36314ab5eb2eb47cecc464545ba58e1ad24/library/std/src/sys/backtrace.rs:42:9
[INFO] [stdout]    8:     0x5633a831adbf - std::panicking::default_hook::{{closure}}::hbd44223dbdc0d208
[INFO] [stdout]                                at /rustc/6067b36314ab5eb2eb47cecc464545ba58e1ad24/library/std/src/panicking.rs:298:22
[INFO] [stdout]    9:     0x5633a831abd8 - std::panicking::default_hook::h20f81eb0576efcec
[INFO] [stdout]                                at /rustc/6067b36314ab5eb2eb47cecc464545ba58e1ad24/library/std/src/panicking.rs:322:9
[INFO] [stdout]   10:     0x5633a82e0f03 - <alloc::boxed::Box<F,A> as core::ops::function::Fn<Args>>::call::hdb53814c496a4d34
[INFO] [stdout]                                at /rustc/6067b36314ab5eb2eb47cecc464545ba58e1ad24/library/alloc/src/boxed.rs:2027:9
[INFO] [stdout]   11:     0x5633a82e0f03 - test::test_main::{{closure}}::hc0a4963c59427c24
[INFO] [stdout]                                at /rustc/6067b36314ab5eb2eb47cecc464545ba58e1ad24/library/test/src/lib.rs:134:21
[INFO] [stdout]   12:     0x5633a831b8b3 - <alloc::boxed::Box<F,A> as core::ops::function::Fn<Args>>::call::h591b2225413a77e9
[INFO] [stdout]                                at /rustc/6067b36314ab5eb2eb47cecc464545ba58e1ad24/library/alloc/src/boxed.rs:2027:9
[INFO] [stdout]   13:     0x5633a831b8b3 - std::panicking::rust_panic_with_hook::h625eea43051b2edc
[INFO] [stdout]                                at /rustc/6067b36314ab5eb2eb47cecc464545ba58e1ad24/library/std/src/panicking.rs:839:13
[INFO] [stdout]   14:     0x5633a831b56a - std::panicking::begin_panic_handler::{{closure}}::h4f9159cfbc3f6bd3
[INFO] [stdout]                                at /rustc/6067b36314ab5eb2eb47cecc464545ba58e1ad24/library/std/src/panicking.rs:704:13
[INFO] [stdout]   15:     0x5633a8319e99 - std::sys::backtrace::__rust_end_short_backtrace::h0390abce48353151
[INFO] [stdout]                                at /rustc/6067b36314ab5eb2eb47cecc464545ba58e1ad24/library/std/src/sys/backtrace.rs:168:18
[INFO] [stdout]   16:     0x5633a831b1fd - rust_begin_unwind
[INFO] [stdout]                                at /rustc/6067b36314ab5eb2eb47cecc464545ba58e1ad24/library/std/src/panicking.rs:695:5
[INFO] [stdout]   17:     0x5633a833f9d0 - core::panicking::panic_fmt::h9e7c637e9e5f29c9
[INFO] [stdout]                                at /rustc/6067b36314ab5eb2eb47cecc464545ba58e1ad24/library/core/src/panicking.rs:75:14
[INFO] [stdout]   18:     0x5633a833fcf2 - core::panicking::assert_failed_inner::h538bec7c1374cd9c
[INFO] [stdout]   19:     0x5633a82a2da9 - core::panicking::assert_failed::hb4e8ad520de27e12
[INFO] [stdout]                                at /rustc/6067b36314ab5eb2eb47cecc464545ba58e1ad24/library/core/src/panicking.rs:364:5
[INFO] [stdout]   20:     0x5633a82a6988 - tla_parser::lexer::combinators::tests::operator::hfb2bbb0415d084c1
[INFO] [stdout]                                at /opt/rustwide/workdir/tla-parser/src/lexer/combinators.rs:251:9
[INFO] [stdout]   21:     0x5633a82a6447 - tla_parser::lexer::combinators::tests::operator::{{closure}}::hc68e98b82a942897
[INFO] [stdout]                                at /opt/rustwide/workdir/tla-parser/src/lexer/combinators.rs:236:18
[INFO] [stdout]   22:     0x5633a82a1196 - core::ops::function::FnOnce::call_once::hdfbc6312062debf5
[INFO] [stdout]                                at /rustc/6067b36314ab5eb2eb47cecc464545ba58e1ad24/library/core/src/ops/function.rs:250:5
[INFO] [stdout]   23:     0x5633a82e665b - core::ops::function::FnOnce::call_once::he27718dfdd183f43
[INFO] [stdout]                                at /rustc/6067b36314ab5eb2eb47cecc464545ba58e1ad24/library/core/src/ops/function.rs:250:5
[INFO] [stdout]   24:     0x5633a82e665b - test::__rust_begin_short_backtrace::h4e84902998457a5d
[INFO] [stdout]                                at /rustc/6067b36314ab5eb2eb47cecc464545ba58e1ad24/library/test/src/lib.rs:632:18
[INFO] [stdout]   25:     0x5633a82e5593 - test::run_test_in_process::{{closure}}::h7176fd18fc1feca0
[INFO] [stdout]                                at /rustc/6067b36314ab5eb2eb47cecc464545ba58e1ad24/library/test/src/lib.rs:655:60
[INFO] [stdout]   26:     0x5633a82e5593 - <core::panic::unwind_safe::AssertUnwindSafe<F> as core::ops::function::FnOnce<()>>::call_once::hf79cff2a624d8cf7
[INFO] [stdout]                                at /rustc/6067b36314ab5eb2eb47cecc464545ba58e1ad24/library/core/src/panic/unwind_safe.rs:272:9
[INFO] [stdout]   27:     0x5633a82e5593 - std::panicking::try::do_call::h3da0561d9ab99c25
[INFO] [stdout]                                at /rustc/6067b36314ab5eb2eb47cecc464545ba58e1ad24/library/std/src/panicking.rs:587:40
[INFO] [stdout]   28:     0x5633a82e5593 - std::panicking::try::h41c9fa508bc61df6
[INFO] [stdout]                                at /rustc/6067b36314ab5eb2eb47cecc464545ba58e1ad24/library/std/src/panicking.rs:550:19
[INFO] [stdout]   29:     0x5633a82e5593 - std::panic::catch_unwind::h6b3ff07bb5afad93
[INFO] [stdout]                                at /rustc/6067b36314ab5eb2eb47cecc464545ba58e1ad24/library/std/src/panic.rs:358:14
[INFO] [stdout]   30:     0x5633a82e5593 - test::run_test_in_process::hc7253dd11b39b9f4
[INFO] [stdout]                                at /rustc/6067b36314ab5eb2eb47cecc464545ba58e1ad24/library/test/src/lib.rs:655:27
[INFO] [stdout]   31:     0x5633a82e5593 - test::run_test::{{closure}}::hfb2007f8649c30bb
[INFO] [stdout]                                at /rustc/6067b36314ab5eb2eb47cecc464545ba58e1ad24/library/test/src/lib.rs:576:43
[INFO] [stdout]   32:     0x5633a82a8675 - test::run_test::{{closure}}::h56a17aa7a282a9f4
[INFO] [stdout]                                at /rustc/6067b36314ab5eb2eb47cecc464545ba58e1ad24/library/test/src/lib.rs:606:41
[INFO] [stdout]   33:     0x5633a82a8675 - std::sys::backtrace::__rust_begin_short_backtrace::hd2d2d2fb8e8c6aac
[INFO] [stdout]                                at /rustc/6067b36314ab5eb2eb47cecc464545ba58e1ad24/library/std/src/sys/backtrace.rs:152:18
[INFO] [stdout]   34:     0x5633a82abf5a - std::thread::Builder::spawn_unchecked_::{{closure}}::{{closure}}::h4faa3f9db6133423
[INFO] [stdout]                                at /rustc/6067b36314ab5eb2eb47cecc464545ba58e1ad24/library/std/src/thread/mod.rs:559:17
[INFO] [stdout]   35:     0x5633a82abf5a - <core::panic::unwind_safe::AssertUnwindSafe<F> as core::ops::function::FnOnce<()>>::call_once::hf2e855a36a4ea846
[INFO] [stdout]                                at /rustc/6067b36314ab5eb2eb47cecc464545ba58e1ad24/library/core/src/panic/unwind_safe.rs:272:9
[INFO] [stdout]   36:     0x5633a82abf5a - std::panicking::try::do_call::h2f73af3616c35465
[INFO] [stdout]                                at /rustc/6067b36314ab5eb2eb47cecc464545ba58e1ad24/library/std/src/panicking.rs:587:40
[INFO] [stdout]   37:     0x5633a82abf5a - std::panicking::try::hd1660ce9efadef5a
[INFO] [stdout]                                at /rustc/6067b36314ab5eb2eb47cecc464545ba58e1ad24/library/std/src/panicking.rs:550:19
[INFO] [stdout]   38:     0x5633a82abf5a - std::panic::catch_unwind::h5ee8d7823b8ca744
[INFO] [stdout]                                at /rustc/6067b36314ab5eb2eb47cecc464545ba58e1ad24/library/std/src/panic.rs:358:14
[INFO] [stdout]   39:     0x5633a82abf5a - std::thread::Builder::spawn_unchecked_::{{closure}}::h53c3a1894dce8407
[INFO] [stdout]                                at /rustc/6067b36314ab5eb2eb47cecc464545ba58e1ad24/library/std/src/thread/mod.rs:557:30
[INFO] [stdout]   40:     0x5633a82abf5a - core::ops::function::FnOnce::call_once{{vtable.shim}}::h048ce291ad4f62bf
[INFO] [stdout]                                at /rustc/6067b36314ab5eb2eb47cecc464545ba58e1ad24/library/core/src/ops/function.rs:250:5
[INFO] [stdout]   41:     0x5633a831f7eb - <alloc::boxed::Box<F,A> as core::ops::function::FnOnce<Args>>::call_once::ha52bedf99a3b4981
[INFO] [stdout]                                at /rustc/6067b36314ab5eb2eb47cecc464545ba58e1ad24/library/alloc/src/boxed.rs:2013:9
[INFO] [stdout]   42:     0x5633a831f7eb - <alloc::boxed::Box<F,A> as core::ops::function::FnOnce<Args>>::call_once::h567748934d80ccf8
[INFO] [stdout]                                at /rustc/6067b36314ab5eb2eb47cecc464545ba58e1ad24/library/alloc/src/boxed.rs:2013:9
[INFO] [stdout]   43:     0x5633a831f7eb - std::sys::pal::unix::thread::Thread::new::thread_start::h2d970728ae887adc
[INFO] [stdout]                                at /rustc/6067b36314ab5eb2eb47cecc464545ba58e1ad24/library/std/src/sys/pal/unix/thread.rs:106:17
[INFO] [stdout]   44:     0x797e54f0cac3 - <unknown>
[INFO] [stdout]   45:     0x797e54f9da04 - clone
[INFO] [stdout]   46:                0x0 - <unknown>
[INFO] [stdout] 
[INFO] [stdout] 
[INFO] [stdout] failures:
[INFO] [stdout]     lexer::combinators::tests::operator
[INFO] [stdout] 
[INFO] [stdout] test result: FAILED. 7 passed; 1 failed; 0 ignored; 0 measured; 0 filtered out; finished in 0.05s
[INFO] [stdout] 
[INFO] [stderr] error: test failed, to rerun pass `-p tla-parser --lib`
[INFO] running `Command { std: "docker" "inspect" "223db7edb90618341da4e07f489c4d860956f7bd0e1821ecb1b18c4cb0dddc89", kill_on_drop: false }`
[INFO] running `Command { std: "docker" "rm" "-f" "223db7edb90618341da4e07f489c4d860956f7bd0e1821ecb1b18c4cb0dddc89", kill_on_drop: false }`
[INFO] [stdout] 223db7edb90618341da4e07f489c4d860956f7bd0e1821ecb1b18c4cb0dddc89
