[INFO] cloning repository https://github.com/jonhteper/satr
[INFO] running `Command { std: "git" "-c" "credential.helper=" "-c" "credential.helper=/workspace/cargo-home/bin/git-credential-null" "clone" "--bare" "https://github.com/jonhteper/satr" "/workspace/cache/git-repos/https%3A%2F%2Fgithub.com%2Fjonhteper%2Fsatr", kill_on_drop: false }`
[INFO] [stderr] Cloning into bare repository '/workspace/cache/git-repos/https%3A%2F%2Fgithub.com%2Fjonhteper%2Fsatr'...
[INFO] running `Command { std: "git" "rev-parse" "HEAD", kill_on_drop: false }`
[INFO] [stdout] aed0484e518796286c8abccc15db5cd166d097f6
[INFO] testing jonhteper/satr against nightly-2025-01-18+rustflags=-Zrandomize-layout for randomize-layout-2
[INFO] running `Command { std: "git" "clone" "/workspace/cache/git-repos/https%3A%2F%2Fgithub.com%2Fjonhteper%2Fsatr" "/workspace/builds/worker-0-tc2/source", kill_on_drop: false }`
[INFO] [stderr] Cloning into '/workspace/builds/worker-0-tc2/source'...
[INFO] [stderr] done.
[INFO] validating manifest of git repo https://github.com/jonhteper/satr on toolchain nightly-2025-01-18
[INFO] running `Command { std: CARGO_HOME="/workspace/cargo-home" RUSTUP_HOME="/workspace/rustup-home" "/workspace/cargo-home/bin/cargo" "+nightly-2025-01-18" "metadata" "--manifest-path" "Cargo.toml" "--no-deps", kill_on_drop: false }`
[INFO] started tweaking git repo https://github.com/jonhteper/satr
[INFO] finished tweaking git repo https://github.com/jonhteper/satr
[INFO] tweaked toml for git repo https://github.com/jonhteper/satr written to /workspace/builds/worker-0-tc2/source/Cargo.toml
[INFO] crate git repo https://github.com/jonhteper/satr already has a lockfile, it will not be regenerated
[INFO] running `Command { std: CARGO_HOME="/workspace/cargo-home" RUSTUP_HOME="/workspace/rustup-home" "/workspace/cargo-home/bin/cargo" "+nightly-2025-01-18" "fetch" "--manifest-path" "Cargo.toml", kill_on_drop: false }`
[INFO] running `Command { std: "docker" "create" "-v" "/var/lib/crater-agent-workspace/builds/worker-0-tc2/target:/opt/rustwide/target:rw,Z" "-v" "/var/lib/crater-agent-workspace/builds/worker-0-tc2/source:/opt/rustwide/workdir:ro,Z" "-v" "/var/lib/crater-agent-workspace/cargo-home:/opt/rustwide/cargo-home:ro,Z" "-v" "/var/lib/crater-agent-workspace/rustup-home:/opt/rustwide/rustup-home:ro,Z" "-e" "SOURCE_DIR=/opt/rustwide/workdir" "-e" "CARGO_TARGET_DIR=/opt/rustwide/target" "-e" "CARGO_HOME=/opt/rustwide/cargo-home" "-e" "RUSTUP_HOME=/opt/rustwide/rustup-home" "-w" "/opt/rustwide/workdir" "-m" "1610612736" "--user" "0:0" "--network" "none" "ghcr.io/rust-lang/crates-build-env/linux@sha256:819108c5571ea2e421544af4d832f968d213c87fbe3707a016657f43d2f853bc" "/opt/rustwide/cargo-home/bin/cargo" "+nightly-2025-01-18" "metadata" "--no-deps" "--format-version=1", kill_on_drop: false }`
[INFO] [stdout] 9f1d1b60d885024eb7e8a550786ba8a639346b67bea9f474d7af39e3f7f5dc5d
[INFO] running `Command { std: "docker" "start" "-a" "9f1d1b60d885024eb7e8a550786ba8a639346b67bea9f474d7af39e3f7f5dc5d", kill_on_drop: false }`
[INFO] running `Command { std: "docker" "inspect" "9f1d1b60d885024eb7e8a550786ba8a639346b67bea9f474d7af39e3f7f5dc5d", kill_on_drop: false }`
[INFO] running `Command { std: "docker" "rm" "-f" "9f1d1b60d885024eb7e8a550786ba8a639346b67bea9f474d7af39e3f7f5dc5d", kill_on_drop: false }`
[INFO] [stdout] 9f1d1b60d885024eb7e8a550786ba8a639346b67bea9f474d7af39e3f7f5dc5d
[INFO] running `Command { std: "docker" "create" "-v" "/var/lib/crater-agent-workspace/builds/worker-0-tc2/target:/opt/rustwide/target:rw,Z" "-v" "/var/lib/crater-agent-workspace/builds/worker-0-tc2/source:/opt/rustwide/workdir:ro,Z" "-v" "/var/lib/crater-agent-workspace/cargo-home:/opt/rustwide/cargo-home:ro,Z" "-v" "/var/lib/crater-agent-workspace/rustup-home:/opt/rustwide/rustup-home:ro,Z" "-e" "SOURCE_DIR=/opt/rustwide/workdir" "-e" "CARGO_TARGET_DIR=/opt/rustwide/target" "-e" "CARGO_INCREMENTAL=0" "-e" "RUST_BACKTRACE=full" "-e" "RUSTFLAGS=--cap-lints=forbid -Zrandomize-layout" "-e" "RUSTDOCFLAGS=--cap-lints=forbid" "-e" "CARGO_HOME=/opt/rustwide/cargo-home" "-e" "RUSTUP_HOME=/opt/rustwide/rustup-home" "-w" "/opt/rustwide/workdir" "-m" "1610612736" "--user" "0:0" "--network" "none" "ghcr.io/rust-lang/crates-build-env/linux@sha256:819108c5571ea2e421544af4d832f968d213c87fbe3707a016657f43d2f853bc" "/opt/rustwide/cargo-home/bin/cargo" "+nightly-2025-01-18" "build" "--frozen" "--message-format=json", kill_on_drop: false }`
[INFO] [stdout] f7e0003b703a1a546b9316ece567d1b9f9c8d5413c34805adaa89403eebbe294
[INFO] running `Command { std: "docker" "start" "-a" "f7e0003b703a1a546b9316ece567d1b9f9c8d5413c34805adaa89403eebbe294", kill_on_drop: false }`
[INFO] [stderr]    Compiling libc v0.2.155
[INFO] [stderr]    Compiling proc-macro2 v1.0.85
[INFO] [stderr]    Compiling unicode-ident v1.0.12
[INFO] [stderr]    Compiling once_cell v1.19.0
[INFO] [stderr]    Compiling version_check v0.9.4
[INFO] [stderr]    Compiling typenum v1.17.0
[INFO] [stderr]    Compiling pkg-config v0.3.30
[INFO] [stderr]    Compiling proc-macro2 v0.4.30
[INFO] [stderr]    Compiling cfg-if v1.0.0
[INFO] [stderr]    Compiling unicode-xid v0.1.0
[INFO] [stderr]    Compiling syn v0.15.44
[INFO] [stderr]    Compiling ident_case v1.0.1
[INFO] [stderr]    Compiling strsim v0.7.0
[INFO] [stderr]    Compiling generic-array v0.14.7
[INFO] [stderr]    Compiling fnv v1.0.7
[INFO] [stderr]    Compiling subtle v2.5.0
[INFO] [stderr]    Compiling serde v1.0.203
[INFO] [stderr]    Compiling autocfg v1.3.0
[INFO] [stderr]    Compiling zstd-safe v7.1.0
[INFO] [stderr]    Compiling utf8parse v0.2.2
[INFO] [stderr]    Compiling crc32fast v1.4.2
[INFO] [stderr]    Compiling anstyle v1.0.7
[INFO] [stderr]    Compiling anstyle-parse v0.2.4
[INFO] [stderr]    Compiling ppv-lite86 v0.2.17
[INFO] [stderr]    Compiling quote v1.0.36
[INFO] [stderr]    Compiling syn v2.0.66
[INFO] [stderr]    Compiling quote v0.6.13
[INFO] [stderr]    Compiling jobserver v0.1.31
[INFO] [stderr]    Compiling getrandom v0.2.15
[INFO] [stderr]    Compiling crypto-common v0.1.6
[INFO] [stderr]    Compiling block-buffer v0.10.4
[INFO] [stderr]    Compiling num-traits v0.2.19
[INFO] [stderr]    Compiling inout v0.1.3
[INFO] [stderr]    Compiling rand_core v0.6.4
[INFO] [stderr]    Compiling cc v1.0.99
[INFO] [stderr]    Compiling is_terminal_polyfill v1.70.0
[INFO] [stderr]    Compiling digest v0.10.7
[INFO] [stderr]    Compiling adler v1.0.2
[INFO] [stderr]    Compiling powerfmt v0.2.0
[INFO] [stderr]    Compiling anstyle-query v1.1.0
[INFO] [stderr]    Compiling crc-catalog v2.4.0
[INFO] [stderr]    Compiling syn v1.0.109
[INFO] [stderr]    Compiling colorchoice v1.0.1
[INFO] [stderr]    Compiling cpufeatures v0.2.12
[INFO] [stderr]    Compiling thiserror v1.0.61
[INFO] [stderr]    Compiling derive_builder v0.7.2
[INFO] [stderr]    Compiling miniz_oxide v0.7.3
[INFO] [stderr]    Compiling anstream v0.6.14
[INFO] [stderr]    Compiling deranged v0.3.11
[INFO] [stderr]    Compiling crc v3.2.1
[INFO] [stderr]    Compiling hmac v0.12.1
[INFO] [stderr]    Compiling rand_chacha v0.3.1
[INFO] [stderr]    Compiling cipher v0.4.4
[INFO] [stderr]    Compiling strsim v0.11.1
[INFO] [stderr]    Compiling simd-adler32 v0.3.7
[INFO] [stderr]    Compiling time-core v0.1.2
[INFO] [stderr]    Compiling lockfree-object-pool v0.1.6
[INFO] [stderr]    Compiling bumpalo v3.16.0
[INFO] [stderr]    Compiling num-conv v0.1.0
[INFO] [stderr]    Compiling equivalent v1.0.1
[INFO] [stderr]    Compiling byteorder v1.5.0
[INFO] [stderr]    Compiling clap_lex v0.7.1
[INFO] [stderr]    Compiling log v0.4.21
[INFO] [stderr]    Compiling zip v2.1.3
[INFO] [stderr]    Compiling memchr v2.7.2
[INFO] [stderr]    Compiling heck v0.5.0
[INFO] [stderr]    Compiling hashbrown v0.14.5
[INFO] [stderr]    Compiling zstd-sys v2.0.10+zstd.1.5.6
[INFO] [stderr]    Compiling bzip2-sys v0.1.11+1.0.8
[INFO] [stderr]    Compiling rust_decimal v1.35.0
[INFO] [stderr]    Compiling clap_builder v4.5.6
[INFO] [stderr]    Compiling zopfli v0.8.1
[INFO] [stderr]    Compiling indexmap v2.2.6
[INFO] [stderr]    Compiling time v0.3.36
[INFO] [stderr]    Compiling bzip2 v0.4.4
[INFO] [stderr]    Compiling lzma-rs v0.3.0
[INFO] [stderr]    Compiling aes v0.8.4
[INFO] [stderr]    Compiling rand v0.8.5
[INFO] [stderr]    Compiling darling_core v0.9.0
[INFO] [stderr]    Compiling flate2 v1.0.30
[INFO] [stderr]    Compiling pbkdf2 v0.12.2
[INFO] [stderr]    Compiling sha1 v0.10.6
[INFO] [stderr]    Compiling xml-rs v0.8.20
[INFO] [stderr]    Compiling deflate64 v0.1.8
[INFO] [stderr]    Compiling constant_time_eq v0.3.0
[INFO] [stderr]    Compiling arrayvec v0.7.4
[INFO] [stderr]    Compiling iana-time-zone v0.1.60
[INFO] [stderr]    Compiling same-file v1.0.6
[INFO] [stderr]    Compiling xml v0.8.20
[INFO] [stderr]    Compiling walkdir v2.5.0
[INFO] [stderr]    Compiling darling_macro v0.9.0
[INFO] [stderr]    Compiling enum-kinds v0.5.1
[INFO] [stderr]    Compiling darling v0.9.0
[INFO] [stderr]    Compiling derive_builder_core v0.5.0
[INFO] [stderr]    Compiling serde_derive v1.0.203
[INFO] [stderr]    Compiling thiserror-impl v1.0.61
[INFO] [stderr]    Compiling zeroize_derive v1.4.2
[INFO] [stderr]    Compiling zeroize v1.8.1
[INFO] [stderr]    Compiling displaydoc v0.2.4
[INFO] [stderr]    Compiling clap_derive v4.5.5
[INFO] [stderr]    Compiling Lotus v0.2.1
[INFO] [stderr]    Compiling clap v4.5.6
[INFO] [stderr]    Compiling zstd v0.13.1
[INFO] [stderr]    Compiling quick-xml v0.31.0
[INFO] [stderr]    Compiling chrono v0.4.38
[INFO] [stderr]    Compiling satr v0.1.2 (/opt/rustwide/workdir)
[INFO] [stdout] warning: unused import: `borrow::Cow`
[INFO] [stdout]  --> src/cli/list.rs:1:11
[INFO] [stdout]   |
[INFO] [stdout] 1 | use std::{borrow::Cow, env, path::PathBuf};
[INFO] [stdout]   |           ^^^^^^^^^^^
[INFO] [stdout]   |
[INFO] [stdout]   = note: `#[warn(unused_imports)]` on by default
[INFO] [stdout] 
[INFO] [stdout] 
[INFO] [stdout] warning: unused import: `borrow::Cow`
[INFO] [stdout]  --> src/reporter.rs:1:11
[INFO] [stdout]   |
[INFO] [stdout] 1 | use std::{borrow::Cow, path::Path};
[INFO] [stdout]   |           ^^^^^^^^^^^
[INFO] [stdout] 
[INFO] [stdout] 
[INFO] [stdout] warning: multiple fields are never read
[INFO] [stdout]   --> src/bill.rs:11:9
[INFO] [stdout]    |
[INFO] [stdout] 9  | pub struct Bill {
[INFO] [stdout]    |            ---- fields in this struct
[INFO] [stdout] 10 |     #[serde(rename = "@Version")]
[INFO] [stdout] 11 |     pub version: String,
[INFO] [stdout]    |         ^^^^^^^
[INFO] [stdout] ...
[INFO] [stdout] 17 |     pub pay_form: String,
[INFO] [stdout]    |         ^^^^^^^^
[INFO] [stdout] ...
[INFO] [stdout] 23 |     pub currency: String,
[INFO] [stdout]    |         ^^^^^^^^
[INFO] [stdout] ...
[INFO] [stdout] 29 |     pub receipt_type: String,
[INFO] [stdout]    |         ^^^^^^^^^^^^
[INFO] [stdout] ...
[INFO] [stdout] 32 |     pub exportation: String,
[INFO] [stdout]    |         ^^^^^^^^^^^
[INFO] [stdout] ...
[INFO] [stdout] 35 |     pub pay_method: String,
[INFO] [stdout]    |         ^^^^^^^^^^
[INFO] [stdout] ...
[INFO] [stdout] 38 |     pub expedition_place: String,
[INFO] [stdout]    |         ^^^^^^^^^^^^^^^^
[INFO] [stdout]    |
[INFO] [stdout]    = note: `Bill` has a derived impl for the trait `Debug`, but this is intentionally ignored during dead code analysis
[INFO] [stdout]    = note: `#[warn(dead_code)]` on by default
[INFO] [stdout] 
[INFO] [stdout] 
[INFO] [stdout] warning: fields `name` and `fiscal_regiment` are never read
[INFO] [stdout]    --> src/bill.rs:100:9
[INFO] [stdout]     |
[INFO] [stdout] 96  | pub struct Emisor {
[INFO] [stdout]     |            ------ fields in this struct
[INFO] [stdout] ...
[INFO] [stdout] 100 |     pub name: String,
[INFO] [stdout]     |         ^^^^
[INFO] [stdout] 101 |     #[serde(rename = "@RegimenFiscal")]
[INFO] [stdout] 102 |     pub fiscal_regiment: String,
[INFO] [stdout]     |         ^^^^^^^^^^^^^^^
[INFO] [stdout]     |
[INFO] [stdout]     = note: `Emisor` has a derived impl for the trait `Debug`, but this is intentionally ignored during dead code analysis
[INFO] [stdout] 
[INFO] [stdout] 
[INFO] [stdout] warning: fields `name`, `zip_code`, `fiscal_regiment`, and `cfdi_use` are never read
[INFO] [stdout]    --> src/bill.rs:111:9
[INFO] [stdout]     |
[INFO] [stdout] 106 | pub struct Recipient {
[INFO] [stdout]     |            --------- fields in this struct
[INFO] [stdout] ...
[INFO] [stdout] 111 |     pub name: String,
[INFO] [stdout]     |         ^^^^
[INFO] [stdout] ...
[INFO] [stdout] 114 |     pub zip_code: String,
[INFO] [stdout]     |         ^^^^^^^^
[INFO] [stdout] ...
[INFO] [stdout] 117 |     pub fiscal_regiment: String,
[INFO] [stdout]     |         ^^^^^^^^^^^^^^^
[INFO] [stdout] ...
[INFO] [stdout] 120 |     pub cfdi_use: String,
[INFO] [stdout]     |         ^^^^^^^^
[INFO] [stdout]     |
[INFO] [stdout]     = note: `Recipient` has a derived impl for the trait `Debug`, but this is intentionally ignored during dead code analysis
[INFO] [stdout] 
[INFO] [stdout] 
[INFO] [stdout] warning: fields `key`, `quantity`, `unity_key`, `unity`, and `unitary_price` are never read
[INFO] [stdout]    --> src/bill.rs:132:9
[INFO] [stdout]     |
[INFO] [stdout] 130 | pub struct Concept {
[INFO] [stdout]     |            ------- fields in this struct
[INFO] [stdout] 131 |     #[serde(rename = "@ClaveProdServ")]
[INFO] [stdout] 132 |     pub key: String,
[INFO] [stdout]     |         ^^^
[INFO] [stdout] ...
[INFO] [stdout] 135 |     pub quantity: Decimal,
[INFO] [stdout]     |         ^^^^^^^^
[INFO] [stdout] ...
[INFO] [stdout] 138 |     pub unity_key: String,
[INFO] [stdout]     |         ^^^^^^^^^
[INFO] [stdout] ...
[INFO] [stdout] 141 |     pub unity: String,
[INFO] [stdout]     |         ^^^^^
[INFO] [stdout] ...
[INFO] [stdout] 147 |     pub unitary_price: Decimal,
[INFO] [stdout]     |         ^^^^^^^^^^^^^
[INFO] [stdout]     |
[INFO] [stdout]     = note: `Concept` has a derived impl for the trait `Debug`, but this is intentionally ignored during dead code analysis
[INFO] [stdout] 
[INFO] [stdout] 
[INFO] [stderr]     Finished `dev` profile [unoptimized + debuginfo] target(s) in 1m 13s
[INFO] running `Command { std: "docker" "inspect" "f7e0003b703a1a546b9316ece567d1b9f9c8d5413c34805adaa89403eebbe294", kill_on_drop: false }`
[INFO] running `Command { std: "docker" "rm" "-f" "f7e0003b703a1a546b9316ece567d1b9f9c8d5413c34805adaa89403eebbe294", kill_on_drop: false }`
[INFO] [stdout] f7e0003b703a1a546b9316ece567d1b9f9c8d5413c34805adaa89403eebbe294
[INFO] running `Command { std: "docker" "create" "-v" "/var/lib/crater-agent-workspace/builds/worker-0-tc2/target:/opt/rustwide/target:rw,Z" "-v" "/var/lib/crater-agent-workspace/builds/worker-0-tc2/source:/opt/rustwide/workdir:ro,Z" "-v" "/var/lib/crater-agent-workspace/cargo-home:/opt/rustwide/cargo-home:ro,Z" "-v" "/var/lib/crater-agent-workspace/rustup-home:/opt/rustwide/rustup-home:ro,Z" "-e" "SOURCE_DIR=/opt/rustwide/workdir" "-e" "CARGO_TARGET_DIR=/opt/rustwide/target" "-e" "CARGO_INCREMENTAL=0" "-e" "RUST_BACKTRACE=full" "-e" "RUSTFLAGS=--cap-lints=forbid -Zrandomize-layout" "-e" "RUSTDOCFLAGS=--cap-lints=forbid" "-e" "CARGO_HOME=/opt/rustwide/cargo-home" "-e" "RUSTUP_HOME=/opt/rustwide/rustup-home" "-w" "/opt/rustwide/workdir" "-m" "1610612736" "--user" "0:0" "--network" "none" "ghcr.io/rust-lang/crates-build-env/linux@sha256:819108c5571ea2e421544af4d832f968d213c87fbe3707a016657f43d2f853bc" "/opt/rustwide/cargo-home/bin/cargo" "+nightly-2025-01-18" "test" "--frozen" "--no-run" "--message-format=json", kill_on_drop: false }`
[INFO] [stdout] 2055f1fbfd4ca9c6dcc9052367804363a03f5249e3b4a116165a08ba62a07482
[INFO] running `Command { std: "docker" "start" "-a" "2055f1fbfd4ca9c6dcc9052367804363a03f5249e3b4a116165a08ba62a07482", kill_on_drop: false }`
[INFO] [stderr]    Compiling serde_json v1.0.117
[INFO] [stderr]    Compiling itoa v1.0.11
[INFO] [stderr]    Compiling ryu v1.0.18
[INFO] [stderr]    Compiling satr v0.1.2 (/opt/rustwide/workdir)
[INFO] [stdout] warning: unused import: `borrow::Cow`
[INFO] [stdout]  --> src/cli/list.rs:1:11
[INFO] [stdout]   |
[INFO] [stdout] 1 | use std::{borrow::Cow, env, path::PathBuf};
[INFO] [stdout]   |           ^^^^^^^^^^^
[INFO] [stdout]   |
[INFO] [stdout]   = note: `#[warn(unused_imports)]` on by default
[INFO] [stdout] 
[INFO] [stdout] 
[INFO] [stdout] warning: unused import: `borrow::Cow`
[INFO] [stdout]  --> src/reporter.rs:1:11
[INFO] [stdout]   |
[INFO] [stdout] 1 | use std::{borrow::Cow, path::Path};
[INFO] [stdout]   |           ^^^^^^^^^^^
[INFO] [stdout] 
[INFO] [stdout] 
[INFO] [stdout] warning: multiple fields are never read
[INFO] [stdout]   --> src/bill.rs:11:9
[INFO] [stdout]    |
[INFO] [stdout] 9  | pub struct Bill {
[INFO] [stdout]    |            ---- fields in this struct
[INFO] [stdout] 10 |     #[serde(rename = "@Version")]
[INFO] [stdout] 11 |     pub version: String,
[INFO] [stdout]    |         ^^^^^^^
[INFO] [stdout] ...
[INFO] [stdout] 17 |     pub pay_form: String,
[INFO] [stdout]    |         ^^^^^^^^
[INFO] [stdout] ...
[INFO] [stdout] 23 |     pub currency: String,
[INFO] [stdout]    |         ^^^^^^^^
[INFO] [stdout] ...
[INFO] [stdout] 29 |     pub receipt_type: String,
[INFO] [stdout]    |         ^^^^^^^^^^^^
[INFO] [stdout] ...
[INFO] [stdout] 32 |     pub exportation: String,
[INFO] [stdout]    |         ^^^^^^^^^^^
[INFO] [stdout] ...
[INFO] [stdout] 35 |     pub pay_method: String,
[INFO] [stdout]    |         ^^^^^^^^^^
[INFO] [stdout] ...
[INFO] [stdout] 38 |     pub expedition_place: String,
[INFO] [stdout]    |         ^^^^^^^^^^^^^^^^
[INFO] [stdout]    |
[INFO] [stdout]    = note: `Bill` has a derived impl for the trait `Debug`, but this is intentionally ignored during dead code analysis
[INFO] [stdout]    = note: `#[warn(dead_code)]` on by default
[INFO] [stdout] 
[INFO] [stdout] 
[INFO] [stdout] warning: fields `name` and `fiscal_regiment` are never read
[INFO] [stdout]    --> src/bill.rs:100:9
[INFO] [stdout]     |
[INFO] [stdout] 96  | pub struct Emisor {
[INFO] [stdout]     |            ------ fields in this struct
[INFO] [stdout] ...
[INFO] [stdout] 100 |     pub name: String,
[INFO] [stdout]     |         ^^^^
[INFO] [stdout] 101 |     #[serde(rename = "@RegimenFiscal")]
[INFO] [stdout] 102 |     pub fiscal_regiment: String,
[INFO] [stdout]     |         ^^^^^^^^^^^^^^^
[INFO] [stdout]     |
[INFO] [stdout]     = note: `Emisor` has a derived impl for the trait `Debug`, but this is intentionally ignored during dead code analysis
[INFO] [stdout] 
[INFO] [stdout] 
[INFO] [stdout] warning: fields `name`, `zip_code`, `fiscal_regiment`, and `cfdi_use` are never read
[INFO] [stdout]    --> src/bill.rs:111:9
[INFO] [stdout]     |
[INFO] [stdout] 106 | pub struct Recipient {
[INFO] [stdout]     |            --------- fields in this struct
[INFO] [stdout] ...
[INFO] [stdout] 111 |     pub name: String,
[INFO] [stdout]     |         ^^^^
[INFO] [stdout] ...
[INFO] [stdout] 114 |     pub zip_code: String,
[INFO] [stdout]     |         ^^^^^^^^
[INFO] [stdout] ...
[INFO] [stdout] 117 |     pub fiscal_regiment: String,
[INFO] [stdout]     |         ^^^^^^^^^^^^^^^
[INFO] [stdout] ...
[INFO] [stdout] 120 |     pub cfdi_use: String,
[INFO] [stdout]     |         ^^^^^^^^
[INFO] [stdout]     |
[INFO] [stdout]     = note: `Recipient` has a derived impl for the trait `Debug`, but this is intentionally ignored during dead code analysis
[INFO] [stdout] 
[INFO] [stdout] 
[INFO] [stdout] warning: fields `key`, `quantity`, `unity_key`, `unity`, and `unitary_price` are never read
[INFO] [stdout]    --> src/bill.rs:132:9
[INFO] [stdout]     |
[INFO] [stdout] 130 | pub struct Concept {
[INFO] [stdout]     |            ------- fields in this struct
[INFO] [stdout] 131 |     #[serde(rename = "@ClaveProdServ")]
[INFO] [stdout] 132 |     pub key: String,
[INFO] [stdout]     |         ^^^
[INFO] [stdout] ...
[INFO] [stdout] 135 |     pub quantity: Decimal,
[INFO] [stdout]     |         ^^^^^^^^
[INFO] [stdout] ...
[INFO] [stdout] 138 |     pub unity_key: String,
[INFO] [stdout]     |         ^^^^^^^^^
[INFO] [stdout] ...
[INFO] [stdout] 141 |     pub unity: String,
[INFO] [stdout]     |         ^^^^^
[INFO] [stdout] ...
[INFO] [stdout] 147 |     pub unitary_price: Decimal,
[INFO] [stdout]     |         ^^^^^^^^^^^^^
[INFO] [stdout]     |
[INFO] [stdout]     = note: `Concept` has a derived impl for the trait `Debug`, but this is intentionally ignored during dead code analysis
[INFO] [stdout] 
[INFO] [stdout] 
[INFO] [stderr]     Finished `test` profile [unoptimized + debuginfo] target(s) in 4.33s
[INFO] running `Command { std: "docker" "inspect" "2055f1fbfd4ca9c6dcc9052367804363a03f5249e3b4a116165a08ba62a07482", kill_on_drop: false }`
[INFO] running `Command { std: "docker" "rm" "-f" "2055f1fbfd4ca9c6dcc9052367804363a03f5249e3b4a116165a08ba62a07482", kill_on_drop: false }`
[INFO] [stdout] 2055f1fbfd4ca9c6dcc9052367804363a03f5249e3b4a116165a08ba62a07482
[INFO] running `Command { std: "docker" "create" "-v" "/var/lib/crater-agent-workspace/builds/worker-0-tc2/target:/opt/rustwide/target:rw,Z" "-v" "/var/lib/crater-agent-workspace/builds/worker-0-tc2/source:/opt/rustwide/workdir:ro,Z" "-v" "/var/lib/crater-agent-workspace/cargo-home:/opt/rustwide/cargo-home:ro,Z" "-v" "/var/lib/crater-agent-workspace/rustup-home:/opt/rustwide/rustup-home:ro,Z" "-e" "SOURCE_DIR=/opt/rustwide/workdir" "-e" "CARGO_TARGET_DIR=/opt/rustwide/target" "-e" "CARGO_INCREMENTAL=0" "-e" "RUST_BACKTRACE=full" "-e" "RUSTFLAGS=--cap-lints=forbid -Zrandomize-layout" "-e" "RUSTDOCFLAGS=--cap-lints=forbid" "-e" "CARGO_HOME=/opt/rustwide/cargo-home" "-e" "RUSTUP_HOME=/opt/rustwide/rustup-home" "-w" "/opt/rustwide/workdir" "-m" "1610612736" "--user" "0:0" "--network" "none" "ghcr.io/rust-lang/crates-build-env/linux@sha256:819108c5571ea2e421544af4d832f968d213c87fbe3707a016657f43d2f853bc" "/opt/rustwide/cargo-home/bin/cargo" "+nightly-2025-01-18" "test" "--frozen", kill_on_drop: false }`
[INFO] [stdout] fedd173417fc4ef36008c2296324280d1745c3a230772a1f5079a48ae10822d5
[INFO] running `Command { std: "docker" "start" "-a" "fedd173417fc4ef36008c2296324280d1745c3a230772a1f5079a48ae10822d5", kill_on_drop: false }`
[INFO] [stderr] warning: unused import: `borrow::Cow`
[INFO] [stderr]  --> src/cli/list.rs:1:11
[INFO] [stderr]   |
[INFO] [stderr] 1 | use std::{borrow::Cow, env, path::PathBuf};
[INFO] [stderr]   |           ^^^^^^^^^^^
[INFO] [stderr]   |
[INFO] [stderr]   = note: `#[warn(unused_imports)]` on by default
[INFO] [stderr] 
[INFO] [stderr] warning: unused import: `borrow::Cow`
[INFO] [stderr]  --> src/reporter.rs:1:11
[INFO] [stderr]   |
[INFO] [stderr] 1 | use std::{borrow::Cow, path::Path};
[INFO] [stderr]   |           ^^^^^^^^^^^
[INFO] [stderr] 
[INFO] [stderr] warning: multiple fields are never read
[INFO] [stderr]   --> src/bill.rs:11:9
[INFO] [stderr]    |
[INFO] [stderr] 9  | pub struct Bill {
[INFO] [stderr]    |            ---- fields in this struct
[INFO] [stderr] 10 |     #[serde(rename = "@Version")]
[INFO] [stderr] 11 |     pub version: String,
[INFO] [stderr]    |         ^^^^^^^
[INFO] [stderr] ...
[INFO] [stderr] 17 |     pub pay_form: String,
[INFO] [stderr]    |         ^^^^^^^^
[INFO] [stderr] ...
[INFO] [stderr] 23 |     pub currency: String,
[INFO] [stderr]    |         ^^^^^^^^
[INFO] [stderr] ...
[INFO] [stderr] 29 |     pub receipt_type: String,
[INFO] [stderr]    |         ^^^^^^^^^^^^
[INFO] [stderr] ...
[INFO] [stderr] 32 |     pub exportation: String,
[INFO] [stderr]    |         ^^^^^^^^^^^
[INFO] [stderr] ...
[INFO] [stderr] 35 |     pub pay_method: String,
[INFO] [stderr]    |         ^^^^^^^^^^
[INFO] [stderr] ...
[INFO] [stderr] 38 |     pub expedition_place: String,
[INFO] [stderr]    |         ^^^^^^^^^^^^^^^^
[INFO] [stderr]    |
[INFO] [stderr]    = note: `Bill` has a derived impl for the trait `Debug`, but this is intentionally ignored during dead code analysis
[INFO] [stderr]    = note: `#[warn(dead_code)]` on by default
[INFO] [stderr] 
[INFO] [stderr] warning: fields `name` and `fiscal_regiment` are never read
[INFO] [stderr]    --> src/bill.rs:100:9
[INFO] [stderr]     |
[INFO] [stderr] 96  | pub struct Emisor {
[INFO] [stderr]     |            ------ fields in this struct
[INFO] [stderr] ...
[INFO] [stderr] 100 |     pub name: String,
[INFO] [stderr]     |         ^^^^
[INFO] [stderr] 101 |     #[serde(rename = "@RegimenFiscal")]
[INFO] [stderr] 102 |     pub fiscal_regiment: String,
[INFO] [stderr]     |         ^^^^^^^^^^^^^^^
[INFO] [stderr]     |
[INFO] [stderr]     = note: `Emisor` has a derived impl for the trait `Debug`, but this is intentionally ignored during dead code analysis
[INFO] [stderr] 
[INFO] [stderr] warning: fields `name`, `zip_code`, `fiscal_regiment`, and `cfdi_use` are never read
[INFO] [stderr]    --> src/bill.rs:111:9
[INFO] [stderr]     |
[INFO] [stderr] 106 | pub struct Recipient {
[INFO] [stderr]     |            --------- fields in this struct
[INFO] [stderr] ...
[INFO] [stderr] 111 |     pub name: String,
[INFO] [stderr]     |         ^^^^
[INFO] [stderr] ...
[INFO] [stderr] 114 |     pub zip_code: String,
[INFO] [stderr]     |         ^^^^^^^^
[INFO] [stderr] ...
[INFO] [stderr] 117 |     pub fiscal_regiment: String,
[INFO] [stderr]     |         ^^^^^^^^^^^^^^^
[INFO] [stderr] ...
[INFO] [stderr] 120 |     pub cfdi_use: String,
[INFO] [stderr]     |         ^^^^^^^^
[INFO] [stderr]     |
[INFO] [stderr]     = note: `Recipient` has a derived impl for the trait `Debug`, but this is intentionally ignored during dead code analysis
[INFO] [stderr] 
[INFO] [stderr] warning: fields `key`, `quantity`, `unity_key`, `unity`, and `unitary_price` are never read
[INFO] [stderr]    --> src/bill.rs:132:9
[INFO] [stderr]     |
[INFO] [stderr] 130 | pub struct Concept {
[INFO] [stderr]     |            ------- fields in this struct
[INFO] [stderr] 131 |     #[serde(rename = "@ClaveProdServ")]
[INFO] [stderr] 132 |     pub key: String,
[INFO] [stderr]     |         ^^^
[INFO] [stderr] ...
[INFO] [stderr] 135 |     pub quantity: Decimal,
[INFO] [stderr]     |         ^^^^^^^^
[INFO] [stderr] ...
[INFO] [stderr] 138 |     pub unity_key: String,
[INFO] [stderr]     |         ^^^^^^^^^
[INFO] [stderr] ...
[INFO] [stderr] 141 |     pub unity: String,
[INFO] [stderr]     |         ^^^^^
[INFO] [stderr] ...
[INFO] [stderr] 147 |     pub unitary_price: Decimal,
[INFO] [stderr]     |         ^^^^^^^^^^^^^
[INFO] [stderr]     |
[INFO] [stderr]     = note: `Concept` has a derived impl for the trait `Debug`, but this is intentionally ignored during dead code analysis
[INFO] [stderr] 
[INFO] [stderr] warning: `satr` (bin "satr" test) generated 6 warnings (run `cargo fix --bin "satr" --tests` to apply 2 suggestions)
[INFO] [stderr]     Finished `test` profile [unoptimized + debuginfo] target(s) in 0.19s
[INFO] [stderr]      Running unittests src/main.rs (/opt/rustwide/target/debug/deps/satr-d0bfd5b7f8598039)
[INFO] [stdout] 
[INFO] [stdout] running 5 tests
[INFO] [stdout] test tests::date_time_deserialize_works ... ok
[INFO] [stdout] test tests::date_time_parse_works ... ok
[INFO] [stdout] test tests::bill_parsing_works ... FAILED
[INFO] [stdout] test tests::zip_extract_works ... FAILED
[INFO] [stdout] test tests::deserialize_works ... FAILED
[INFO] [stdout] 
[INFO] [stdout] failures:
[INFO] [stdout] 
[INFO] [stdout] ---- tests::bill_parsing_works stdout ----
[INFO] [stdout] 
[INFO] [stdout] thread 'tests::bill_parsing_works' panicked at src/tests.rs:64:50:
[INFO] [stdout] Error al obtener XMLs: "IO error for operation on /opt/rustwide/workdir/.assets: No such file or directory (os error 2)"
[INFO] [stdout] stack backtrace:
[INFO] [stdout]    0:     0x635fec5cfb8a - std::backtrace_rs::backtrace::libunwind::trace::hb059275cfc8d6126
[INFO] [stdout]                                at /rustc/6067b36314ab5eb2eb47cecc464545ba58e1ad24/library/std/src/../../backtrace/src/backtrace/libunwind.rs:116:5
[INFO] [stdout]    1:     0x635fec5cfb8a - std::backtrace_rs::backtrace::trace_unsynchronized::h2da071e4327ce3ee
[INFO] [stdout]                                at /rustc/6067b36314ab5eb2eb47cecc464545ba58e1ad24/library/std/src/../../backtrace/src/backtrace/mod.rs:66:5
[INFO] [stdout]    2:     0x635fec5cfb8a - std::sys::backtrace::_print_fmt::h842a1474e6f8d23f
[INFO] [stdout]                                at /rustc/6067b36314ab5eb2eb47cecc464545ba58e1ad24/library/std/src/sys/backtrace.rs:66:9
[INFO] [stdout]    3:     0x635fec5cfb8a - <std::sys::backtrace::BacktraceLock::print::DisplayBacktrace as core::fmt::Display>::fmt::h71a62eb3b9696b12
[INFO] [stdout]                                at /rustc/6067b36314ab5eb2eb47cecc464545ba58e1ad24/library/std/src/sys/backtrace.rs:39:26
[INFO] [stdout]    4:     0x635fec5f88e3 - core::fmt::rt::Argument::fmt::hdb6b616786b41dc1
[INFO] [stdout]                                at /rustc/6067b36314ab5eb2eb47cecc464545ba58e1ad24/library/core/src/fmt/rt.rs:177:76
[INFO] [stdout]    5:     0x635fec5f88e3 - core::fmt::write::h2cc1698af7e2d686
[INFO] [stdout]                                at /rustc/6067b36314ab5eb2eb47cecc464545ba58e1ad24/library/core/src/fmt/mod.rs:1440:21
[INFO] [stdout]    6:     0x635fec5cc433 - std::io::Write::write_fmt::hab1b4cd059a79022
[INFO] [stdout]                                at /rustc/6067b36314ab5eb2eb47cecc464545ba58e1ad24/library/std/src/io/mod.rs:1887:15
[INFO] [stdout]    7:     0x635fec5cf9d2 - std::sys::backtrace::BacktraceLock::print::h147fe35b4ea13b08
[INFO] [stdout]                                at /rustc/6067b36314ab5eb2eb47cecc464545ba58e1ad24/library/std/src/sys/backtrace.rs:42:9
[INFO] [stdout]    8:     0x635fec5d0faf - std::panicking::default_hook::{{closure}}::hbd44223dbdc0d208
[INFO] [stdout]                                at /rustc/6067b36314ab5eb2eb47cecc464545ba58e1ad24/library/std/src/panicking.rs:298:22
[INFO] [stdout]    9:     0x635fec5d0dc8 - std::panicking::default_hook::h20f81eb0576efcec
[INFO] [stdout]                                at /rustc/6067b36314ab5eb2eb47cecc464545ba58e1ad24/library/std/src/panicking.rs:322:9
[INFO] [stdout]   10:     0x635fec5308d3 - <alloc::boxed::Box<F,A> as core::ops::function::Fn<Args>>::call::hdb53814c496a4d34
[INFO] [stdout]                                at /rustc/6067b36314ab5eb2eb47cecc464545ba58e1ad24/library/alloc/src/boxed.rs:2027:9
[INFO] [stdout]   11:     0x635fec5308d3 - test::test_main::{{closure}}::hc0a4963c59427c24
[INFO] [stdout]                                at /rustc/6067b36314ab5eb2eb47cecc464545ba58e1ad24/library/test/src/lib.rs:134:21
[INFO] [stdout]   12:     0x635fec5d1aa3 - <alloc::boxed::Box<F,A> as core::ops::function::Fn<Args>>::call::h591b2225413a77e9
[INFO] [stdout]                                at /rustc/6067b36314ab5eb2eb47cecc464545ba58e1ad24/library/alloc/src/boxed.rs:2027:9
[INFO] [stdout]   13:     0x635fec5d1aa3 - std::panicking::rust_panic_with_hook::h625eea43051b2edc
[INFO] [stdout]                                at /rustc/6067b36314ab5eb2eb47cecc464545ba58e1ad24/library/std/src/panicking.rs:839:13
[INFO] [stdout]   14:     0x635fec5d175a - std::panicking::begin_panic_handler::{{closure}}::h4f9159cfbc3f6bd3
[INFO] [stdout]                                at /rustc/6067b36314ab5eb2eb47cecc464545ba58e1ad24/library/std/src/panicking.rs:704:13
[INFO] [stdout]   15:     0x635fec5d0089 - std::sys::backtrace::__rust_end_short_backtrace::h0390abce48353151
[INFO] [stdout]                                at /rustc/6067b36314ab5eb2eb47cecc464545ba58e1ad24/library/std/src/sys/backtrace.rs:168:18
[INFO] [stdout]   16:     0x635fec5d13ed - rust_begin_unwind
[INFO] [stdout]                                at /rustc/6067b36314ab5eb2eb47cecc464545ba58e1ad24/library/std/src/panicking.rs:695:5
[INFO] [stdout]   17:     0x635fec5f6d80 - core::panicking::panic_fmt::h9e7c637e9e5f29c9
[INFO] [stdout]                                at /rustc/6067b36314ab5eb2eb47cecc464545ba58e1ad24/library/core/src/panicking.rs:75:14
[INFO] [stdout]   18:     0x635fec5f71f6 - core::result::unwrap_failed::h7979f09313fe1849
[INFO] [stdout]                                at /rustc/6067b36314ab5eb2eb47cecc464545ba58e1ad24/library/core/src/result.rs:1704:5
[INFO] [stdout]   19:     0x635fec3acbd6 - core::result::Result<T,E>::expect::h791e2576253fd2f1
[INFO] [stdout]                                at /rustc/6067b36314ab5eb2eb47cecc464545ba58e1ad24/library/core/src/result.rs:1061:23
[INFO] [stdout]   20:     0x635fec3b2fec - satr::tests::bill_parsing_works::h339b47a1be5b3817
[INFO] [stdout]                                at /opt/rustwide/workdir/src/tests.rs:64:16
[INFO] [stdout]   21:     0x635fec3b2f77 - satr::tests::bill_parsing_works::{{closure}}::hf8f834810afa4132
[INFO] [stdout]                                at /opt/rustwide/workdir/src/tests.rs:62:24
[INFO] [stdout]   22:     0x635fec3f23e6 - core::ops::function::FnOnce::call_once::h4e455b1992eec992
[INFO] [stdout]                                at /rustc/6067b36314ab5eb2eb47cecc464545ba58e1ad24/library/core/src/ops/function.rs:250:5
[INFO] [stdout]   23:     0x635fec53602b - core::ops::function::FnOnce::call_once::he27718dfdd183f43
[INFO] [stdout]                                at /rustc/6067b36314ab5eb2eb47cecc464545ba58e1ad24/library/core/src/ops/function.rs:250:5
[INFO] [stdout]   24:     0x635fec53602b - test::__rust_begin_short_backtrace::h4e84902998457a5d
[INFO] [stdout]                                at /rustc/6067b36314ab5eb2eb47cecc464545ba58e1ad24/library/test/src/lib.rs:632:18
[INFO] [stdout]   25:     0x635fec534f63 - test::run_test_in_process::{{closure}}::h7176fd18fc1feca0
[INFO] [stdout]                                at /rustc/6067b36314ab5eb2eb47cecc464545ba58e1ad24/library/test/src/lib.rs:655:60
[INFO] [stdout]   26:     0x635fec534f63 - <core::panic::unwind_safe::AssertUnwindSafe<F> as core::ops::function::FnOnce<()>>::call_once::hf79cff2a624d8cf7
[INFO] [stdout]                                at /rustc/6067b36314ab5eb2eb47cecc464545ba58e1ad24/library/core/src/panic/unwind_safe.rs:272:9
[INFO] [stdout]   27:     0x635fec534f63 - std::panicking::try::do_call::h3da0561d9ab99c25
[INFO] [stdout]                                at /rustc/6067b36314ab5eb2eb47cecc464545ba58e1ad24/library/std/src/panicking.rs:587:40
[INFO] [stdout]   28:     0x635fec534f63 - std::panicking::try::h41c9fa508bc61df6
[INFO] [stdout]                                at /rustc/6067b36314ab5eb2eb47cecc464545ba58e1ad24/library/std/src/panicking.rs:550:19
[INFO] [stdout]   29:     0x635fec534f63 - std::panic::catch_unwind::h6b3ff07bb5afad93
[INFO] [stdout]                                at /rustc/6067b36314ab5eb2eb47cecc464545ba58e1ad24/library/std/src/panic.rs:358:14
[INFO] [stdout]   30:     0x635fec534f63 - test::run_test_in_process::hc7253dd11b39b9f4
[INFO] [stdout]                                at /rustc/6067b36314ab5eb2eb47cecc464545ba58e1ad24/library/test/src/lib.rs:655:27
[INFO] [stdout]   31:     0x635fec534f63 - test::run_test::{{closure}}::hfb2007f8649c30bb
[INFO] [stdout]                                at /rustc/6067b36314ab5eb2eb47cecc464545ba58e1ad24/library/test/src/lib.rs:576:43
[INFO] [stdout]   32:     0x635fec4f8045 - test::run_test::{{closure}}::h56a17aa7a282a9f4
[INFO] [stdout]                                at /rustc/6067b36314ab5eb2eb47cecc464545ba58e1ad24/library/test/src/lib.rs:606:41
[INFO] [stdout]   33:     0x635fec4f8045 - std::sys::backtrace::__rust_begin_short_backtrace::hd2d2d2fb8e8c6aac
[INFO] [stdout]                                at /rustc/6067b36314ab5eb2eb47cecc464545ba58e1ad24/library/std/src/sys/backtrace.rs:152:18
[INFO] [stdout]   34:     0x635fec4fb92a - std::thread::Builder::spawn_unchecked_::{{closure}}::{{closure}}::h4faa3f9db6133423
[INFO] [stdout]                                at /rustc/6067b36314ab5eb2eb47cecc464545ba58e1ad24/library/std/src/thread/mod.rs:559:17
[INFO] [stdout]   35:     0x635fec4fb92a - <core::panic::unwind_safe::AssertUnwindSafe<F> as core::ops::function::FnOnce<()>>::call_once::hf2e855a36a4ea846
[INFO] [stdout]                                at /rustc/6067b36314ab5eb2eb47cecc464545ba58e1ad24/library/core/src/panic/unwind_safe.rs:272:9
[INFO] [stdout]   36:     0x635fec4fb92a - std::panicking::try::do_call::h2f73af3616c35465
[INFO] [stdout]                                at /rustc/6067b36314ab5eb2eb47cecc464545ba58e1ad24/library/std/src/panicking.rs:587:40
[INFO] [stdout]   37:     0x635fec4fb92a - std::panicking::try::hd1660ce9efadef5a
[INFO] [stdout]                                at /rustc/6067b36314ab5eb2eb47cecc464545ba58e1ad24/library/std/src/panicking.rs:550:19
[INFO] [stdout]   38:     0x635fec4fb92a - std::panic::catch_unwind::h5ee8d7823b8ca744
[INFO] [stdout]                                at /rustc/6067b36314ab5eb2eb47cecc464545ba58e1ad24/library/std/src/panic.rs:358:14
[INFO] [stdout]   39:     0x635fec4fb92a - std::thread::Builder::spawn_unchecked_::{{closure}}::h53c3a1894dce8407
[INFO] [stdout]                                at /rustc/6067b36314ab5eb2eb47cecc464545ba58e1ad24/library/std/src/thread/mod.rs:557:30
[INFO] [stdout]   40:     0x635fec4fb92a - core::ops::function::FnOnce::call_once{{vtable.shim}}::h048ce291ad4f62bf
[INFO] [stdout]                                at /rustc/6067b36314ab5eb2eb47cecc464545ba58e1ad24/library/core/src/ops/function.rs:250:5
[INFO] [stdout]   41:     0x635fec5d620b - <alloc::boxed::Box<F,A> as core::ops::function::FnOnce<Args>>::call_once::ha52bedf99a3b4981
[INFO] [stdout]                                at /rustc/6067b36314ab5eb2eb47cecc464545ba58e1ad24/library/alloc/src/boxed.rs:2013:9
[INFO] [stdout]   42:     0x635fec5d620b - <alloc::boxed::Box<F,A> as core::ops::function::FnOnce<Args>>::call_once::h567748934d80ccf8
[INFO] [stdout]                                at /rustc/6067b36314ab5eb2eb47cecc464545ba58e1ad24/library/alloc/src/boxed.rs:2013:9
[INFO] [stdout]   43:     0x635fec5d620b - std::sys::pal::unix::thread::Thread::new::thread_start::h2d970728ae887adc
[INFO] [stdout]                                at /rustc/6067b36314ab5eb2eb47cecc464545ba58e1ad24/library/std/src/sys/pal/unix/thread.rs:106:17
[INFO] [stdout]   44:     0x79d78ce2cac3 - <unknown>
[INFO] [stdout]   45:     0x79d78cebda04 - clone
[INFO] [stdout]   46:                0x0 - <unknown>
[INFO] [stdout] 
[INFO] [stdout] ---- tests::zip_extract_works stdout ----
[INFO] [stdout] 
[INFO] [stdout] thread 'tests::zip_extract_works' panicked at src/tests.rs:33:51:
[INFO] [stdout] Error al extraer los  archivos XML: "No such file or directory (os error 2)"
[INFO] [stdout] stack backtrace:
[INFO] [stdout]    0:     0x635fec5cfb8a - std::backtrace_rs::backtrace::libunwind::trace::hb059275cfc8d6126
[INFO] [stdout]                                at /rustc/6067b36314ab5eb2eb47cecc464545ba58e1ad24/library/std/src/../../backtrace/src/backtrace/libunwind.rs:116:5
[INFO] [stdout]    1:     0x635fec5cfb8a - std::backtrace_rs::backtrace::trace_unsynchronized::h2da071e4327ce3ee
[INFO] [stdout]                                at /rustc/6067b36314ab5eb2eb47cecc464545ba58e1ad24/library/std/src/../../backtrace/src/backtrace/mod.rs:66:5
[INFO] [stdout]    2:     0x635fec5cfb8a - std::sys::backtrace::_print_fmt::h842a1474e6f8d23f
[INFO] [stdout]                                at /rustc/6067b36314ab5eb2eb47cecc464545ba58e1ad24/library/std/src/sys/backtrace.rs:66:9
[INFO] [stdout]    3:     0x635fec5cfb8a - <std::sys::backtrace::BacktraceLock::print::DisplayBacktrace as core::fmt::Display>::fmt::h71a62eb3b9696b12
[INFO] [stdout]                                at /rustc/6067b36314ab5eb2eb47cecc464545ba58e1ad24/library/std/src/sys/backtrace.rs:39:26
[INFO] [stdout]    4:     0x635fec5f88e3 - core::fmt::rt::Argument::fmt::hdb6b616786b41dc1
[INFO] [stdout]                                at /rustc/6067b36314ab5eb2eb47cecc464545ba58e1ad24/library/core/src/fmt/rt.rs:177:76
[INFO] [stdout]    5:     0x635fec5f88e3 - core::fmt::write::h2cc1698af7e2d686
[INFO] [stdout]                                at /rustc/6067b36314ab5eb2eb47cecc464545ba58e1ad24/library/core/src/fmt/mod.rs:1440:21
[INFO] [stdout]    6:     0x635fec5cc433 - std::io::Write::write_fmt::hab1b4cd059a79022
[INFO] [stdout]                                at /rustc/6067b36314ab5eb2eb47cecc464545ba58e1ad24/library/std/src/io/mod.rs:1887:15
[INFO] [stdout]    7:     0x635fec5cf9d2 - std::sys::backtrace::BacktraceLock::print::h147fe35b4ea13b08
[INFO] [stdout]                                at /rustc/6067b36314ab5eb2eb47cecc464545ba58e1ad24/library/std/src/sys/backtrace.rs:42:9
[INFO] [stdout]    8:     0x635fec5d0faf - std::panicking::default_hook::{{closure}}::hbd44223dbdc0d208
[INFO] [stdout]                                at /rustc/6067b36314ab5eb2eb47cecc464545ba58e1ad24/library/std/src/panicking.rs:298:22
[INFO] [stdout]    9:     0x635fec5d0dc8 - std::panicking::default_hook::h20f81eb0576efcec
[INFO] [stdout]                                at /rustc/6067b36314ab5eb2eb47cecc464545ba58e1ad24/library/std/src/panicking.rs:322:9
[INFO] [stdout]   10:     0x635fec5308d3 - <alloc::boxed::Box<F,A> as core::ops::function::Fn<Args>>::call::hdb53814c496a4d34
[INFO] [stdout]                                at /rustc/6067b36314ab5eb2eb47cecc464545ba58e1ad24/library/alloc/src/boxed.rs:2027:9
[INFO] [stdout]   11:     0x635fec5308d3 - test::test_main::{{closure}}::hc0a4963c59427c24
[INFO] [stdout]                                at /rustc/6067b36314ab5eb2eb47cecc464545ba58e1ad24/library/test/src/lib.rs:134:21
[INFO] [stdout]   12:     0x635fec5d1aa3 - <alloc::boxed::Box<F,A> as core::ops::function::Fn<Args>>::call::h591b2225413a77e9
[INFO] [stdout]                                at /rustc/6067b36314ab5eb2eb47cecc464545ba58e1ad24/library/alloc/src/boxed.rs:2027:9
[INFO] [stdout]   13:     0x635fec5d1aa3 - std::panicking::rust_panic_with_hook::h625eea43051b2edc
[INFO] [stdout]                                at /rustc/6067b36314ab5eb2eb47cecc464545ba58e1ad24/library/std/src/panicking.rs:839:13
[INFO] [stdout]   14:     0x635fec5d175a - std::panicking::begin_panic_handler::{{closure}}::h4f9159cfbc3f6bd3
[INFO] [stdout]                                at /rustc/6067b36314ab5eb2eb47cecc464545ba58e1ad24/library/std/src/panicking.rs:704:13
[INFO] [stdout]   15:     0x635fec5d0089 - std::sys::backtrace::__rust_end_short_backtrace::h0390abce48353151
[INFO] [stdout]                                at /rustc/6067b36314ab5eb2eb47cecc464545ba58e1ad24/library/std/src/sys/backtrace.rs:168:18
[INFO] [stdout]   16:     0x635fec5d13ed - rust_begin_unwind
[INFO] [stdout]                                at /rustc/6067b36314ab5eb2eb47cecc464545ba58e1ad24/library/std/src/panicking.rs:695:5
[INFO] [stdout]   17:     0x635fec5f6d80 - core::panicking::panic_fmt::h9e7c637e9e5f29c9
[INFO] [stdout]                                at /rustc/6067b36314ab5eb2eb47cecc464545ba58e1ad24/library/core/src/panicking.rs:75:14
[INFO] [stdout]   18:     0x635fec5f71f6 - core::result::unwrap_failed::h7979f09313fe1849
[INFO] [stdout]                                at /rustc/6067b36314ab5eb2eb47cecc464545ba58e1ad24/library/core/src/result.rs:1704:5
[INFO] [stdout]   19:     0x635fec3acbd6 - core::result::Result<T,E>::expect::h791e2576253fd2f1
[INFO] [stdout]                                at /rustc/6067b36314ab5eb2eb47cecc464545ba58e1ad24/library/core/src/result.rs:1061:23
[INFO] [stdout]   20:     0x635fec3b2646 - satr::tests::zip_extract_works::h7f7dcca1a321c45c
[INFO] [stdout]                                at /opt/rustwide/workdir/src/tests.rs:33:9
[INFO] [stdout]   21:     0x635fec3b2577 - satr::tests::zip_extract_works::{{closure}}::h02ed0b674a998c89
[INFO] [stdout]                                at /opt/rustwide/workdir/src/tests.rs:28:23
[INFO] [stdout]   22:     0x635fec3f2346 - core::ops::function::FnOnce::call_once::h462ff2c330a7000f
[INFO] [stdout]                                at /rustc/6067b36314ab5eb2eb47cecc464545ba58e1ad24/library/core/src/ops/function.rs:250:5
[INFO] [stdout]   23:     0x635fec53602b - core::ops::function::FnOnce::call_once::he27718dfdd183f43
[INFO] [stdout]                                at /rustc/6067b36314ab5eb2eb47cecc464545ba58e1ad24/library/core/src/ops/function.rs:250:5
[INFO] [stdout]   24:     0x635fec53602b - test::__rust_begin_short_backtrace::h4e84902998457a5d
[INFO] [stdout]                                at /rustc/6067b36314ab5eb2eb47cecc464545ba58e1ad24/library/test/src/lib.rs:632:18
[INFO] [stdout]   25:     0x635fec534f63 - test::run_test_in_process::{{closure}}::h7176fd18fc1feca0
[INFO] [stdout]                                at /rustc/6067b36314ab5eb2eb47cecc464545ba58e1ad24/library/test/src/lib.rs:655:60
[INFO] [stdout]   26:     0x635fec534f63 - <core::panic::unwind_safe::AssertUnwindSafe<F> as core::ops::function::FnOnce<()>>::call_once::hf79cff2a624d8cf7
[INFO] [stdout]                                at /rustc/6067b36314ab5eb2eb47cecc464545ba58e1ad24/library/core/src/panic/unwind_safe.rs:272:9
[INFO] [stdout]   27:     0x635fec534f63 - std::panicking::try::do_call::h3da0561d9ab99c25
[INFO] [stdout]                                at /rustc/6067b36314ab5eb2eb47cecc464545ba58e1ad24/library/std/src/panicking.rs:587:40
[INFO] [stdout]   28:     0x635fec534f63 - std::panicking::try::h41c9fa508bc61df6
[INFO] [stdout]                                at /rustc/6067b36314ab5eb2eb47cecc464545ba58e1ad24/library/std/src/panicking.rs:550:19
[INFO] [stdout]   29:     0x635fec534f63 - std::panic::catch_unwind::h6b3ff07bb5afad93
[INFO] [stdout]                                at /rustc/6067b36314ab5eb2eb47cecc464545ba58e1ad24/library/std/src/panic.rs:358:14
[INFO] [stdout]   30:     0x635fec534f63 - test::run_test_in_process::hc7253dd11b39b9f4
[INFO] [stdout]                                at /rustc/6067b36314ab5eb2eb47cecc464545ba58e1ad24/library/test/src/lib.rs:655:27
[INFO] [stdout]   31:     0x635fec534f63 - test::run_test::{{closure}}::hfb2007f8649c30bb
[INFO] [stdout]                                at /rustc/6067b36314ab5eb2eb47cecc464545ba58e1ad24/library/test/src/lib.rs:576:43
[INFO] [stdout]   32:     0x635fec4f8045 - test::run_test::{{closure}}::h56a17aa7a282a9f4
[INFO] [stdout]                                at /rustc/6067b36314ab5eb2eb47cecc464545ba58e1ad24/library/test/src/lib.rs:606:41
[INFO] [stdout]   33:     0x635fec4f8045 - std::sys::backtrace::__rust_begin_short_backtrace::hd2d2d2fb8e8c6aac
[INFO] [stdout]                                at /rustc/6067b36314ab5eb2eb47cecc464545ba58e1ad24/library/std/src/sys/backtrace.rs:152:18
[INFO] [stdout]   34:     0x635fec4fb92a - std::thread::Builder::spawn_unchecked_::{{closure}}::{{closure}}::h4faa3f9db6133423
[INFO] [stdout]                                at /rustc/6067b36314ab5eb2eb47cecc464545ba58e1ad24/library/std/src/thread/mod.rs:559:17
[INFO] [stdout]   35:     0x635fec4fb92a - <core::panic::unwind_safe::AssertUnwindSafe<F> as core::ops::function::FnOnce<()>>::call_once::hf2e855a36a4ea846
[INFO] [stdout]                                at /rustc/6067b36314ab5eb2eb47cecc464545ba58e1ad24/library/core/src/panic/unwind_safe.rs:272:9
[INFO] [stdout]   36:     0x635fec4fb92a - std::panicking::try::do_call::h2f73af3616c35465
[INFO] [stdout]                                at /rustc/6067b36314ab5eb2eb47cecc464545ba58e1ad24/library/std/src/panicking.rs:587:40
[INFO] [stdout]   37:     0x635fec4fb92a - std::panicking::try::hd1660ce9efadef5a
[INFO] [stdout]                                at /rustc/6067b36314ab5eb2eb47cecc464545ba58e1ad24/library/std/src/panicking.rs:550:19
[INFO] [stdout]   38:     0x635fec4fb92a - std::panic::catch_unwind::h5ee8d7823b8ca744
[INFO] [stdout]                                at /rustc/6067b36314ab5eb2eb47cecc464545ba58e1ad24/library/std/src/panic.rs:358:14
[INFO] [stdout]   39:     0x635fec4fb92a - std::thread::Builder::spawn_unchecked_::{{closure}}::h53c3a1894dce8407
[INFO] [stdout]                                at /rustc/6067b36314ab5eb2eb47cecc464545ba58e1ad24/library/std/src/thread/mod.rs:557:30
[INFO] [stdout]   40:     0x635fec4fb92a - core::ops::function::FnOnce::call_once{{vtable.shim}}::h048ce291ad4f62bf
[INFO] [stdout]                                at /rustc/6067b36314ab5eb2eb47cecc464545ba58e1ad24/library/core/src/ops/function.rs:250:5
[INFO] [stdout]   41:     0x635fec5d620b - <alloc::boxed::Box<F,A> as core::ops::function::FnOnce<Args>>::call_once::ha52bedf99a3b4981
[INFO] [stdout]                                at /rustc/6067b36314ab5eb2eb47cecc464545ba58e1ad24/library/alloc/src/boxed.rs:2013:9
[INFO] [stdout]   42:     0x635fec5d620b - <alloc::boxed::Box<F,A> as core::ops::function::FnOnce<Args>>::call_once::h567748934d80ccf8
[INFO] [stdout]                                at /rustc/6067b36314ab5eb2eb47cecc464545ba58e1ad24/library/alloc/src/boxed.rs:2013:9
[INFO] [stdout]   43:     0x635fec5d620b - std::sys::pal::unix::thread::Thread::new::thread_start::h2d970728ae887adc
[INFO] [stdout]                                at /rustc/6067b36314ab5eb2eb47cecc464545ba58e1ad24/library/std/src/sys/pal/unix/thread.rs:106:17
[INFO] [stdout]   44:     0x79d78ce2cac3 - <unknown>
[INFO] [stdout]   45:     0x79d78cebda04 - clone
[INFO] [stdout]   46:                0x0 - <unknown>
[INFO] [stdout] 
[INFO] [stdout] ---- tests::deserialize_works stdout ----
[INFO] [stdout] "/opt/rustwide/workdir/.assets"
[INFO] [stdout] 
[INFO] [stdout] thread 'tests::deserialize_works' panicked at src/tests.rs:21:51:
[INFO] [stdout] Error al leer el archivo XML: Os { code: 2, kind: NotFound, message: "No such file or directory" }
[INFO] [stdout] stack backtrace:
[INFO] [stdout]    0:     0x635fec5cfb8a - std::backtrace_rs::backtrace::libunwind::trace::hb059275cfc8d6126
[INFO] [stdout]                                at /rustc/6067b36314ab5eb2eb47cecc464545ba58e1ad24/library/std/src/../../backtrace/src/backtrace/libunwind.rs:116:5
[INFO] [stdout]    1:     0x635fec5cfb8a - std::backtrace_rs::backtrace::trace_unsynchronized::h2da071e4327ce3ee
[INFO] [stdout]                                at /rustc/6067b36314ab5eb2eb47cecc464545ba58e1ad24/library/std/src/../../backtrace/src/backtrace/mod.rs:66:5
[INFO] [stdout]    2:     0x635fec5cfb8a - std::sys::backtrace::_print_fmt::h842a1474e6f8d23f
[INFO] [stdout]                                at /rustc/6067b36314ab5eb2eb47cecc464545ba58e1ad24/library/std/src/sys/backtrace.rs:66:9
[INFO] [stdout]    3:     0x635fec5cfb8a - <std::sys::backtrace::BacktraceLock::print::DisplayBacktrace as core::fmt::Display>::fmt::h71a62eb3b9696b12
[INFO] [stdout]                                at /rustc/6067b36314ab5eb2eb47cecc464545ba58e1ad24/library/std/src/sys/backtrace.rs:39:26
[INFO] [stdout]    4:     0x635fec5f88e3 - core::fmt::rt::Argument::fmt::hdb6b616786b41dc1
[INFO] [stdout]                                at /rustc/6067b36314ab5eb2eb47cecc464545ba58e1ad24/library/core/src/fmt/rt.rs:177:76
[INFO] [stdout]    5:     0x635fec5f88e3 - core::fmt::write::h2cc1698af7e2d686
[INFO] [stdout]                                at /rustc/6067b36314ab5eb2eb47cecc464545ba58e1ad24/library/core/src/fmt/mod.rs:1440:21
[INFO] [stdout]    6:     0x635fec5cc433 - std::io::Write::write_fmt::hab1b4cd059a79022
[INFO] [stdout]                                at /rustc/6067b36314ab5eb2eb47cecc464545ba58e1ad24/library/std/src/io/mod.rs:1887:15
[INFO] [stdout]    7:     0x635fec5cf9d2 - std::sys::backtrace::BacktraceLock::print::h147fe35b4ea13b08
[INFO] [stdout]                                at /rustc/6067b36314ab5eb2eb47cecc464545ba58e1ad24/library/std/src/sys/backtrace.rs:42:9
[INFO] [stdout]    8:     0x635fec5d0faf - std::panicking::default_hook::{{closure}}::hbd44223dbdc0d208
[INFO] [stdout]                                at /rustc/6067b36314ab5eb2eb47cecc464545ba58e1ad24/library/std/src/panicking.rs:298:22
[INFO] [stdout]    9:     0x635fec5d0dc8 - std::panicking::default_hook::h20f81eb0576efcec
[INFO] [stdout]                                at /rustc/6067b36314ab5eb2eb47cecc464545ba58e1ad24/library/std/src/panicking.rs:322:9
[INFO] [stdout]   10:     0x635fec5308d3 - <alloc::boxed::Box<F,A> as core::ops::function::Fn<Args>>::call::hdb53814c496a4d34
[INFO] [stdout]                                at /rustc/6067b36314ab5eb2eb47cecc464545ba58e1ad24/library/alloc/src/boxed.rs:2027:9
[INFO] [stdout]   11:     0x635fec5308d3 - test::test_main::{{closure}}::hc0a4963c59427c24
[INFO] [stdout]                                at /rustc/6067b36314ab5eb2eb47cecc464545ba58e1ad24/library/test/src/lib.rs:134:21
[INFO] [stdout]   12:     0x635fec5d1aa3 - <alloc::boxed::Box<F,A> as core::ops::function::Fn<Args>>::call::h591b2225413a77e9
[INFO] [stdout]                                at /rustc/6067b36314ab5eb2eb47cecc464545ba58e1ad24/library/alloc/src/boxed.rs:2027:9
[INFO] [stdout]   13:     0x635fec5d1aa3 - std::panicking::rust_panic_with_hook::h625eea43051b2edc
[INFO] [stdout]                                at /rustc/6067b36314ab5eb2eb47cecc464545ba58e1ad24/library/std/src/panicking.rs:839:13
[INFO] [stdout]   14:     0x635fec5d175a - std::panicking::begin_panic_handler::{{closure}}::h4f9159cfbc3f6bd3
[INFO] [stdout]                                at /rustc/6067b36314ab5eb2eb47cecc464545ba58e1ad24/library/std/src/panicking.rs:704:13
[INFO] [stdout]   15:     0x635fec5d0089 - std::sys::backtrace::__rust_end_short_backtrace::h0390abce48353151
[INFO] [stdout]                                at /rustc/6067b36314ab5eb2eb47cecc464545ba58e1ad24/library/std/src/sys/backtrace.rs:168:18
[INFO] [stdout]   16:     0x635fec5d13ed - rust_begin_unwind
[INFO] [stdout]                                at /rustc/6067b36314ab5eb2eb47cecc464545ba58e1ad24/library/std/src/panicking.rs:695:5
[INFO] [stdout]   17:     0x635fec5f6d80 - core::panicking::panic_fmt::h9e7c637e9e5f29c9
[INFO] [stdout]                                at /rustc/6067b36314ab5eb2eb47cecc464545ba58e1ad24/library/core/src/panicking.rs:75:14
[INFO] [stdout]   18:     0x635fec5f71f6 - core::result::unwrap_failed::h7979f09313fe1849
[INFO] [stdout]                                at /rustc/6067b36314ab5eb2eb47cecc464545ba58e1ad24/library/core/src/result.rs:1704:5
[INFO] [stdout]   19:     0x635fec3accb4 - core::result::Result<T,E>::expect::hcb95a32217e9c6ce
[INFO] [stdout]                                at /rustc/6067b36314ab5eb2eb47cecc464545ba58e1ad24/library/core/src/result.rs:1061:23
[INFO] [stdout]   20:     0x635fec3b231f - satr::tests::deserialize_works::h225d1b8cdcfc9b52
[INFO] [stdout]                                at /opt/rustwide/workdir/src/tests.rs:21:16
[INFO] [stdout]   21:     0x635fec3b2107 - satr::tests::deserialize_works::{{closure}}::h961fbf50933aee31
[INFO] [stdout]                                at /opt/rustwide/workdir/src/tests.rs:16:23
[INFO] [stdout]   22:     0x635fec3f24a6 - core::ops::function::FnOnce::call_once::h7c7019d535432801
[INFO] [stdout]                                at /rustc/6067b36314ab5eb2eb47cecc464545ba58e1ad24/library/core/src/ops/function.rs:250:5
[INFO] [stdout]   23:     0x635fec53602b - core::ops::function::FnOnce::call_once::he27718dfdd183f43
[INFO] [stdout]                                at /rustc/6067b36314ab5eb2eb47cecc464545ba58e1ad24/library/core/src/ops/function.rs:250:5
[INFO] [stdout]   24:     0x635fec53602b - test::__rust_begin_short_backtrace::h4e84902998457a5d
[INFO] [stdout]                                at /rustc/6067b36314ab5eb2eb47cecc464545ba58e1ad24/library/test/src/lib.rs:632:18
[INFO] [stdout]   25:     0x635fec534f63 - test::run_test_in_process::{{closure}}::h7176fd18fc1feca0
[INFO] [stdout]                                at /rustc/6067b36314ab5eb2eb47cecc464545ba58e1ad24/library/test/src/lib.rs:655:60
[INFO] [stdout]   26:     0x635fec534f63 - <core::panic::unwind_safe::AssertUnwindSafe<F> as core::ops::function::FnOnce<()>>::call_once::hf79cff2a624d8cf7
[INFO] [stdout]                                at /rustc/6067b36314ab5eb2eb47cecc464545ba58e1ad24/library/core/src/panic/unwind_safe.rs:272:9
[INFO] [stdout]   27:     0x635fec534f63 - std::panicking::try::do_call::h3da0561d9ab99c25
[INFO] [stdout]                                at /rustc/6067b36314ab5eb2eb47cecc464545ba58e1ad24/library/std/src/panicking.rs:587:40
[INFO] [stdout]   28:     0x635fec534f63 - std::panicking::try::h41c9fa508bc61df6
[INFO] [stdout]                                at /rustc/6067b36314ab5eb2eb47cecc464545ba58e1ad24/library/std/src/panicking.rs:550:19
[INFO] [stdout]   29:     0x635fec534f63 - std::panic::catch_unwind::h6b3ff07bb5afad93
[INFO] [stdout]                                at /rustc/6067b36314ab5eb2eb47cecc464545ba58e1ad24/library/std/src/panic.rs:358:14
[INFO] [stdout]   30:     0x635fec534f63 - test::run_test_in_process::hc7253dd11b39b9f4
[INFO] [stdout]                                at /rustc/6067b36314ab5eb2eb47cecc464545ba58e1ad24/library/test/src/lib.rs:655:27
[INFO] [stdout]   31:     0x635fec534f63 - test::run_test::{{closure}}::hfb2007f8649c30bb
[INFO] [stdout]                                at /rustc/6067b36314ab5eb2eb47cecc464545ba58e1ad24/library/test/src/lib.rs:576:43
[INFO] [stdout]   32:     0x635fec4f8045 - test::run_test::{{closure}}::h56a17aa7a282a9f4
[INFO] [stdout]                                at /rustc/6067b36314ab5eb2eb47cecc464545ba58e1ad24/library/test/src/lib.rs:606:41
[INFO] [stdout]   33:     0x635fec4f8045 - std::sys::backtrace::__rust_begin_short_backtrace::hd2d2d2fb8e8c6aac
[INFO] [stdout]                                at /rustc/6067b36314ab5eb2eb47cecc464545ba58e1ad24/library/std/src/sys/backtrace.rs:152:18
[INFO] [stdout]   34:     0x635fec4fb92a - std::thread::Builder::spawn_unchecked_::{{closure}}::{{closure}}::h4faa3f9db6133423
[INFO] [stdout]                                at /rustc/6067b36314ab5eb2eb47cecc464545ba58e1ad24/library/std/src/thread/mod.rs:559:17
[INFO] [stdout]   35:     0x635fec4fb92a - <core::panic::unwind_safe::AssertUnwindSafe<F> as core::ops::function::FnOnce<()>>::call_once::hf2e855a36a4ea846
[INFO] [stdout]                                at /rustc/6067b36314ab5eb2eb47cecc464545ba58e1ad24/library/core/src/panic/unwind_safe.rs:272:9
[INFO] [stdout]   36:     0x635fec4fb92a - std::panicking::try::do_call::h2f73af3616c35465
[INFO] [stdout]                                at /rustc/6067b36314ab5eb2eb47cecc464545ba58e1ad24/library/std/src/panicking.rs:587:40
[INFO] [stdout]   37:     0x635fec4fb92a - std::panicking::try::hd1660ce9efadef5a
[INFO] [stdout]                                at /rustc/6067b36314ab5eb2eb47cecc464545ba58e1ad24/library/std/src/panicking.rs:550:19
[INFO] [stdout]   38:     0x635fec4fb92a - std::panic::catch_unwind::h5ee8d7823b8ca744
[INFO] [stdout]                                at /rustc/6067b36314ab5eb2eb47cecc464545ba58e1ad24/library/std/src/panic.rs:358:14
[INFO] [stdout]   39:     0x635fec4fb92a - std::thread::Builder::spawn_unchecked_::{{closure}}::h53c3a1894dce8407
[INFO] [stdout]                                at /rustc/6067b36314ab5eb2eb47cecc464545ba58e1ad24/library/std/src/thread/mod.rs:557:30
[INFO] [stdout]   40:     0x635fec4fb92a - core::ops::function::FnOnce::call_once{{vtable.shim}}::h048ce291ad4f62bf
[INFO] [stdout]                                at /rustc/6067b36314ab5eb2eb47cecc464545ba58e1ad24/library/core/src/ops/function.rs:250:5
[INFO] [stdout]   41:     0x635fec5d620b - <alloc::boxed::Box<F,A> as core::ops::function::FnOnce<Args>>::call_once::ha52bedf99a3b4981
[INFO] [stdout]                                at /rustc/6067b36314ab5eb2eb47cecc464545ba58e1ad24/library/alloc/src/boxed.rs:2013:9
[INFO] [stdout]   42:     0x635fec5d620b - <alloc::boxed::Box<F,A> as core::ops::function::FnOnce<Args>>::call_once::h567748934d80ccf8
[INFO] [stdout]                                at /rustc/6067b36314ab5eb2eb47cecc464545ba58e1ad24/library/alloc/src/boxed.rs:2013:9
[INFO] [stdout]   43:     0x635fec5d620b - std::sys::pal::unix::thread::Thread::new::thread_start::h2d970728ae887adc
[INFO] [stdout]                                at /rustc/6067b36314ab5eb2eb47cecc464545ba58e1ad24/library/std/src/sys/pal/unix/thread.rs:106:17
[INFO] [stdout]   44:     0x79d78ce2cac3 - <unknown>
[INFO] [stdout]   45:     0x79d78cebda04 - clone
[INFO] [stdout]   46:                0x0 - <unknown>
[INFO] [stdout] 
[INFO] [stdout] 
[INFO] [stdout] failures:
[INFO] [stdout]     tests::bill_parsing_works
[INFO] [stdout]     tests::deserialize_works
[INFO] [stdout]     tests::zip_extract_works
[INFO] [stdout] 
[INFO] [stdout] test result: FAILED. 2 passed; 3 failed; 0 ignored; 0 measured; 0 filtered out; finished in 0.07s
[INFO] [stdout] 
[INFO] [stderr] error: test failed, to rerun pass `--bin satr`
[INFO] running `Command { std: "docker" "inspect" "fedd173417fc4ef36008c2296324280d1745c3a230772a1f5079a48ae10822d5", kill_on_drop: false }`
[INFO] running `Command { std: "docker" "rm" "-f" "fedd173417fc4ef36008c2296324280d1745c3a230772a1f5079a48ae10822d5", kill_on_drop: false }`
[INFO] [stdout] fedd173417fc4ef36008c2296324280d1745c3a230772a1f5079a48ae10822d5
