[INFO] cloning repository https://github.com/johnzielke/ntsc-rs-py
[INFO] running `Command { std: "git" "-c" "credential.helper=" "-c" "credential.helper=/workspace/cargo-home/bin/git-credential-null" "clone" "--bare" "https://github.com/johnzielke/ntsc-rs-py" "/workspace/cache/git-repos/https%3A%2F%2Fgithub.com%2Fjohnzielke%2Fntsc-rs-py", kill_on_drop: false }`
[INFO] [stderr] Cloning into bare repository '/workspace/cache/git-repos/https%3A%2F%2Fgithub.com%2Fjohnzielke%2Fntsc-rs-py'...
[INFO] running `Command { std: "git" "rev-parse" "HEAD", kill_on_drop: false }`
[INFO] [stdout] 7098a53a4725c4c07a1138f1bb19760e27ba64cc
[INFO] testing johnzielke/ntsc-rs-py against nightly-2025-01-18+rustflags=-Zrandomize-layout for randomize-layout-2
[INFO] running `Command { std: "git" "clone" "/workspace/cache/git-repos/https%3A%2F%2Fgithub.com%2Fjohnzielke%2Fntsc-rs-py" "/workspace/builds/worker-2-tc2/source", kill_on_drop: false }`
[INFO] [stderr] Cloning into '/workspace/builds/worker-2-tc2/source'...
[INFO] [stderr] done.
[INFO] validating manifest of git repo https://github.com/johnzielke/ntsc-rs-py on toolchain nightly-2025-01-18
[INFO] running `Command { std: CARGO_HOME="/workspace/cargo-home" RUSTUP_HOME="/workspace/rustup-home" "/workspace/cargo-home/bin/cargo" "+nightly-2025-01-18" "metadata" "--manifest-path" "Cargo.toml" "--no-deps", kill_on_drop: false }`
[INFO] started tweaking git repo https://github.com/johnzielke/ntsc-rs-py
[INFO] finished tweaking git repo https://github.com/johnzielke/ntsc-rs-py
[INFO] tweaked toml for git repo https://github.com/johnzielke/ntsc-rs-py written to /workspace/builds/worker-2-tc2/source/Cargo.toml
[INFO] crate git repo https://github.com/johnzielke/ntsc-rs-py already has a lockfile, it will not be regenerated
[INFO] running `Command { std: CARGO_HOME="/workspace/cargo-home" RUSTUP_HOME="/workspace/rustup-home" "/workspace/cargo-home/bin/cargo" "+nightly-2025-01-18" "fetch" "--manifest-path" "Cargo.toml", kill_on_drop: false }`
[INFO] [stderr]     Blocking waiting for file lock on package cache
[INFO] [stderr]     Blocking waiting for file lock on package cache
[INFO] running `Command { std: "docker" "create" "-v" "/var/lib/crater-agent-workspace/builds/worker-2-tc2/target:/opt/rustwide/target:rw,Z" "-v" "/var/lib/crater-agent-workspace/builds/worker-2-tc2/source:/opt/rustwide/workdir:ro,Z" "-v" "/var/lib/crater-agent-workspace/cargo-home:/opt/rustwide/cargo-home:ro,Z" "-v" "/var/lib/crater-agent-workspace/rustup-home:/opt/rustwide/rustup-home:ro,Z" "-e" "SOURCE_DIR=/opt/rustwide/workdir" "-e" "CARGO_TARGET_DIR=/opt/rustwide/target" "-e" "CARGO_HOME=/opt/rustwide/cargo-home" "-e" "RUSTUP_HOME=/opt/rustwide/rustup-home" "-w" "/opt/rustwide/workdir" "-m" "1610612736" "--user" "0:0" "--network" "none" "ghcr.io/rust-lang/crates-build-env/linux@sha256:819108c5571ea2e421544af4d832f968d213c87fbe3707a016657f43d2f853bc" "/opt/rustwide/cargo-home/bin/cargo" "+nightly-2025-01-18" "metadata" "--no-deps" "--format-version=1", kill_on_drop: false }`
[INFO] [stdout] 91e4a91a763fac2ce40fd6a88db9222ee0633288088b839e2a5a0d4a7e8efdbf
[INFO] running `Command { std: "docker" "start" "-a" "91e4a91a763fac2ce40fd6a88db9222ee0633288088b839e2a5a0d4a7e8efdbf", kill_on_drop: false }`
[INFO] running `Command { std: "docker" "inspect" "91e4a91a763fac2ce40fd6a88db9222ee0633288088b839e2a5a0d4a7e8efdbf", kill_on_drop: false }`
[INFO] running `Command { std: "docker" "rm" "-f" "91e4a91a763fac2ce40fd6a88db9222ee0633288088b839e2a5a0d4a7e8efdbf", kill_on_drop: false }`
[INFO] [stdout] 91e4a91a763fac2ce40fd6a88db9222ee0633288088b839e2a5a0d4a7e8efdbf
[INFO] running `Command { std: "docker" "create" "-v" "/var/lib/crater-agent-workspace/builds/worker-2-tc2/target:/opt/rustwide/target:rw,Z" "-v" "/var/lib/crater-agent-workspace/builds/worker-2-tc2/source:/opt/rustwide/workdir:ro,Z" "-v" "/var/lib/crater-agent-workspace/cargo-home:/opt/rustwide/cargo-home:ro,Z" "-v" "/var/lib/crater-agent-workspace/rustup-home:/opt/rustwide/rustup-home:ro,Z" "-e" "SOURCE_DIR=/opt/rustwide/workdir" "-e" "CARGO_TARGET_DIR=/opt/rustwide/target" "-e" "CARGO_INCREMENTAL=0" "-e" "RUST_BACKTRACE=full" "-e" "RUSTFLAGS=--cap-lints=forbid -Zrandomize-layout" "-e" "RUSTDOCFLAGS=--cap-lints=forbid" "-e" "CARGO_HOME=/opt/rustwide/cargo-home" "-e" "RUSTUP_HOME=/opt/rustwide/rustup-home" "-w" "/opt/rustwide/workdir" "-m" "1610612736" "--user" "0:0" "--network" "none" "ghcr.io/rust-lang/crates-build-env/linux@sha256:819108c5571ea2e421544af4d832f968d213c87fbe3707a016657f43d2f853bc" "/opt/rustwide/cargo-home/bin/cargo" "+nightly-2025-01-18" "build" "--frozen" "--message-format=json", kill_on_drop: false }`
[INFO] [stdout] f0b7f2f9b9dd4ea99c122bdf6ab38f60bdc38487c7bce76a00f1d7adab5bf1d7
[INFO] running `Command { std: "docker" "start" "-a" "f0b7f2f9b9dd4ea99c122bdf6ab38f60bdc38487c7bce76a00f1d7adab5bf1d7", kill_on_drop: false }`
[INFO] [stderr]    Compiling target-lexicon v0.12.14
[INFO] [stderr]    Compiling crossbeam-utils v0.8.19
[INFO] [stderr]    Compiling proc-macro2 v1.0.79
[INFO] [stderr]    Compiling lock_api v0.4.11
[INFO] [stderr]    Compiling once_cell v1.19.0
[INFO] [stderr]    Compiling simd-adler32 v0.3.7
[INFO] [stderr]    Compiling num-traits v0.2.18
[INFO] [stderr]    Compiling crc32fast v1.4.0
[INFO] [stderr]    Compiling libc v0.2.153
[INFO] [stderr]    Compiling smallvec v1.13.2
[INFO] [stderr]    Compiling either v1.10.0
[INFO] [stderr]    Compiling paste v1.0.14
[INFO] [stderr]    Compiling parking_lot_core v0.9.9
[INFO] [stderr]    Compiling memoffset v0.9.0
[INFO] [stderr]    Compiling matrixmultiply v0.3.8
[INFO] [stderr]    Compiling portable-atomic v1.6.0
[INFO] [stderr]    Compiling miniz_oxide v0.7.2
[INFO] [stderr]    Compiling weezl v0.1.8
[INFO] [stderr]    Compiling fdeflate v0.3.4
[INFO] [stderr]    Compiling zune-inflate v0.2.54
[INFO] [stderr]    Compiling half v2.4.0
[INFO] [stderr]    Compiling rand_core v0.6.4
[INFO] [stderr]    Compiling rawpointer v0.2.1
[INFO] [stderr]    Compiling lebe v0.5.2
[INFO] [stderr]    Compiling bytemuck v1.15.0
[INFO] [stderr]    Compiling spin v0.9.8
[INFO] [stderr]    Compiling flate2 v1.0.28
[INFO] [stderr]    Compiling qoi v0.4.1
[INFO] [stderr]    Compiling gif v0.13.1
[INFO] [stderr]    Compiling crossbeam-epoch v0.9.18
[INFO] [stderr]    Compiling quote v1.0.35
[INFO] [stderr]    Compiling flume v0.11.0
[INFO] [stderr]    Compiling png v0.17.13
[INFO] [stderr]    Compiling indoc v2.0.5
[INFO] [stderr]    Compiling simdeez v2.0.0-dev3
[INFO] [stderr]    Compiling unindent v0.2.3
[INFO] [stderr]    Compiling byteorder v1.5.0
[INFO] [stderr]    Compiling rand v0.8.5
[INFO] [stderr]    Compiling rand_xoshiro v0.6.0
[INFO] [stderr]    Compiling pyo3-build-config v0.20.3
[INFO] [stderr]    Compiling parking_lot v0.12.1
[INFO] [stderr]    Compiling crossbeam-deque v0.8.5
[INFO] [stderr]    Compiling glam v0.24.2
[INFO] [stderr]    Compiling syn v2.0.55
[INFO] [stderr]    Compiling tinyjson v2.5.1
[INFO] [stderr]    Compiling siphasher v1.0.1
[INFO] [stderr]    Compiling rayon-core v1.12.1
[INFO] [stderr]    Compiling num-integer v0.1.46
[INFO] [stderr]    Compiling num-complex v0.4.5
[INFO] [stderr]    Compiling rayon v1.10.0
[INFO] [stderr]    Compiling exr v1.72.0
[INFO] [stderr]    Compiling ndarray v0.15.6
[INFO] [stderr]    Compiling pyo3-ffi v0.20.3
[INFO] [stderr]    Compiling pyo3 v0.20.3
[INFO] [stderr]    Compiling simdnoise v3.1.7 (https://github.com/valadaptive/rust-simd-noise?rev=84ec75d8#84ec75d8)
[INFO] [stderr]    Compiling jpeg-decoder v0.3.1
[INFO] [stderr]    Compiling pyo3-macros-backend v0.20.3
[INFO] [stderr]    Compiling tiff v0.9.1
[INFO] [stderr]    Compiling num-derive v0.4.2
[INFO] [stderr]    Compiling macros v0.1.0 (https://github.com/valadaptive/ntsc-rs.git#6cbb5c6e)
[INFO] [stderr]    Compiling image v0.24.9
[INFO] [stderr]    Compiling pyo3-macros v0.20.3
[INFO] [stderr]    Compiling numpy v0.20.0
[INFO] [stderr]    Compiling ntscrs v0.1.0 (https://github.com/valadaptive/ntsc-rs.git#6cbb5c6e)
[INFO] [stderr]    Compiling ntsc-rs-py v0.1.0 (/opt/rustwide/workdir)
[INFO] [stdout] warning: unused import: `ntscrs::settings`
[INFO] [stdout]  --> src/lib.rs:2:5
[INFO] [stdout]   |
[INFO] [stdout] 2 | use ntscrs::settings;
[INFO] [stdout]   |     ^^^^^^^^^^^^^^^^
[INFO] [stdout]   |
[INFO] [stdout]   = note: `#[warn(unused_imports)]` on by default
[INFO] [stdout] 
[INFO] [stdout] 
[INFO] [stdout] warning: unused imports: `ArrayD`, `ArrayViewD`, and `ArrayViewMutD`
[INFO] [stdout]  --> src/lib.rs:4:30
[INFO] [stdout]   |
[INFO] [stdout] 4 | use numpy::ndarray::{Array4, ArrayD, ArrayView4, ArrayViewD, ArrayViewMutD};
[INFO] [stdout]   |                              ^^^^^^              ^^^^^^^^^^  ^^^^^^^^^^^^^
[INFO] [stdout] 
[INFO] [stdout] 
[INFO] [stdout] warning: unused imports: `PyArrayDyn` and `PyReadonlyArrayDyn`
[INFO] [stdout]  --> src/lib.rs:5:36
[INFO] [stdout]   |
[INFO] [stdout] 5 | use numpy::{IntoPyArray, PyArray4, PyArrayDyn, PyReadonlyArray4, PyReadonlyArrayDyn};
[INFO] [stdout]   |                                    ^^^^^^^^^^                    ^^^^^^^^^^^^^^^^^^
[INFO] [stdout] 
[INFO] [stdout] 
[INFO] [stdout] warning: unused import: `pyo3::prelude::*`
[INFO] [stdout]  --> src/lib.rs:6:5
[INFO] [stdout]   |
[INFO] [stdout] 6 | use pyo3::prelude::*;
[INFO] [stdout]   |     ^^^^^^^^^^^^^^^^
[INFO] [stdout] 
[INFO] [stdout] 
[INFO] [stdout] warning: variable does not need to be mutable
[INFO] [stdout]   --> src/lib.rs:14:9
[INFO] [stdout]    |
[INFO] [stdout] 14 |     let mut ntsc_effect = NtscEffect::default();
[INFO] [stdout]    |         ----^^^^^^^^^^^
[INFO] [stdout]    |         |
[INFO] [stdout]    |         help: remove this `mut`
[INFO] [stdout]    |
[INFO] [stdout]    = note: `#[warn(unused_mut)]` on by default
[INFO] [stdout] 
[INFO] [stdout] 
[INFO] [stderr]     Finished `dev` profile [unoptimized + debuginfo] target(s) in 42.79s
[INFO] running `Command { std: "docker" "inspect" "f0b7f2f9b9dd4ea99c122bdf6ab38f60bdc38487c7bce76a00f1d7adab5bf1d7", kill_on_drop: false }`
[INFO] running `Command { std: "docker" "rm" "-f" "f0b7f2f9b9dd4ea99c122bdf6ab38f60bdc38487c7bce76a00f1d7adab5bf1d7", kill_on_drop: false }`
[INFO] [stdout] f0b7f2f9b9dd4ea99c122bdf6ab38f60bdc38487c7bce76a00f1d7adab5bf1d7
[INFO] running `Command { std: "docker" "create" "-v" "/var/lib/crater-agent-workspace/builds/worker-2-tc2/target:/opt/rustwide/target:rw,Z" "-v" "/var/lib/crater-agent-workspace/builds/worker-2-tc2/source:/opt/rustwide/workdir:ro,Z" "-v" "/var/lib/crater-agent-workspace/cargo-home:/opt/rustwide/cargo-home:ro,Z" "-v" "/var/lib/crater-agent-workspace/rustup-home:/opt/rustwide/rustup-home:ro,Z" "-e" "SOURCE_DIR=/opt/rustwide/workdir" "-e" "CARGO_TARGET_DIR=/opt/rustwide/target" "-e" "CARGO_INCREMENTAL=0" "-e" "RUST_BACKTRACE=full" "-e" "RUSTFLAGS=--cap-lints=forbid -Zrandomize-layout" "-e" "RUSTDOCFLAGS=--cap-lints=forbid" "-e" "CARGO_HOME=/opt/rustwide/cargo-home" "-e" "RUSTUP_HOME=/opt/rustwide/rustup-home" "-w" "/opt/rustwide/workdir" "-m" "1610612736" "--user" "0:0" "--network" "none" "ghcr.io/rust-lang/crates-build-env/linux@sha256:819108c5571ea2e421544af4d832f968d213c87fbe3707a016657f43d2f853bc" "/opt/rustwide/cargo-home/bin/cargo" "+nightly-2025-01-18" "test" "--frozen" "--no-run" "--message-format=json", kill_on_drop: false }`
[INFO] [stdout] 4aa1c5a298cd1e32c38090953d3ba54cc9146ebed1a02be2bd2b730b8748b447
[INFO] running `Command { std: "docker" "start" "-a" "4aa1c5a298cd1e32c38090953d3ba54cc9146ebed1a02be2bd2b730b8748b447", kill_on_drop: false }`
[INFO] [stderr]    Compiling ntsc-rs-py v0.1.0 (/opt/rustwide/workdir)
[INFO] [stdout] warning: unused import: `ntscrs::settings`
[INFO] [stdout]  --> src/lib.rs:2:5
[INFO] [stdout]   |
[INFO] [stdout] 2 | use ntscrs::settings;
[INFO] [stdout]   |     ^^^^^^^^^^^^^^^^
[INFO] [stdout]   |
[INFO] [stdout]   = note: `#[warn(unused_imports)]` on by default
[INFO] [stdout] 
[INFO] [stdout] 
[INFO] [stdout] warning: unused imports: `ArrayD`, `ArrayViewD`, and `ArrayViewMutD`
[INFO] [stdout]  --> src/lib.rs:4:30
[INFO] [stdout]   |
[INFO] [stdout] 4 | use numpy::ndarray::{Array4, ArrayD, ArrayView4, ArrayViewD, ArrayViewMutD};
[INFO] [stdout]   |                              ^^^^^^              ^^^^^^^^^^  ^^^^^^^^^^^^^
[INFO] [stdout] 
[INFO] [stdout] 
[INFO] [stdout] warning: unused imports: `PyArrayDyn` and `PyReadonlyArrayDyn`
[INFO] [stdout]  --> src/lib.rs:5:36
[INFO] [stdout]   |
[INFO] [stdout] 5 | use numpy::{IntoPyArray, PyArray4, PyArrayDyn, PyReadonlyArray4, PyReadonlyArrayDyn};
[INFO] [stdout]   |                                    ^^^^^^^^^^                    ^^^^^^^^^^^^^^^^^^
[INFO] [stdout] 
[INFO] [stdout] 
[INFO] [stdout] warning: unused import: `pyo3::prelude::*`
[INFO] [stdout]  --> src/lib.rs:6:5
[INFO] [stdout]   |
[INFO] [stdout] 6 | use pyo3::prelude::*;
[INFO] [stdout]   |     ^^^^^^^^^^^^^^^^
[INFO] [stdout] 
[INFO] [stdout] 
[INFO] [stdout] warning: variable does not need to be mutable
[INFO] [stdout]   --> src/lib.rs:14:9
[INFO] [stdout]    |
[INFO] [stdout] 14 |     let mut ntsc_effect = NtscEffect::default();
[INFO] [stdout]    |         ----^^^^^^^^^^^
[INFO] [stdout]    |         |
[INFO] [stdout]    |         help: remove this `mut`
[INFO] [stdout]    |
[INFO] [stdout]    = note: `#[warn(unused_mut)]` on by default
[INFO] [stdout] 
[INFO] [stdout] 
[INFO] [stdout] warning: unused variable: `output`
[INFO] [stdout]   --> src/lib.rs:66:13
[INFO] [stdout]    |
[INFO] [stdout] 66 |         let output = super::ntsc_rs(image.view());
[INFO] [stdout]    |             ^^^^^^ help: if this is intentional, prefix it with an underscore: `_output`
[INFO] [stdout]    |
[INFO] [stdout]    = note: `#[warn(unused_variables)]` on by default
[INFO] [stdout] 
[INFO] [stdout] 
[INFO] [stderr]     Finished `test` profile [unoptimized + debuginfo] target(s) in 1.58s
[INFO] running `Command { std: "docker" "inspect" "4aa1c5a298cd1e32c38090953d3ba54cc9146ebed1a02be2bd2b730b8748b447", kill_on_drop: false }`
[INFO] running `Command { std: "docker" "rm" "-f" "4aa1c5a298cd1e32c38090953d3ba54cc9146ebed1a02be2bd2b730b8748b447", kill_on_drop: false }`
[INFO] [stdout] 4aa1c5a298cd1e32c38090953d3ba54cc9146ebed1a02be2bd2b730b8748b447
[INFO] running `Command { std: "docker" "create" "-v" "/var/lib/crater-agent-workspace/builds/worker-2-tc2/target:/opt/rustwide/target:rw,Z" "-v" "/var/lib/crater-agent-workspace/builds/worker-2-tc2/source:/opt/rustwide/workdir:ro,Z" "-v" "/var/lib/crater-agent-workspace/cargo-home:/opt/rustwide/cargo-home:ro,Z" "-v" "/var/lib/crater-agent-workspace/rustup-home:/opt/rustwide/rustup-home:ro,Z" "-e" "SOURCE_DIR=/opt/rustwide/workdir" "-e" "CARGO_TARGET_DIR=/opt/rustwide/target" "-e" "CARGO_INCREMENTAL=0" "-e" "RUST_BACKTRACE=full" "-e" "RUSTFLAGS=--cap-lints=forbid -Zrandomize-layout" "-e" "RUSTDOCFLAGS=--cap-lints=forbid" "-e" "CARGO_HOME=/opt/rustwide/cargo-home" "-e" "RUSTUP_HOME=/opt/rustwide/rustup-home" "-w" "/opt/rustwide/workdir" "-m" "1610612736" "--user" "0:0" "--network" "none" "ghcr.io/rust-lang/crates-build-env/linux@sha256:819108c5571ea2e421544af4d832f968d213c87fbe3707a016657f43d2f853bc" "/opt/rustwide/cargo-home/bin/cargo" "+nightly-2025-01-18" "test" "--frozen", kill_on_drop: false }`
[INFO] [stdout] ce94527f78aafbb46930480b62a3a359afa99ef2fa90c902123fb91f991bb6e7
[INFO] running `Command { std: "docker" "start" "-a" "ce94527f78aafbb46930480b62a3a359afa99ef2fa90c902123fb91f991bb6e7", kill_on_drop: false }`
[INFO] [stderr] warning: unused import: `ntscrs::settings`
[INFO] [stderr]  --> src/lib.rs:2:5
[INFO] [stderr]   |
[INFO] [stderr] 2 | use ntscrs::settings;
[INFO] [stderr]   |     ^^^^^^^^^^^^^^^^
[INFO] [stderr]   |
[INFO] [stderr]   = note: `#[warn(unused_imports)]` on by default
[INFO] [stderr] 
[INFO] [stderr] warning: unused imports: `ArrayD`, `ArrayViewD`, and `ArrayViewMutD`
[INFO] [stderr]  --> src/lib.rs:4:30
[INFO] [stderr]   |
[INFO] [stderr] 4 | use numpy::ndarray::{Array4, ArrayD, ArrayView4, ArrayViewD, ArrayViewMutD};
[INFO] [stderr]   |                              ^^^^^^              ^^^^^^^^^^  ^^^^^^^^^^^^^
[INFO] [stderr] 
[INFO] [stderr] warning: unused imports: `PyArrayDyn` and `PyReadonlyArrayDyn`
[INFO] [stderr]  --> src/lib.rs:5:36
[INFO] [stderr]   |
[INFO] [stderr] 5 | use numpy::{IntoPyArray, PyArray4, PyArrayDyn, PyReadonlyArray4, PyReadonlyArrayDyn};
[INFO] [stderr]   |                                    ^^^^^^^^^^                    ^^^^^^^^^^^^^^^^^^
[INFO] [stderr] 
[INFO] [stderr] warning: unused import: `pyo3::prelude::*`
[INFO] [stderr]  --> src/lib.rs:6:5
[INFO] [stderr]   |
[INFO] [stderr] 6 | use pyo3::prelude::*;
[INFO] [stderr]   |     ^^^^^^^^^^^^^^^^
[INFO] [stderr] 
[INFO] [stderr] warning: variable does not need to be mutable
[INFO] [stderr]   --> src/lib.rs:14:9
[INFO] [stderr]    |
[INFO] [stderr] 14 |     let mut ntsc_effect = NtscEffect::default();
[INFO] [stderr]    |         ----^^^^^^^^^^^
[INFO] [stderr]    |         |
[INFO] [stderr]    |         help: remove this `mut`
[INFO] [stderr]    |
[INFO] [stderr]    = note: `#[warn(unused_mut)]` on by default
[INFO] [stderr] 
[INFO] [stderr] warning: unused variable: `output`
[INFO] [stderr]   --> src/lib.rs:66:13
[INFO] [stderr]    |
[INFO] [stderr] 66 |         let output = super::ntsc_rs(image.view());
[INFO] [stderr]    |             ^^^^^^ help: if this is intentional, prefix it with an underscore: `_output`
[INFO] [stderr]    |
[INFO] [stderr]    = note: `#[warn(unused_variables)]` on by default
[INFO] [stderr] 
[INFO] [stderr] warning: `ntsc-rs-py` (lib test) generated 6 warnings (run `cargo fix --lib -p ntsc-rs-py --tests` to apply 5 suggestions)
[INFO] [stderr]     Finished `test` profile [unoptimized + debuginfo] target(s) in 0.10s
[INFO] [stdout] 
[INFO] [stderr]      Running unittests src/lib.rs (/opt/rustwide/target/debug/deps/ntsc_rs_py-84c89430003c16ef)
[INFO] [stdout] running 1 test
[INFO] [stdout] test tests::it_works ... FAILED
[INFO] [stdout] 
[INFO] [stdout] failures:
[INFO] [stdout] 
[INFO] [stdout] ---- tests::it_works stdout ----
[INFO] [stdout] 
[INFO] [stdout] thread 'tests::it_works' panicked at /opt/rustwide/cargo-home/git/checkouts/rust-simd-noise-caff82bc74fa4524/84ec75d/src/noise/simplex_32.rs:74:5:
[INFO] [stdout] assertion failed: values.cmp_lt(S::Vi32::set1(PERM.len() as
[INFO] [stdout]                     i32)).iter().all(|is_less_than| is_less_than > 0)
[INFO] [stdout] stack backtrace:
[INFO] [stdout]    0:     0x6312d8b3a2aa - std::backtrace_rs::backtrace::libunwind::trace::hb059275cfc8d6126
[INFO] [stdout]                                at /rustc/6067b36314ab5eb2eb47cecc464545ba58e1ad24/library/std/src/../../backtrace/src/backtrace/libunwind.rs:116:5
[INFO] [stdout]    1:     0x6312d8b3a2aa - std::backtrace_rs::backtrace::trace_unsynchronized::h2da071e4327ce3ee
[INFO] [stdout]                                at /rustc/6067b36314ab5eb2eb47cecc464545ba58e1ad24/library/std/src/../../backtrace/src/backtrace/mod.rs:66:5
[INFO] [stdout]    2:     0x6312d8b3a2aa - std::sys::backtrace::_print_fmt::h842a1474e6f8d23f
[INFO] [stdout]                                at /rustc/6067b36314ab5eb2eb47cecc464545ba58e1ad24/library/std/src/sys/backtrace.rs:66:9
[INFO] [stdout]    3:     0x6312d8b3a2aa - <std::sys::backtrace::BacktraceLock::print::DisplayBacktrace as core::fmt::Display>::fmt::h71a62eb3b9696b12
[INFO] [stdout]                                at /rustc/6067b36314ab5eb2eb47cecc464545ba58e1ad24/library/std/src/sys/backtrace.rs:39:26
[INFO] [stdout]    4:     0x6312d8b62f73 - core::fmt::rt::Argument::fmt::hdb6b616786b41dc1
[INFO] [stdout]                                at /rustc/6067b36314ab5eb2eb47cecc464545ba58e1ad24/library/core/src/fmt/rt.rs:177:76
[INFO] [stdout]    5:     0x6312d8b62f73 - core::fmt::write::h2cc1698af7e2d686
[INFO] [stdout]                                at /rustc/6067b36314ab5eb2eb47cecc464545ba58e1ad24/library/core/src/fmt/mod.rs:1440:21
[INFO] [stdout]    6:     0x6312d8b36d93 - std::io::Write::write_fmt::hab1b4cd059a79022
[INFO] [stdout]                                at /rustc/6067b36314ab5eb2eb47cecc464545ba58e1ad24/library/std/src/io/mod.rs:1887:15
[INFO] [stdout]    7:     0x6312d8b3a0f2 - std::sys::backtrace::BacktraceLock::print::h147fe35b4ea13b08
[INFO] [stdout]                                at /rustc/6067b36314ab5eb2eb47cecc464545ba58e1ad24/library/std/src/sys/backtrace.rs:42:9
[INFO] [stdout]    8:     0x6312d8b3b6cf - std::panicking::default_hook::{{closure}}::hbd44223dbdc0d208
[INFO] [stdout]                                at /rustc/6067b36314ab5eb2eb47cecc464545ba58e1ad24/library/std/src/panicking.rs:298:22
[INFO] [stdout]    9:     0x6312d8b3b4e8 - std::panicking::default_hook::h20f81eb0576efcec
[INFO] [stdout]                                at /rustc/6067b36314ab5eb2eb47cecc464545ba58e1ad24/library/std/src/panicking.rs:322:9
[INFO] [stdout]   10:     0x6312d81404b3 - <alloc::boxed::Box<F,A> as core::ops::function::Fn<Args>>::call::hdb53814c496a4d34
[INFO] [stdout]                                at /rustc/6067b36314ab5eb2eb47cecc464545ba58e1ad24/library/alloc/src/boxed.rs:2027:9
[INFO] [stdout]   11:     0x6312d81404b3 - test::test_main::{{closure}}::hc0a4963c59427c24
[INFO] [stdout]                                at /rustc/6067b36314ab5eb2eb47cecc464545ba58e1ad24/library/test/src/lib.rs:134:21
[INFO] [stdout]   12:     0x6312d8b3c1c3 - <alloc::boxed::Box<F,A> as core::ops::function::Fn<Args>>::call::h591b2225413a77e9
[INFO] [stdout]                                at /rustc/6067b36314ab5eb2eb47cecc464545ba58e1ad24/library/alloc/src/boxed.rs:2027:9
[INFO] [stdout]   13:     0x6312d8b3c1c3 - std::panicking::rust_panic_with_hook::h625eea43051b2edc
[INFO] [stdout]                                at /rustc/6067b36314ab5eb2eb47cecc464545ba58e1ad24/library/std/src/panicking.rs:839:13
[INFO] [stdout]   14:     0x6312d8b3be46 - std::panicking::begin_panic_handler::{{closure}}::h4f9159cfbc3f6bd3
[INFO] [stdout]                                at /rustc/6067b36314ab5eb2eb47cecc464545ba58e1ad24/library/std/src/panicking.rs:697:13
[INFO] [stdout]   15:     0x6312d8b3a7a9 - std::sys::backtrace::__rust_end_short_backtrace::h0390abce48353151
[INFO] [stdout]                                at /rustc/6067b36314ab5eb2eb47cecc464545ba58e1ad24/library/std/src/sys/backtrace.rs:168:18
[INFO] [stdout]   16:     0x6312d8b3bb0d - rust_begin_unwind
[INFO] [stdout]                                at /rustc/6067b36314ab5eb2eb47cecc464545ba58e1ad24/library/std/src/panicking.rs:695:5
[INFO] [stdout]   17:     0x6312d8b60b40 - core::panicking::panic_fmt::h9e7c637e9e5f29c9
[INFO] [stdout]                                at /rustc/6067b36314ab5eb2eb47cecc464545ba58e1ad24/library/core/src/panicking.rs:75:14
[INFO] [stdout]   18:     0x6312d8b60bcc - core::panicking::panic::haa3255ea20181a33
[INFO] [stdout]                                at /rustc/6067b36314ab5eb2eb47cecc464545ba58e1ad24/library/core/src/panicking.rs:145:5
[INFO] [stdout]   19:     0x6312d8518ec7 - simdnoise::noise::simplex_32::assert_in_perm_range::hd329269f6ce18a00
[INFO] [stdout]                                at /opt/rustwide/cargo-home/git/checkouts/rust-simd-noise-caff82bc74fa4524/84ec75d/src/noise/simplex_32.rs:74:5
[INFO] [stdout]   20:     0x6312d8518ec7 - simdnoise::noise::simplex_32::simplex_2d_deriv::h434c34c219d18fa5
[INFO] [stdout]                                at /opt/rustwide/cargo-home/git/checkouts/rust-simd-noise-caff82bc74fa4524/84ec75d/src/noise/simplex_32.rs:171:9
[INFO] [stdout]   21:     0x6312d8518ec7 - simdnoise::noise::simplex_32::simplex_2d::hb15fae9c62d2e4c0
[INFO] [stdout]                                at /opt/rustwide/cargo-home/git/checkouts/rust-simd-noise-caff82bc74fa4524/84ec75d/src/noise/simplex_32.rs:135:5
[INFO] [stdout]   22:     0x6312d8518ec7 - simdnoise::noise::fbm_32::fbm_2d::h068ccba1d5a42c71
[INFO] [stdout]                                at /opt/rustwide/cargo-home/git/checkouts/rust-simd-noise-caff82bc74fa4524/84ec75d/src/noise/fbm_32.rs:34:22
[INFO] [stdout]   23:     0x6312d8518ec7 - <simdnoise::settings::fbm_settings::FbmSettings as simdnoise::noise_helpers_32::Sample32<S>>::sample_2d::h3c21c4000ce585bc
[INFO] [stdout]                                at /opt/rustwide/cargo-home/git/checkouts/rust-simd-noise-caff82bc74fa4524/84ec75d/src/settings/fbm_settings.rs:169:9
[INFO] [stdout]   24:     0x6312d8518ec7 - simdnoise::noise_helpers_32::get_2d_noise_helper_f32::h49034edb33cad2fe
[INFO] [stdout]                                at /opt/rustwide/cargo-home/git/checkouts/rust-simd-noise-caff82bc74fa4524/84ec75d/src/noise_helpers_32.rs:108:21
[INFO] [stdout]   25:     0x6312d8518ec7 - simdnoise::noise_helpers_32::get_2d_noise::h03cb288c04ff7a10
[INFO] [stdout]                                at /opt/rustwide/cargo-home/git/checkouts/rust-simd-noise-caff82bc74fa4524/84ec75d/src/noise_helpers_32.rs:321:30
[INFO] [stdout]   26:     0x6312d8518ec7 - simdnoise::__get_2d_noise_generic::{{closure}}::hde6fb2d7d82018b9
[INFO] [stdout]                                at /opt/rustwide/cargo-home/git/checkouts/rust-simd-noise-caff82bc74fa4524/84ec75d/src/lib.rs:118:9
[INFO] [stdout]   27:     0x6312d8518ec7 - <simdeez::engines::avx2::simd::Avx2 as simdeez::Simd>::invoke::inner::h39c6e85232d4ba11
[INFO] [stdout]                                at /opt/rustwide/cargo-home/registry/src/index.crates.io-1949cf8c6b5b557f/simdeez-2.0.0-dev3/src/engines/avx2/simd.rs:20:13
[INFO] [stdout]   28:     0x6312d84d0dc7 - <simdeez::engines::avx2::simd::Avx2 as simdeez::Simd>::invoke::h0b1301499f85a5ae
[INFO] [stdout]                                at /opt/rustwide/cargo-home/registry/src/index.crates.io-1949cf8c6b5b557f/simdeez-2.0.0-dev3/src/engines/avx2/simd.rs:23:18
[INFO] [stdout]   29:     0x6312d81f0136 - simdnoise::__get_2d_noise_generic::h767babb542114411
[INFO] [stdout]                                at /opt/rustwide/cargo-home/registry/src/index.crates.io-1949cf8c6b5b557f/simdeez-2.0.0-dev3/src/invoking.rs:29:17
[INFO] [stdout]   30:     0x6312d81f0136 - <simdnoise::__get_2d_noise_dispatch_struct as simdeez::invoking::__SimdRunner<(&simdnoise::noise_type::NoiseType,),(alloc::vec::Vec<f32>,f32,f32)>>::run::h89e8e2eab581674d
[INFO] [stdout]                                at /opt/rustwide/cargo-home/registry/src/index.crates.io-1949cf8c6b5b557f/simdeez-2.0.0-dev3/src/invoking.rs:43:21
[INFO] [stdout]   31:     0x6312d81efcc3 - simdeez::invoking::__run_simd_runtime_decide::h0e358763d9fcdf35
[INFO] [stdout]                                at /opt/rustwide/cargo-home/registry/src/index.crates.io-1949cf8c6b5b557f/simdeez-2.0.0-dev3/src/invoking.rs:166:29
[INFO] [stdout]   32:     0x6312d81efcc3 - simdnoise::get_2d_noise::h77856c49aca3f6da
[INFO] [stdout]                                at /opt/rustwide/cargo-home/registry/src/index.crates.io-1949cf8c6b5b557f/simdeez-2.0.0-dev3/src/invoking.rs:61:17
[INFO] [stdout]   33:     0x6312d81efcc3 - <simdnoise::settings::fbm_settings::FbmSettings as simdnoise::settings::Settings>::generate::h5f67cbdb8885bc9d
[INFO] [stdout]                                at /opt/rustwide/cargo-home/git/checkouts/rust-simd-noise-caff82bc74fa4524/84ec75d/src/settings/fbm_settings.rs:116:18
[INFO] [stdout]   34:     0x6312d81a726b - ntscrs::ntsc::vhs_edge_wave::hd53365da0b1ae4a0
[INFO] [stdout]                                at /opt/rustwide/cargo-home/git/checkouts/ntsc-rs-d37bff2b7297998b/6cbb5c6/crates/ntscrs/src/ntsc.rs:907:9
[INFO] [stdout]   35:     0x6312d814c3ef - ntscrs::ntsc::<impl ntscrs::settings::NtscEffect>::apply_effect_to_yiq_field::h617e8aab28291017
[INFO] [stdout]                                at /opt/rustwide/cargo-home/git/checkouts/ntsc-rs-d37bff2b7297998b/6cbb5c6/crates/ntscrs/src/ntsc.rs:1119:21
[INFO] [stdout]   36:     0x6312d814c922 - ntscrs::ntsc::<impl ntscrs::settings::NtscEffect>::apply_effect_to_yiq::h8e8b99ec56b51b56
[INFO] [stdout]                                at /opt/rustwide/cargo-home/git/checkouts/ntsc-rs-d37bff2b7297998b/6cbb5c6/crates/ntscrs/src/ntsc.rs:1208:17
[INFO] [stdout]   37:     0x6312d814cd96 - ntscrs::ntsc::<impl ntscrs::settings::NtscEffect>::apply_effect::hfec4048662f62d86
[INFO] [stdout]                                at /opt/rustwide/cargo-home/git/checkouts/ntsc-rs-d37bff2b7297998b/6cbb5c6/crates/ntscrs/src/ntsc.rs:1237:9
[INFO] [stdout]   38:     0x6312d81033b4 - ntsc_rs_py::ntsc_rs::h9bef0db1e2d99601
[INFO] [stdout]                                at /opt/rustwide/workdir/src/lib.rs:32:9
[INFO] [stdout]   39:     0x6312d81063b0 - ntsc_rs_py::tests::it_works::h2aba70ae1f15b4b9
[INFO] [stdout]                                at /opt/rustwide/workdir/src/lib.rs:66:22
[INFO] [stdout]   40:     0x6312d8106307 - ntsc_rs_py::tests::it_works::{{closure}}::h3f0d46566447f2f7
[INFO] [stdout]                                at /opt/rustwide/workdir/src/lib.rs:64:18
[INFO] [stdout]   41:     0x6312d80f7596 - core::ops::function::FnOnce::call_once::hde024443b3304f89
[INFO] [stdout]                                at /rustc/6067b36314ab5eb2eb47cecc464545ba58e1ad24/library/core/src/ops/function.rs:250:5
[INFO] [stdout]   42:     0x6312d8145c0b - core::ops::function::FnOnce::call_once::he27718dfdd183f43
[INFO] [stdout]                                at /rustc/6067b36314ab5eb2eb47cecc464545ba58e1ad24/library/core/src/ops/function.rs:250:5
[INFO] [stdout]   43:     0x6312d8145c0b - test::__rust_begin_short_backtrace::h4e84902998457a5d
[INFO] [stdout]                                at /rustc/6067b36314ab5eb2eb47cecc464545ba58e1ad24/library/test/src/lib.rs:632:18
[INFO] [stdout]   44:     0x6312d8144b43 - test::run_test_in_process::{{closure}}::h7176fd18fc1feca0
[INFO] [stdout]                                at /rustc/6067b36314ab5eb2eb47cecc464545ba58e1ad24/library/test/src/lib.rs:655:60
[INFO] [stdout]   45:     0x6312d8144b43 - <core::panic::unwind_safe::AssertUnwindSafe<F> as core::ops::function::FnOnce<()>>::call_once::hf79cff2a624d8cf7
[INFO] [stdout]                                at /rustc/6067b36314ab5eb2eb47cecc464545ba58e1ad24/library/core/src/panic/unwind_safe.rs:272:9
[INFO] [stdout]   46:     0x6312d8144b43 - std::panicking::try::do_call::h3da0561d9ab99c25
[INFO] [stdout]                                at /rustc/6067b36314ab5eb2eb47cecc464545ba58e1ad24/library/std/src/panicking.rs:587:40
[INFO] [stdout]   47:     0x6312d8144b43 - std::panicking::try::h41c9fa508bc61df6
[INFO] [stdout]                                at /rustc/6067b36314ab5eb2eb47cecc464545ba58e1ad24/library/std/src/panicking.rs:550:19
[INFO] [stdout]   48:     0x6312d8144b43 - std::panic::catch_unwind::h6b3ff07bb5afad93
[INFO] [stdout]                                at /rustc/6067b36314ab5eb2eb47cecc464545ba58e1ad24/library/std/src/panic.rs:358:14
[INFO] [stdout]   49:     0x6312d8144b43 - test::run_test_in_process::hc7253dd11b39b9f4
[INFO] [stdout]                                at /rustc/6067b36314ab5eb2eb47cecc464545ba58e1ad24/library/test/src/lib.rs:655:27
[INFO] [stdout]   50:     0x6312d8144b43 - test::run_test::{{closure}}::hfb2007f8649c30bb
[INFO] [stdout]                                at /rustc/6067b36314ab5eb2eb47cecc464545ba58e1ad24/library/test/src/lib.rs:576:43
[INFO] [stdout]   51:     0x6312d8107c25 - test::run_test::{{closure}}::h56a17aa7a282a9f4
[INFO] [stdout]                                at /rustc/6067b36314ab5eb2eb47cecc464545ba58e1ad24/library/test/src/lib.rs:606:41
[INFO] [stdout]   52:     0x6312d8107c25 - std::sys::backtrace::__rust_begin_short_backtrace::hd2d2d2fb8e8c6aac
[INFO] [stdout]                                at /rustc/6067b36314ab5eb2eb47cecc464545ba58e1ad24/library/std/src/sys/backtrace.rs:152:18
[INFO] [stdout]   53:     0x6312d810b50a - std::thread::Builder::spawn_unchecked_::{{closure}}::{{closure}}::h4faa3f9db6133423
[INFO] [stdout]                                at /rustc/6067b36314ab5eb2eb47cecc464545ba58e1ad24/library/std/src/thread/mod.rs:559:17
[INFO] [stdout]   54:     0x6312d810b50a - <core::panic::unwind_safe::AssertUnwindSafe<F> as core::ops::function::FnOnce<()>>::call_once::hf2e855a36a4ea846
[INFO] [stdout]                                at /rustc/6067b36314ab5eb2eb47cecc464545ba58e1ad24/library/core/src/panic/unwind_safe.rs:272:9
[INFO] [stdout]   55:     0x6312d810b50a - std::panicking::try::do_call::h2f73af3616c35465
[INFO] [stdout]                                at /rustc/6067b36314ab5eb2eb47cecc464545ba58e1ad24/library/std/src/panicking.rs:587:40
[INFO] [stdout]   56:     0x6312d810b50a - std::panicking::try::hd1660ce9efadef5a
[INFO] [stdout]                                at /rustc/6067b36314ab5eb2eb47cecc464545ba58e1ad24/library/std/src/panicking.rs:550:19
[INFO] [stdout]   57:     0x6312d810b50a - std::panic::catch_unwind::h5ee8d7823b8ca744
[INFO] [stdout]                                at /rustc/6067b36314ab5eb2eb47cecc464545ba58e1ad24/library/std/src/panic.rs:358:14
[INFO] [stdout]   58:     0x6312d810b50a - std::thread::Builder::spawn_unchecked_::{{closure}}::h53c3a1894dce8407
[INFO] [stdout]                                at /rustc/6067b36314ab5eb2eb47cecc464545ba58e1ad24/library/std/src/thread/mod.rs:557:30
[INFO] [stdout]   59:     0x6312d810b50a - core::ops::function::FnOnce::call_once{{vtable.shim}}::h048ce291ad4f62bf
[INFO] [stdout]                                at /rustc/6067b36314ab5eb2eb47cecc464545ba58e1ad24/library/core/src/ops/function.rs:250:5
[INFO] [stdout]   60:     0x6312d8b401fb - <alloc::boxed::Box<F,A> as core::ops::function::FnOnce<Args>>::call_once::ha52bedf99a3b4981
[INFO] [stdout]                                at /rustc/6067b36314ab5eb2eb47cecc464545ba58e1ad24/library/alloc/src/boxed.rs:2013:9
[INFO] [stdout]   61:     0x6312d8b401fb - <alloc::boxed::Box<F,A> as core::ops::function::FnOnce<Args>>::call_once::h567748934d80ccf8
[INFO] [stdout]                                at /rustc/6067b36314ab5eb2eb47cecc464545ba58e1ad24/library/alloc/src/boxed.rs:2013:9
[INFO] [stdout]   62:     0x6312d8b401fb - std::sys::pal::unix::thread::Thread::new::thread_start::h2d970728ae887adc
[INFO] [stdout]                                at /rustc/6067b36314ab5eb2eb47cecc464545ba58e1ad24/library/std/src/sys/pal/unix/thread.rs:106:17
[INFO] [stdout]   63:     0x75f0323b0ac3 - <unknown>
[INFO] [stdout]   64:     0x75f032441a04 - clone
[INFO] [stdout]   65:                0x0 - <unknown>
[INFO] [stdout] 
[INFO] [stdout] 
[INFO] [stdout] failures:
[INFO] [stdout]     tests::it_works
[INFO] [stdout] 
[INFO] [stdout] test result: FAILED. 0 passed; 1 failed; 0 ignored; 0 measured; 0 filtered out; finished in 0.45s
[INFO] [stdout] 
[INFO] [stderr] error: test failed, to rerun pass `--lib`
[INFO] running `Command { std: "docker" "inspect" "ce94527f78aafbb46930480b62a3a359afa99ef2fa90c902123fb91f991bb6e7", kill_on_drop: false }`
[INFO] running `Command { std: "docker" "rm" "-f" "ce94527f78aafbb46930480b62a3a359afa99ef2fa90c902123fb91f991bb6e7", kill_on_drop: false }`
[INFO] [stdout] ce94527f78aafbb46930480b62a3a359afa99ef2fa90c902123fb91f991bb6e7
