[INFO] cloning repository https://github.com/joeyst/ml-chess-engine
[INFO] running `Command { std: "git" "-c" "credential.helper=" "-c" "credential.helper=/workspace/cargo-home/bin/git-credential-null" "clone" "--bare" "https://github.com/joeyst/ml-chess-engine" "/workspace/cache/git-repos/https%3A%2F%2Fgithub.com%2Fjoeyst%2Fml-chess-engine", kill_on_drop: false }`
[INFO] [stderr] Cloning into bare repository '/workspace/cache/git-repos/https%3A%2F%2Fgithub.com%2Fjoeyst%2Fml-chess-engine'...
[INFO] running `Command { std: "git" "rev-parse" "HEAD", kill_on_drop: false }`
[INFO] [stdout] 141229e651ed30ee23f7548f26e15e92ba45a6b1
[INFO] testing joeyst/ml-chess-engine against nightly-2025-01-18+rustflags=-Zrandomize-layout for randomize-layout-2
[INFO] running `Command { std: "git" "clone" "/workspace/cache/git-repos/https%3A%2F%2Fgithub.com%2Fjoeyst%2Fml-chess-engine" "/workspace/builds/worker-3-tc2/source", kill_on_drop: false }`
[INFO] [stderr] Cloning into '/workspace/builds/worker-3-tc2/source'...
[INFO] [stderr] done.
[INFO] validating manifest of git repo https://github.com/joeyst/ml-chess-engine on toolchain nightly-2025-01-18
[INFO] running `Command { std: CARGO_HOME="/workspace/cargo-home" RUSTUP_HOME="/workspace/rustup-home" "/workspace/cargo-home/bin/cargo" "+nightly-2025-01-18" "metadata" "--manifest-path" "Cargo.toml" "--no-deps", kill_on_drop: false }`
[INFO] started tweaking git repo https://github.com/joeyst/ml-chess-engine
[INFO] finished tweaking git repo https://github.com/joeyst/ml-chess-engine
[INFO] tweaked toml for git repo https://github.com/joeyst/ml-chess-engine written to /workspace/builds/worker-3-tc2/source/Cargo.toml
[INFO] crate git repo https://github.com/joeyst/ml-chess-engine already has a lockfile, it will not be regenerated
[INFO] running `Command { std: CARGO_HOME="/workspace/cargo-home" RUSTUP_HOME="/workspace/rustup-home" "/workspace/cargo-home/bin/cargo" "+nightly-2025-01-18" "fetch" "--manifest-path" "Cargo.toml", kill_on_drop: false }`
[INFO] [stderr]     Blocking waiting for file lock on package cache
[INFO] [stderr]     Blocking waiting for file lock on package cache
[INFO] running `Command { std: "docker" "create" "-v" "/var/lib/crater-agent-workspace/builds/worker-3-tc2/target:/opt/rustwide/target:rw,Z" "-v" "/var/lib/crater-agent-workspace/builds/worker-3-tc2/source:/opt/rustwide/workdir:ro,Z" "-v" "/var/lib/crater-agent-workspace/cargo-home:/opt/rustwide/cargo-home:ro,Z" "-v" "/var/lib/crater-agent-workspace/rustup-home:/opt/rustwide/rustup-home:ro,Z" "-e" "SOURCE_DIR=/opt/rustwide/workdir" "-e" "CARGO_TARGET_DIR=/opt/rustwide/target" "-e" "CARGO_HOME=/opt/rustwide/cargo-home" "-e" "RUSTUP_HOME=/opt/rustwide/rustup-home" "-w" "/opt/rustwide/workdir" "-m" "1610612736" "--user" "0:0" "--network" "none" "ghcr.io/rust-lang/crates-build-env/linux@sha256:819108c5571ea2e421544af4d832f968d213c87fbe3707a016657f43d2f853bc" "/opt/rustwide/cargo-home/bin/cargo" "+nightly-2025-01-18" "metadata" "--no-deps" "--format-version=1", kill_on_drop: false }`
[INFO] [stdout] bef211d86d62bd658f04c3f039b98944691e88b474eb5ccb0c1826797c581c00
[INFO] running `Command { std: "docker" "start" "-a" "bef211d86d62bd658f04c3f039b98944691e88b474eb5ccb0c1826797c581c00", kill_on_drop: false }`
[INFO] running `Command { std: "docker" "inspect" "bef211d86d62bd658f04c3f039b98944691e88b474eb5ccb0c1826797c581c00", kill_on_drop: false }`
[INFO] running `Command { std: "docker" "rm" "-f" "bef211d86d62bd658f04c3f039b98944691e88b474eb5ccb0c1826797c581c00", kill_on_drop: false }`
[INFO] [stdout] bef211d86d62bd658f04c3f039b98944691e88b474eb5ccb0c1826797c581c00
[INFO] running `Command { std: "docker" "create" "-v" "/var/lib/crater-agent-workspace/builds/worker-3-tc2/target:/opt/rustwide/target:rw,Z" "-v" "/var/lib/crater-agent-workspace/builds/worker-3-tc2/source:/opt/rustwide/workdir:ro,Z" "-v" "/var/lib/crater-agent-workspace/cargo-home:/opt/rustwide/cargo-home:ro,Z" "-v" "/var/lib/crater-agent-workspace/rustup-home:/opt/rustwide/rustup-home:ro,Z" "-e" "SOURCE_DIR=/opt/rustwide/workdir" "-e" "CARGO_TARGET_DIR=/opt/rustwide/target" "-e" "CARGO_INCREMENTAL=0" "-e" "RUST_BACKTRACE=full" "-e" "RUSTFLAGS=--cap-lints=forbid -Zrandomize-layout" "-e" "RUSTDOCFLAGS=--cap-lints=forbid" "-e" "CARGO_HOME=/opt/rustwide/cargo-home" "-e" "RUSTUP_HOME=/opt/rustwide/rustup-home" "-w" "/opt/rustwide/workdir" "-m" "1610612736" "--user" "0:0" "--network" "none" "ghcr.io/rust-lang/crates-build-env/linux@sha256:819108c5571ea2e421544af4d832f968d213c87fbe3707a016657f43d2f853bc" "/opt/rustwide/cargo-home/bin/cargo" "+nightly-2025-01-18" "build" "--frozen" "--message-format=json", kill_on_drop: false }`
[INFO] [stdout] 61973517cbe82f0d04c825566ed8e68eb334006589ffa43256d6d8b25ae14b60
[INFO] running `Command { std: "docker" "start" "-a" "61973517cbe82f0d04c825566ed8e68eb334006589ffa43256d6d8b25ae14b60", kill_on_drop: false }`
[INFO] [stderr]    Compiling libc v0.2.132
[INFO] [stderr]    Compiling ppv-lite86 v0.2.16
[INFO] [stderr]    Compiling getrandom v0.2.7
[INFO] [stderr]    Compiling rand_core v0.6.3
[INFO] [stderr]    Compiling rand_chacha v0.3.1
[INFO] [stderr]    Compiling rand v0.8.5
[INFO] [stderr]    Compiling chess-engine v0.1.0 (/opt/rustwide/workdir)
[INFO] [stderr]     Finished `dev` profile [unoptimized + debuginfo] target(s) in 4.06s
[INFO] running `Command { std: "docker" "inspect" "61973517cbe82f0d04c825566ed8e68eb334006589ffa43256d6d8b25ae14b60", kill_on_drop: false }`
[INFO] running `Command { std: "docker" "rm" "-f" "61973517cbe82f0d04c825566ed8e68eb334006589ffa43256d6d8b25ae14b60", kill_on_drop: false }`
[INFO] [stdout] 61973517cbe82f0d04c825566ed8e68eb334006589ffa43256d6d8b25ae14b60
[INFO] running `Command { std: "docker" "create" "-v" "/var/lib/crater-agent-workspace/builds/worker-3-tc2/target:/opt/rustwide/target:rw,Z" "-v" "/var/lib/crater-agent-workspace/builds/worker-3-tc2/source:/opt/rustwide/workdir:ro,Z" "-v" "/var/lib/crater-agent-workspace/cargo-home:/opt/rustwide/cargo-home:ro,Z" "-v" "/var/lib/crater-agent-workspace/rustup-home:/opt/rustwide/rustup-home:ro,Z" "-e" "SOURCE_DIR=/opt/rustwide/workdir" "-e" "CARGO_TARGET_DIR=/opt/rustwide/target" "-e" "CARGO_INCREMENTAL=0" "-e" "RUST_BACKTRACE=full" "-e" "RUSTFLAGS=--cap-lints=forbid -Zrandomize-layout" "-e" "RUSTDOCFLAGS=--cap-lints=forbid" "-e" "CARGO_HOME=/opt/rustwide/cargo-home" "-e" "RUSTUP_HOME=/opt/rustwide/rustup-home" "-w" "/opt/rustwide/workdir" "-m" "1610612736" "--user" "0:0" "--network" "none" "ghcr.io/rust-lang/crates-build-env/linux@sha256:819108c5571ea2e421544af4d832f968d213c87fbe3707a016657f43d2f853bc" "/opt/rustwide/cargo-home/bin/cargo" "+nightly-2025-01-18" "test" "--frozen" "--no-run" "--message-format=json", kill_on_drop: false }`
[INFO] [stdout] 9a4101f5965f0abda66edbe72f20a03241f685ba11b34f0e6c7866d036860bb0
[INFO] running `Command { std: "docker" "start" "-a" "9a4101f5965f0abda66edbe72f20a03241f685ba11b34f0e6c7866d036860bb0", kill_on_drop: false }`
[INFO] [stderr]    Compiling chess-engine v0.1.0 (/opt/rustwide/workdir)
[INFO] [stderr]     Finished `test` profile [unoptimized + debuginfo] target(s) in 1.75s
[INFO] running `Command { std: "docker" "inspect" "9a4101f5965f0abda66edbe72f20a03241f685ba11b34f0e6c7866d036860bb0", kill_on_drop: false }`
[INFO] running `Command { std: "docker" "rm" "-f" "9a4101f5965f0abda66edbe72f20a03241f685ba11b34f0e6c7866d036860bb0", kill_on_drop: false }`
[INFO] [stdout] 9a4101f5965f0abda66edbe72f20a03241f685ba11b34f0e6c7866d036860bb0
[INFO] running `Command { std: "docker" "create" "-v" "/var/lib/crater-agent-workspace/builds/worker-3-tc2/target:/opt/rustwide/target:rw,Z" "-v" "/var/lib/crater-agent-workspace/builds/worker-3-tc2/source:/opt/rustwide/workdir:ro,Z" "-v" "/var/lib/crater-agent-workspace/cargo-home:/opt/rustwide/cargo-home:ro,Z" "-v" "/var/lib/crater-agent-workspace/rustup-home:/opt/rustwide/rustup-home:ro,Z" "-e" "SOURCE_DIR=/opt/rustwide/workdir" "-e" "CARGO_TARGET_DIR=/opt/rustwide/target" "-e" "CARGO_INCREMENTAL=0" "-e" "RUST_BACKTRACE=full" "-e" "RUSTFLAGS=--cap-lints=forbid -Zrandomize-layout" "-e" "RUSTDOCFLAGS=--cap-lints=forbid" "-e" "CARGO_HOME=/opt/rustwide/cargo-home" "-e" "RUSTUP_HOME=/opt/rustwide/rustup-home" "-w" "/opt/rustwide/workdir" "-m" "1610612736" "--user" "0:0" "--network" "none" "ghcr.io/rust-lang/crates-build-env/linux@sha256:819108c5571ea2e421544af4d832f968d213c87fbe3707a016657f43d2f853bc" "/opt/rustwide/cargo-home/bin/cargo" "+nightly-2025-01-18" "test" "--frozen", kill_on_drop: false }`
[INFO] [stdout] 135f4a8a4afea13679c643588bb9369ee7c1f146aa2207444fd031fc410df7bc
[INFO] running `Command { std: "docker" "start" "-a" "135f4a8a4afea13679c643588bb9369ee7c1f146aa2207444fd031fc410df7bc", kill_on_drop: false }`
[INFO] [stderr]     Finished `test` profile [unoptimized + debuginfo] target(s) in 0.03s
[INFO] [stderr]      Running unittests src/main.rs (/opt/rustwide/target/debug/deps/chess_engine-bf26501128ca9412)
[INFO] [stdout] 
[INFO] [stdout] running 119 tests
[INFO] [stdout] test fill_beyond_bit::test::fill_beyond_right::fills_down_right_of_zero ... ok
[INFO] [stdout] test fill_beyond_bit::test::fill_beyond_right::fills_down_left_of_zero ... ok
[INFO] [stdout] test fill_beyond_bit::test::fill_beyond_right::fills_down_of_zero ... ok
[INFO] [stdout] test board::test::get_all_occupation_tests::gets_whole_occupied_board ... ok
[INFO] [stdout] test fill_beyond_bit::test::fill_beyond_right::fills_left_of_zero ... ok
[INFO] [stdout] test find_block::test::finds_blocked_down ... ok
[INFO] [stdout] test find_block::test::finds_blocked_up_right ... ok
[INFO] [stdout] test find_occ_bit::test::find_occ_bit_up::find_none_up ... ok
[INFO] [stdout] test fill_beyond_bit::test::fill_beyond_right::fills_right_of_first_file ... ok
[INFO] [stdout] test find_occ_bit::test::find_occ_bit_up::find_one_up ... ok
[INFO] [stdout] test fill_beyond_bit::test::fill_beyond_right::fills_right_of_last_file ... ok
[INFO] [stdout] test fill_beyond_bit::test::fill_beyond_right::fills_up_left_of_zero ... ok
[INFO] [stdout] test fill_beyond_bit::test::fill_beyond_right::fills_up_of_zero ... ok
[INFO] [stdout] test fill_beyond_bit::test::fill_beyond_right::fills_up_right_of_zero ... ok
[INFO] [stdout] test find_block::test::finds_blocked_cross ... ok
[INFO] [stdout] test find_block::test::finds_blocked_diagonal ... ok
[INFO] [stdout] test fill_beyond_bit::test::fill_beyond_right::fills_right_in_middle_of_board ... ok
[INFO] [stdout] test find_occ_bit::test::find_occ_bit_up::find_two_up ... ok
[INFO] [stdout] test find_block::test::finds_blocked_left ... ok
[INFO] [stdout] test map::test::cross_move_map_tests::can_get_and_store_cross_value ... ok
[INFO] [stdout] test map::test::cross_move_map_tests::crops_outer_edges_when_on_bottom_left_square ... ok
[INFO] [stdout] test mask_for_square::test::for_file::calculates_first_file ... ok
[INFO] [stdout] test map::test::cross_move_map_tests::crops_outer_edges_when_on_middle_square ... ok
[INFO] [stdout] test map::test::diagonal_move_map_tests::can_get_and_store_diagonal_value ... ok
[INFO] [stdout] test mask_for_square::test::for_file::calculates_last_file ... ok
[INFO] [stdout] test mask_for_square::test::for_file::calculates_second_to_last_file ... ok
[INFO] [stdout] test mask_for_square::test::for_rank::calculates_first_rank ... ok
[INFO] [stdout] test mask_for_square::test::for_rank::calculates_last_rank ... ok
[INFO] [stdout] test fill_beyond_bit::test::fill_beyond_right::fills_right_of_zero ... ok
[INFO] [stdout] test find_block::test::finds_blocked_right ... ok
[INFO] [stdout] test mask_for_square::test::for_rank::calculates_second_to_last_rank ... ok
[INFO] [stdout] test mask_for_square::test::for_square::calculates_first_square ... ok
[INFO] [stdout] test mask_for_square::test::for_square::calculates_last_square ... ok
[INFO] [stdout] test mask_for_square::test::for_square::calculates_square_43 ... ok
[INFO] [stdout] test network::eval::tests::converts_position_to_layer ... ok
[INFO] [stdout] test network::eval::tests::network_catches_on_to_repeated_value ... ignored
[INFO] [stdout] test network::net::test::correctly_adjusts_weights ... ignored
[INFO] [stdout] test network::net::test::correctly_sets_all_error_signals ... ok
[INFO] [stdout] test network::net::test::correctly_sets_final_error_signal ... ok
[INFO] [stdout] test network::net::test::bias_affects_values ... ok
[INFO] [stdout] test network::net::test::creates_network_with_correct_dimensions_for_weights ... ok
[INFO] [stdout] test network::net::test::gets_error_from_forward_prop ... ok
[INFO] [stdout] test network::net::test::gets_final_value ... ok
[INFO] [stdout] test network::net::test::creates_network_with_correct_dimensions_for_values ... ok
[INFO] [stdout] test network::net::test::initializes_network_with_values ... ok
[INFO] [stdout] test network::net::test::sets_all_values ... ok
[INFO] [stdout] test network::network_storage::tests::converts_network_to_file_and_back ... ignored
[INFO] [stdout] test network::network::test::ends_with_layer_of_single_node ... ok
[INFO] [stdout] test network::network::test::set_values_for_layer_tests::creates_random_biases ... ok
[INFO] [stdout] test open_squares::test::finds_L_shape_from_bottom_left ... ok
[INFO] [stdout] test open_squares::test::finds_L_shape_from_middle_of_board ... ok
[INFO] [stdout] test open_squares::test::finds_open_on_cross ... ok
[INFO] [stdout] test open_squares::test::finds_L_shape_from_bottom_middle ... ok
[INFO] [stdout] test open_squares::test::finds_square_shape_from_bottom_left_of_board ... ok
[INFO] [stdout] test open_squares::test::finds_square_shape_from_bottom_middle_of_board ... ok
[INFO] [stdout] test open_squares::test::finds_square_shape_from_bottom_right_of_board ... ok
[INFO] [stdout] test open_squares::test::finds_open_on_diagonal ... ok
[INFO] [stdout] test network::network::test::set_values_for_layer_tests::successfully_mutates_node_values ... ok
[INFO] [stdout] test open_squares::test::finds_L_shape_from_top_right_of_board ... ok
[INFO] [stdout] test r#move::test::pawn_tests::finds_pawn_move_left_and_right_and_not_up_because_blocked_by_different_team ... ok
[INFO] [stdout] test r#move::test::pawn_tests::finds_pawn_move_left_and_right_and_not_up_because_blocked_by_same_team ... ok
[INFO] [stdout] test r#move::test::pawn_tests::finds_pawn_move_one_up_and_left_and_right ... ok
[INFO] [stdout] test open_squares::test::finds_square_shape_from_just_left_of_top_right_of_board ... ok
[INFO] [stdout] test open_squares::test::finds_square_shape_from_middle_of_board ... ok
[INFO] [stdout] test open_squares::test::finds_square_shape_from_top_right_of_board ... ok
[INFO] [stdout] test r#move::test::all_piece_tests::finds_rook_and_pawn_and_knight_moves ... ok
[INFO] [stdout] test r#move::test::pawn_tests::finds_pawn_move_up_only_one_and_not_left_or_right ... ok
[INFO] [stdout] test r#move::test::pawn_tests::finds_pawn_move_up_only_one_and_not_left_or_right_because_left_and_right_are_empty ... ok
[INFO] [stdout] test r#move::test::wrook_tests::finds_moves_for_one_rook ... ok
[INFO] [stdout] test network::network::test::set_values_for_layer_tests::creates_random_weights ... ok
[INFO] [stdout] test r#move::test::pawn_tests::finds_pawn_move_one_and_two_up_and_left_and_right ... ok
[INFO] [stdout] test safe_next_bit::test::finds_bit_up_right ... ok
[INFO] [stdout] test r#move::test::wrook_tests::finds_moves_for_two_rooks ... ok
[INFO] [stdout] test safe_next_bit::test::finds_bit_up_to_end_of_right ... ok
[INFO] [stdout] test r#move::test::pawn_tests::finds_multiple_pawns_can_move_forward ... ok
[INFO] [stdout] test safe_next_bit::test::finds_next_bit_right ... ok
[INFO] [stdout] test safe_next_bit::test::finds_no_bit_to_right ... ok
[INFO] [stdout] test r#move::test::wrook_tests::finds_that_theres_no_moves_for_one_rook ... ok
[INFO] [stdout] test safe_next_bit::test::gets_empty_board_when_no_up_right_bit ... ok
[INFO] [stdout] test safe_shift::test::down::shifts_down_once ... ok
[INFO] [stdout] test safe_shift::test::down::shifts_down_to_end_of_board ... ok
[INFO] [stdout] test safe_shift::test::down::shifts_up_twice ... ok
[INFO] [stdout] test safe_shift::test::left::shifts_board_left_once ... ok
[INFO] [stdout] test safe_shift::test::left::shifts_board_left_screen ... ok
[INFO] [stdout] test safe_shift::test::left::shifts_board_left_twice ... ok
[INFO] [stdout] test safe_shift::test::left::shifts_board_to_side_of_screen ... ok
[INFO] [stdout] test safe_shift::test::down::shifts_down_off_the_board ... ok
[INFO] [stdout] test safe_shift::test::up::shifts_up_to_end_of_board ... ok
[INFO] [stdout] test safe_shift::test::up::shifts_up_twice ... ok
[INFO] [stdout] test split_state::test::split_board_into_updated_states_tests::splits_into_no_updated_states ... ok
[INFO] [stdout] test safe_shift::test::right::shifts_board_off_screen ... ok
[INFO] [stdout] test split_state::test::split_board_into_updated_states_tests::splits_into_one_updated_state ... ok
[INFO] [stdout] test split_state::test::split_board_into_updated_states_tests::splits_into_three_updated_states ... ok
[INFO] [stdout] test safe_shift::test::right::shifts_board_right_twice ... ok
[INFO] [stdout] test split_state::test::split_slice_into_slices_tests::splits_into_multiple_slices ... ok
[INFO] [stdout] test safe_shift::test::up::shifts_up_off_the_board ... ok
[INFO] [stdout] test split_state::test::split_slice_into_slices_tests::splits_into_one_slice ... ok
[INFO] [stdout] test safe_shift::test::right::shifts_board_right_once ... ok
[INFO] [stdout] test safe_shift::test::up::shifts_up_once ... ok
[INFO] [stdout] test split_state::test::split_slice_into_slices_tests::splits_into_zero_slices ... ok
[INFO] [stdout] test utility::test::bit_to_index::can_get_index_of_last_possible_bit ... ok
[INFO] [stdout] test utility::test::bit_to_index::returns_zero_for_empty_board ... ok
[INFO] [stdout] test utility::test::border_bit::finds_bit_on_bottom_of_board ... ok
[INFO] [stdout] test utility::test::border_bit::finds_bit_on_right_of_board ... ok
[INFO] [stdout] test utility::test::border_bit::finds_bit_on_top_of_boards ... ok
[INFO] [stdout] test user::test::gets_square_index_from_string ... ok
[INFO] [stdout] test utility::test::bit_to_index::can_get_index_of_first_possible_bit ... ok
[INFO] [stdout] test utility::test::lsb_and_msb_tests::finds_no_msb ... ok
[INFO] [stdout] test utility::test::bit_to_index::can_get_index_of_middle_bit ... ok
[INFO] [stdout] test utility::test::lsb_and_msb_tests::finds_no_lsb ... ok
[INFO] [stdout] test utility::test::lsb_and_msb_tests::finds_top_bit_when_minimum_possible_value ... ok
[INFO] [stdout] test utility::test::border_bit::doesnt_find_bit_on_center_of_board ... ok
[INFO] [stdout] test utility::test::lsb_and_msb_tests::finds_bottom_msb ... ok
[INFO] [stdout] test utility::test::lsb_and_msb_tests::finds_top_bit_when_there_are_lower_bits ... ok
[INFO] [stdout] test utility::test::border_bit::finds_bit_on_left_of_board ... ok
[INFO] [stdout] test utility::test::lsb_and_msb_tests::isolates_bottom_bit ... ok
[INFO] [stdout] test utility::test::lsb_and_msb_tests::isolates_bottom_bit_when_there_are_more_bits ... ok
[INFO] [stdout] test utility::test::lsb_and_msb_tests::isolates_bottom_bit_when_its_max_possible_value ... ok
[INFO] [stdout] test network::network_storage::tests::writes_network_to_string ... FAILED
[INFO] [stdout] 
[INFO] [stdout] failures:
[INFO] [stdout] 
[INFO] [stdout] ---- network::network_storage::tests::writes_network_to_string stdout ----
[INFO] [stdout] 
[INFO] [stdout] thread 'network::network_storage::tests::writes_network_to_string' panicked at src/network/network_storage.rs:212:29:
[INFO] [stdout] Unable to write file: Os { code: 30, kind: ReadOnlyFilesystem, message: "Read-only file system" }
[INFO] [stdout] stack backtrace:
[INFO] [stdout]    0:     0x6201b6ce857a - std::backtrace_rs::backtrace::libunwind::trace::hb059275cfc8d6126
[INFO] [stdout]                                at /rustc/6067b36314ab5eb2eb47cecc464545ba58e1ad24/library/std/src/../../backtrace/src/backtrace/libunwind.rs:116:5
[INFO] [stdout]    1:     0x6201b6ce857a - std::backtrace_rs::backtrace::trace_unsynchronized::h2da071e4327ce3ee
[INFO] [stdout]                                at /rustc/6067b36314ab5eb2eb47cecc464545ba58e1ad24/library/std/src/../../backtrace/src/backtrace/mod.rs:66:5
[INFO] [stdout]    2:     0x6201b6ce857a - std::sys::backtrace::_print_fmt::h842a1474e6f8d23f
[INFO] [stdout]                                at /rustc/6067b36314ab5eb2eb47cecc464545ba58e1ad24/library/std/src/sys/backtrace.rs:66:9
[INFO] [stdout]    3:     0x6201b6ce857a - <std::sys::backtrace::BacktraceLock::print::DisplayBacktrace as core::fmt::Display>::fmt::h71a62eb3b9696b12
[INFO] [stdout]                                at /rustc/6067b36314ab5eb2eb47cecc464545ba58e1ad24/library/std/src/sys/backtrace.rs:39:26
[INFO] [stdout]    4:     0x6201b6d12163 - core::fmt::rt::Argument::fmt::hdb6b616786b41dc1
[INFO] [stdout]                                at /rustc/6067b36314ab5eb2eb47cecc464545ba58e1ad24/library/core/src/fmt/rt.rs:177:76
[INFO] [stdout]    5:     0x6201b6d12163 - core::fmt::write::h2cc1698af7e2d686
[INFO] [stdout]                                at /rustc/6067b36314ab5eb2eb47cecc464545ba58e1ad24/library/core/src/fmt/mod.rs:1440:21
[INFO] [stdout]    6:     0x6201b6ce5023 - std::io::Write::write_fmt::hab1b4cd059a79022
[INFO] [stdout]                                at /rustc/6067b36314ab5eb2eb47cecc464545ba58e1ad24/library/std/src/io/mod.rs:1887:15
[INFO] [stdout]    7:     0x6201b6ce83c2 - std::sys::backtrace::BacktraceLock::print::h147fe35b4ea13b08
[INFO] [stdout]                                at /rustc/6067b36314ab5eb2eb47cecc464545ba58e1ad24/library/std/src/sys/backtrace.rs:42:9
[INFO] [stdout]    8:     0x6201b6ce999f - std::panicking::default_hook::{{closure}}::hbd44223dbdc0d208
[INFO] [stdout]                                at /rustc/6067b36314ab5eb2eb47cecc464545ba58e1ad24/library/std/src/panicking.rs:298:22
[INFO] [stdout]    9:     0x6201b6ce97b8 - std::panicking::default_hook::h20f81eb0576efcec
[INFO] [stdout]                                at /rustc/6067b36314ab5eb2eb47cecc464545ba58e1ad24/library/std/src/panicking.rs:322:9
[INFO] [stdout]   10:     0x6201b6c796a3 - <alloc::boxed::Box<F,A> as core::ops::function::Fn<Args>>::call::hdb53814c496a4d34
[INFO] [stdout]                                at /rustc/6067b36314ab5eb2eb47cecc464545ba58e1ad24/library/alloc/src/boxed.rs:2027:9
[INFO] [stdout]   11:     0x6201b6c796a3 - test::test_main::{{closure}}::hc0a4963c59427c24
[INFO] [stdout]                                at /rustc/6067b36314ab5eb2eb47cecc464545ba58e1ad24/library/test/src/lib.rs:134:21
[INFO] [stdout]   12:     0x6201b6cea493 - <alloc::boxed::Box<F,A> as core::ops::function::Fn<Args>>::call::h591b2225413a77e9
[INFO] [stdout]                                at /rustc/6067b36314ab5eb2eb47cecc464545ba58e1ad24/library/alloc/src/boxed.rs:2027:9
[INFO] [stdout]   13:     0x6201b6cea493 - std::panicking::rust_panic_with_hook::h625eea43051b2edc
[INFO] [stdout]                                at /rustc/6067b36314ab5eb2eb47cecc464545ba58e1ad24/library/std/src/panicking.rs:839:13
[INFO] [stdout]   14:     0x6201b6cea14a - std::panicking::begin_panic_handler::{{closure}}::h4f9159cfbc3f6bd3
[INFO] [stdout]                                at /rustc/6067b36314ab5eb2eb47cecc464545ba58e1ad24/library/std/src/panicking.rs:704:13
[INFO] [stdout]   15:     0x6201b6ce8a79 - std::sys::backtrace::__rust_end_short_backtrace::h0390abce48353151
[INFO] [stdout]                                at /rustc/6067b36314ab5eb2eb47cecc464545ba58e1ad24/library/std/src/sys/backtrace.rs:168:18
[INFO] [stdout]   16:     0x6201b6ce9ddd - rust_begin_unwind
[INFO] [stdout]                                at /rustc/6067b36314ab5eb2eb47cecc464545ba58e1ad24/library/std/src/panicking.rs:695:5
[INFO] [stdout]   17:     0x6201b6d0fd30 - core::panicking::panic_fmt::h9e7c637e9e5f29c9
[INFO] [stdout]                                at /rustc/6067b36314ab5eb2eb47cecc464545ba58e1ad24/library/core/src/panicking.rs:75:14
[INFO] [stdout]   18:     0x6201b6d101a6 - core::result::unwrap_failed::h7979f09313fe1849
[INFO] [stdout]                                at /rustc/6067b36314ab5eb2eb47cecc464545ba58e1ad24/library/core/src/result.rs:1704:5
[INFO] [stdout]   19:     0x6201b6c23c4f - core::result::Result<T,E>::expect::h3e7f929a43d03dae
[INFO] [stdout]                                at /rustc/6067b36314ab5eb2eb47cecc464545ba58e1ad24/library/core/src/result.rs:1061:23
[INFO] [stdout]   20:     0x6201b6c16741 - chess_engine::network::network_storage::write_network_to_file::h500c6d04144fdfb0
[INFO] [stdout]                                at /opt/rustwide/workdir/src/network/network_storage.rs:212:3
[INFO] [stdout]   21:     0x6201b6c36dbf - chess_engine::network::network_storage::tests::writes_network_to_string::hec7223488a5edf65
[INFO] [stdout]                                at /opt/rustwide/workdir/src/network/network_storage.rs:230:5
[INFO] [stdout]   22:     0x6201b6c36d27 - chess_engine::network::network_storage::tests::writes_network_to_string::{{closure}}::h2e9b09c2c684f7e4
[INFO] [stdout]                                at /opt/rustwide/workdir/src/network/network_storage.rs:227:32
[INFO] [stdout]   23:     0x6201b6c2ad66 - core::ops::function::FnOnce::call_once::hf38794f0b36fc879
[INFO] [stdout]                                at /rustc/6067b36314ab5eb2eb47cecc464545ba58e1ad24/library/core/src/ops/function.rs:250:5
[INFO] [stdout]   24:     0x6201b6c7edfb - core::ops::function::FnOnce::call_once::he27718dfdd183f43
[INFO] [stdout]                                at /rustc/6067b36314ab5eb2eb47cecc464545ba58e1ad24/library/core/src/ops/function.rs:250:5
[INFO] [stdout]   25:     0x6201b6c7edfb - test::__rust_begin_short_backtrace::h4e84902998457a5d
[INFO] [stdout]                                at /rustc/6067b36314ab5eb2eb47cecc464545ba58e1ad24/library/test/src/lib.rs:632:18
[INFO] [stdout]   26:     0x6201b6c7dd33 - test::run_test_in_process::{{closure}}::h7176fd18fc1feca0
[INFO] [stdout]                                at /rustc/6067b36314ab5eb2eb47cecc464545ba58e1ad24/library/test/src/lib.rs:655:60
[INFO] [stdout]   27:     0x6201b6c7dd33 - <core::panic::unwind_safe::AssertUnwindSafe<F> as core::ops::function::FnOnce<()>>::call_once::hf79cff2a624d8cf7
[INFO] [stdout]                                at /rustc/6067b36314ab5eb2eb47cecc464545ba58e1ad24/library/core/src/panic/unwind_safe.rs:272:9
[INFO] [stdout]   28:     0x6201b6c7dd33 - std::panicking::try::do_call::h3da0561d9ab99c25
[INFO] [stdout]                                at /rustc/6067b36314ab5eb2eb47cecc464545ba58e1ad24/library/std/src/panicking.rs:587:40
[INFO] [stdout]   29:     0x6201b6c7dd33 - std::panicking::try::h41c9fa508bc61df6
[INFO] [stdout]                                at /rustc/6067b36314ab5eb2eb47cecc464545ba58e1ad24/library/std/src/panicking.rs:550:19
[INFO] [stdout]   30:     0x6201b6c7dd33 - std::panic::catch_unwind::h6b3ff07bb5afad93
[INFO] [stdout]                                at /rustc/6067b36314ab5eb2eb47cecc464545ba58e1ad24/library/std/src/panic.rs:358:14
[INFO] [stdout]   31:     0x6201b6c7dd33 - test::run_test_in_process::hc7253dd11b39b9f4
[INFO] [stdout]                                at /rustc/6067b36314ab5eb2eb47cecc464545ba58e1ad24/library/test/src/lib.rs:655:27
[INFO] [stdout]   32:     0x6201b6c7dd33 - test::run_test::{{closure}}::hfb2007f8649c30bb
[INFO] [stdout]                                at /rustc/6067b36314ab5eb2eb47cecc464545ba58e1ad24/library/test/src/lib.rs:576:43
[INFO] [stdout]   33:     0x6201b6c40e15 - test::run_test::{{closure}}::h56a17aa7a282a9f4
[INFO] [stdout]                                at /rustc/6067b36314ab5eb2eb47cecc464545ba58e1ad24/library/test/src/lib.rs:606:41
[INFO] [stdout]   34:     0x6201b6c40e15 - std::sys::backtrace::__rust_begin_short_backtrace::hd2d2d2fb8e8c6aac
[INFO] [stdout]                                at /rustc/6067b36314ab5eb2eb47cecc464545ba58e1ad24/library/std/src/sys/backtrace.rs:152:18
[INFO] [stdout]   35:     0x6201b6c446fa - std::thread::Builder::spawn_unchecked_::{{closure}}::{{closure}}::h4faa3f9db6133423
[INFO] [stdout]                                at /rustc/6067b36314ab5eb2eb47cecc464545ba58e1ad24/library/std/src/thread/mod.rs:559:17
[INFO] [stdout]   36:     0x6201b6c446fa - <core::panic::unwind_safe::AssertUnwindSafe<F> as core::ops::function::FnOnce<()>>::call_once::hf2e855a36a4ea846
[INFO] [stdout]                                at /rustc/6067b36314ab5eb2eb47cecc464545ba58e1ad24/library/core/src/panic/unwind_safe.rs:272:9
[INFO] [stdout]   37:     0x6201b6c446fa - std::panicking::try::do_call::h2f73af3616c35465
[INFO] [stdout]                                at /rustc/6067b36314ab5eb2eb47cecc464545ba58e1ad24/library/std/src/panicking.rs:587:40
[INFO] [stdout]   38:     0x6201b6c446fa - std::panicking::try::hd1660ce9efadef5a
[INFO] [stdout]                                at /rustc/6067b36314ab5eb2eb47cecc464545ba58e1ad24/library/std/src/panicking.rs:550:19
[INFO] [stdout]   39:     0x6201b6c446fa - std::panic::catch_unwind::h5ee8d7823b8ca744
[INFO] [stdout]                                at /rustc/6067b36314ab5eb2eb47cecc464545ba58e1ad24/library/std/src/panic.rs:358:14
[INFO] [stdout]   40:     0x6201b6c446fa - std::thread::Builder::spawn_unchecked_::{{closure}}::h53c3a1894dce8407
[INFO] [stdout]                                at /rustc/6067b36314ab5eb2eb47cecc464545ba58e1ad24/library/std/src/thread/mod.rs:557:30
[INFO] [stdout]   41:     0x6201b6c446fa - core::ops::function::FnOnce::call_once{{vtable.shim}}::h048ce291ad4f62bf
[INFO] [stdout]                                at /rustc/6067b36314ab5eb2eb47cecc464545ba58e1ad24/library/core/src/ops/function.rs:250:5
[INFO] [stdout]   42:     0x6201b6cee4ab - <alloc::boxed::Box<F,A> as core::ops::function::FnOnce<Args>>::call_once::ha52bedf99a3b4981
[INFO] [stdout]                                at /rustc/6067b36314ab5eb2eb47cecc464545ba58e1ad24/library/alloc/src/boxed.rs:2013:9
[INFO] [stdout]   43:     0x6201b6cee4ab - <alloc::boxed::Box<F,A> as core::ops::function::FnOnce<Args>>::call_once::h567748934d80ccf8
[INFO] [stdout]                                at /rustc/6067b36314ab5eb2eb47cecc464545ba58e1ad24/library/alloc/src/boxed.rs:2013:9
[INFO] [stdout]   44:     0x6201b6cee4ab - std::sys::pal::unix::thread::Thread::new::thread_start::h2d970728ae887adc
[INFO] [stdout]                                at /rustc/6067b36314ab5eb2eb47cecc464545ba58e1ad24/library/std/src/sys/pal/unix/thread.rs:106:17
[INFO] [stdout]   45:     0x7cc785686ac3 - <unknown>
[INFO] [stdout]   46:     0x7cc785717a04 - clone
[INFO] [stdout]   47:                0x0 - <unknown>
[INFO] [stdout] 
[INFO] [stdout] 
[INFO] [stdout] failures:
[INFO] [stdout]     network::network_storage::tests::writes_network_to_string
[INFO] [stdout] 
[INFO] [stdout] test result: FAILED. 115 passed; 1 failed; 3 ignored; 0 measured; 0 filtered out; finished in 0.10s
[INFO] [stdout] 
[INFO] [stderr] error: test failed, to rerun pass `--bin chess-engine`
[INFO] running `Command { std: "docker" "inspect" "135f4a8a4afea13679c643588bb9369ee7c1f146aa2207444fd031fc410df7bc", kill_on_drop: false }`
[INFO] running `Command { std: "docker" "rm" "-f" "135f4a8a4afea13679c643588bb9369ee7c1f146aa2207444fd031fc410df7bc", kill_on_drop: false }`
[INFO] [stdout] 135f4a8a4afea13679c643588bb9369ee7c1f146aa2207444fd031fc410df7bc
