[INFO] cloning repository https://github.com/joaoviictorti/coffeeldr
[INFO] running `Command { std: "git" "-c" "credential.helper=" "-c" "credential.helper=/workspace/cargo-home/bin/git-credential-null" "clone" "--bare" "https://github.com/joaoviictorti/coffeeldr" "/workspace/cache/git-repos/https%3A%2F%2Fgithub.com%2Fjoaoviictorti%2Fcoffeeldr", kill_on_drop: false }`
[INFO] [stderr] Cloning into bare repository '/workspace/cache/git-repos/https%3A%2F%2Fgithub.com%2Fjoaoviictorti%2Fcoffeeldr'...
[INFO] running `Command { std: "git" "rev-parse" "HEAD", kill_on_drop: false }`
[INFO] [stdout] 7cd327160a0cdd34c016678e4216049bb7be2a4c
[INFO] testing joaoviictorti/coffeeldr against nightly-2025-01-18 for randomize-layout-2
[INFO] running `Command { std: "git" "clone" "/workspace/cache/git-repos/https%3A%2F%2Fgithub.com%2Fjoaoviictorti%2Fcoffeeldr" "/workspace/builds/worker-5-tc1/source", kill_on_drop: false }`
[INFO] [stderr] Cloning into '/workspace/builds/worker-5-tc1/source'...
[INFO] [stderr] done.
[INFO] validating manifest of git repo https://github.com/joaoviictorti/coffeeldr on toolchain nightly-2025-01-18
[INFO] running `Command { std: CARGO_HOME="/workspace/cargo-home" RUSTUP_HOME="/workspace/rustup-home" "/workspace/cargo-home/bin/cargo" "+nightly-2025-01-18" "metadata" "--manifest-path" "Cargo.toml" "--no-deps", kill_on_drop: false }`
[INFO] removed /workspace/builds/worker-5-tc1/source/rust-toolchain.toml
[INFO] started tweaking git repo https://github.com/joaoviictorti/coffeeldr
[INFO] finished tweaking git repo https://github.com/joaoviictorti/coffeeldr
[INFO] tweaked toml for git repo https://github.com/joaoviictorti/coffeeldr written to /workspace/builds/worker-5-tc1/source/Cargo.toml
[INFO] crate git repo https://github.com/joaoviictorti/coffeeldr already has a lockfile, it will not be regenerated
[INFO] running `Command { std: CARGO_HOME="/workspace/cargo-home" RUSTUP_HOME="/workspace/rustup-home" "/workspace/cargo-home/bin/cargo" "+nightly-2025-01-18" "fetch" "--manifest-path" "Cargo.toml", kill_on_drop: false }`
[INFO] [stderr]     Updating crates.io index
[INFO] [stderr]  Downloading crates ...
[INFO] [stderr]   Downloaded printf-compat v0.1.1
[INFO] [stderr]   Downloaded cstr_core v0.2.6
[INFO] running `Command { std: "docker" "create" "-v" "/var/lib/crater-agent-workspace/builds/worker-5-tc1/target:/opt/rustwide/target:rw,Z" "-v" "/var/lib/crater-agent-workspace/builds/worker-5-tc1/source:/opt/rustwide/workdir:ro,Z" "-v" "/var/lib/crater-agent-workspace/cargo-home:/opt/rustwide/cargo-home:ro,Z" "-v" "/var/lib/crater-agent-workspace/rustup-home:/opt/rustwide/rustup-home:ro,Z" "-e" "SOURCE_DIR=/opt/rustwide/workdir" "-e" "CARGO_TARGET_DIR=/opt/rustwide/target" "-e" "CARGO_HOME=/opt/rustwide/cargo-home" "-e" "RUSTUP_HOME=/opt/rustwide/rustup-home" "-w" "/opt/rustwide/workdir" "-m" "1610612736" "--user" "0:0" "--network" "none" "ghcr.io/rust-lang/crates-build-env/linux@sha256:819108c5571ea2e421544af4d832f968d213c87fbe3707a016657f43d2f853bc" "/opt/rustwide/cargo-home/bin/cargo" "+nightly-2025-01-18" "metadata" "--no-deps" "--format-version=1", kill_on_drop: false }`
[INFO] [stdout] 017d2723c62d30c0a7f824d74e08b3acabb525fc08ad8c663ecf6e9016e9d2d8
[INFO] running `Command { std: "docker" "start" "-a" "017d2723c62d30c0a7f824d74e08b3acabb525fc08ad8c663ecf6e9016e9d2d8", kill_on_drop: false }`
[INFO] running `Command { std: "docker" "inspect" "017d2723c62d30c0a7f824d74e08b3acabb525fc08ad8c663ecf6e9016e9d2d8", kill_on_drop: false }`
[INFO] running `Command { std: "docker" "rm" "-f" "017d2723c62d30c0a7f824d74e08b3acabb525fc08ad8c663ecf6e9016e9d2d8", kill_on_drop: false }`
[INFO] [stdout] 017d2723c62d30c0a7f824d74e08b3acabb525fc08ad8c663ecf6e9016e9d2d8
[INFO] running `Command { std: "docker" "create" "-v" "/var/lib/crater-agent-workspace/builds/worker-5-tc1/target:/opt/rustwide/target:rw,Z" "-v" "/var/lib/crater-agent-workspace/builds/worker-5-tc1/source:/opt/rustwide/workdir:ro,Z" "-v" "/var/lib/crater-agent-workspace/cargo-home:/opt/rustwide/cargo-home:ro,Z" "-v" "/var/lib/crater-agent-workspace/rustup-home:/opt/rustwide/rustup-home:ro,Z" "-e" "SOURCE_DIR=/opt/rustwide/workdir" "-e" "CARGO_TARGET_DIR=/opt/rustwide/target" "-e" "CARGO_INCREMENTAL=0" "-e" "RUST_BACKTRACE=full" "-e" "RUSTFLAGS=--cap-lints=forbid" "-e" "RUSTDOCFLAGS=--cap-lints=forbid" "-e" "CARGO_HOME=/opt/rustwide/cargo-home" "-e" "RUSTUP_HOME=/opt/rustwide/rustup-home" "-w" "/opt/rustwide/workdir" "-m" "1610612736" "--user" "0:0" "--network" "none" "ghcr.io/rust-lang/crates-build-env/linux@sha256:819108c5571ea2e421544af4d832f968d213c87fbe3707a016657f43d2f853bc" "/opt/rustwide/cargo-home/bin/cargo" "+nightly-2025-01-18" "build" "--frozen" "--message-format=json", kill_on_drop: false }`
[INFO] [stdout] ecf30227d30df69fed900dba8b59936adaf5ae82148d919f5da68df459678f2f
[INFO] running `Command { std: "docker" "start" "-a" "ecf30227d30df69fed900dba8b59936adaf5ae82148d919f5da68df459678f2f", kill_on_drop: false }`
[INFO] [stderr]    Compiling proc-macro2 v1.0.87
[INFO] [stderr]    Compiling windows_x86_64_gnu v0.52.6
[INFO] [stderr]    Compiling memchr v2.7.4
[INFO] [stderr]    Compiling thiserror v1.0.64
[INFO] [stderr]    Compiling cty v0.2.2
[INFO] [stderr]    Compiling either v1.13.0
[INFO] [stderr]    Compiling bitflags v1.3.2
[INFO] [stderr]    Compiling scroll v0.12.0
[INFO] [stderr]    Compiling byteorder v1.5.0
[INFO] [stderr]    Compiling itertools v0.9.0
[INFO] [stderr]    Compiling windows-targets v0.52.6
[INFO] [stderr]    Compiling windows-sys v0.59.0
[INFO] [stderr]    Compiling quote v1.0.37
[INFO] [stderr]    Compiling cstr_core v0.2.6
[INFO] [stderr]    Compiling syn v2.0.79
[INFO] [stderr]    Compiling printf-compat v0.1.1
[INFO] [stderr]    Compiling thiserror-impl v1.0.64
[INFO] [stderr]    Compiling coffeeldr v0.1.3 (/opt/rustwide/workdir)
[INFO] [stderr]     Finished `dev` profile [unoptimized + debuginfo] target(s) in 11.34s
[INFO] running `Command { std: "docker" "inspect" "ecf30227d30df69fed900dba8b59936adaf5ae82148d919f5da68df459678f2f", kill_on_drop: false }`
[INFO] running `Command { std: "docker" "rm" "-f" "ecf30227d30df69fed900dba8b59936adaf5ae82148d919f5da68df459678f2f", kill_on_drop: false }`
[INFO] [stdout] ecf30227d30df69fed900dba8b59936adaf5ae82148d919f5da68df459678f2f
[INFO] running `Command { std: "docker" "create" "-v" "/var/lib/crater-agent-workspace/builds/worker-5-tc1/target:/opt/rustwide/target:rw,Z" "-v" "/var/lib/crater-agent-workspace/builds/worker-5-tc1/source:/opt/rustwide/workdir:ro,Z" "-v" "/var/lib/crater-agent-workspace/cargo-home:/opt/rustwide/cargo-home:ro,Z" "-v" "/var/lib/crater-agent-workspace/rustup-home:/opt/rustwide/rustup-home:ro,Z" "-e" "SOURCE_DIR=/opt/rustwide/workdir" "-e" "CARGO_TARGET_DIR=/opt/rustwide/target" "-e" "CARGO_INCREMENTAL=0" "-e" "RUST_BACKTRACE=full" "-e" "RUSTFLAGS=--cap-lints=forbid" "-e" "RUSTDOCFLAGS=--cap-lints=forbid" "-e" "CARGO_HOME=/opt/rustwide/cargo-home" "-e" "RUSTUP_HOME=/opt/rustwide/rustup-home" "-w" "/opt/rustwide/workdir" "-m" "1610612736" "--user" "0:0" "--network" "none" "ghcr.io/rust-lang/crates-build-env/linux@sha256:819108c5571ea2e421544af4d832f968d213c87fbe3707a016657f43d2f853bc" "/opt/rustwide/cargo-home/bin/cargo" "+nightly-2025-01-18" "test" "--frozen" "--no-run" "--message-format=json", kill_on_drop: false }`
[INFO] [stdout] 214d8db999a891d7022248dcafa269258eff23204b4e1dcd6ff9140c0708fa86
[INFO] running `Command { std: "docker" "start" "-a" "214d8db999a891d7022248dcafa269258eff23204b4e1dcd6ff9140c0708fa86", kill_on_drop: false }`
[INFO] [stderr]    Compiling coffeeldr v0.1.3 (/opt/rustwide/workdir)
[INFO] [stderr]     Finished `test` profile [unoptimized + debuginfo] target(s) in 0.89s
[INFO] running `Command { std: "docker" "inspect" "214d8db999a891d7022248dcafa269258eff23204b4e1dcd6ff9140c0708fa86", kill_on_drop: false }`
[INFO] running `Command { std: "docker" "rm" "-f" "214d8db999a891d7022248dcafa269258eff23204b4e1dcd6ff9140c0708fa86", kill_on_drop: false }`
[INFO] [stdout] 214d8db999a891d7022248dcafa269258eff23204b4e1dcd6ff9140c0708fa86
[INFO] running `Command { std: "docker" "create" "-v" "/var/lib/crater-agent-workspace/builds/worker-5-tc1/target:/opt/rustwide/target:rw,Z" "-v" "/var/lib/crater-agent-workspace/builds/worker-5-tc1/source:/opt/rustwide/workdir:ro,Z" "-v" "/var/lib/crater-agent-workspace/cargo-home:/opt/rustwide/cargo-home:ro,Z" "-v" "/var/lib/crater-agent-workspace/rustup-home:/opt/rustwide/rustup-home:ro,Z" "-e" "SOURCE_DIR=/opt/rustwide/workdir" "-e" "CARGO_TARGET_DIR=/opt/rustwide/target" "-e" "CARGO_INCREMENTAL=0" "-e" "RUST_BACKTRACE=full" "-e" "RUSTFLAGS=--cap-lints=forbid" "-e" "RUSTDOCFLAGS=--cap-lints=forbid" "-e" "CARGO_HOME=/opt/rustwide/cargo-home" "-e" "RUSTUP_HOME=/opt/rustwide/rustup-home" "-w" "/opt/rustwide/workdir" "-m" "1610612736" "--user" "0:0" "--network" "none" "ghcr.io/rust-lang/crates-build-env/linux@sha256:819108c5571ea2e421544af4d832f968d213c87fbe3707a016657f43d2f853bc" "/opt/rustwide/cargo-home/bin/cargo" "+nightly-2025-01-18" "test" "--frozen", kill_on_drop: false }`
[INFO] [stdout] bda65efda069986c117497ae1d47c5ac967671fab2d2a8c1754a1d67b9fdb0e0
[INFO] running `Command { std: "docker" "start" "-a" "bda65efda069986c117497ae1d47c5ac967671fab2d2a8c1754a1d67b9fdb0e0", kill_on_drop: false }`
[INFO] [stderr]     Finished `test` profile [unoptimized + debuginfo] target(s) in 0.06s
[INFO] [stderr]      Running unittests src/lib.rs (/opt/rustwide/target/debug/deps/coffeeldr-048b82f593a69218)
[INFO] [stderr]    Doc-tests coffeeldr
[INFO] [stdout] 
[INFO] [stdout] running 0 tests
[INFO] [stdout] 
[INFO] [stdout] test result: ok. 0 passed; 0 failed; 0 ignored; 0 measured; 0 filtered out; finished in 0.00s
[INFO] [stdout] 
[INFO] [stdout] 
[INFO] [stdout] running 6 tests
[INFO] [stdout] test src/loader.rs - loader::CoffeeLdr<'a>::new (line 110) ... ignored
[INFO] [stdout] test src/loader.rs - loader::CoffeeLdr<'a>::new (line 96) ... ignored
[INFO] [stdout] test src/loader.rs - loader::CoffeeLdr<'a>::run (line 161) ... ignored
[INFO] [stdout] test src/lib.rs - (line 63) ... FAILED
[INFO] [stdout] test src/lib.rs - (line 80) ... FAILED
[INFO] [stdout] test src/lib.rs - (line 47) ... FAILED
[INFO] [stdout] 
[INFO] [stdout] failures:
[INFO] [stdout] 
[INFO] [stdout] ---- src/lib.rs - (line 63) stdout ----
[INFO] [stdout] error: couldn't read `src/path/to/coff_file.o`: No such file or directory (os error 2)
[INFO] [stdout]  --> src/lib.rs:67:17
[INFO] [stdout]   |
[INFO] [stdout] 7 | let coff_data = include_bytes!("path/to/coff_file.o");
[INFO] [stdout]   |                 ^^^^^^^^^^^^^^^^^^^^^^^^^^^^^^^^^^^^^
[INFO] [stdout]   |
[INFO] [stdout]   = note: this error originates in the macro `include_bytes` (in Nightly builds, run with -Z macro-backtrace for more info)
[INFO] [stdout] 
[INFO] [stdout] error: aborting due to 1 previous error
[INFO] [stdout] 
[INFO] [stdout] Couldn't compile the test.
[INFO] [stdout] ---- src/lib.rs - (line 80) stdout ----
[INFO] [stdout] error[E0433]: failed to resolve: use of undeclared type `CoffeeLdr`
[INFO] [stdout]  --> src/lib.rs:81:18
[INFO] [stdout]   |
[INFO] [stdout] 3 | let mut coffee = CoffeeLdr::new("path/to/coff_file.o").unwrap();
[INFO] [stdout]   |                  ^^^^^^^^^ use of undeclared type `CoffeeLdr`
[INFO] [stdout]   |
[INFO] [stdout] help: consider importing this struct
[INFO] [stdout]   |
[INFO] [stdout] 2 + use coffeeldr::CoffeeLdr;
[INFO] [stdout]   |
[INFO] [stdout] 
[INFO] [stdout] error: aborting due to 1 previous error
[INFO] [stdout] 
[INFO] [stdout] For more information about this error, try `rustc --explain E0433`.
[INFO] [stdout] Couldn't compile the test.
[INFO] [stdout] ---- src/lib.rs - (line 47) stdout ----
[INFO] [stdout] error: linking with `cc` failed: exit status: 1
[INFO] [stdout]   |
[INFO] [stdout]   = note: LC_ALL="C" PATH="/opt/rustwide/rustup-home/toolchains/nightly-2025-01-18-x86_64-unknown-linux-gnu/lib/rustlib/x86_64-unknown-linux-gnu/bin:/opt/rustwide/rustup-home/toolchains/nightly-2025-01-18-x86_64-unknown-linux-gnu/lib/rustlib/x86_64-unknown-linux-gnu/bin/self-contained:/opt/rustwide/cargo-home/bin:/usr/local/sbin:/usr/local/bin:/usr/sbin:/usr/bin:/sbin:/bin" VSLANG="1033" "cc" "-m64" "/tmp/rustc2aZlRy/symbols.o" "<2 object files omitted>" "-Wl,--as-needed" "-Wl,-Bstatic" "/opt/rustwide/target/debug/deps/{libcoffeeldr-9f02110b9a1f025d.rlib,libprintf_compat-857c854b800b2e9b.rlib,libbitflags-e2b4db6c651223da.rlib,libitertools-826781a2dbf65da5.rlib,libeither-05c06c46adc2ac96.rlib,libcstr_core-4472f4e4aa4da4c0.rlib,libmemchr-29d6b2bc96b2b183.rlib,libcty-91d035af7f540a1d.rlib,libbyteorder-1efcbe4f07366651.rlib,libthiserror-cf8e080399144ebe.rlib,libscroll-ae977bde932f5032.rlib,liblog-5fb51f756c1191b0.rlib,libwindows_sys-f517400053cee7b5.rlib,libwindows_targets-93a0a1809c5bf51e.rlib}" "/opt/rustwide/rustup-home/toolchains/nightly-2025-01-18-x86_64-unknown-linux-gnu/lib/rustlib/x86_64-unknown-linux-gnu/lib/{libstd-006123e2ce67e99d.rlib,libpanic_unwind-e1447e1efa6f1e57.rlib,libobject-f6963a4916fcf097.rlib,libmemchr-49a2d9af912f4524.rlib,libaddr2line-04d19aad3936869d.rlib,libgimli-483c235edb789db0.rlib,librustc_demangle-294281af50b8f748.rlib,libstd_detect-3b08295250aabc2a.rlib,libhashbrown-4472d1e05ba0dfaf.rlib,librustc_std_workspace_alloc-2ef099fac590e457.rlib,libminiz_oxide-8a51f5e848546c29.rlib,libadler2-3d3fa22b868db521.rlib,libunwind-0ffda8b08e22dbea.rlib,libcfg_if-b08f62458fdd43b9.rlib,liblibc-559675126e63b890.rlib,liballoc-fcf21c8d1c9c7b75.rlib,librustc_std_workspace_core-e0b0460135bcf21d.rlib,libcore-d4097fdcbddd3bc7.rlib,libcompiler_builtins-fea484ac1eed7881.rlib}" "-Wl,-Bdynamic" "-lgcc_s" "-lutil" "-lrt" "-lpthread" "-lm" "-ldl" "-lc" "-B/opt/rustwide/rustup-home/toolchains/nightly-2025-01-18-x86_64-unknown-linux-gnu/lib/rustlib/x86_64-unknown-linux-gnu/bin/gcc-ld" "-fuse-ld=lld" "-Wl,--eh-frame-hdr" "-Wl,-z,noexecstack" "-L" "/opt/rustwide/cargo-home/registry/src/index.crates.io-1949cf8c6b5b557f/windows_x86_64_gnu-0.52.6/lib" "-L" "/opt/rustwide/rustup-home/toolchains/nightly-2025-01-18-x86_64-unknown-linux-gnu/lib/rustlib/x86_64-unknown-linux-gnu/lib" "-o" "/tmp/rustdoctestZunJCk/rust_out" "-Wl,--gc-sections" "-pie" "-Wl,-z,relro,-z,now" "-nodefaultlibs"
[INFO] [stdout]   = note: some arguments are omitted. use `--verbose` to show all linker arguments
[INFO] [stdout]   = note: rust-lld: error: undefined symbol: VirtualFree
[INFO] [stdout]           >>> referenced by loader.rs:443 (src/loader.rs:443)
[INFO] [stdout]           >>>               coffeeldr-9f02110b9a1f025d.coffeeldr.c918b115ac1ca213-cgu.5.rcgu.o:(_$LT$coffeeldr..loader..CoffeeLdr$u20$as$u20$core..ops..drop..Drop$GT$::drop::h3cb4430bb89736b9) in archive /opt/rustwide/target/debug/deps/libcoffeeldr-9f02110b9a1f025d.rlib
[INFO] [stdout]           >>> referenced by loader.rs:435 (src/loader.rs:435)
[INFO] [stdout]           >>>               coffeeldr-9f02110b9a1f025d.coffeeldr.c918b115ac1ca213-cgu.5.rcgu.o:(_$LT$coffeeldr..loader..CoffeeLdr$u20$as$u20$core..ops..drop..Drop$GT$::drop::h3cb4430bb89736b9) in archive /opt/rustwide/target/debug/deps/libcoffeeldr-9f02110b9a1f025d.rlib
[INFO] [stdout]           collect2: error: ld returned 1 exit status
[INFO] [stdout]           
[INFO] [stdout] 
[INFO] [stdout] error: aborting due to 1 previous error
[INFO] [stdout] 
[INFO] [stdout] Couldn't compile the test.
[INFO] [stdout] 
[INFO] [stdout] failures:
[INFO] [stdout]     src/lib.rs - (line 47)
[INFO] [stdout]     src/lib.rs - (line 63)
[INFO] [stdout]     src/lib.rs - (line 80)
[INFO] [stdout] 
[INFO] [stdout] test result: FAILED. 0 passed; 3 failed; 3 ignored; 0 measured; 0 filtered out; finished in 0.32s
[INFO] [stdout] 
[INFO] [stderr] error: doctest failed, to rerun pass `--doc`
[INFO] running `Command { std: "docker" "inspect" "bda65efda069986c117497ae1d47c5ac967671fab2d2a8c1754a1d67b9fdb0e0", kill_on_drop: false }`
[INFO] running `Command { std: "docker" "rm" "-f" "bda65efda069986c117497ae1d47c5ac967671fab2d2a8c1754a1d67b9fdb0e0", kill_on_drop: false }`
[INFO] [stdout] bda65efda069986c117497ae1d47c5ac967671fab2d2a8c1754a1d67b9fdb0e0
