[INFO] cloning repository https://github.com/jlricon/advent-code-2019-rust
[INFO] running `Command { std: "git" "-c" "credential.helper=" "-c" "credential.helper=/workspace/cargo-home/bin/git-credential-null" "clone" "--bare" "https://github.com/jlricon/advent-code-2019-rust" "/workspace/cache/git-repos/https%3A%2F%2Fgithub.com%2Fjlricon%2Fadvent-code-2019-rust", kill_on_drop: false }`
[INFO] [stderr] Cloning into bare repository '/workspace/cache/git-repos/https%3A%2F%2Fgithub.com%2Fjlricon%2Fadvent-code-2019-rust'...
[INFO] running `Command { std: "git" "rev-parse" "HEAD", kill_on_drop: false }`
[INFO] [stdout] d19aa3737470c020ce5646964b8143b3f2c242b1
[INFO] testing jlricon/advent-code-2019-rust against nightly-2025-01-18 for randomize-layout-2
[INFO] running `Command { std: "git" "clone" "/workspace/cache/git-repos/https%3A%2F%2Fgithub.com%2Fjlricon%2Fadvent-code-2019-rust" "/workspace/builds/worker-4-tc1/source", kill_on_drop: false }`
[INFO] [stderr] Cloning into '/workspace/builds/worker-4-tc1/source'...
[INFO] [stderr] done.
[INFO] validating manifest of git repo https://github.com/jlricon/advent-code-2019-rust on toolchain nightly-2025-01-18
[INFO] running `Command { std: CARGO_HOME="/workspace/cargo-home" RUSTUP_HOME="/workspace/rustup-home" "/workspace/cargo-home/bin/cargo" "+nightly-2025-01-18" "metadata" "--manifest-path" "Cargo.toml" "--no-deps", kill_on_drop: false }`
[INFO] started tweaking git repo https://github.com/jlricon/advent-code-2019-rust
[INFO] finished tweaking git repo https://github.com/jlricon/advent-code-2019-rust
[INFO] tweaked toml for git repo https://github.com/jlricon/advent-code-2019-rust written to /workspace/builds/worker-4-tc1/source/Cargo.toml
[INFO] crate git repo https://github.com/jlricon/advent-code-2019-rust already has a lockfile, it will not be regenerated
[INFO] running `Command { std: CARGO_HOME="/workspace/cargo-home" RUSTUP_HOME="/workspace/rustup-home" "/workspace/cargo-home/bin/cargo" "+nightly-2025-01-18" "fetch" "--manifest-path" "Cargo.toml", kill_on_drop: false }`
[INFO] [stderr]     Updating crates.io index
[INFO] [stderr]  Downloading crates ...
[INFO] [stderr]   Downloaded crossbeam-queue v0.2.0
[INFO] [stderr]   Downloaded hermit-abi v0.1.3
[INFO] [stderr]   Downloaded criterion-plot v0.4.0
[INFO] [stderr]   Downloaded serde_derive v1.0.103
[INFO] [stderr]   Downloaded serde_json v1.0.44
[INFO] [stderr]   Downloaded regex-automata v0.1.8
[INFO] [stderr]   Downloaded rayon v1.2.1
[INFO] [stderr]   Downloaded criterion v0.3.0
[INFO] [stderr]   Downloaded syn v1.0.11
[INFO] [stderr]   Downloaded num-bigint v0.2.3
[INFO] [stderr]   Downloaded wasi v0.7.0
[INFO] [stderr]   Downloaded getrandom v0.1.13
[INFO] [stderr]   Downloaded csv-core v0.1.6
[INFO] [stderr]   Downloaded rand_os v0.2.2
[INFO] [stderr]   Downloaded rand_xoshiro v0.3.1
[INFO] [stderr]   Downloaded tinytemplate v1.0.2
[INFO] [stderr]   Downloaded bitmaps v2.0.0
[INFO] [stderr]   Downloaded sized-chunks v0.5.1
[INFO] [stderr]   Downloaded indexmap v1.3.0
[INFO] [stderr]   Downloaded num-traits v0.2.10
[INFO] [stderr]   Downloaded pathfinding v2.0.1
[INFO] [stderr]   Downloaded csv v1.1.1
[INFO] [stderr]   Downloaded num_cpus v1.11.1
[INFO] [stderr]   Downloaded rayon-core v1.6.1
[INFO] [stderr]   Downloaded im v14.1.0
[INFO] running `Command { std: "docker" "create" "-v" "/var/lib/crater-agent-workspace/builds/worker-4-tc1/target:/opt/rustwide/target:rw,Z" "-v" "/var/lib/crater-agent-workspace/builds/worker-4-tc1/source:/opt/rustwide/workdir:ro,Z" "-v" "/var/lib/crater-agent-workspace/cargo-home:/opt/rustwide/cargo-home:ro,Z" "-v" "/var/lib/crater-agent-workspace/rustup-home:/opt/rustwide/rustup-home:ro,Z" "-e" "SOURCE_DIR=/opt/rustwide/workdir" "-e" "CARGO_TARGET_DIR=/opt/rustwide/target" "-e" "CARGO_HOME=/opt/rustwide/cargo-home" "-e" "RUSTUP_HOME=/opt/rustwide/rustup-home" "-w" "/opt/rustwide/workdir" "-m" "1610612736" "--user" "0:0" "--network" "none" "ghcr.io/rust-lang/crates-build-env/linux@sha256:819108c5571ea2e421544af4d832f968d213c87fbe3707a016657f43d2f853bc" "/opt/rustwide/cargo-home/bin/cargo" "+nightly-2025-01-18" "metadata" "--no-deps" "--format-version=1", kill_on_drop: false }`
[INFO] [stdout] a79018e5f3e459481ac4543441488e80e0b6393e1cd015767f5183138d146d40
[INFO] running `Command { std: "docker" "start" "-a" "a79018e5f3e459481ac4543441488e80e0b6393e1cd015767f5183138d146d40", kill_on_drop: false }`
[INFO] running `Command { std: "docker" "inspect" "a79018e5f3e459481ac4543441488e80e0b6393e1cd015767f5183138d146d40", kill_on_drop: false }`
[INFO] running `Command { std: "docker" "rm" "-f" "a79018e5f3e459481ac4543441488e80e0b6393e1cd015767f5183138d146d40", kill_on_drop: false }`
[INFO] [stdout] a79018e5f3e459481ac4543441488e80e0b6393e1cd015767f5183138d146d40
[INFO] running `Command { std: "docker" "create" "-v" "/var/lib/crater-agent-workspace/builds/worker-4-tc1/target:/opt/rustwide/target:rw,Z" "-v" "/var/lib/crater-agent-workspace/builds/worker-4-tc1/source:/opt/rustwide/workdir:ro,Z" "-v" "/var/lib/crater-agent-workspace/cargo-home:/opt/rustwide/cargo-home:ro,Z" "-v" "/var/lib/crater-agent-workspace/rustup-home:/opt/rustwide/rustup-home:ro,Z" "-e" "SOURCE_DIR=/opt/rustwide/workdir" "-e" "CARGO_TARGET_DIR=/opt/rustwide/target" "-e" "CARGO_INCREMENTAL=0" "-e" "RUST_BACKTRACE=full" "-e" "RUSTFLAGS=--cap-lints=forbid" "-e" "RUSTDOCFLAGS=--cap-lints=forbid" "-e" "CARGO_HOME=/opt/rustwide/cargo-home" "-e" "RUSTUP_HOME=/opt/rustwide/rustup-home" "-w" "/opt/rustwide/workdir" "-m" "1610612736" "--user" "0:0" "--network" "none" "ghcr.io/rust-lang/crates-build-env/linux@sha256:819108c5571ea2e421544af4d832f968d213c87fbe3707a016657f43d2f853bc" "/opt/rustwide/cargo-home/bin/cargo" "+nightly-2025-01-18" "build" "--frozen" "--message-format=json", kill_on_drop: false }`
[INFO] [stdout] 3af4f5767220ad28f52ee219bd53acfbbc009c83c9acb683dc5f27cab63cfdbc
[INFO] running `Command { std: "docker" "start" "-a" "3af4f5767220ad28f52ee219bd53acfbbc009c83c9acb683dc5f27cab63cfdbc", kill_on_drop: false }`
[INFO] [stderr]    Compiling autocfg v0.1.7
[INFO] [stderr]    Compiling cfg-if v0.1.10
[INFO] [stderr]    Compiling semver-parser v0.7.0
[INFO] [stderr]    Compiling libc v0.2.66
[INFO] [stderr]    Compiling typenum v1.11.2
[INFO] [stderr]    Compiling getrandom v0.1.13
[INFO] [stderr]    Compiling scopeguard v1.0.0
[INFO] [stderr]    Compiling either v1.5.3
[INFO] [stderr]    Compiling version_check v0.9.1
[INFO] [stderr]    Compiling rayon-core v1.6.1
[INFO] [stderr]    Compiling fixedbitset v0.2.0
[INFO] [stderr]    Compiling semver v0.9.0
[INFO] [stderr]    Compiling itertools v0.8.2
[INFO] [stderr]    Compiling im v14.1.0
[INFO] [stderr]    Compiling num-traits v0.2.10
[INFO] [stderr]    Compiling crossbeam-utils v0.7.0
[INFO] [stderr]    Compiling num-integer v0.1.41
[INFO] [stderr]    Compiling crossbeam-epoch v0.8.0
[INFO] [stderr]    Compiling num-bigint v0.2.3
[INFO] [stderr]    Compiling num-rational v0.2.2
[INFO] [stderr]    Compiling indexmap v1.3.0
[INFO] [stderr]    Compiling num-iter v0.1.39
[INFO] [stderr]    Compiling num-complex v0.2.3
[INFO] [stderr]    Compiling rustc_version v0.2.3
[INFO] [stderr]    Compiling memoffset v0.5.3
[INFO] [stderr]    Compiling num_cpus v1.11.1
[INFO] [stderr]    Compiling crossbeam-queue v0.2.0
[INFO] [stderr]    Compiling bitmaps v2.0.0
[INFO] [stderr]    Compiling rand_core v0.5.1
[INFO] [stderr]    Compiling rand_xoshiro v0.4.0
[INFO] [stderr]    Compiling crossbeam-deque v0.7.2
[INFO] [stderr]    Compiling sized-chunks v0.5.1
[INFO] [stderr]    Compiling pathfinding v2.0.1
[INFO] [stderr]    Compiling rayon v1.2.1
[INFO] [stderr]    Compiling num v0.2.0
[INFO] [stderr]    Compiling advent-code-2019-rust v0.1.0 (/opt/rustwide/workdir)
[INFO] [stdout] warning: unused import: `super::*`
[INFO] [stdout]    --> src/bin/day_14.rs:142:9
[INFO] [stdout]     |
[INFO] [stdout] 142 |     use super::*;
[INFO] [stdout]     |         ^^^^^^^^
[INFO] [stdout]     |
[INFO] [stdout] help: if this is a test module, consider adding a `#[cfg(test)]` to the containing module
[INFO] [stdout]    --> src/bin/day_14.rs:141:1
[INFO] [stdout]     |
[INFO] [stdout] 141 | mod test {
[INFO] [stdout]     | ^^^^^^^^
[INFO] [stdout]     = note: `#[warn(unused_imports)]` on by default
[INFO] [stdout] 
[INFO] [stdout] 
[INFO] [stdout] warning: unused import: `num::bigint::ToBigInt`
[INFO] [stdout]  --> src/bin/day_22.rs:3:5
[INFO] [stdout]   |
[INFO] [stdout] 3 | use num::bigint::ToBigInt;
[INFO] [stdout]   |     ^^^^^^^^^^^^^^^^^^^^^
[INFO] [stdout]   |
[INFO] [stdout]   = note: `#[warn(unused_imports)]` on by default
[INFO] [stdout] 
[INFO] [stdout] 
[INFO] [stdout] warning: unused variable: `n`
[INFO] [stdout]   --> src/bin/day_16.rs:27:34
[INFO] [stdout]    |
[INFO] [stdout] 27 | fn apply_1_phase(inp: &Vec<u32>, n: usize) -> Vec<u32> {
[INFO] [stdout]    |                                  ^ help: if this is intentional, prefix it with an underscore: `_n`
[INFO] [stdout]    |
[INFO] [stdout]    = note: `#[warn(unused_variables)]` on by default
[INFO] [stdout] 
[INFO] [stdout] 
[INFO] [stdout] warning: enum `Ops` is never used
[INFO] [stdout]  --> src/bin/day_16.rs:2:6
[INFO] [stdout]   |
[INFO] [stdout] 2 | enum Ops {
[INFO] [stdout]   |      ^^^
[INFO] [stdout]   |
[INFO] [stdout]   = note: `#[warn(dead_code)]` on by default
[INFO] [stdout] 
[INFO] [stdout] 
[INFO] [stdout] warning: constant `BASE_PATTERN` is never used
[INFO] [stdout]  --> src/bin/day_16.rs:7:7
[INFO] [stdout]   |
[INFO] [stdout] 7 | const BASE_PATTERN: [Ops; 4] = [Ops::None, Ops::Plus, Ops::None, Ops::Minus];
[INFO] [stdout]   |       ^^^^^^^^^^^^
[INFO] [stdout] 
[INFO] [stdout] 
[INFO] [stdout] warning: function `input_list_times_pattern` is never used
[INFO] [stdout]  --> src/bin/day_16.rs:8:4
[INFO] [stdout]   |
[INFO] [stdout] 8 | fn input_list_times_pattern(x: &Vec<u32>, pos: usize) -> u32 {
[INFO] [stdout]   |    ^^^^^^^^^^^^^^^^^^^^^^^^
[INFO] [stdout] 
[INFO] [stdout] 
[INFO] [stdout] warning: function `apply_1_phase` is never used
[INFO] [stdout]   --> src/bin/day_16.rs:27:4
[INFO] [stdout]    |
[INFO] [stdout] 27 | fn apply_1_phase(inp: &Vec<u32>, n: usize) -> Vec<u32> {
[INFO] [stdout]    |    ^^^^^^^^^^^^^
[INFO] [stdout] 
[INFO] [stdout] 
[INFO] [stdout] warning: function `apply_n_phases` is never used
[INFO] [stdout]   --> src/bin/day_16.rs:33:4
[INFO] [stdout]    |
[INFO] [stdout] 33 | fn apply_n_phases(x: Vec<u32>, n: usize) -> Vec<u32> {
[INFO] [stdout]    |    ^^^^^^^^^^^^^^
[INFO] [stdout] 
[INFO] [stdout] 
[INFO] [stdout] warning: function `part1` is never used
[INFO] [stdout]   --> src/bin/day_16.rs:39:4
[INFO] [stdout]    |
[INFO] [stdout] 39 | fn part1() {
[INFO] [stdout]    |    ^^^^^
[INFO] [stdout] 
[INFO] [stdout] 
[INFO] [stdout] warning: this method call resolves to `<&[T; N] as IntoIterator>::into_iter` (due to backwards compatibility), but will resolve to `<[T; N] as IntoIterator>::into_iter` in Rust 2021
[INFO] [stdout]   --> src/bin/day_16.rs:10:10
[INFO] [stdout]    |
[INFO] [stdout] 10 |         .into_iter()
[INFO] [stdout]    |          ^^^^^^^^^
[INFO] [stdout]    |
[INFO] [stdout]    = warning: this changes meaning in Rust 2021
[INFO] [stdout]    = note: for more information, see <https://doc.rust-lang.org/nightly/edition-guide/rust-2021/IntoIterator-for-arrays.html>
[INFO] [stdout]    = note: `#[warn(array_into_iter)]` on by default
[INFO] [stdout] help: use `.iter()` instead of `.into_iter()` to avoid ambiguity
[INFO] [stdout]    |
[INFO] [stdout] 10 |         .iter()
[INFO] [stdout]    |          ~~~~
[INFO] [stdout] help: or use `IntoIterator::into_iter(..)` instead of `.into_iter()` to explicitly iterate by value
[INFO] [stdout]    |
[INFO] [stdout] 9  |     let pattern = IntoIterator::into_iter(BASE_PATTERN)
[INFO] [stdout]    |                   ++++++++++++++++++++++++            ~
[INFO] [stdout] 
[INFO] [stdout] 
[INFO] [stdout] warning: unused variable: `x`
[INFO] [stdout]   --> src/bin/day_10.rs:43:9
[INFO] [stdout]    |
[INFO] [stdout] 43 |     let x = (v.0 as f32, v.1 as f32);
[INFO] [stdout]    |         ^ help: if this is intentional, prefix it with an underscore: `_x`
[INFO] [stdout]    |
[INFO] [stdout]    = note: `#[warn(unused_variables)]` on by default
[INFO] [stdout] 
[INFO] [stdout] 
[INFO] [stdout] warning: unused variable: `cards`
[INFO] [stdout]    --> src/bin/day_22.rs:130:9
[INFO] [stdout]     |
[INFO] [stdout] 130 |     let cards: Vector<Moves> = get_ops(inp);
[INFO] [stdout]     |         ^^^^^ help: if this is intentional, prefix it with an underscore: `_cards`
[INFO] [stdout]     |
[INFO] [stdout]     = note: `#[warn(unused_variables)]` on by default
[INFO] [stdout] 
[INFO] [stdout] 
[INFO] [stdout] warning: method `apply` is never used
[INFO] [stdout]   --> src/bin/day_22.rs:34:8
[INFO] [stdout]    |
[INFO] [stdout] 33 | impl Moves {
[INFO] [stdout]    | ---------- method in this implementation
[INFO] [stdout] 34 |     fn apply(&self, it: Vector<u32>) -> Vector<u32> {
[INFO] [stdout]    |        ^^^^^
[INFO] [stdout]    |
[INFO] [stdout]    = note: `#[warn(dead_code)]` on by default
[INFO] [stdout] 
[INFO] [stdout] 
[INFO] [stdout] warning: function `deal_into_new` is never used
[INFO] [stdout]   --> src/bin/day_22.rs:70:4
[INFO] [stdout]    |
[INFO] [stdout] 70 | fn deal_into_new(it: Vector<u32>) -> Vector<u32> {
[INFO] [stdout]    |    ^^^^^^^^^^^^^
[INFO] [stdout] 
[INFO] [stdout] 
[INFO] [stdout] warning: function `cut_n_cards_pos` is never used
[INFO] [stdout]   --> src/bin/day_22.rs:80:4
[INFO] [stdout]    |
[INFO] [stdout] 80 | fn cut_n_cards_pos(it: Vector<u32>, n: usize) -> Vector<u32> {
[INFO] [stdout]    |    ^^^^^^^^^^^^^^^
[INFO] [stdout] 
[INFO] [stdout] 
[INFO] [stdout] warning: function `cut_n_cards_neg` is never used
[INFO] [stdout]   --> src/bin/day_22.rs:84:4
[INFO] [stdout]    |
[INFO] [stdout] 84 | fn cut_n_cards_neg(it: Vector<u32>, n: usize) -> Vector<u32> {
[INFO] [stdout]    |    ^^^^^^^^^^^^^^^
[INFO] [stdout] 
[INFO] [stdout] 
[INFO] [stdout] warning: function `cut_n_cards` is never used
[INFO] [stdout]   --> src/bin/day_22.rs:88:4
[INFO] [stdout]    |
[INFO] [stdout] 88 | fn cut_n_cards(it: Vector<u32>, n: i32) -> Vector<u32> {
[INFO] [stdout]    |    ^^^^^^^^^^^
[INFO] [stdout] 
[INFO] [stdout] 
[INFO] [stdout] warning: function `deal_with_increment` is never used
[INFO] [stdout]   --> src/bin/day_22.rs:98:4
[INFO] [stdout]    |
[INFO] [stdout] 98 | fn deal_with_increment(it: Vector<u32>, n: usize) -> Vector<u32> {
[INFO] [stdout]    |    ^^^^^^^^^^^^^^^^^^^
[INFO] [stdout] 
[INFO] [stdout] 
[INFO] [stdout] warning: function `apply_ops` is never used
[INFO] [stdout]    --> src/bin/day_22.rs:119:4
[INFO] [stdout]     |
[INFO] [stdout] 119 | fn apply_ops(baseline: Vector<u32>, ops: Vector<Moves>) -> Vector<u32> {
[INFO] [stdout]     |    ^^^^^^^^^
[INFO] [stdout] 
[INFO] [stdout] 
[INFO] [stdout] warning: variable `L` should have a snake case name
[INFO] [stdout]    --> src/bin/day_22.rs:139:9
[INFO] [stdout]     |
[INFO] [stdout] 139 |     let L = 119315717514047;
[INFO] [stdout]     |         ^ help: convert the identifier to snake case: `l`
[INFO] [stdout]     |
[INFO] [stdout]     = note: `#[warn(non_snake_case)]` on by default
[INFO] [stdout] 
[INFO] [stdout] 
[INFO] [stdout] warning: variable `N` should have a snake case name
[INFO] [stdout]    --> src/bin/day_22.rs:140:9
[INFO] [stdout]     |
[INFO] [stdout] 140 |     let N = 101741582076661;
[INFO] [stdout]     |         ^ help: convert the identifier to snake case: `n`
[INFO] [stdout] 
[INFO] [stdout] 
[INFO] [stdout] warning: constant `PI` is never used
[INFO] [stdout]  --> src/bin/day_10.rs:7:7
[INFO] [stdout]   |
[INFO] [stdout] 7 | const PI: f32 = std::f32::consts::PI;
[INFO] [stdout]   |       ^^
[INFO] [stdout]   |
[INFO] [stdout]   = note: `#[warn(dead_code)]` on by default
[INFO] [stdout] 
[INFO] [stdout] 
[INFO] [stdout] warning: function `euclid` is never used
[INFO] [stdout]   --> src/bin/day_10.rs:54:4
[INFO] [stdout]    |
[INFO] [stdout] 54 | fn euclid(v: Vector) -> usize {
[INFO] [stdout]    |    ^^^^^^
[INFO] [stdout] 
[INFO] [stdout] 
[INFO] [stdout] warning: function `sort_by_angle_and_magnitude` is never used
[INFO] [stdout]   --> src/bin/day_10.rs:57:4
[INFO] [stdout]    |
[INFO] [stdout] 57 | fn sort_by_angle_and_magnitude(a: Position, c: Position, refpos: Position) -> Ordering {
[INFO] [stdout]    |    ^^^^^^^^^^^^^^^^^^^^^^^^^^^
[INFO] [stdout] 
[INFO] [stdout] 
[INFO] [stdout] warning: method `print` is never used
[INFO] [stdout]    --> src/bin/day_10.rs:184:12
[INFO] [stdout]     |
[INFO] [stdout] 81  | impl Field {
[INFO] [stdout]     | ---------- method in this implementation
[INFO] [stdout] ...
[INFO] [stdout] 184 |     pub fn print(&self) {
[INFO] [stdout]     |            ^^^^^
[INFO] [stdout] 
[INFO] [stdout] 
[INFO] [stdout] warning: unused label
[INFO] [stdout]    --> src/bin/day_15.rs:119:5
[INFO] [stdout]     |
[INFO] [stdout] 119 |     'main: loop {
[INFO] [stdout]     |     ^^^^^
[INFO] [stdout]     |
[INFO] [stdout]     = note: `#[warn(unused_labels)]` on by default
[INFO] [stdout] 
[INFO] [stdout] 
[INFO] [stdout] warning: value assigned to `val` is never read
[INFO] [stdout]   --> src/bin/day_19.rs:74:13
[INFO] [stdout]    |
[INFO] [stdout] 74 |     let mut val: usize = 0;
[INFO] [stdout]    |             ^^^
[INFO] [stdout]    |
[INFO] [stdout]    = help: maybe it is overwritten before being read?
[INFO] [stdout]    = note: `#[warn(unused_assignments)]` on by default
[INFO] [stdout] 
[INFO] [stdout] 
[INFO] [stdout] warning: value assigned to `val` is never read
[INFO] [stdout]    --> src/bin/day_19.rs:108:13
[INFO] [stdout]     |
[INFO] [stdout] 108 |     let mut val: usize = 0;
[INFO] [stdout]     |             ^^^
[INFO] [stdout]     |
[INFO] [stdout]     = help: maybe it is overwritten before being read?
[INFO] [stdout] 
[INFO] [stdout] 
[INFO] [stdout] warning: function `part1` is never used
[INFO] [stdout]  --> src/bin/day_19.rs:9:4
[INFO] [stdout]   |
[INFO] [stdout] 9 | fn part1() {
[INFO] [stdout]   |    ^^^^^
[INFO] [stdout]   |
[INFO] [stdout]   = note: `#[warn(dead_code)]` on by default
[INFO] [stdout] 
[INFO] [stdout] 
[INFO] [stdout] warning: function `print_ray` is never used
[INFO] [stdout]   --> src/bin/day_19.rs:32:4
[INFO] [stdout]    |
[INFO] [stdout] 32 | fn print_ray(area: &HashMap<(i64, i64), i64>, s: usize) {
[INFO] [stdout]    |    ^^^^^^^^^
[INFO] [stdout] 
[INFO] [stdout] 
[INFO] [stdout] warning: unused variable: `vector`
[INFO] [stdout]    --> src/bin/day_15.rs:215:19
[INFO] [stdout]     |
[INFO] [stdout] 215 |         .filter(|(vector, block)| block.1 == Tile::Empty)
[INFO] [stdout]     |                   ^^^^^^ help: if this is intentional, prefix it with an underscore: `_vector`
[INFO] [stdout]     |
[INFO] [stdout]     = note: `#[warn(unused_variables)]` on by default
[INFO] [stdout] 
[INFO] [stdout] 
[INFO] [stdout] warning: function `print_universe` is never used
[INFO] [stdout]   --> src/bin/day_15.rs:80:4
[INFO] [stdout]    |
[INFO] [stdout] 80 | fn print_universe(universe: &Universe) {
[INFO] [stdout]    |    ^^^^^^^^^^^^^^
[INFO] [stdout]    |
[INFO] [stdout]    = note: `#[warn(dead_code)]` on by default
[INFO] [stdout] 
[INFO] [stdout] 
[INFO] [stderr]     Finished `dev` profile [unoptimized + debuginfo] target(s) in 11.28s
[INFO] running `Command { std: "docker" "inspect" "3af4f5767220ad28f52ee219bd53acfbbc009c83c9acb683dc5f27cab63cfdbc", kill_on_drop: false }`
[INFO] running `Command { std: "docker" "rm" "-f" "3af4f5767220ad28f52ee219bd53acfbbc009c83c9acb683dc5f27cab63cfdbc", kill_on_drop: false }`
[INFO] [stdout] 3af4f5767220ad28f52ee219bd53acfbbc009c83c9acb683dc5f27cab63cfdbc
[INFO] running `Command { std: "docker" "create" "-v" "/var/lib/crater-agent-workspace/builds/worker-4-tc1/target:/opt/rustwide/target:rw,Z" "-v" "/var/lib/crater-agent-workspace/builds/worker-4-tc1/source:/opt/rustwide/workdir:ro,Z" "-v" "/var/lib/crater-agent-workspace/cargo-home:/opt/rustwide/cargo-home:ro,Z" "-v" "/var/lib/crater-agent-workspace/rustup-home:/opt/rustwide/rustup-home:ro,Z" "-e" "SOURCE_DIR=/opt/rustwide/workdir" "-e" "CARGO_TARGET_DIR=/opt/rustwide/target" "-e" "CARGO_INCREMENTAL=0" "-e" "RUST_BACKTRACE=full" "-e" "RUSTFLAGS=--cap-lints=forbid" "-e" "RUSTDOCFLAGS=--cap-lints=forbid" "-e" "CARGO_HOME=/opt/rustwide/cargo-home" "-e" "RUSTUP_HOME=/opt/rustwide/rustup-home" "-w" "/opt/rustwide/workdir" "-m" "1610612736" "--user" "0:0" "--network" "none" "ghcr.io/rust-lang/crates-build-env/linux@sha256:819108c5571ea2e421544af4d832f968d213c87fbe3707a016657f43d2f853bc" "/opt/rustwide/cargo-home/bin/cargo" "+nightly-2025-01-18" "test" "--frozen" "--no-run" "--message-format=json", kill_on_drop: false }`
[INFO] [stdout] 2f0d04496a1f8367bf2a6b58a5a7f97560026d62949e7f0c14908886fb7f65cd
[INFO] running `Command { std: "docker" "start" "-a" "2f0d04496a1f8367bf2a6b58a5a7f97560026d62949e7f0c14908886fb7f65cd", kill_on_drop: false }`
[INFO] [stderr]    Compiling serde v1.0.103
[INFO] [stderr]    Compiling ryu v1.0.2
[INFO] [stderr]    Compiling proc-macro2 v1.0.6
[INFO] [stderr]    Compiling memchr v2.2.1
[INFO] [stderr]    Compiling byteorder v1.3.2
[INFO] [stderr]    Compiling unicode-xid v0.2.0
[INFO] [stderr]    Compiling cast v0.2.3
[INFO] [stderr]    Compiling syn v1.0.11
[INFO] [stderr]    Compiling bitflags v1.2.1
[INFO] [stderr]    Compiling itoa v0.4.4
[INFO] [stderr]    Compiling unicode-width v0.1.7
[INFO] [stderr]    Compiling same-file v1.0.5
[INFO] [stderr]    Compiling rand_xoshiro v0.3.1
[INFO] [stderr]    Compiling rand_os v0.2.2
[INFO] [stderr]    Compiling atty v0.2.13
[INFO] [stderr]    Compiling textwrap v0.11.0
[INFO] [stderr]    Compiling walkdir v2.2.9
[INFO] [stderr]    Compiling clap v2.33.0
[INFO] [stderr]    Compiling criterion-plot v0.4.0
[INFO] [stderr]    Compiling regex-automata v0.1.8
[INFO] [stderr]    Compiling quote v1.0.2
[INFO] [stderr]    Compiling csv-core v0.1.6
[INFO] [stderr]    Compiling serde_derive v1.0.103
[INFO] [stderr]    Compiling bstr v0.2.8
[INFO] [stderr]    Compiling serde_json v1.0.44
[INFO] [stderr]    Compiling csv v1.1.1
[INFO] [stderr]    Compiling tinytemplate v1.0.2
[INFO] [stderr]    Compiling criterion v0.3.0
[INFO] [stderr]    Compiling advent-code-2019-rust v0.1.0 (/opt/rustwide/workdir)
[INFO] [stdout] warning: value assigned to `val` is never read
[INFO] [stdout]   --> src/bin/day_19.rs:74:13
[INFO] [stdout]    |
[INFO] [stdout] 74 |     let mut val: usize = 0;
[INFO] [stdout]    |             ^^^
[INFO] [stdout]    |
[INFO] [stdout]    = help: maybe it is overwritten before being read?
[INFO] [stdout]    = note: `#[warn(unused_assignments)]` on by default
[INFO] [stdout] 
[INFO] [stdout] 
[INFO] [stdout] warning: value assigned to `val` is never read
[INFO] [stdout]    --> src/bin/day_19.rs:108:13
[INFO] [stdout]     |
[INFO] [stdout] 108 |     let mut val: usize = 0;
[INFO] [stdout]     |             ^^^
[INFO] [stdout]     |
[INFO] [stdout]     = help: maybe it is overwritten before being read?
[INFO] [stdout] 
[INFO] [stdout] 
[INFO] [stdout] warning: function `part1` is never used
[INFO] [stdout]  --> src/bin/day_19.rs:9:4
[INFO] [stdout]   |
[INFO] [stdout] 9 | fn part1() {
[INFO] [stdout]   |    ^^^^^
[INFO] [stdout]   |
[INFO] [stdout]   = note: `#[warn(dead_code)]` on by default
[INFO] [stdout] 
[INFO] [stdout] 
[INFO] [stdout] warning: function `print_ray` is never used
[INFO] [stdout]   --> src/bin/day_19.rs:32:4
[INFO] [stdout]    |
[INFO] [stdout] 32 | fn print_ray(area: &HashMap<(i64, i64), i64>, s: usize) {
[INFO] [stdout]    |    ^^^^^^^^^
[INFO] [stdout] 
[INFO] [stdout] 
[INFO] [stdout] warning: unused import: `std::iter::FromIterator`
[INFO] [stdout]    --> src/bin/day_10.rs:234:9
[INFO] [stdout]     |
[INFO] [stdout] 234 |     use std::iter::FromIterator;
[INFO] [stdout]     |         ^^^^^^^^^^^^^^^^^^^^^^^
[INFO] [stdout]     |
[INFO] [stdout]     = note: `#[warn(unused_imports)]` on by default
[INFO] [stdout] 
[INFO] [stdout] 
[INFO] [stdout] warning: unused variable: `n`
[INFO] [stdout]   --> src/bin/day_16.rs:27:34
[INFO] [stdout]    |
[INFO] [stdout] 27 | fn apply_1_phase(inp: &Vec<u32>, n: usize) -> Vec<u32> {
[INFO] [stdout]    |                                  ^ help: if this is intentional, prefix it with an underscore: `_n`
[INFO] [stdout]    |
[INFO] [stdout]    = note: `#[warn(unused_variables)]` on by default
[INFO] [stdout] 
[INFO] [stdout] 
[INFO] [stdout] warning: unused label
[INFO] [stdout]    --> src/bin/day_15.rs:119:5
[INFO] [stdout]     |
[INFO] [stdout] 119 |     'main: loop {
[INFO] [stdout]     |     ^^^^^
[INFO] [stdout]     |
[INFO] [stdout]     = note: `#[warn(unused_labels)]` on by default
[INFO] [stdout] 
[INFO] [stdout] 
[INFO] [stdout] warning: unused import: `itertools::Itertools`
[INFO] [stdout]    --> src/bin/day_15.rs:246:9
[INFO] [stdout]     |
[INFO] [stdout] 246 |     use itertools::Itertools;
[INFO] [stdout]     |         ^^^^^^^^^^^^^^^^^^^^
[INFO] [stdout]     |
[INFO] [stdout]     = note: `#[warn(unused_imports)]` on by default
[INFO] [stdout] 
[INFO] [stdout] 
[INFO] [stdout] warning: function `part1` is never used
[INFO] [stdout]   --> src/bin/day_16.rs:39:4
[INFO] [stdout]    |
[INFO] [stdout] 39 | fn part1() {
[INFO] [stdout]    |    ^^^^^
[INFO] [stdout]    |
[INFO] [stdout]    = note: `#[warn(dead_code)]` on by default
[INFO] [stdout] 
[INFO] [stdout] 
[INFO] [stdout] warning: this method call resolves to `<&[T; N] as IntoIterator>::into_iter` (due to backwards compatibility), but will resolve to `<[T; N] as IntoIterator>::into_iter` in Rust 2021
[INFO] [stdout]   --> src/bin/day_16.rs:10:10
[INFO] [stdout]    |
[INFO] [stdout] 10 |         .into_iter()
[INFO] [stdout]    |          ^^^^^^^^^
[INFO] [stdout]    |
[INFO] [stdout]    = warning: this changes meaning in Rust 2021
[INFO] [stdout]    = note: for more information, see <https://doc.rust-lang.org/nightly/edition-guide/rust-2021/IntoIterator-for-arrays.html>
[INFO] [stdout]    = note: `#[warn(array_into_iter)]` on by default
[INFO] [stdout] help: use `.iter()` instead of `.into_iter()` to avoid ambiguity
[INFO] [stdout]    |
[INFO] [stdout] 10 |         .iter()
[INFO] [stdout]    |          ~~~~
[INFO] [stdout] help: or use `IntoIterator::into_iter(..)` instead of `.into_iter()` to explicitly iterate by value
[INFO] [stdout]    |
[INFO] [stdout] 9  |     let pattern = IntoIterator::into_iter(BASE_PATTERN)
[INFO] [stdout]    |                   ++++++++++++++++++++++++            ~
[INFO] [stdout] 
[INFO] [stdout] 
[INFO] [stdout] warning: unused variable: `x`
[INFO] [stdout]   --> src/bin/day_10.rs:43:9
[INFO] [stdout]    |
[INFO] [stdout] 43 |     let x = (v.0 as f32, v.1 as f32);
[INFO] [stdout]    |         ^ help: if this is intentional, prefix it with an underscore: `_x`
[INFO] [stdout]    |
[INFO] [stdout]    = note: `#[warn(unused_variables)]` on by default
[INFO] [stdout] 
[INFO] [stdout] 
[INFO] [stdout] warning: method `print` is never used
[INFO] [stdout]    --> src/bin/day_10.rs:184:12
[INFO] [stdout]     |
[INFO] [stdout] 81  | impl Field {
[INFO] [stdout]     | ---------- method in this implementation
[INFO] [stdout] ...
[INFO] [stdout] 184 |     pub fn print(&self) {
[INFO] [stdout]     |            ^^^^^
[INFO] [stdout]     |
[INFO] [stdout]     = note: `#[warn(dead_code)]` on by default
[INFO] [stdout] 
[INFO] [stdout] 
[INFO] [stdout] warning: unused import: `num::bigint::ToBigInt`
[INFO] [stdout]  --> src/bin/day_22.rs:3:5
[INFO] [stdout]   |
[INFO] [stdout] 3 | use num::bigint::ToBigInt;
[INFO] [stdout]   |     ^^^^^^^^^^^^^^^^^^^^^
[INFO] [stdout]   |
[INFO] [stdout]   = note: `#[warn(unused_imports)]` on by default
[INFO] [stdout] 
[INFO] [stdout] 
[INFO] [stdout] warning: unused variable: `vector`
[INFO] [stdout]    --> src/bin/day_15.rs:215:19
[INFO] [stdout]     |
[INFO] [stdout] 215 |         .filter(|(vector, block)| block.1 == Tile::Empty)
[INFO] [stdout]     |                   ^^^^^^ help: if this is intentional, prefix it with an underscore: `_vector`
[INFO] [stdout]     |
[INFO] [stdout]     = note: `#[warn(unused_variables)]` on by default
[INFO] [stdout] 
[INFO] [stdout] 
[INFO] [stdout] warning: function `print_universe` is never used
[INFO] [stdout]   --> src/bin/day_15.rs:80:4
[INFO] [stdout]    |
[INFO] [stdout] 80 | fn print_universe(universe: &Universe) {
[INFO] [stdout]    |    ^^^^^^^^^^^^^^
[INFO] [stdout]    |
[INFO] [stdout]    = note: `#[warn(dead_code)]` on by default
[INFO] [stdout] 
[INFO] [stdout] 
[INFO] [stdout] warning: unused variable: `cards`
[INFO] [stdout]    --> src/bin/day_22.rs:130:9
[INFO] [stdout]     |
[INFO] [stdout] 130 |     let cards: Vector<Moves> = get_ops(inp);
[INFO] [stdout]     |         ^^^^^ help: if this is intentional, prefix it with an underscore: `_cards`
[INFO] [stdout]     |
[INFO] [stdout]     = note: `#[warn(unused_variables)]` on by default
[INFO] [stdout] 
[INFO] [stdout] 
[INFO] [stdout] warning: variable `L` should have a snake case name
[INFO] [stdout]    --> src/bin/day_22.rs:139:9
[INFO] [stdout]     |
[INFO] [stdout] 139 |     let L = 119315717514047;
[INFO] [stdout]     |         ^ help: convert the identifier to snake case: `l`
[INFO] [stdout]     |
[INFO] [stdout]     = note: `#[warn(non_snake_case)]` on by default
[INFO] [stdout] 
[INFO] [stdout] 
[INFO] [stdout] warning: variable `N` should have a snake case name
[INFO] [stdout]    --> src/bin/day_22.rs:140:9
[INFO] [stdout]     |
[INFO] [stdout] 140 |     let N = 101741582076661;
[INFO] [stdout]     |         ^ help: convert the identifier to snake case: `n`
[INFO] [stdout] 
[INFO] [stdout] 
[INFO] [stderr]     Finished `test` profile [unoptimized + debuginfo] target(s) in 19.09s
[INFO] [stderr] warning: the following packages contain code that will be rejected by a future version of Rust: criterion v0.3.0
[INFO] [stderr] note: to see what the problems were, use the option `--future-incompat-report`, or run `cargo report future-incompatibilities --id 2`
[INFO] running `Command { std: "docker" "inspect" "2f0d04496a1f8367bf2a6b58a5a7f97560026d62949e7f0c14908886fb7f65cd", kill_on_drop: false }`
[INFO] running `Command { std: "docker" "rm" "-f" "2f0d04496a1f8367bf2a6b58a5a7f97560026d62949e7f0c14908886fb7f65cd", kill_on_drop: false }`
[INFO] [stdout] 2f0d04496a1f8367bf2a6b58a5a7f97560026d62949e7f0c14908886fb7f65cd
[INFO] running `Command { std: "docker" "create" "-v" "/var/lib/crater-agent-workspace/builds/worker-4-tc1/target:/opt/rustwide/target:rw,Z" "-v" "/var/lib/crater-agent-workspace/builds/worker-4-tc1/source:/opt/rustwide/workdir:ro,Z" "-v" "/var/lib/crater-agent-workspace/cargo-home:/opt/rustwide/cargo-home:ro,Z" "-v" "/var/lib/crater-agent-workspace/rustup-home:/opt/rustwide/rustup-home:ro,Z" "-e" "SOURCE_DIR=/opt/rustwide/workdir" "-e" "CARGO_TARGET_DIR=/opt/rustwide/target" "-e" "CARGO_INCREMENTAL=0" "-e" "RUST_BACKTRACE=full" "-e" "RUSTFLAGS=--cap-lints=forbid" "-e" "RUSTDOCFLAGS=--cap-lints=forbid" "-e" "CARGO_HOME=/opt/rustwide/cargo-home" "-e" "RUSTUP_HOME=/opt/rustwide/rustup-home" "-w" "/opt/rustwide/workdir" "-m" "1610612736" "--user" "0:0" "--network" "none" "ghcr.io/rust-lang/crates-build-env/linux@sha256:819108c5571ea2e421544af4d832f968d213c87fbe3707a016657f43d2f853bc" "/opt/rustwide/cargo-home/bin/cargo" "+nightly-2025-01-18" "test" "--frozen", kill_on_drop: false }`
[INFO] [stdout] c3bff381242286aa49473de77960d6d29f848c08f880f0f54e5286e92bcd7988
[INFO] running `Command { std: "docker" "start" "-a" "c3bff381242286aa49473de77960d6d29f848c08f880f0f54e5286e92bcd7988", kill_on_drop: false }`
[INFO] [stderr] warning: unused label
[INFO] [stderr]    --> src/bin/day_15.rs:119:5
[INFO] [stderr]     |
[INFO] [stderr] 119 |     'main: loop {
[INFO] [stderr]     |     ^^^^^
[INFO] [stderr]     |
[INFO] [stderr]     = note: `#[warn(unused_labels)]` on by default
[INFO] [stderr] 
[INFO] [stderr] warning: unused import: `itertools::Itertools`
[INFO] [stderr]    --> src/bin/day_15.rs:246:9
[INFO] [stderr]     |
[INFO] [stderr] 246 |     use itertools::Itertools;
[INFO] [stderr]     |         ^^^^^^^^^^^^^^^^^^^^
[INFO] [stderr]     |
[INFO] [stderr]     = note: `#[warn(unused_imports)]` on by default
[INFO] [stderr] 
[INFO] [stderr] warning: unused variable: `vector`
[INFO] [stderr]    --> src/bin/day_15.rs:215:19
[INFO] [stderr]     |
[INFO] [stderr] 215 |         .filter(|(vector, block)| block.1 == Tile::Empty)
[INFO] [stderr]     |                   ^^^^^^ help: if this is intentional, prefix it with an underscore: `_vector`
[INFO] [stderr]     |
[INFO] [stderr]     = note: `#[warn(unused_variables)]` on by default
[INFO] [stderr] 
[INFO] [stderr] warning: function `print_universe` is never used
[INFO] [stderr]   --> src/bin/day_15.rs:80:4
[INFO] [stderr]    |
[INFO] [stderr] 80 | fn print_universe(universe: &Universe) {
[INFO] [stderr]    |    ^^^^^^^^^^^^^^
[INFO] [stderr]    |
[INFO] [stderr]    = note: `#[warn(dead_code)]` on by default
[INFO] [stderr] 
[INFO] [stderr] warning: `advent-code-2019-rust` (bin "day_15" test) generated 4 warnings (run `cargo fix --bin "day_15" --tests` to apply 1 suggestion)
[INFO] [stderr] warning: unused import: `std::iter::FromIterator`
[INFO] [stderr]    --> src/bin/day_10.rs:234:9
[INFO] [stderr]     |
[INFO] [stderr] 234 |     use std::iter::FromIterator;
[INFO] [stderr]     |         ^^^^^^^^^^^^^^^^^^^^^^^
[INFO] [stderr]     |
[INFO] [stderr]     = note: `#[warn(unused_imports)]` on by default
[INFO] [stderr] 
[INFO] [stderr] warning: unused variable: `x`
[INFO] [stderr]   --> src/bin/day_10.rs:43:9
[INFO] [stderr]    |
[INFO] [stderr] 43 |     let x = (v.0 as f32, v.1 as f32);
[INFO] [stderr]    |         ^ help: if this is intentional, prefix it with an underscore: `_x`
[INFO] [stderr]    |
[INFO] [stderr]    = note: `#[warn(unused_variables)]` on by default
[INFO] [stderr] 
[INFO] [stderr] warning: method `print` is never used
[INFO] [stderr]    --> src/bin/day_10.rs:184:12
[INFO] [stderr]     |
[INFO] [stderr] 81  | impl Field {
[INFO] [stderr]     | ---------- method in this implementation
[INFO] [stderr] ...
[INFO] [stderr] 184 |     pub fn print(&self) {
[INFO] [stderr]     |            ^^^^^
[INFO] [stderr]     |
[INFO] [stderr]     = note: `#[warn(dead_code)]` on by default
[INFO] [stderr] 
[INFO] [stderr] warning: value assigned to `val` is never read
[INFO] [stderr]   --> src/bin/day_19.rs:74:13
[INFO] [stderr]    |
[INFO] [stderr] 74 |     let mut val: usize = 0;
[INFO] [stderr]    |             ^^^
[INFO] [stderr]    |
[INFO] [stderr]    = help: maybe it is overwritten before being read?
[INFO] [stderr]    = note: `#[warn(unused_assignments)]` on by default
[INFO] [stderr] 
[INFO] [stderr] warning: value assigned to `val` is never read
[INFO] [stderr]    --> src/bin/day_19.rs:108:13
[INFO] [stderr]     |
[INFO] [stderr] 108 |     let mut val: usize = 0;
[INFO] [stderr]     |             ^^^
[INFO] [stderr]     |
[INFO] [stderr]     = help: maybe it is overwritten before being read?
[INFO] [stderr] 
[INFO] [stderr] warning: function `part1` is never used
[INFO] [stderr]  --> src/bin/day_19.rs:9:4
[INFO] [stderr]   |
[INFO] [stderr] 9 | fn part1() {
[INFO] [stderr]   |    ^^^^^
[INFO] [stderr]   |
[INFO] [stderr]   = note: `#[warn(dead_code)]` on by default
[INFO] [stderr] 
[INFO] [stderr] warning: function `print_ray` is never used
[INFO] [stderr]   --> src/bin/day_19.rs:32:4
[INFO] [stderr]    |
[INFO] [stderr] 32 | fn print_ray(area: &HashMap<(i64, i64), i64>, s: usize) {
[INFO] [stderr]    |    ^^^^^^^^^
[INFO] [stderr] 
[INFO] [stderr] warning: unused variable: `n`
[INFO] [stderr]   --> src/bin/day_16.rs:27:34
[INFO] [stderr]    |
[INFO] [stderr] 27 | fn apply_1_phase(inp: &Vec<u32>, n: usize) -> Vec<u32> {
[INFO] [stderr]    |                                  ^ help: if this is intentional, prefix it with an underscore: `_n`
[INFO] [stderr]    |
[INFO] [stderr]    = note: `#[warn(unused_variables)]` on by default
[INFO] [stderr] 
[INFO] [stderr] warning: function `part1` is never used
[INFO] [stderr]   --> src/bin/day_16.rs:39:4
[INFO] [stderr]    |
[INFO] [stderr] 39 | fn part1() {
[INFO] [stderr]    |    ^^^^^
[INFO] [stderr]    |
[INFO] [stderr]    = note: `#[warn(dead_code)]` on by default
[INFO] [stderr] 
[INFO] [stderr] warning: this method call resolves to `<&[T; N] as IntoIterator>::into_iter` (due to backwards compatibility), but will resolve to `<[T; N] as IntoIterator>::into_iter` in Rust 2021
[INFO] [stderr]   --> src/bin/day_16.rs:10:10
[INFO] [stderr]    |
[INFO] [stderr] 10 |         .into_iter()
[INFO] [stderr]    |          ^^^^^^^^^
[INFO] [stderr]    |
[INFO] [stderr]    = warning: this changes meaning in Rust 2021
[INFO] [stderr]    = note: for more information, see <https://doc.rust-lang.org/nightly/edition-guide/rust-2021/IntoIterator-for-arrays.html>
[INFO] [stderr]    = note: `#[warn(array_into_iter)]` on by default
[INFO] [stderr] help: use `.iter()` instead of `.into_iter()` to avoid ambiguity
[INFO] [stderr]    |
[INFO] [stderr] 10 |         .iter()
[INFO] [stderr]    |          ~~~~
[INFO] [stderr] help: or use `IntoIterator::into_iter(..)` instead of `.into_iter()` to explicitly iterate by value
[INFO] [stderr]    |
[INFO] [stderr] 9  |     let pattern = IntoIterator::into_iter(BASE_PATTERN)
[INFO] [stderr]    |                   ++++++++++++++++++++++++            ~
[INFO] [stderr] 
[INFO] [stderr] warning: unused import: `num::bigint::ToBigInt`
[INFO] [stderr]  --> src/bin/day_22.rs:3:5
[INFO] [stderr]   |
[INFO] [stderr] 3 | use num::bigint::ToBigInt;
[INFO] [stderr]   |     ^^^^^^^^^^^^^^^^^^^^^
[INFO] [stderr]   |
[INFO] [stderr]   = note: `#[warn(unused_imports)]` on by default
[INFO] [stderr] 
[INFO] [stderr] warning: unused variable: `cards`
[INFO] [stderr]    --> src/bin/day_22.rs:130:9
[INFO] [stderr]     |
[INFO] [stderr] 130 |     let cards: Vector<Moves> = get_ops(inp);
[INFO] [stderr]     |         ^^^^^ help: if this is intentional, prefix it with an underscore: `_cards`
[INFO] [stderr]     |
[INFO] [stderr]     = note: `#[warn(unused_variables)]` on by default
[INFO] [stderr] 
[INFO] [stderr] warning: variable `L` should have a snake case name
[INFO] [stderr]    --> src/bin/day_22.rs:139:9
[INFO] [stderr]     |
[INFO] [stderr] 139 |     let L = 119315717514047;
[INFO] [stderr]     |         ^ help: convert the identifier to snake case: `l`
[INFO] [stderr]     |
[INFO] [stderr]     = note: `#[warn(non_snake_case)]` on by default
[INFO] [stderr] 
[INFO] [stderr] warning: variable `N` should have a snake case name
[INFO] [stderr]    --> src/bin/day_22.rs:140:9
[INFO] [stderr]     |
[INFO] [stderr] 140 |     let N = 101741582076661;
[INFO] [stderr]     |         ^ help: convert the identifier to snake case: `n`
[INFO] [stderr] 
[INFO] [stderr] warning: `advent-code-2019-rust` (bin "day_10" test) generated 3 warnings (run `cargo fix --bin "day_10" --tests` to apply 1 suggestion)
[INFO] [stderr] warning: `advent-code-2019-rust` (bin "day_19" test) generated 4 warnings
[INFO] [stderr] warning: `advent-code-2019-rust` (bin "day_16" test) generated 3 warnings (run `cargo fix --bin "day_16" --tests` to apply 1 suggestion)
[INFO] [stderr] warning: `advent-code-2019-rust` (bin "day_22" test) generated 4 warnings (run `cargo fix --bin "day_22" --tests` to apply 1 suggestion)
[INFO] [stderr]     Finished `test` profile [unoptimized + debuginfo] target(s) in 0.20s
[INFO] [stderr] warning: the following packages contain code that will be rejected by a future version of Rust: criterion v0.3.0
[INFO] [stderr] note: to see what the problems were, use the option `--future-incompat-report`, or run `cargo report future-incompatibilities --id 2`
[INFO] [stderr]      Running unittests src/lib.rs (/opt/rustwide/target/debug/deps/advent_code_2019_rust-d3f7bd7ea8326a43)
[INFO] [stdout] 
[INFO] [stdout] running 12 tests
[INFO] [stdout] test day5::tests::test_ins ... ok
[INFO] [stdout] test day5::tests::test_case ... ok
[INFO] [stdout] test day5::tests::test_run5 ... ok
[INFO] [stdout] test day5::tests::test_case2 ... ok
[INFO] [stdout] test intcode::tests::jump_complicated_example_tests ... ok
[INFO] [stdout] test intcode::tests::day02_tests ... ok
[INFO] [stdout] test day5::tests::test_run1 ... ok
[INFO] [stdout] test intcode::tests::jump_immediate_mode_tests ... ok
[INFO] [stdout] test intcode::tests::quine_test ... ok
[INFO] [stdout] test intcode::tests::jump_position_mode_tests ... ok
[INFO] [stdout] test intcode::tests::test_bigint2 ... ok
[INFO] [stdout] test intcode::tests::test_bigint ... ok
[INFO] [stdout] 
[INFO] [stdout] test result: ok. 12 passed; 0 failed; 0 ignored; 0 measured; 0 filtered out; finished in 0.00s
[INFO] [stdout] 
[INFO] [stderr]      Running unittests src/main.rs (/opt/rustwide/target/debug/deps/advent_code_2019_rust-83ced6d039c883b5)
[INFO] [stdout] 
[INFO] [stdout] running 0 tests
[INFO] [stdout] 
[INFO] [stdout] test result: ok. 0 passed; 0 failed; 0 ignored; 0 measured; 0 filtered out; finished in 0.00s
[INFO] [stdout] 
[INFO] [stderr]      Running unittests src/bin/day_01.rs (/opt/rustwide/target/debug/deps/day_01-d3b6b4aca43fd22b)
[INFO] [stderr]      Running unittests src/bin/day_01_part2.rs (/opt/rustwide/target/debug/deps/day_01_part2-f1e2942fa8b62d84)
[INFO] [stdout] 
[INFO] [stdout] running 0 tests
[INFO] [stdout] 
[INFO] [stdout] test result: ok. 0 passed; 0 failed; 0 ignored; 0 measured; 0 filtered out; finished in 0.00s
[INFO] [stdout] 
[INFO] [stdout] 
[INFO] [stdout] running 0 tests
[INFO] [stderr]      Running unittests src/bin/day_02.rs (/opt/rustwide/target/debug/deps/day_02-4d67930c6ec228d0)
[INFO] [stdout] 
[INFO] [stdout] test result: ok. 0 passed; 0 failed; 0 ignored; 0 measured; 0 filtered out; finished in 0.00s
[INFO] [stdout] 
[INFO] [stdout] 
[INFO] [stdout] running 0 tests
[INFO] [stdout] 
[INFO] [stdout] test result: ok. 0 passed; 0 failed; 0 ignored; 0 measured; 0 filtered out; finished in 0.00s
[INFO] [stdout] 
[INFO] [stderr]      Running unittests src/bin/day_02_part2.rs (/opt/rustwide/target/debug/deps/day_02_part2-e691bd2972f897a4)
[INFO] [stdout] 
[INFO] [stdout] running 0 tests
[INFO] [stdout] 
[INFO] [stdout] test result: ok. 0 passed; 0 failed; 0 ignored; 0 measured; 0 filtered out; finished in 0.00s
[INFO] [stdout] 
[INFO] [stderr]      Running unittests src/bin/day_03.rs (/opt/rustwide/target/debug/deps/day_03-e7a477a90a118ddb)
[INFO] [stdout] 
[INFO] [stdout] running 0 tests
[INFO] [stdout] 
[INFO] [stdout] test result: ok. 0 passed; 0 failed; 0 ignored; 0 measured; 0 filtered out; finished in 0.00s
[INFO] [stderr]      Running unittests src/bin/day_03_part2.rs (/opt/rustwide/target/debug/deps/day_03_part2-55c6c1b660cf3091)
[INFO] [stdout] 
[INFO] [stdout] 
[INFO] [stdout] running 0 tests
[INFO] [stdout] 
[INFO] [stdout] test result: ok. 0 passed; 0 failed; 0 ignored; 0 measured; 0 filtered out; finished in 0.00s
[INFO] [stdout] 
[INFO] [stderr]      Running unittests src/bin/day_04.rs (/opt/rustwide/target/debug/deps/day_04-5dc7e5dad096971e)
[INFO] [stdout] 
[INFO] [stdout] running 0 tests
[INFO] [stdout] 
[INFO] [stdout] test result: ok. 0 passed; 0 failed; 0 ignored; 0 measured; 0 filtered out; finished in 0.00s
[INFO] [stdout] 
[INFO] [stderr]      Running unittests src/bin/day_05.rs (/opt/rustwide/target/debug/deps/day_05-136b1d50e49a5f54)
[INFO] [stdout] 
[INFO] [stdout] running 0 tests
[INFO] [stdout] 
[INFO] [stdout] test result: ok. 0 passed; 0 failed; 0 ignored; 0 measured; 0 filtered out; finished in 0.00s
[INFO] [stdout] 
[INFO] [stderr]      Running unittests src/bin/day_06.rs (/opt/rustwide/target/debug/deps/day_06-8c5ae2abe830e2d0)
[INFO] [stdout] 
[INFO] [stdout] running 0 tests
[INFO] [stdout] 
[INFO] [stdout] test result: ok. 0 passed; 0 failed; 0 ignored; 0 measured; 0 filtered out; finished in 0.00s
[INFO] [stdout] 
[INFO] [stderr]      Running unittests src/bin/day_06_graph.rs (/opt/rustwide/target/debug/deps/day_06_graph-7584379e26903a90)
[INFO] [stdout] 
[INFO] [stdout] running 1 test
[INFO] [stdout] test tests::test_ins ... ok
[INFO] [stdout] 
[INFO] [stdout] test result: ok. 1 passed; 0 failed; 0 ignored; 0 measured; 0 filtered out; finished in 0.00s
[INFO] [stdout] 
[INFO] [stderr]      Running unittests src/bin/day_07.rs (/opt/rustwide/target/debug/deps/day_07-c38fc01bc4c81e97)
[INFO] [stdout] 
[INFO] [stdout] running 0 tests
[INFO] [stdout] 
[INFO] [stdout] test result: ok. 0 passed; 0 failed; 0 ignored; 0 measured; 0 filtered out; finished in 0.00s
[INFO] [stdout] 
[INFO] [stderr]      Running unittests src/bin/day_07b.rs (/opt/rustwide/target/debug/deps/day_07b-57be70a0df730adb)
[INFO] [stdout] 
[INFO] [stdout] running 0 tests
[INFO] [stdout] 
[INFO] [stdout] test result: ok. 0 passed; 0 failed; 0 ignored; 0 measured; 0 filtered out; finished in 0.00s
[INFO] [stderr]      Running unittests src/bin/day_08.rs (/opt/rustwide/target/debug/deps/day_08-77902adcdaeae7bf)
[INFO] [stdout] 
[INFO] [stdout] 
[INFO] [stdout] running 0 tests
[INFO] [stdout] 
[INFO] [stdout] test result: ok. 0 passed; 0 failed; 0 ignored; 0 measured; 0 filtered out; finished in 0.00s
[INFO] [stdout] 
[INFO] [stderr]      Running unittests src/bin/day_09.rs (/opt/rustwide/target/debug/deps/day_09-151973077c4045e6)
[INFO] [stdout] 
[INFO] [stdout] running 0 tests
[INFO] [stdout] 
[INFO] [stdout] test result: ok. 0 passed; 0 failed; 0 ignored; 0 measured; 0 filtered out; finished in 0.00s
[INFO] [stdout] 
[INFO] [stderr]      Running unittests src/bin/day_10.rs (/opt/rustwide/target/debug/deps/day_10-ad029090bd52e248)
[INFO] [stdout] 
[INFO] [stdout] running 9 tests
[INFO] [stdout] test tests::test_field ... ok
[INFO] [stdout] test tests::test_asteroids_angle ... ok
[INFO] [stdout] test tests::test_angle ... ok
[INFO] [stdout] test tests::test_detect2 ... ok
[INFO] [stdout] test tests::test_detect ... ok
[INFO] [stdout] test tests::test_ordering ... ok
[INFO] [stdout] test tests::test_sorted_pos ... ok
[INFO] [stdout] test tests::test_vap ... FAILED
[INFO] [stdout] test tests::test_sort_absolute ... FAILED
[INFO] [stdout] 
[INFO] [stdout] failures:
[INFO] [stdout] 
[INFO] [stdout] ---- tests::test_vap stdout ----
[INFO] [stdout] [src/bin/day_10.rs:124:9] &counted_vectors = {
[INFO] [stdout]     (
[INFO] [stdout]         1,
[INFO] [stdout]         1,
[INFO] [stdout]     ): [
[INFO] [stdout]         (
[INFO] [stdout]             3,
[INFO] [stdout]             3,
[INFO] [stdout]         ),
[INFO] [stdout]     ],
[INFO] [stdout]     (
[INFO] [stdout]         1,
[INFO] [stdout]         -1,
[INFO] [stdout]     ): [
[INFO] [stdout]         (
[INFO] [stdout]             3,
[INFO] [stdout]             1,
[INFO] [stdout]         ),
[INFO] [stdout]     ],
[INFO] [stdout]     (
[INFO] [stdout]         -1,
[INFO] [stdout]         -1,
[INFO] [stdout]     ): [
[INFO] [stdout]         (
[INFO] [stdout]             1,
[INFO] [stdout]             1,
[INFO] [stdout]         ),
[INFO] [stdout]     ],
[INFO] [stdout]     (
[INFO] [stdout]         -1,
[INFO] [stdout]         1,
[INFO] [stdout]     ): [
[INFO] [stdout]         (
[INFO] [stdout]             1,
[INFO] [stdout]             3,
[INFO] [stdout]         ),
[INFO] [stdout]     ],
[INFO] [stdout] }
[INFO] [stdout] [src/bin/day_10.rs:133:21] pos = (
[INFO] [stdout]     3,
[INFO] [stdout]     3,
[INFO] [stdout] )
[INFO] [stdout] [src/bin/day_10.rs:133:21] (pos.0 - 1) * 100 + pos.1 - 1 = 202
[INFO] [stdout] 
[INFO] [stdout] thread 'tests::test_vap' panicked at src/bin/day_10.rs:241:9:
[INFO] [stdout] assertion `left == right` failed
[INFO] [stdout]   left: (3, 3)
[INFO] [stdout]  right: (1, 3)
[INFO] [stdout] stack backtrace:
[INFO] [stdout]    0:     0x619b1e567fca - std::backtrace_rs::backtrace::libunwind::trace::hb059275cfc8d6126
[INFO] [stdout]                                at /rustc/6067b36314ab5eb2eb47cecc464545ba58e1ad24/library/std/src/../../backtrace/src/backtrace/libunwind.rs:116:5
[INFO] [stdout]    1:     0x619b1e567fca - std::backtrace_rs::backtrace::trace_unsynchronized::h2da071e4327ce3ee
[INFO] [stdout]                                at /rustc/6067b36314ab5eb2eb47cecc464545ba58e1ad24/library/std/src/../../backtrace/src/backtrace/mod.rs:66:5
[INFO] [stdout]    2:     0x619b1e567fca - std::sys::backtrace::_print_fmt::h842a1474e6f8d23f
[INFO] [stdout]                                at /rustc/6067b36314ab5eb2eb47cecc464545ba58e1ad24/library/std/src/sys/backtrace.rs:66:9
[INFO] [stdout]    3:     0x619b1e567fca - <std::sys::backtrace::BacktraceLock::print::DisplayBacktrace as core::fmt::Display>::fmt::h71a62eb3b9696b12
[INFO] [stdout]                                at /rustc/6067b36314ab5eb2eb47cecc464545ba58e1ad24/library/std/src/sys/backtrace.rs:39:26
[INFO] [stdout]    4:     0x619b1e590473 - core::fmt::rt::Argument::fmt::hdb6b616786b41dc1
[INFO] [stdout]                                at /rustc/6067b36314ab5eb2eb47cecc464545ba58e1ad24/library/core/src/fmt/rt.rs:177:76
[INFO] [stdout]    5:     0x619b1e590473 - core::fmt::write::h2cc1698af7e2d686
[INFO] [stdout]                                at /rustc/6067b36314ab5eb2eb47cecc464545ba58e1ad24/library/core/src/fmt/mod.rs:1440:21
[INFO] [stdout]    6:     0x619b1e564b23 - std::io::Write::write_fmt::hab1b4cd059a79022
[INFO] [stdout]                                at /rustc/6067b36314ab5eb2eb47cecc464545ba58e1ad24/library/std/src/io/mod.rs:1887:15
[INFO] [stdout]    7:     0x619b1e567e12 - std::sys::backtrace::BacktraceLock::print::h147fe35b4ea13b08
[INFO] [stdout]                                at /rustc/6067b36314ab5eb2eb47cecc464545ba58e1ad24/library/std/src/sys/backtrace.rs:42:9
[INFO] [stdout]    8:     0x619b1e5693ef - std::panicking::default_hook::{{closure}}::hbd44223dbdc0d208
[INFO] [stdout]                                at /rustc/6067b36314ab5eb2eb47cecc464545ba58e1ad24/library/std/src/panicking.rs:298:22
[INFO] [stdout]    9:     0x619b1e569208 - std::panicking::default_hook::h20f81eb0576efcec
[INFO] [stdout]                                at /rustc/6067b36314ab5eb2eb47cecc464545ba58e1ad24/library/std/src/panicking.rs:322:9
[INFO] [stdout]   10:     0x619b1e5318b3 - <alloc::boxed::Box<F,A> as core::ops::function::Fn<Args>>::call::hdb53814c496a4d34
[INFO] [stdout]                                at /rustc/6067b36314ab5eb2eb47cecc464545ba58e1ad24/library/alloc/src/boxed.rs:2027:9
[INFO] [stdout]   11:     0x619b1e5318b3 - test::test_main::{{closure}}::hc0a4963c59427c24
[INFO] [stdout]                                at /rustc/6067b36314ab5eb2eb47cecc464545ba58e1ad24/library/test/src/lib.rs:134:21
[INFO] [stdout]   12:     0x619b1e569ee3 - <alloc::boxed::Box<F,A> as core::ops::function::Fn<Args>>::call::h591b2225413a77e9
[INFO] [stdout]                                at /rustc/6067b36314ab5eb2eb47cecc464545ba58e1ad24/library/alloc/src/boxed.rs:2027:9
[INFO] [stdout]   13:     0x619b1e569ee3 - std::panicking::rust_panic_with_hook::h625eea43051b2edc
[INFO] [stdout]                                at /rustc/6067b36314ab5eb2eb47cecc464545ba58e1ad24/library/std/src/panicking.rs:839:13
[INFO] [stdout]   14:     0x619b1e569b9a - std::panicking::begin_panic_handler::{{closure}}::h4f9159cfbc3f6bd3
[INFO] [stdout]                                at /rustc/6067b36314ab5eb2eb47cecc464545ba58e1ad24/library/std/src/panicking.rs:704:13
[INFO] [stdout]   15:     0x619b1e5684c9 - std::sys::backtrace::__rust_end_short_backtrace::h0390abce48353151
[INFO] [stdout]                                at /rustc/6067b36314ab5eb2eb47cecc464545ba58e1ad24/library/std/src/sys/backtrace.rs:168:18
[INFO] [stdout]   16:     0x619b1e56982d - rust_begin_unwind
[INFO] [stdout]                                at /rustc/6067b36314ab5eb2eb47cecc464545ba58e1ad24/library/std/src/panicking.rs:695:5
[INFO] [stdout]   17:     0x619b1e58e0e0 - core::panicking::panic_fmt::h9e7c637e9e5f29c9
[INFO] [stdout]                                at /rustc/6067b36314ab5eb2eb47cecc464545ba58e1ad24/library/core/src/panicking.rs:75:14
[INFO] [stdout]   18:     0x619b1e58e4d2 - core::panicking::assert_failed_inner::h538bec7c1374cd9c
[INFO] [stdout]   19:     0x619b1e4dfce4 - core::panicking::assert_failed::h5a7e173b0a0792bb
[INFO] [stdout]                                at /rustc/6067b36314ab5eb2eb47cecc464545ba58e1ad24/library/core/src/panicking.rs:364:5
[INFO] [stdout]   20:     0x619b1e4e0eba - day_10::tests::test_vap::h2a078db093880580
[INFO] [stdout]                                at /opt/rustwide/workdir/src/bin/day_10.rs:241:9
[INFO] [stdout]   21:     0x619b1e4e0d77 - day_10::tests::test_vap::{{closure}}::hc1569681f8a840b6
[INFO] [stdout]                                at /opt/rustwide/workdir/src/bin/day_10.rs:237:18
[INFO] [stdout]   22:     0x619b1e4ef5a6 - core::ops::function::FnOnce::call_once::h4c693165fff60982
[INFO] [stdout]                                at /rustc/6067b36314ab5eb2eb47cecc464545ba58e1ad24/library/core/src/ops/function.rs:250:5
[INFO] [stdout]   23:     0x619b1e53700b - core::ops::function::FnOnce::call_once::he27718dfdd183f43
[INFO] [stdout]                                at /rustc/6067b36314ab5eb2eb47cecc464545ba58e1ad24/library/core/src/ops/function.rs:250:5
[INFO] [stdout]   24:     0x619b1e53700b - test::__rust_begin_short_backtrace::h4e84902998457a5d
[INFO] [stdout]                                at /rustc/6067b36314ab5eb2eb47cecc464545ba58e1ad24/library/test/src/lib.rs:632:18
[INFO] [stdout]   25:     0x619b1e535f43 - test::run_test_in_process::{{closure}}::h7176fd18fc1feca0
[INFO] [stdout]                                at /rustc/6067b36314ab5eb2eb47cecc464545ba58e1ad24/library/test/src/lib.rs:655:60
[INFO] [stdout]   26:     0x619b1e535f43 - <core::panic::unwind_safe::AssertUnwindSafe<F> as core::ops::function::FnOnce<()>>::call_once::hf79cff2a624d8cf7
[INFO] [stdout]                                at /rustc/6067b36314ab5eb2eb47cecc464545ba58e1ad24/library/core/src/panic/unwind_safe.rs:272:9
[INFO] [stdout]   27:     0x619b1e535f43 - std::panicking::try::do_call::h3da0561d9ab99c25
[INFO] [stdout]                                at /rustc/6067b36314ab5eb2eb47cecc464545ba58e1ad24/library/std/src/panicking.rs:587:40
[INFO] [stdout]   28:     0x619b1e535f43 - std::panicking::try::h41c9fa508bc61df6
[INFO] [stdout]                                at /rustc/6067b36314ab5eb2eb47cecc464545ba58e1ad24/library/std/src/panicking.rs:550:19
[INFO] [stdout]   29:     0x619b1e535f43 - std::panic::catch_unwind::h6b3ff07bb5afad93
[INFO] [stdout]                                at /rustc/6067b36314ab5eb2eb47cecc464545ba58e1ad24/library/std/src/panic.rs:358:14
[INFO] [stdout]   30:     0x619b1e535f43 - test::run_test_in_process::hc7253dd11b39b9f4
[INFO] [stdout]                                at /rustc/6067b36314ab5eb2eb47cecc464545ba58e1ad24/library/test/src/lib.rs:655:27
[INFO] [stdout]   31:     0x619b1e535f43 - test::run_test::{{closure}}::hfb2007f8649c30bb
[INFO] [stdout]                                at /rustc/6067b36314ab5eb2eb47cecc464545ba58e1ad24/library/test/src/lib.rs:576:43
[INFO] [stdout]   32:     0x619b1e4f9025 - test::run_test::{{closure}}::h56a17aa7a282a9f4
[INFO] [stdout]                                at /rustc/6067b36314ab5eb2eb47cecc464545ba58e1ad24/library/test/src/lib.rs:606:41
[INFO] [stdout]   33:     0x619b1e4f9025 - std::sys::backtrace::__rust_begin_short_backtrace::hd2d2d2fb8e8c6aac
[INFO] [stdout]                                at /rustc/6067b36314ab5eb2eb47cecc464545ba58e1ad24/library/std/src/sys/backtrace.rs:152:18
[INFO] [stdout]   34:     0x619b1e4fc90a - std::thread::Builder::spawn_unchecked_::{{closure}}::{{closure}}::h4faa3f9db6133423
[INFO] [stdout]                                at /rustc/6067b36314ab5eb2eb47cecc464545ba58e1ad24/library/std/src/thread/mod.rs:559:17
[INFO] [stdout]   35:     0x619b1e4fc90a - <core::panic::unwind_safe::AssertUnwindSafe<F> as core::ops::function::FnOnce<()>>::call_once::hf2e855a36a4ea846
[INFO] [stdout]                                at /rustc/6067b36314ab5eb2eb47cecc464545ba58e1ad24/library/core/src/panic/unwind_safe.rs:272:9
[INFO] [stdout]   36:     0x619b1e4fc90a - std::panicking::try::do_call::h2f73af3616c35465
[INFO] [stdout]                                at /rustc/6067b36314ab5eb2eb47cecc464545ba58e1ad24/library/std/src/panicking.rs:587:40
[INFO] [stdout]   37:     0x619b1e4fc90a - std::panicking::try::hd1660ce9efadef5a
[INFO] [stdout]                                at /rustc/6067b36314ab5eb2eb47cecc464545ba58e1ad24/library/std/src/panicking.rs:550:19
[INFO] [stdout]   38:     0x619b1e4fc90a - std::panic::catch_unwind::h5ee8d7823b8ca744
[INFO] [stdout]                                at /rustc/6067b36314ab5eb2eb47cecc464545ba58e1ad24/library/std/src/panic.rs:358:14
[INFO] [stdout]   39:     0x619b1e4fc90a - std::thread::Builder::spawn_unchecked_::{{closure}}::h53c3a1894dce8407
[INFO] [stdout]                                at /rustc/6067b36314ab5eb2eb47cecc464545ba58e1ad24/library/std/src/thread/mod.rs:557:30
[INFO] [stdout]   40:     0x619b1e4fc90a - core::ops::function::FnOnce::call_once{{vtable.shim}}::h048ce291ad4f62bf
[INFO] [stdout]                                at /rustc/6067b36314ab5eb2eb47cecc464545ba58e1ad24/library/core/src/ops/function.rs:250:5
[INFO] [stdout]   41:     0x619b1e56de1b - <alloc::boxed::Box<F,A> as core::ops::function::FnOnce<Args>>::call_once::ha52bedf99a3b4981
[INFO] [stdout]                                at /rustc/6067b36314ab5eb2eb47cecc464545ba58e1ad24/library/alloc/src/boxed.rs:2013:9
[INFO] [stdout]   42:     0x619b1e56de1b - <alloc::boxed::Box<F,A> as core::ops::function::FnOnce<Args>>::call_once::h567748934d80ccf8
[INFO] [stdout]                                at /rustc/6067b36314ab5eb2eb47cecc464545ba58e1ad24/library/alloc/src/boxed.rs:2013:9
[INFO] [stdout]   43:     0x619b1e56de1b - std::sys::pal::unix::thread::Thread::new::thread_start::h2d970728ae887adc
[INFO] [stdout]                                at /rustc/6067b36314ab5eb2eb47cecc464545ba58e1ad24/library/std/src/sys/pal/unix/thread.rs:106:17
[INFO] [stdout]   44:     0x7cc92670cac3 - <unknown>
[INFO] [stdout]   45:     0x7cc92679da04 - clone
[INFO] [stdout]   46:                0x0 - <unknown>
[INFO] [stdout] 
[INFO] [stdout] ---- tests::test_sort_absolute stdout ----
[INFO] [stdout] [src/bin/day_10.rs:66:9] v = (
[INFO] [stdout]     -1,
[INFO] [stdout]     0,
[INFO] [stdout] )
[INFO] [stdout] [src/bin/day_10.rs:66:9] b = (
[INFO] [stdout]     -2,
[INFO] [stdout]     0,
[INFO] [stdout] )
[INFO] [stdout] [src/bin/day_10.rs:66:9] angle1 = 4.712389
[INFO] [stdout] [src/bin/day_10.rs:66:9] angle2 = 4.712389
[INFO] [stdout] [src/bin/day_10.rs:66:9] refpos = (
[INFO] [stdout]     3,
[INFO] [stdout]     2,
[INFO] [stdout] )
[INFO] [stdout] 
[INFO] [stdout] thread 'tests::test_sort_absolute' panicked at src/bin/day_10.rs:366:9:
[INFO] [stdout] assertion `left == right` failed
[INFO] [stdout]   left: [(1, 3), (1, 2), (1, 1)]
[INFO] [stdout]  right: [(1, 2), (1, 3), (1, 1)]
[INFO] [stdout] stack backtrace:
[INFO] [stdout]    0:     0x619b1e567fca - std::backtrace_rs::backtrace::libunwind::trace::hb059275cfc8d6126
[INFO] [stdout]                                at /rustc/6067b36314ab5eb2eb47cecc464545ba58e1ad24/library/std/src/../../backtrace/src/backtrace/libunwind.rs:116:5
[INFO] [stdout]    1:     0x619b1e567fca - std::backtrace_rs::backtrace::trace_unsynchronized::h2da071e4327ce3ee
[INFO] [stdout]                                at /rustc/6067b36314ab5eb2eb47cecc464545ba58e1ad24/library/std/src/../../backtrace/src/backtrace/mod.rs:66:5
[INFO] [stdout]    2:     0x619b1e567fca - std::sys::backtrace::_print_fmt::h842a1474e6f8d23f
[INFO] [stdout]                                at /rustc/6067b36314ab5eb2eb47cecc464545ba58e1ad24/library/std/src/sys/backtrace.rs:66:9
[INFO] [stdout]    3:     0x619b1e567fca - <std::sys::backtrace::BacktraceLock::print::DisplayBacktrace as core::fmt::Display>::fmt::h71a62eb3b9696b12
[INFO] [stdout]                                at /rustc/6067b36314ab5eb2eb47cecc464545ba58e1ad24/library/std/src/sys/backtrace.rs:39:26
[INFO] [stdout]    4:     0x619b1e590473 - core::fmt::rt::Argument::fmt::hdb6b616786b41dc1
[INFO] [stdout]                                at /rustc/6067b36314ab5eb2eb47cecc464545ba58e1ad24/library/core/src/fmt/rt.rs:177:76
[INFO] [stdout]    5:     0x619b1e590473 - core::fmt::write::h2cc1698af7e2d686
[INFO] [stdout]                                at /rustc/6067b36314ab5eb2eb47cecc464545ba58e1ad24/library/core/src/fmt/mod.rs:1440:21
[INFO] [stdout]    6:     0x619b1e564b23 - std::io::Write::write_fmt::hab1b4cd059a79022
[INFO] [stdout]                                at /rustc/6067b36314ab5eb2eb47cecc464545ba58e1ad24/library/std/src/io/mod.rs:1887:15
[INFO] [stdout]    7:     0x619b1e567e12 - std::sys::backtrace::BacktraceLock::print::h147fe35b4ea13b08
[INFO] [stdout]                                at /rustc/6067b36314ab5eb2eb47cecc464545ba58e1ad24/library/std/src/sys/backtrace.rs:42:9
[INFO] [stdout]    8:     0x619b1e5693ef - std::panicking::default_hook::{{closure}}::hbd44223dbdc0d208
[INFO] [stdout]                                at /rustc/6067b36314ab5eb2eb47cecc464545ba58e1ad24/library/std/src/panicking.rs:298:22
[INFO] [stdout]    9:     0x619b1e569208 - std::panicking::default_hook::h20f81eb0576efcec
[INFO] [stdout]                                at /rustc/6067b36314ab5eb2eb47cecc464545ba58e1ad24/library/std/src/panicking.rs:322:9
[INFO] [stdout]   10:     0x619b1e5318b3 - <alloc::boxed::Box<F,A> as core::ops::function::Fn<Args>>::call::hdb53814c496a4d34
[INFO] [stdout]                                at /rustc/6067b36314ab5eb2eb47cecc464545ba58e1ad24/library/alloc/src/boxed.rs:2027:9
[INFO] [stdout]   11:     0x619b1e5318b3 - test::test_main::{{closure}}::hc0a4963c59427c24
[INFO] [stdout]                                at /rustc/6067b36314ab5eb2eb47cecc464545ba58e1ad24/library/test/src/lib.rs:134:21
[INFO] [stdout]   12:     0x619b1e569ee3 - <alloc::boxed::Box<F,A> as core::ops::function::Fn<Args>>::call::h591b2225413a77e9
[INFO] [stdout]                                at /rustc/6067b36314ab5eb2eb47cecc464545ba58e1ad24/library/alloc/src/boxed.rs:2027:9
[INFO] [stdout]   13:     0x619b1e569ee3 - std::panicking::rust_panic_with_hook::h625eea43051b2edc
[INFO] [stdout]                                at /rustc/6067b36314ab5eb2eb47cecc464545ba58e1ad24/library/std/src/panicking.rs:839:13
[INFO] [stdout]   14:     0x619b1e569b9a - std::panicking::begin_panic_handler::{{closure}}::h4f9159cfbc3f6bd3
[INFO] [stdout]                                at /rustc/6067b36314ab5eb2eb47cecc464545ba58e1ad24/library/std/src/panicking.rs:704:13
[INFO] [stdout]   15:     0x619b1e5684c9 - std::sys::backtrace::__rust_end_short_backtrace::h0390abce48353151
[INFO] [stdout]                                at /rustc/6067b36314ab5eb2eb47cecc464545ba58e1ad24/library/std/src/sys/backtrace.rs:168:18
[INFO] [stdout]   16:     0x619b1e56982d - rust_begin_unwind
[INFO] [stdout]                                at /rustc/6067b36314ab5eb2eb47cecc464545ba58e1ad24/library/std/src/panicking.rs:695:5
[INFO] [stdout]   17:     0x619b1e58e0e0 - core::panicking::panic_fmt::h9e7c637e9e5f29c9
[INFO] [stdout]                                at /rustc/6067b36314ab5eb2eb47cecc464545ba58e1ad24/library/core/src/panicking.rs:75:14
[INFO] [stdout]   18:     0x619b1e58e4d2 - core::panicking::assert_failed_inner::h538bec7c1374cd9c
[INFO] [stdout]   19:     0x619b1e4dfd22 - core::panicking::assert_failed::h5b88f21351a64207
[INFO] [stdout]                                at /rustc/6067b36314ab5eb2eb47cecc464545ba58e1ad24/library/core/src/panicking.rs:364:5
[INFO] [stdout]   20:     0x619b1e4e3532 - day_10::tests::test_sort_absolute::hd3be3b036321dd63
[INFO] [stdout]                                at /opt/rustwide/workdir/src/bin/day_10.rs:366:9
[INFO] [stdout]   21:     0x619b1e4e2e77 - day_10::tests::test_sort_absolute::{{closure}}::hf46feeda593b50f9
[INFO] [stdout]                                at /opt/rustwide/workdir/src/bin/day_10.rs:344:28
[INFO] [stdout]   22:     0x619b1e4ef716 - core::ops::function::FnOnce::call_once::hafeb605acc7b71bf
[INFO] [stdout]                                at /rustc/6067b36314ab5eb2eb47cecc464545ba58e1ad24/library/core/src/ops/function.rs:250:5
[INFO] [stdout]   23:     0x619b1e53700b - core::ops::function::FnOnce::call_once::he27718dfdd183f43
[INFO] [stdout]                                at /rustc/6067b36314ab5eb2eb47cecc464545ba58e1ad24/library/core/src/ops/function.rs:250:5
[INFO] [stdout]   24:     0x619b1e53700b - test::__rust_begin_short_backtrace::h4e84902998457a5d
[INFO] [stdout]                                at /rustc/6067b36314ab5eb2eb47cecc464545ba58e1ad24/library/test/src/lib.rs:632:18
[INFO] [stdout]   25:     0x619b1e535f43 - test::run_test_in_process::{{closure}}::h7176fd18fc1feca0
[INFO] [stdout]                                at /rustc/6067b36314ab5eb2eb47cecc464545ba58e1ad24/library/test/src/lib.rs:655:60
[INFO] [stdout]   26:     0x619b1e535f43 - <core::panic::unwind_safe::AssertUnwindSafe<F> as core::ops::function::FnOnce<()>>::call_once::hf79cff2a624d8cf7
[INFO] [stdout]                                at /rustc/6067b36314ab5eb2eb47cecc464545ba58e1ad24/library/core/src/panic/unwind_safe.rs:272:9
[INFO] [stdout]   27:     0x619b1e535f43 - std::panicking::try::do_call::h3da0561d9ab99c25
[INFO] [stdout]                                at /rustc/6067b36314ab5eb2eb47cecc464545ba58e1ad24/library/std/src/panicking.rs:587:40
[INFO] [stdout]   28:     0x619b1e535f43 - std::panicking::try::h41c9fa508bc61df6
[INFO] [stdout]                                at /rustc/6067b36314ab5eb2eb47cecc464545ba58e1ad24/library/std/src/panicking.rs:550:19
[INFO] [stdout]   29:     0x619b1e535f43 - std::panic::catch_unwind::h6b3ff07bb5afad93
[INFO] [stdout]                                at /rustc/6067b36314ab5eb2eb47cecc464545ba58e1ad24/library/std/src/panic.rs:358:14
[INFO] [stdout]   30:     0x619b1e535f43 - test::run_test_in_process::hc7253dd11b39b9f4
[INFO] [stdout]                                at /rustc/6067b36314ab5eb2eb47cecc464545ba58e1ad24/library/test/src/lib.rs:655:27
[INFO] [stdout]   31:     0x619b1e535f43 - test::run_test::{{closure}}::hfb2007f8649c30bb
[INFO] [stdout]                                at /rustc/6067b36314ab5eb2eb47cecc464545ba58e1ad24/library/test/src/lib.rs:576:43
[INFO] [stdout]   32:     0x619b1e4f9025 - test::run_test::{{closure}}::h56a17aa7a282a9f4
[INFO] [stdout]                                at /rustc/6067b36314ab5eb2eb47cecc464545ba58e1ad24/library/test/src/lib.rs:606:41
[INFO] [stdout]   33:     0x619b1e4f9025 - std::sys::backtrace::__rust_begin_short_backtrace::hd2d2d2fb8e8c6aac
[INFO] [stdout]                                at /rustc/6067b36314ab5eb2eb47cecc464545ba58e1ad24/library/std/src/sys/backtrace.rs:152:18
[INFO] [stdout]   34:     0x619b1e4fc90a - std::thread::Builder::spawn_unchecked_::{{closure}}::{{closure}}::h4faa3f9db6133423
[INFO] [stdout]                                at /rustc/6067b36314ab5eb2eb47cecc464545ba58e1ad24/library/std/src/thread/mod.rs:559:17
[INFO] [stdout]   35:     0x619b1e4fc90a - <core::panic::unwind_safe::AssertUnwindSafe<F> as core::ops::function::FnOnce<()>>::call_once::hf2e855a36a4ea846
[INFO] [stdout]                                at /rustc/6067b36314ab5eb2eb47cecc464545ba58e1ad24/library/core/src/panic/unwind_safe.rs:272:9
[INFO] [stdout]   36:     0x619b1e4fc90a - std::panicking::try::do_call::h2f73af3616c35465
[INFO] [stdout]                                at /rustc/6067b36314ab5eb2eb47cecc464545ba58e1ad24/library/std/src/panicking.rs:587:40
[INFO] [stdout]   37:     0x619b1e4fc90a - std::panicking::try::hd1660ce9efadef5a
[INFO] [stdout]                                at /rustc/6067b36314ab5eb2eb47cecc464545ba58e1ad24/library/std/src/panicking.rs:550:19
[INFO] [stdout]   38:     0x619b1e4fc90a - std::panic::catch_unwind::h5ee8d7823b8ca744
[INFO] [stdout]                                at /rustc/6067b36314ab5eb2eb47cecc464545ba58e1ad24/library/std/src/panic.rs:358:14
[INFO] [stdout]   39:     0x619b1e4fc90a - std::thread::Builder::spawn_unchecked_::{{closure}}::h53c3a1894dce8407
[INFO] [stdout]                                at /rustc/6067b36314ab5eb2eb47cecc464545ba58e1ad24/library/std/src/thread/mod.rs:557:30
[INFO] [stdout]   40:     0x619b1e4fc90a - core::ops::function::FnOnce::call_once{{vtable.shim}}::h048ce291ad4f62bf
[INFO] [stdout]                                at /rustc/6067b36314ab5eb2eb47cecc464545ba58e1ad24/library/core/src/ops/function.rs:250:5
[INFO] [stdout]   41:     0x619b1e56de1b - <alloc::boxed::Box<F,A> as core::ops::function::FnOnce<Args>>::call_once::ha52bedf99a3b4981
[INFO] [stdout]                                at /rustc/6067b36314ab5eb2eb47cecc464545ba58e1ad24/library/alloc/src/boxed.rs:2013:9
[INFO] [stdout]   42:     0x619b1e56de1b - <alloc::boxed::Box<F,A> as core::ops::function::FnOnce<Args>>::call_once::h567748934d80ccf8
[INFO] [stdout]                                at /rustc/6067b36314ab5eb2eb47cecc464545ba58e1ad24/library/alloc/src/boxed.rs:2013:9
[INFO] [stdout]   43:     0x619b1e56de1b - std::sys::pal::unix::thread::Thread::new::thread_start::h2d970728ae887adc
[INFO] [stdout]                                at /rustc/6067b36314ab5eb2eb47cecc464545ba58e1ad24/library/std/src/sys/pal/unix/thread.rs:106:17
[INFO] [stdout]   44:     0x7cc92670cac3 - <unknown>
[INFO] [stdout]   45:     0x7cc92679da04 - clone
[INFO] [stdout]   46:                0x0 - <unknown>
[INFO] [stdout] 
[INFO] [stdout] 
[INFO] [stdout] failures:
[INFO] [stdout]     tests::test_sort_absolute
[INFO] [stdout]     tests::test_vap
[INFO] [stdout] 
[INFO] [stdout] test result: FAILED. 7 passed; 2 failed; 0 ignored; 0 measured; 0 filtered out; finished in 0.03s
[INFO] [stdout] 
[INFO] [stderr] error: test failed, to rerun pass `--bin day_10`
[INFO] running `Command { std: "docker" "inspect" "c3bff381242286aa49473de77960d6d29f848c08f880f0f54e5286e92bcd7988", kill_on_drop: false }`
[INFO] running `Command { std: "docker" "rm" "-f" "c3bff381242286aa49473de77960d6d29f848c08f880f0f54e5286e92bcd7988", kill_on_drop: false }`
[INFO] [stdout] c3bff381242286aa49473de77960d6d29f848c08f880f0f54e5286e92bcd7988
