[INFO] cloning repository https://github.com/jjnicola/redis-rs
[INFO] running `Command { std: "git" "-c" "credential.helper=" "-c" "credential.helper=/workspace/cargo-home/bin/git-credential-null" "clone" "--bare" "https://github.com/jjnicola/redis-rs" "/workspace/cache/git-repos/https%3A%2F%2Fgithub.com%2Fjjnicola%2Fredis-rs", kill_on_drop: false }`
[INFO] [stderr] Cloning into bare repository '/workspace/cache/git-repos/https%3A%2F%2Fgithub.com%2Fjjnicola%2Fredis-rs'...
[INFO] running `Command { std: "git" "rev-parse" "HEAD", kill_on_drop: false }`
[INFO] [stdout] a4e993b77ae5313d65224df75458dd4839cafa2c
[INFO] testing jjnicola/redis-rs against nightly-2025-01-18 for randomize-layout-2
[INFO] running `Command { std: "git" "clone" "/workspace/cache/git-repos/https%3A%2F%2Fgithub.com%2Fjjnicola%2Fredis-rs" "/workspace/builds/worker-0-tc1/source", kill_on_drop: false }`
[INFO] [stderr] Cloning into '/workspace/builds/worker-0-tc1/source'...
[INFO] [stderr] done.
[INFO] validating manifest of git repo https://github.com/jjnicola/redis-rs on toolchain nightly-2025-01-18
[INFO] running `Command { std: CARGO_HOME="/workspace/cargo-home" RUSTUP_HOME="/workspace/rustup-home" "/workspace/cargo-home/bin/cargo" "+nightly-2025-01-18" "metadata" "--manifest-path" "Cargo.toml" "--no-deps", kill_on_drop: false }`
[INFO] started tweaking git repo https://github.com/jjnicola/redis-rs
[INFO] finished tweaking git repo https://github.com/jjnicola/redis-rs
[INFO] tweaked toml for git repo https://github.com/jjnicola/redis-rs written to /workspace/builds/worker-0-tc1/source/Cargo.toml
[INFO] crate git repo https://github.com/jjnicola/redis-rs already has a lockfile, it will not be regenerated
[INFO] running `Command { std: CARGO_HOME="/workspace/cargo-home" RUSTUP_HOME="/workspace/rustup-home" "/workspace/cargo-home/bin/cargo" "+nightly-2025-01-18" "fetch" "--manifest-path" "Cargo.toml", kill_on_drop: false }`
[INFO] running `Command { std: "docker" "create" "-v" "/var/lib/crater-agent-workspace/builds/worker-0-tc1/target:/opt/rustwide/target:rw,Z" "-v" "/var/lib/crater-agent-workspace/builds/worker-0-tc1/source:/opt/rustwide/workdir:ro,Z" "-v" "/var/lib/crater-agent-workspace/cargo-home:/opt/rustwide/cargo-home:ro,Z" "-v" "/var/lib/crater-agent-workspace/rustup-home:/opt/rustwide/rustup-home:ro,Z" "-e" "SOURCE_DIR=/opt/rustwide/workdir" "-e" "CARGO_TARGET_DIR=/opt/rustwide/target" "-e" "CARGO_HOME=/opt/rustwide/cargo-home" "-e" "RUSTUP_HOME=/opt/rustwide/rustup-home" "-w" "/opt/rustwide/workdir" "-m" "1610612736" "--user" "0:0" "--network" "none" "ghcr.io/rust-lang/crates-build-env/linux@sha256:819108c5571ea2e421544af4d832f968d213c87fbe3707a016657f43d2f853bc" "/opt/rustwide/cargo-home/bin/cargo" "+nightly-2025-01-18" "metadata" "--no-deps" "--format-version=1", kill_on_drop: false }`
[INFO] [stdout] ec93279e330154645b629cfef05fcdbf78ef40acfd7faac318b92bfb3745f4c7
[INFO] running `Command { std: "docker" "start" "-a" "ec93279e330154645b629cfef05fcdbf78ef40acfd7faac318b92bfb3745f4c7", kill_on_drop: false }`
[INFO] running `Command { std: "docker" "inspect" "ec93279e330154645b629cfef05fcdbf78ef40acfd7faac318b92bfb3745f4c7", kill_on_drop: false }`
[INFO] running `Command { std: "docker" "rm" "-f" "ec93279e330154645b629cfef05fcdbf78ef40acfd7faac318b92bfb3745f4c7", kill_on_drop: false }`
[INFO] [stdout] ec93279e330154645b629cfef05fcdbf78ef40acfd7faac318b92bfb3745f4c7
[INFO] running `Command { std: "docker" "create" "-v" "/var/lib/crater-agent-workspace/builds/worker-0-tc1/target:/opt/rustwide/target:rw,Z" "-v" "/var/lib/crater-agent-workspace/builds/worker-0-tc1/source:/opt/rustwide/workdir:ro,Z" "-v" "/var/lib/crater-agent-workspace/cargo-home:/opt/rustwide/cargo-home:ro,Z" "-v" "/var/lib/crater-agent-workspace/rustup-home:/opt/rustwide/rustup-home:ro,Z" "-e" "SOURCE_DIR=/opt/rustwide/workdir" "-e" "CARGO_TARGET_DIR=/opt/rustwide/target" "-e" "CARGO_INCREMENTAL=0" "-e" "RUST_BACKTRACE=full" "-e" "RUSTFLAGS=--cap-lints=forbid" "-e" "RUSTDOCFLAGS=--cap-lints=forbid" "-e" "CARGO_HOME=/opt/rustwide/cargo-home" "-e" "RUSTUP_HOME=/opt/rustwide/rustup-home" "-w" "/opt/rustwide/workdir" "-m" "1610612736" "--user" "0:0" "--network" "none" "ghcr.io/rust-lang/crates-build-env/linux@sha256:819108c5571ea2e421544af4d832f968d213c87fbe3707a016657f43d2f853bc" "/opt/rustwide/cargo-home/bin/cargo" "+nightly-2025-01-18" "build" "--frozen" "--message-format=json", kill_on_drop: false }`
[INFO] [stdout] e33920477249f57a837aca7d6a2048056be585707a8a3b621959ea173c3828ab
[INFO] running `Command { std: "docker" "start" "-a" "e33920477249f57a837aca7d6a2048056be585707a8a3b621959ea173c3828ab", kill_on_drop: false }`
[INFO] [stderr]    Compiling tinyvec_macros v0.1.0
[INFO] [stderr]    Compiling memchr v2.5.0
[INFO] [stderr]    Compiling unicode-bidi v0.3.8
[INFO] [stderr]    Compiling percent-encoding v2.2.0
[INFO] [stderr]    Compiling bytes v1.2.1
[INFO] [stderr]    Compiling sha1_smol v1.0.0
[INFO] [stderr]    Compiling itoa v1.0.4
[INFO] [stderr]    Compiling ryu v1.0.11
[INFO] [stderr]    Compiling tinyvec v1.6.0
[INFO] [stderr]    Compiling form_urlencoded v1.1.0
[INFO] [stderr]    Compiling combine v4.6.6
[INFO] [stderr]    Compiling unicode-normalization v0.1.22
[INFO] [stderr]    Compiling idna v0.3.0
[INFO] [stderr]    Compiling url v2.3.1
[INFO] [stderr]    Compiling redis v0.22.1
[INFO] [stderr]    Compiling nvtcache v0.1.0 (/opt/rustwide/workdir)
[INFO] [stdout] warning: unused variable: `kbi`
[INFO] [stdout]   --> src/nvtcache.rs:17:17
[INFO] [stdout]    |
[INFO] [stdout] 17 |             let kbi = rctx.select_database()?;
[INFO] [stdout]    |                 ^^^ help: if this is intentional, prefix it with an underscore: `_kbi`
[INFO] [stdout]    |
[INFO] [stdout]    = note: `#[warn(unused_variables)]` on by default
[INFO] [stdout] 
[INFO] [stdout] 
[INFO] [stdout] warning: unused variable: `dbi`
[INFO] [stdout]   --> src/redisconnector.rs:93:40
[INFO] [stdout]    |
[INFO] [stdout] 93 |         pub fn try_database(&mut self, dbi: u32) -> Result<u32> {
[INFO] [stdout]    |                                        ^^^ help: if this is intentional, prefix it with an underscore: `_dbi`
[INFO] [stdout] 
[INFO] [stdout] 
[INFO] [stdout] warning: constant `GLOBAL_DBINDEX_NAME` is never used
[INFO] [stdout]  --> src/redisconnector.rs:6:7
[INFO] [stdout]   |
[INFO] [stdout] 6 | const GLOBAL_DBINDEX_NAME: &str = "GVM.__GlobalDBIndex";
[INFO] [stdout]   |       ^^^^^^^^^^^^^^^^^^^
[INFO] [stdout]   |
[INFO] [stdout]   = note: `#[warn(dead_code)]` on by default
[INFO] [stdout] 
[INFO] [stdout] 
[INFO] [stdout] warning: constant `NVTCACHE` is never used
[INFO] [stdout]  --> src/redisconnector.rs:8:7
[INFO] [stdout]   |
[INFO] [stdout] 8 | const NVTCACHE: &str = "nvticache";
[INFO] [stdout]   |       ^^^^^^^^
[INFO] [stdout] 
[INFO] [stdout] 
[INFO] [stderr]     Finished `dev` profile [unoptimized + debuginfo] target(s) in 13.84s
[INFO] running `Command { std: "docker" "inspect" "e33920477249f57a837aca7d6a2048056be585707a8a3b621959ea173c3828ab", kill_on_drop: false }`
[INFO] running `Command { std: "docker" "rm" "-f" "e33920477249f57a837aca7d6a2048056be585707a8a3b621959ea173c3828ab", kill_on_drop: false }`
[INFO] [stdout] e33920477249f57a837aca7d6a2048056be585707a8a3b621959ea173c3828ab
[INFO] running `Command { std: "docker" "create" "-v" "/var/lib/crater-agent-workspace/builds/worker-0-tc1/target:/opt/rustwide/target:rw,Z" "-v" "/var/lib/crater-agent-workspace/builds/worker-0-tc1/source:/opt/rustwide/workdir:ro,Z" "-v" "/var/lib/crater-agent-workspace/cargo-home:/opt/rustwide/cargo-home:ro,Z" "-v" "/var/lib/crater-agent-workspace/rustup-home:/opt/rustwide/rustup-home:ro,Z" "-e" "SOURCE_DIR=/opt/rustwide/workdir" "-e" "CARGO_TARGET_DIR=/opt/rustwide/target" "-e" "CARGO_INCREMENTAL=0" "-e" "RUST_BACKTRACE=full" "-e" "RUSTFLAGS=--cap-lints=forbid" "-e" "RUSTDOCFLAGS=--cap-lints=forbid" "-e" "CARGO_HOME=/opt/rustwide/cargo-home" "-e" "RUSTUP_HOME=/opt/rustwide/rustup-home" "-w" "/opt/rustwide/workdir" "-m" "1610612736" "--user" "0:0" "--network" "none" "ghcr.io/rust-lang/crates-build-env/linux@sha256:819108c5571ea2e421544af4d832f968d213c87fbe3707a016657f43d2f853bc" "/opt/rustwide/cargo-home/bin/cargo" "+nightly-2025-01-18" "test" "--frozen" "--no-run" "--message-format=json", kill_on_drop: false }`
[INFO] [stdout] 59785d7ef5bffc4e78026c35e664d93688419baff155740854128a2f96cf0c3b
[INFO] running `Command { std: "docker" "start" "-a" "59785d7ef5bffc4e78026c35e664d93688419baff155740854128a2f96cf0c3b", kill_on_drop: false }`
[INFO] [stderr]    Compiling nvtcache v0.1.0 (/opt/rustwide/workdir)
[INFO] [stdout] warning: unused variable: `kbi`
[INFO] [stdout]   --> src/nvtcache.rs:17:17
[INFO] [stdout]    |
[INFO] [stdout] 17 |             let kbi = rctx.select_database()?;
[INFO] [stdout]    |                 ^^^ help: if this is intentional, prefix it with an underscore: `_kbi`
[INFO] [stdout]    |
[INFO] [stdout]    = note: `#[warn(unused_variables)]` on by default
[INFO] [stdout] 
[INFO] [stdout] 
[INFO] [stdout] warning: unused variable: `dbi`
[INFO] [stdout]   --> src/redisconnector.rs:93:40
[INFO] [stdout]    |
[INFO] [stdout] 93 |         pub fn try_database(&mut self, dbi: u32) -> Result<u32> {
[INFO] [stdout]    |                                        ^^^ help: if this is intentional, prefix it with an underscore: `_dbi`
[INFO] [stdout] 
[INFO] [stdout] 
[INFO] [stdout] warning: constant `GLOBAL_DBINDEX_NAME` is never used
[INFO] [stdout]  --> src/redisconnector.rs:6:7
[INFO] [stdout]   |
[INFO] [stdout] 6 | const GLOBAL_DBINDEX_NAME: &str = "GVM.__GlobalDBIndex";
[INFO] [stdout]   |       ^^^^^^^^^^^^^^^^^^^
[INFO] [stdout]   |
[INFO] [stdout]   = note: `#[warn(dead_code)]` on by default
[INFO] [stdout] 
[INFO] [stdout] 
[INFO] [stdout] warning: constant `NVTCACHE` is never used
[INFO] [stdout]  --> src/redisconnector.rs:8:7
[INFO] [stdout]   |
[INFO] [stdout] 8 | const NVTCACHE: &str = "nvticache";
[INFO] [stdout]   |       ^^^^^^^^
[INFO] [stdout] 
[INFO] [stdout] 
[INFO] [stdout] warning: unused variable: `kbi`
[INFO] [stdout]   --> src/nvtcache.rs:17:17
[INFO] [stdout]    |
[INFO] [stdout] 17 |             let kbi = rctx.select_database()?;
[INFO] [stdout]    |                 ^^^ help: if this is intentional, prefix it with an underscore: `_kbi`
[INFO] [stdout]    |
[INFO] [stdout]    = note: `#[warn(unused_variables)]` on by default
[INFO] [stdout] 
[INFO] [stdout] 
[INFO] [stdout] warning: unused variable: `dbi`
[INFO] [stdout]   --> src/redisconnector.rs:93:40
[INFO] [stdout]    |
[INFO] [stdout] 93 |         pub fn try_database(&mut self, dbi: u32) -> Result<u32> {
[INFO] [stdout]    |                                        ^^^ help: if this is intentional, prefix it with an underscore: `_dbi`
[INFO] [stdout] 
[INFO] [stdout] 
[INFO] [stdout] warning: constant `GLOBAL_DBINDEX_NAME` is never used
[INFO] [stdout]  --> src/redisconnector.rs:6:7
[INFO] [stdout]   |
[INFO] [stdout] 6 | const GLOBAL_DBINDEX_NAME: &str = "GVM.__GlobalDBIndex";
[INFO] [stdout]   |       ^^^^^^^^^^^^^^^^^^^
[INFO] [stdout]   |
[INFO] [stdout]   = note: `#[warn(dead_code)]` on by default
[INFO] [stdout] 
[INFO] [stdout] 
[INFO] [stdout] warning: constant `NVTCACHE` is never used
[INFO] [stdout]  --> src/redisconnector.rs:8:7
[INFO] [stdout]   |
[INFO] [stdout] 8 | const NVTCACHE: &str = "nvticache";
[INFO] [stdout]   |       ^^^^^^^^
[INFO] [stdout] 
[INFO] [stdout] 
[INFO] [stderr]     Finished `test` profile [unoptimized + debuginfo] target(s) in 0.53s
[INFO] running `Command { std: "docker" "inspect" "59785d7ef5bffc4e78026c35e664d93688419baff155740854128a2f96cf0c3b", kill_on_drop: false }`
[INFO] running `Command { std: "docker" "rm" "-f" "59785d7ef5bffc4e78026c35e664d93688419baff155740854128a2f96cf0c3b", kill_on_drop: false }`
[INFO] [stdout] 59785d7ef5bffc4e78026c35e664d93688419baff155740854128a2f96cf0c3b
[INFO] running `Command { std: "docker" "create" "-v" "/var/lib/crater-agent-workspace/builds/worker-0-tc1/target:/opt/rustwide/target:rw,Z" "-v" "/var/lib/crater-agent-workspace/builds/worker-0-tc1/source:/opt/rustwide/workdir:ro,Z" "-v" "/var/lib/crater-agent-workspace/cargo-home:/opt/rustwide/cargo-home:ro,Z" "-v" "/var/lib/crater-agent-workspace/rustup-home:/opt/rustwide/rustup-home:ro,Z" "-e" "SOURCE_DIR=/opt/rustwide/workdir" "-e" "CARGO_TARGET_DIR=/opt/rustwide/target" "-e" "CARGO_INCREMENTAL=0" "-e" "RUST_BACKTRACE=full" "-e" "RUSTFLAGS=--cap-lints=forbid" "-e" "RUSTDOCFLAGS=--cap-lints=forbid" "-e" "CARGO_HOME=/opt/rustwide/cargo-home" "-e" "RUSTUP_HOME=/opt/rustwide/rustup-home" "-w" "/opt/rustwide/workdir" "-m" "1610612736" "--user" "0:0" "--network" "none" "ghcr.io/rust-lang/crates-build-env/linux@sha256:819108c5571ea2e421544af4d832f968d213c87fbe3707a016657f43d2f853bc" "/opt/rustwide/cargo-home/bin/cargo" "+nightly-2025-01-18" "test" "--frozen", kill_on_drop: false }`
[INFO] [stdout] 01649066beeae71404e4a0132dbdfe6031513b47b5870b26928c6a80999b0bf0
[INFO] running `Command { std: "docker" "start" "-a" "01649066beeae71404e4a0132dbdfe6031513b47b5870b26928c6a80999b0bf0", kill_on_drop: false }`
[INFO] [stderr] warning: unused variable: `kbi`
[INFO] [stderr]   --> src/nvtcache.rs:17:17
[INFO] [stderr]    |
[INFO] [stderr] 17 |             let kbi = rctx.select_database()?;
[INFO] [stderr]    |                 ^^^ help: if this is intentional, prefix it with an underscore: `_kbi`
[INFO] [stderr]    |
[INFO] [stderr]    = note: `#[warn(unused_variables)]` on by default
[INFO] [stderr] 
[INFO] [stderr] warning: unused variable: `dbi`
[INFO] [stderr]   --> src/redisconnector.rs:93:40
[INFO] [stderr]    |
[INFO] [stderr] 93 |         pub fn try_database(&mut self, dbi: u32) -> Result<u32> {
[INFO] [stderr]    |                                        ^^^ help: if this is intentional, prefix it with an underscore: `_dbi`
[INFO] [stderr] 
[INFO] [stderr] warning: constant `GLOBAL_DBINDEX_NAME` is never used
[INFO] [stderr]  --> src/redisconnector.rs:6:7
[INFO] [stderr]   |
[INFO] [stderr] 6 | const GLOBAL_DBINDEX_NAME: &str = "GVM.__GlobalDBIndex";
[INFO] [stderr]   |       ^^^^^^^^^^^^^^^^^^^
[INFO] [stderr]   |
[INFO] [stderr]   = note: `#[warn(dead_code)]` on by default
[INFO] [stderr] 
[INFO] [stderr] warning: constant `NVTCACHE` is never used
[INFO] [stderr]  --> src/redisconnector.rs:8:7
[INFO] [stderr]   |
[INFO] [stderr] 8 | const NVTCACHE: &str = "nvticache";
[INFO] [stderr]   |       ^^^^^^^^
[INFO] [stderr] 
[INFO] [stderr] warning: `nvtcache` (lib) generated 4 warnings
[INFO] [stderr] warning: `nvtcache` (lib test) generated 4 warnings (4 duplicates)
[INFO] [stderr]     Finished `test` profile [unoptimized + debuginfo] target(s) in 0.04s
[INFO] [stderr]      Running unittests src/lib.rs (/opt/rustwide/target/debug/deps/nvtcache-17abcbae0f8802cb)
[INFO] [stdout] 
[INFO] [stdout] running 0 tests
[INFO] [stdout] 
[INFO] [stdout] test result: ok. 0 passed; 0 failed; 0 ignored; 0 measured; 0 filtered out; finished in 0.00s
[INFO] [stdout] 
[INFO] [stderr]      Running tests/nvtcache_tests.rs (/opt/rustwide/target/debug/deps/nvtcache_tests-b3615717b2a44285)
[INFO] [stdout] 
[INFO] [stdout] running 1 test
[INFO] [stdout] test test::test_nvtcache ... FAILED
[INFO] [stdout] 
[INFO] [stdout] failures:
[INFO] [stdout] 
[INFO] [stdout] ---- test::test_nvtcache stdout ----
[INFO] [stdout] Redis Error
[INFO] [stdout] No such file or directory (os error 2)
[INFO] [stdout] 
[INFO] [stdout] thread 'test::test_nvtcache' panicked at tests/nvtcache_tests.rs:21:17:
[INFO] [stdout] Error
[INFO] [stdout] stack backtrace:
[INFO] [stdout]    0:     0x61270ba82c4a - std::backtrace_rs::backtrace::libunwind::trace::hb059275cfc8d6126
[INFO] [stdout]                                at /rustc/6067b36314ab5eb2eb47cecc464545ba58e1ad24/library/std/src/../../backtrace/src/backtrace/libunwind.rs:116:5
[INFO] [stdout]    1:     0x61270ba82c4a - std::backtrace_rs::backtrace::trace_unsynchronized::h2da071e4327ce3ee
[INFO] [stdout]                                at /rustc/6067b36314ab5eb2eb47cecc464545ba58e1ad24/library/std/src/../../backtrace/src/backtrace/mod.rs:66:5
[INFO] [stdout]    2:     0x61270ba82c4a - std::sys::backtrace::_print_fmt::h842a1474e6f8d23f
[INFO] [stdout]                                at /rustc/6067b36314ab5eb2eb47cecc464545ba58e1ad24/library/std/src/sys/backtrace.rs:66:9
[INFO] [stdout]    3:     0x61270ba82c4a - <std::sys::backtrace::BacktraceLock::print::DisplayBacktrace as core::fmt::Display>::fmt::h71a62eb3b9696b12
[INFO] [stdout]                                at /rustc/6067b36314ab5eb2eb47cecc464545ba58e1ad24/library/std/src/sys/backtrace.rs:39:26
[INFO] [stdout]    4:     0x61270baac7b3 - core::fmt::rt::Argument::fmt::hdb6b616786b41dc1
[INFO] [stdout]                                at /rustc/6067b36314ab5eb2eb47cecc464545ba58e1ad24/library/core/src/fmt/rt.rs:177:76
[INFO] [stdout]    5:     0x61270baac7b3 - core::fmt::write::h2cc1698af7e2d686
[INFO] [stdout]                                at /rustc/6067b36314ab5eb2eb47cecc464545ba58e1ad24/library/core/src/fmt/mod.rs:1440:21
[INFO] [stdout]    6:     0x61270ba7e9f3 - std::io::Write::write_fmt::hab1b4cd059a79022
[INFO] [stdout]                                at /rustc/6067b36314ab5eb2eb47cecc464545ba58e1ad24/library/std/src/io/mod.rs:1887:15
[INFO] [stdout]    7:     0x61270ba82a92 - std::sys::backtrace::BacktraceLock::print::h147fe35b4ea13b08
[INFO] [stdout]                                at /rustc/6067b36314ab5eb2eb47cecc464545ba58e1ad24/library/std/src/sys/backtrace.rs:42:9
[INFO] [stdout]    8:     0x61270ba8406f - std::panicking::default_hook::{{closure}}::hbd44223dbdc0d208
[INFO] [stdout]                                at /rustc/6067b36314ab5eb2eb47cecc464545ba58e1ad24/library/std/src/panicking.rs:298:22
[INFO] [stdout]    9:     0x61270ba83e88 - std::panicking::default_hook::h20f81eb0576efcec
[INFO] [stdout]                                at /rustc/6067b36314ab5eb2eb47cecc464545ba58e1ad24/library/std/src/panicking.rs:322:9
[INFO] [stdout]   10:     0x61270b9a43d3 - <alloc::boxed::Box<F,A> as core::ops::function::Fn<Args>>::call::hdb53814c496a4d34
[INFO] [stdout]                                at /rustc/6067b36314ab5eb2eb47cecc464545ba58e1ad24/library/alloc/src/boxed.rs:2027:9
[INFO] [stdout]   11:     0x61270b9a43d3 - test::test_main::{{closure}}::hc0a4963c59427c24
[INFO] [stdout]                                at /rustc/6067b36314ab5eb2eb47cecc464545ba58e1ad24/library/test/src/lib.rs:134:21
[INFO] [stdout]   12:     0x61270ba84b63 - <alloc::boxed::Box<F,A> as core::ops::function::Fn<Args>>::call::h591b2225413a77e9
[INFO] [stdout]                                at /rustc/6067b36314ab5eb2eb47cecc464545ba58e1ad24/library/alloc/src/boxed.rs:2027:9
[INFO] [stdout]   13:     0x61270ba84b63 - std::panicking::rust_panic_with_hook::h625eea43051b2edc
[INFO] [stdout]                                at /rustc/6067b36314ab5eb2eb47cecc464545ba58e1ad24/library/std/src/panicking.rs:839:13
[INFO] [stdout]   14:     0x61270ba847e6 - std::panicking::begin_panic_handler::{{closure}}::h4f9159cfbc3f6bd3
[INFO] [stdout]                                at /rustc/6067b36314ab5eb2eb47cecc464545ba58e1ad24/library/std/src/panicking.rs:697:13
[INFO] [stdout]   15:     0x61270ba83149 - std::sys::backtrace::__rust_end_short_backtrace::h0390abce48353151
[INFO] [stdout]                                at /rustc/6067b36314ab5eb2eb47cecc464545ba58e1ad24/library/std/src/sys/backtrace.rs:168:18
[INFO] [stdout]   16:     0x61270ba844ad - rust_begin_unwind
[INFO] [stdout]                                at /rustc/6067b36314ab5eb2eb47cecc464545ba58e1ad24/library/std/src/panicking.rs:695:5
[INFO] [stdout]   17:     0x61270baaaf70 - core::panicking::panic_fmt::h9e7c637e9e5f29c9
[INFO] [stdout]                                at /rustc/6067b36314ab5eb2eb47cecc464545ba58e1ad24/library/core/src/panicking.rs:75:14
[INFO] [stdout]   18:     0x61270b96a2ac - nvtcache_tests::test::test_nvtcache::h7c4c641600ee1c75
[INFO] [stdout]                                at /opt/rustwide/workdir/tests/nvtcache_tests.rs:21:17
[INFO] [stdout]   19:     0x61270b969787 - nvtcache_tests::test::test_nvtcache::{{closure}}::h0860fe822ca8f5d8
[INFO] [stdout]                                at /opt/rustwide/workdir/tests/nvtcache_tests.rs:10:23
[INFO] [stdout]   20:     0x61270b969306 - core::ops::function::FnOnce::call_once::h69568adf693e12aa
[INFO] [stdout]                                at /rustc/6067b36314ab5eb2eb47cecc464545ba58e1ad24/library/core/src/ops/function.rs:250:5
[INFO] [stdout]   21:     0x61270b9a9b2b - core::ops::function::FnOnce::call_once::he27718dfdd183f43
[INFO] [stdout]                                at /rustc/6067b36314ab5eb2eb47cecc464545ba58e1ad24/library/core/src/ops/function.rs:250:5
[INFO] [stdout]   22:     0x61270b9a9b2b - test::__rust_begin_short_backtrace::h4e84902998457a5d
[INFO] [stdout]                                at /rustc/6067b36314ab5eb2eb47cecc464545ba58e1ad24/library/test/src/lib.rs:632:18
[INFO] [stdout]   23:     0x61270b9a8a63 - test::run_test_in_process::{{closure}}::h7176fd18fc1feca0
[INFO] [stdout]                                at /rustc/6067b36314ab5eb2eb47cecc464545ba58e1ad24/library/test/src/lib.rs:655:60
[INFO] [stdout]   24:     0x61270b9a8a63 - <core::panic::unwind_safe::AssertUnwindSafe<F> as core::ops::function::FnOnce<()>>::call_once::hf79cff2a624d8cf7
[INFO] [stdout]                                at /rustc/6067b36314ab5eb2eb47cecc464545ba58e1ad24/library/core/src/panic/unwind_safe.rs:272:9
[INFO] [stdout]   25:     0x61270b9a8a63 - std::panicking::try::do_call::h3da0561d9ab99c25
[INFO] [stdout]                                at /rustc/6067b36314ab5eb2eb47cecc464545ba58e1ad24/library/std/src/panicking.rs:587:40
[INFO] [stdout]   26:     0x61270b9a8a63 - std::panicking::try::h41c9fa508bc61df6
[INFO] [stdout]                                at /rustc/6067b36314ab5eb2eb47cecc464545ba58e1ad24/library/std/src/panicking.rs:550:19
[INFO] [stdout]   27:     0x61270b9a8a63 - std::panic::catch_unwind::h6b3ff07bb5afad93
[INFO] [stdout]                                at /rustc/6067b36314ab5eb2eb47cecc464545ba58e1ad24/library/std/src/panic.rs:358:14
[INFO] [stdout]   28:     0x61270b9a8a63 - test::run_test_in_process::hc7253dd11b39b9f4
[INFO] [stdout]                                at /rustc/6067b36314ab5eb2eb47cecc464545ba58e1ad24/library/test/src/lib.rs:655:27
[INFO] [stdout]   29:     0x61270b9a8a63 - test::run_test::{{closure}}::hfb2007f8649c30bb
[INFO] [stdout]                                at /rustc/6067b36314ab5eb2eb47cecc464545ba58e1ad24/library/test/src/lib.rs:576:43
[INFO] [stdout]   30:     0x61270b96bb45 - test::run_test::{{closure}}::h56a17aa7a282a9f4
[INFO] [stdout]                                at /rustc/6067b36314ab5eb2eb47cecc464545ba58e1ad24/library/test/src/lib.rs:606:41
[INFO] [stdout]   31:     0x61270b96bb45 - std::sys::backtrace::__rust_begin_short_backtrace::hd2d2d2fb8e8c6aac
[INFO] [stdout]                                at /rustc/6067b36314ab5eb2eb47cecc464545ba58e1ad24/library/std/src/sys/backtrace.rs:152:18
[INFO] [stdout]   32:     0x61270b96f42a - std::thread::Builder::spawn_unchecked_::{{closure}}::{{closure}}::h4faa3f9db6133423
[INFO] [stdout]                                at /rustc/6067b36314ab5eb2eb47cecc464545ba58e1ad24/library/std/src/thread/mod.rs:559:17
[INFO] [stdout]   33:     0x61270b96f42a - <core::panic::unwind_safe::AssertUnwindSafe<F> as core::ops::function::FnOnce<()>>::call_once::hf2e855a36a4ea846
[INFO] [stdout]                                at /rustc/6067b36314ab5eb2eb47cecc464545ba58e1ad24/library/core/src/panic/unwind_safe.rs:272:9
[INFO] [stdout]   34:     0x61270b96f42a - std::panicking::try::do_call::h2f73af3616c35465
[INFO] [stdout]                                at /rustc/6067b36314ab5eb2eb47cecc464545ba58e1ad24/library/std/src/panicking.rs:587:40
[INFO] [stdout]   35:     0x61270b96f42a - std::panicking::try::hd1660ce9efadef5a
[INFO] [stdout]                                at /rustc/6067b36314ab5eb2eb47cecc464545ba58e1ad24/library/std/src/panicking.rs:550:19
[INFO] [stdout]   36:     0x61270b96f42a - std::panic::catch_unwind::h5ee8d7823b8ca744
[INFO] [stdout]                                at /rustc/6067b36314ab5eb2eb47cecc464545ba58e1ad24/library/std/src/panic.rs:358:14
[INFO] [stdout]   37:     0x61270b96f42a - std::thread::Builder::spawn_unchecked_::{{closure}}::h53c3a1894dce8407
[INFO] [stdout]                                at /rustc/6067b36314ab5eb2eb47cecc464545ba58e1ad24/library/std/src/thread/mod.rs:557:30
[INFO] [stdout]   38:     0x61270b96f42a - core::ops::function::FnOnce::call_once{{vtable.shim}}::h048ce291ad4f62bf
[INFO] [stdout]                                at /rustc/6067b36314ab5eb2eb47cecc464545ba58e1ad24/library/core/src/ops/function.rs:250:5
[INFO] [stdout]   39:     0x61270ba88b7b - <alloc::boxed::Box<F,A> as core::ops::function::FnOnce<Args>>::call_once::ha52bedf99a3b4981
[INFO] [stdout]                                at /rustc/6067b36314ab5eb2eb47cecc464545ba58e1ad24/library/alloc/src/boxed.rs:2013:9
[INFO] [stdout]   40:     0x61270ba88b7b - <alloc::boxed::Box<F,A> as core::ops::function::FnOnce<Args>>::call_once::h567748934d80ccf8
[INFO] [stdout]                                at /rustc/6067b36314ab5eb2eb47cecc464545ba58e1ad24/library/alloc/src/boxed.rs:2013:9
[INFO] [stdout]   41:     0x61270ba88b7b - std::sys::pal::unix::thread::Thread::new::thread_start::h2d970728ae887adc
[INFO] [stdout]                                at /rustc/6067b36314ab5eb2eb47cecc464545ba58e1ad24/library/std/src/sys/pal/unix/thread.rs:106:17
[INFO] [stdout]   42:     0x75a0dc611ac3 - <unknown>
[INFO] [stdout]   43:     0x75a0dc6a2a04 - clone
[INFO] [stdout]   44:                0x0 - <unknown>
[INFO] [stdout] 
[INFO] [stdout] 
[INFO] [stdout] failures:
[INFO] [stdout]     test::test_nvtcache
[INFO] [stdout] 
[INFO] [stdout] test result: FAILED. 0 passed; 1 failed; 0 ignored; 0 measured; 0 filtered out; finished in 0.03s
[INFO] [stdout] 
[INFO] [stderr] error: test failed, to rerun pass `--test nvtcache_tests`
[INFO] running `Command { std: "docker" "inspect" "01649066beeae71404e4a0132dbdfe6031513b47b5870b26928c6a80999b0bf0", kill_on_drop: false }`
[INFO] running `Command { std: "docker" "rm" "-f" "01649066beeae71404e4a0132dbdfe6031513b47b5870b26928c6a80999b0bf0", kill_on_drop: false }`
[INFO] [stdout] 01649066beeae71404e4a0132dbdfe6031513b47b5870b26928c6a80999b0bf0
